000
CDUS43 KABR 081008
CLI8D3


CLIMATE REPORT
NATIONAL WEATHER SERVICE ABERDEEN SD
408 AM CST THU DEC 8 2016


...................................

...THE SISSETON SD CLIMATE SUMMARY FOR DECEMBER 7 2016...

CLIMATE NORMAL PERIOD 1981 TO 2010
CLIMATE RECORD PERIOD 1900 TO 2016


WEATHER ITEM   OBSERVED TIME   RECORD YEAR NORMAL DEPARTURE LAST
                VALUE   (LST)  VALUE       VALUE  FROM      YEAR
                                                  NORMAL
..................................................................
TEMPERATURE (F)
 YESTERDAY
  MAXIMUM         17    122 PM  51    1990  29    -12       49
  MINIMUM         11   1004 PM -21    1972  11      0       30
  AVERAGE         14                        20     -6       40

PRECIPITATION (IN)
  YESTERDAY        0.02          0.16 1979   0.02   0.00     0.00
  MONTH TO DATE    0.08                      0.13  -0.05     0.38
  SINCE DEC 1      0.08                      0.13  -0.05     0.38
  SINCE JAN 1     22.21                     22.07   0.14    17.24

SNOWFALL (IN)
  YESTERDAY        0.2
  MONTH TO DATE    0.9
  SINCE OCT 1      3.4
  SINCE JUL 1      3.4
  SNOW DEPTH       1

DEGREE DAYS
 HEATING
  YESTERDAY       51                        45      6       25
  MONTH TO DATE  273                       309    -36      239
  SINCE DEC 1    273                       309    -36      239
  SINCE JUL 1   1554                      2160   -606     1635

 COOLING
  YESTERDAY        0                         0      0        0
  MONTH TO DATE    0                         0      0        0
  SINCE DEC 1      0                         0      0        0
  SINCE JAN 1    625                       527     98      635
..................................................................


WIND (MPH)
  HIGHEST WIND SPEED    36   HIGHEST WIND DIRECTION    NW (310)
  HIGHEST GUST SPEED    42   HIGHEST GUST DIRECTION    NW (330)
  AVERAGE WIND SPEED    25.5


SKY COVER
  POSSIBLE SUNSHINE  MM
  AVERAGE SKY COVER 0.0


WEATHER CONDITIONS
 THE FOLLOWING WEATHER WAS RECORDED YESTERDAY.
  NO SIGNIFICANT WEATHER WAS OBSERVED.


RELATIVE HUMIDITY (PERCENT)
 HIGHEST    83          1000 PM
 LOWEST     67          1200 AM
 AVERAGE    75

..........................................................


THE SISSETON SD CLIMATE NORMALS FOR TODAY
                         NORMAL    RECORD    YEAR
 MAXIMUM TEMPERATURE (F)   28        59      1990
 MINIMUM TEMPERATURE (F)   10       -18      1976


SUNRISE AND SUNSET
DECEMBER  8 2016......SUNRISE   756 AM CST   SUNSET   444 PM CST
DECEMBER  9 2016......SUNRISE   757 AM CST   SUNSET   444 PM CST


-  INDICATES NEGATIVE NUMBERS.
R  INDICATES RECORD WAS SET OR TIED.
MM INDICATES DATA IS MISSING.
T  INDICATES TRACE AMOUNT.




$$
