000
CDUS43 KABR 012230
CLI8D3


CLIMATE REPORT
NATIONAL WEATHER SERVICE ABERDEEN SD
529 PM CDT TUE SEP 1 2015


...................................

...THE SISSETON SD CLIMATE SUMMARY FOR SEPTEMBER 1 2015...
VALID TODAY AS OF 0500 PM LOCAL TIME.

CLIMATE NORMAL PERIOD 1981 TO 2010
CLIMATE RECORD PERIOD 1900 TO 2015


WEATHER ITEM   OBSERVED TIME   RECORD YEAR NORMAL DEPARTURE LAST
                VALUE   (LST)  VALUE       VALUE  FROM      YEAR
                                                  NORMAL
..................................................................
TEMPERATURE (F)
 TODAY
  MAXIMUM         86    341 PM  98    1937  78      8       79
  MINIMUM         58    556 AM  39    1974  53              54
  AVERAGE         72                        66      6       67

PRECIPITATION (IN)
  TODAY            0.00          1.51 2006   0.08  -0.08     0.00
  MONTH TO DATE    0.00                      0.08  -0.08     0.00
  SINCE SEP 1      0.00                      0.08  -0.08     0.00
  SINCE JAN 1     14.39                     16.82  -2.43    20.96

DEGREE DAYS
 COOLING
  TODAY            7                         3      4        2
  MONTH TO DATE    7                         3      4        2
  SINCE SEP 1      7                         3      4        2
  SINCE JAN 1    508                       482     26      402
..................................................................


WIND (MPH)
  HIGHEST WIND SPEED    15   HIGHEST WIND DIRECTION     S (170)
  HIGHEST GUST SPEED    18   HIGHEST GUST DIRECTION    SE (150)
  AVERAGE WIND SPEED     4.7


SKY COVER
  POSSIBLE SUNSHINE  MM
  AVERAGE SKY COVER 0.0


WEATHER CONDITIONS
 THE FOLLOWING WEATHER WAS RECORDED TODAY.
  NO SIGNIFICANT WEATHER WAS OBSERVED.


RELATIVE HUMIDITY (PERCENT)
 HIGHEST   100           100 AM
 LOWEST     58          1200 PM
 AVERAGE    79

..........................................................


THE SISSETON SD CLIMATE NORMALS FOR TOMORROW
                         NORMAL    RECORD    YEAR
 MAXIMUM TEMPERATURE (F)   77       100      1939
 MINIMUM TEMPERATURE (F)   53        38      1974
                                             1967


SUNRISE AND SUNSET
SEPTEMBER  1 2015.....SUNRISE   649 AM CDT   SUNSET   806 PM CDT
SEPTEMBER  2 2015.....SUNRISE   650 AM CDT   SUNSET   804 PM CDT


-  INDICATES NEGATIVE NUMBERS.
R  INDICATES RECORD WAS SET OR TIED.
MM INDICATES DATA IS MISSING.
T  INDICATES TRACE AMOUNT.




$$
