000
CDUS43 KABR 121041
CLI8D3


CLIMATE REPORT
NATIONAL WEATHER SERVICE ABERDEEN SD
440 AM CST TUE DEC 12 2017


...................................

...THE SISSETON SD CLIMATE SUMMARY FOR DECEMBER 11 2017...

CLIMATE NORMAL PERIOD 1981 TO 2010
CLIMATE RECORD PERIOD 1900 TO 2017


WEATHER ITEM   OBSERVED TIME   RECORD YEAR NORMAL DEPARTURE LAST
                VALUE   (LST)  VALUE       VALUE  FROM      YEAR
                                                  NORMAL
..................................................................
TEMPERATURE (F)
 YESTERDAY
  MAXIMUM         43    250 AM  58    1939  27     16       15
  MINIMUM         11   1159 PM -19    1945   9      2      -11
  AVERAGE         27                        18      9        2

PRECIPITATION (IN)
  YESTERDAY        0.02          0.90 1949   0.01   0.01     0.20
  MONTH TO DATE    0.07                      0.17  -0.10     0.37
  SINCE DEC 1      0.07                      0.17  -0.10     0.37
  SINCE JAN 1     18.75                     22.11  -3.36    22.50

SNOWFALL (IN)
  YESTERDAY       MM
  MONTH TO DATE    0.5
  SINCE OCT 1      1.0
  SINCE JUL 1      1.0
  SNOW DEPTH       0

DEGREE DAYS
 HEATING
  YESTERDAY       38                        47     -9       63
  MONTH TO DATE  411                       495    -84      520
  SINCE DEC 1    411                       495    -84      520
  SINCE JUL 1   2054                      2346   -292     1801

 COOLING
  YESTERDAY        0                         0      0        0
  MONTH TO DATE    0                         0      0        0
  SINCE DEC 1      0                         0      0        0
  SINCE JAN 1    554                       527     27      625
..................................................................


WIND (MPH)
  HIGHEST WIND SPEED    37   HIGHEST WIND DIRECTION     N (350)
  HIGHEST GUST SPEED    48   HIGHEST GUST DIRECTION     N (350)
  AVERAGE WIND SPEED    19.8


SKY COVER
  POSSIBLE SUNSHINE  MM
  AVERAGE SKY COVER 0.0


WEATHER CONDITIONS
 THE FOLLOWING WEATHER WAS RECORDED YESTERDAY.
  NO SIGNIFICANT WEATHER WAS OBSERVED.


RELATIVE HUMIDITY (PERCENT)
 HIGHEST    92           500 AM
 LOWEST     53           100 AM
 AVERAGE    73

..........................................................


THE SISSETON SD CLIMATE NORMALS FOR TODAY
                         NORMAL    RECORD    YEAR
 MAXIMUM TEMPERATURE (F)   27        51      1998
 MINIMUM TEMPERATURE (F)    9       -19      1903


SUNRISE AND SUNSET
DECEMBER 12 2017......SUNRISE   800 AM CST   SUNSET   444 PM CST
DECEMBER 13 2017......SUNRISE   800 AM CST   SUNSET   444 PM CST


-  INDICATES NEGATIVE NUMBERS.
R  INDICATES RECORD WAS SET OR TIED.
MM INDICATES DATA IS MISSING.
T  INDICATES TRACE AMOUNT.




$$
