000
CDUS43 KABR 211036
CLI8D3


CLIMATE REPORT
NATIONAL WEATHER SERVICE ABERDEEN SD
535 AM CDT SAT OCT 21 2017


...................................

...THE SISSETON SD CLIMATE SUMMARY FOR OCTOBER 20 2017...

CLIMATE NORMAL PERIOD 1981 TO 2010
CLIMATE RECORD PERIOD 1900 TO 2017


WEATHER ITEM   OBSERVED TIME   RECORD YEAR NORMAL DEPARTURE LAST
                VALUE   (LST)  VALUE       VALUE  FROM      YEAR
                                                  NORMAL
..................................................................
TEMPERATURE (F)
 YESTERDAY
  MAXIMUM         78    235 PM  84    1953  55     23       50
  MINIMUM         61    717 AM  14    1952  34     27       28
  AVERAGE         70                        45     25       39

PRECIPITATION (IN)
  YESTERDAY        0.00          0.79 1963   0.06  -0.06     0.00
  MONTH TO DATE    1.48                      1.57  -0.09     0.86
  SINCE SEP 1      5.69                      4.11   1.58     3.06
  SINCE JAN 1     18.41                     20.85  -2.44    18.50

SNOWFALL (IN)
  YESTERDAY        0.0
  MONTH TO DATE    0.0
  SINCE OCT 1      0.0
  SINCE JUL 1      0.0
  SNOW DEPTH       0

DEGREE DAYS
 HEATING
  YESTERDAY        0                        20    -20       26
  MONTH TO DATE  243                       327    -84      279
  SINCE SEP 1    382                       529   -147      397
  SINCE JUL 1    396                       572   -176      424

 COOLING
  YESTERDAY        5                         0      5        0
  MONTH TO DATE    5                         0      5        0
  SINCE SEP 1     86                        44     42       44
  SINCE JAN 1    554                       523     31      625
..................................................................


WIND (MPH)
  HIGHEST WIND SPEED    31   HIGHEST WIND DIRECTION     S (180)
  HIGHEST GUST SPEED    42   HIGHEST GUST DIRECTION     S (180)
  AVERAGE WIND SPEED    18.8


SKY COVER
  POSSIBLE SUNSHINE  MM
  AVERAGE SKY COVER 0.0


WEATHER CONDITIONS
 THE FOLLOWING WEATHER WAS RECORDED YESTERDAY.
  NO SIGNIFICANT WEATHER WAS OBSERVED.


RELATIVE HUMIDITY (PERCENT)
 HIGHEST    73          1100 PM
 LOWEST     42           200 PM
 AVERAGE    58

..........................................................


THE SISSETON SD CLIMATE NORMALS FOR TODAY
                         NORMAL    RECORD    YEAR
 MAXIMUM TEMPERATURE (F)   55        87      1947
 MINIMUM TEMPERATURE (F)   34        14      1936


SUNRISE AND SUNSET
OCTOBER 21 2017.......SUNRISE   753 AM CDT   SUNSET   631 PM CDT
OCTOBER 22 2017.......SUNRISE   754 AM CDT   SUNSET   630 PM CDT


-  INDICATES NEGATIVE NUMBERS.
R  INDICATES RECORD WAS SET OR TIED.
MM INDICATES DATA IS MISSING.
T  INDICATES TRACE AMOUNT.




$$
