000
CDUS43 KABR 160913
CLI8D3


CLIMATE REPORT
NATIONAL WEATHER SERVICE ABERDEEN SD
412 AM CDT WED APR 16 2014


...................................

...THE SISSETON SD CLIMATE SUMMARY FOR APRIL 15 2014...

CLIMATE NORMAL PERIOD 1981 TO 2010
CLIMATE RECORD PERIOD 1900 TO 2014


WEATHER ITEM   OBSERVED TIME   RECORD YEAR NORMAL DEPARTURE LAST
                VALUE   (LST)  VALUE       VALUE  FROM      YEAR
                                                  NORMAL
..................................................................
TEMPERATURE (F)
 YESTERDAY
  MAXIMUM         36    408 PM  86    1976  56    -20       36
  MINIMUM         14R   613 AM  15    1962  32    -18       29
  AVERAGE         25                        44    -19       33

PRECIPITATION (IN)
  YESTERDAY        0.00          2.87 2012   0.06  -0.06     0.02
  MONTH TO DATE    0.51                      0.76  -0.25     1.67
  SINCE MAR 1      1.35                      1.88  -0.53     2.64
  SINCE JAN 1      1.97                      2.74  -0.77     5.02

SNOWFALL (IN)
  YESTERDAY        0.0
  MONTH TO DATE    4.7
  SINCE OCT 1     36.1
  SINCE JUL 1     36.1
  SNOW DEPTH       0

DEGREE DAYS
 HEATING
  YESTERDAY       40                        21     19       32
  MONTH TO DATE  407                       364     43      524
  SINCE MAR 1   1606                      1447    159     1967
  SINCE JUL 1   8423                      7706    717     8352

 COOLING
  YESTERDAY        0                         0      0        0
  MONTH TO DATE    0                         0      0        0
  SINCE MAR 1      0                         0      0        0
  SINCE JAN 1      0                         0      0        0
..................................................................


WIND (MPH)
  HIGHEST WIND SPEED    23   HIGHEST WIND DIRECTION    SE (130)
  HIGHEST GUST SPEED    30   HIGHEST GUST DIRECTION    SE (120)
  AVERAGE WIND SPEED    11.0


SKY COVER
  POSSIBLE SUNSHINE  MM
  AVERAGE SKY COVER 0.0


WEATHER CONDITIONS
 THE FOLLOWING WEATHER WAS RECORDED YESTERDAY.
  NO SIGNIFICANT WEATHER WAS OBSERVED.


RELATIVE HUMIDITY (PERCENT)
 HIGHEST    88           100 AM
 LOWEST     38           600 PM
 AVERAGE    63

..........................................................


THE SISSETON SD CLIMATE NORMALS FOR TODAY
                         NORMAL    RECORD    YEAR
 MAXIMUM TEMPERATURE (F)   57        86      2002
                                             1958
 MINIMUM TEMPERATURE (F)   33        12      1953


SUNRISE AND SUNSET
APRIL 16 2014.........SUNRISE   640 AM CDT   SUNSET   816 PM CDT
APRIL 17 2014.........SUNRISE   639 AM CDT   SUNSET   817 PM CDT


-  INDICATES NEGATIVE NUMBERS.
R  INDICATES RECORD WAS SET OR TIED.
MM INDICATES DATA IS MISSING.
T  INDICATES TRACE AMOUNT.




$$
