000
CDUS43 KABR 041043
CLI8D3


CLIMATE REPORT
NATIONAL WEATHER SERVICE ABERDEEN SD
442 AM CST WED MAR 4 2015


...................................

...THE SISSETON SD CLIMATE SUMMARY FOR MARCH 3 2015...

CLIMATE NORMAL PERIOD 1981 TO 2010
CLIMATE RECORD PERIOD 1900 TO 2015


WEATHER ITEM   OBSERVED TIME   RECORD YEAR NORMAL DEPARTURE LAST
                VALUE   (LST)  VALUE       VALUE  FROM      YEAR
                                                  NORMAL
..................................................................
TEMPERATURE (F)
 YESTERDAY
  MAXIMUM         29   1241 AM  63    2000  33     -4       15
  MINIMUM          2   1159 PM -10    2002  16    -14        2
  AVERAGE         16                        24     -8        9

PRECIPITATION (IN)
  YESTERDAY       MM             1.09 1977   0.04  MM         T
  MONTH TO DATE    0.00                      0.11  -0.11      T
  SINCE MAR 1      0.00                      0.11  -0.11      T
  SINCE JAN 1      0.88                      0.97  -0.09     0.62

SNOWFALL (IN)
  YESTERDAY       MM
  MONTH TO DATE    0.0
  SINCE OCT 1     23.1
  SINCE JUL 1     23.1
  SNOW DEPTH      MM

DEGREE DAYS
 HEATING
  YESTERDAY       49                        41      8       56
  MONTH TO DATE  144                       124     20      194
  SINCE MAR 1    144                       124     20      194
  SINCE JUL 1   6413                      6383     30     7011

 COOLING
  YESTERDAY        0                         0      0        0
  MONTH TO DATE    0                         0      0        0
  SINCE MAR 1      0                         0      0        0
  SINCE JAN 1      0                         0      0        0
..................................................................


WIND (MPH)
  HIGHEST WIND SPEED    38   HIGHEST WIND DIRECTION    NW (330)
  HIGHEST GUST SPEED    44   HIGHEST GUST DIRECTION     N (340)
  AVERAGE WIND SPEED    20.7


SKY COVER
  POSSIBLE SUNSHINE  MM
  AVERAGE SKY COVER 0.0


WEATHER CONDITIONS
 THE FOLLOWING WEATHER WAS RECORDED YESTERDAY.
  LIGHT SNOW


RELATIVE HUMIDITY (PERCENT)
 HIGHEST   100           400 AM
 LOWEST     61           400 PM
 AVERAGE    81

..........................................................


THE SISSETON SD CLIMATE NORMALS FOR TODAY
                         NORMAL    RECORD    YEAR
 MAXIMUM TEMPERATURE (F)   33        61      2000
 MINIMUM TEMPERATURE (F)   16       -16      1952


SUNRISE AND SUNSET
MARCH  4 2015.........SUNRISE   701 AM CST   SUNSET   619 PM CST
MARCH  5 2015.........SUNRISE   700 AM CST   SUNSET   620 PM CST


-  INDICATES NEGATIVE NUMBERS.
R  INDICATES RECORD WAS SET OR TIED.
MM INDICATES DATA IS MISSING.
T  INDICATES TRACE AMOUNT.




$$
