000
CDUS43 KABR 232236
CLI8D3


CLIMATE REPORT
NATIONAL WEATHER SERVICE ABERDEEN SD
535 PM CDT SUN APR 23 2017


...................................

...THE SISSETON SD CLIMATE SUMMARY FOR APRIL 23 2017...
VALID TODAY AS OF 0500 PM LOCAL TIME.

CLIMATE NORMAL PERIOD 1981 TO 2010
CLIMATE RECORD PERIOD 1900 TO 2017


WEATHER ITEM   OBSERVED TIME   RECORD YEAR NORMAL DEPARTURE LAST
                VALUE   (LST)  VALUE       VALUE  FROM      YEAR
                                                  NORMAL
..................................................................
TEMPERATURE (F)
 TODAY
  MAXIMUM         67    335 PM  89    1990  61      6       80
  MINIMUM         37    157 AM  16    1956  36              38
  AVERAGE         52                        48      4       59

PRECIPITATION (IN)
  TODAY            0.00          1.13 1960   0.10  -0.10     0.00
  MONTH TO DATE    1.49                      1.38   0.11     1.27
  SINCE MAR 1      1.75                      2.50  -0.75     1.81
  SINCE JAN 1      2.95                      3.36  -0.41     2.98

SNOWFALL (IN)
  TODAY            0.0
  MONTH TO DATE    0.0
  SINCE OCT 1     30.4
  SINCE JUL 1     30.4
  SNOW DEPTH       0

DEGREE DAYS
 HEATING
  TODAY           13                        17     -4        6
  MONTH TO DATE  397                       512   -115      477
  SINCE MAR 1   1477                      1595   -118     1283
  SINCE JUL 1   6741                      7854  -1113     6584

 COOLING
  TODAY            0                         0      0        0
  MONTH TO DATE    0                         0      0        0
  SINCE MAR 1      0                         0      0        0
  SINCE JAN 1      0                         0      0        0
..................................................................


WIND (MPH)
  HIGHEST WIND SPEED    18   HIGHEST WIND DIRECTION     N (20)
  HIGHEST GUST SPEED    22   HIGHEST GUST DIRECTION    NE (30)
  AVERAGE WIND SPEED    10.2


SKY COVER
  POSSIBLE SUNSHINE  MM
  AVERAGE SKY COVER 0.0


WEATHER CONDITIONS
 THE FOLLOWING WEATHER WAS RECORDED TODAY.
  NO SIGNIFICANT WEATHER WAS OBSERVED.


RELATIVE HUMIDITY (PERCENT)
 HIGHEST   100           600 AM
 LOWEST     43           400 PM
 AVERAGE    72

..........................................................


THE SISSETON SD CLIMATE NORMALS FOR TOMORROW
                         NORMAL    RECORD    YEAR
 MAXIMUM TEMPERATURE (F)   61        91      1962
 MINIMUM TEMPERATURE (F)   36        19      1956


SUNRISE AND SUNSET
APRIL 23 2017.........SUNRISE   628 AM CDT   SUNSET   825 PM CDT
APRIL 24 2017.........SUNRISE   626 AM CDT   SUNSET   827 PM CDT


-  INDICATES NEGATIVE NUMBERS.
R  INDICATES RECORD WAS SET OR TIED.
MM INDICATES DATA IS MISSING.
T  INDICATES TRACE AMOUNT.




$$
