000
CDUS43 KABR 270908
CLI8D3


CLIMATE REPORT
NATIONAL WEATHER SERVICE ABERDEEN SD
406 AM CDT TUE JUN 27 2017


...................................

...THE SISSETON SD CLIMATE SUMMARY FOR JUNE 26 2017...

CLIMATE NORMAL PERIOD 1981 TO 2010
CLIMATE RECORD PERIOD 1900 TO 2017


WEATHER ITEM   OBSERVED TIME   RECORD YEAR NORMAL DEPARTURE LAST
                VALUE   (LST)  VALUE       VALUE  FROM      YEAR
                                                  NORMAL
..................................................................
TEMPERATURE (F)
 YESTERDAY
  MAXIMUM         74    434 PM 103    1933  80     -6       87
  MINIMUM         41    500 AM  39    1902  58    -17       61
  AVERAGE         58                        69    -11       74

PRECIPITATION (IN)
  YESTERDAY        0.00          1.29 1959   0.12  -0.12     0.00
  MONTH TO DATE    1.97                      3.34  -1.37     1.12
  SINCE JUN 1      1.97                      3.34  -1.37     1.12
  SINCE JAN 1      6.14                     10.32  -4.18     6.16

DEGREE DAYS
 HEATING
  YESTERDAY        7                         1      6        0
  MONTH TO DATE   25                        59    -34       18
  SINCE JUN 1     25                        59    -34       18
  SINCE JUL 1   7175                      8280  -1105     6928

 COOLING
  YESTERDAY        0                         5     -5        9
  MONTH TO DATE  141                        75     66      164
  SINCE JUN 1    141                        75     66      164
  SINCE JAN 1    157                        98     59      201
..................................................................


WIND (MPH)
  HIGHEST WIND SPEED    14   HIGHEST WIND DIRECTION     N (350)
  HIGHEST GUST SPEED    20   HIGHEST GUST DIRECTION    NE (30)
  AVERAGE WIND SPEED     5.7


SKY COVER
  POSSIBLE SUNSHINE  MM
  AVERAGE SKY COVER 0.0


WEATHER CONDITIONS
 THE FOLLOWING WEATHER WAS RECORDED YESTERDAY.
  NO SIGNIFICANT WEATHER WAS OBSERVED.


RELATIVE HUMIDITY (PERCENT)
 HIGHEST    93           500 AM
 LOWEST     27           400 PM
 AVERAGE    60

..........................................................


THE SISSETON SD CLIMATE NORMALS FOR TODAY
                         NORMAL    RECORD    YEAR
 MAXIMUM TEMPERATURE (F)   80        99      1936
 MINIMUM TEMPERATURE (F)   58        44      1985


SUNRISE AND SUNSET
JUNE 27 2017..........SUNRISE   541 AM CDT   SUNSET   921 PM CDT
JUNE 28 2017..........SUNRISE   541 AM CDT   SUNSET   921 PM CDT


-  INDICATES NEGATIVE NUMBERS.
R  INDICATES RECORD WAS SET OR TIED.
MM INDICATES DATA IS MISSING.
T  INDICATES TRACE AMOUNT.




$$
