000
CDUS46 KMFR 160038
CLIAAT


CLIMATE REPORT
NATIONAL WEATHER SERVICE MEDFORD, OR
538 PM PDT MON SEP 15 2014


...................................

...THE ALTURAS CA CLIMATE SUMMARY FOR SEPTEMBER 15 2014...
VALID TODAY AS OF 0500 PM LOCAL TIME.

CLIMATE NORMAL PERIOD 1981 TO 2010
CLIMATE RECORD PERIOD 1905 TO 2014


WEATHER ITEM   OBSERVED TIME   RECORD YEAR NORMAL DEPARTURE LAST
                VALUE   (LST)  VALUE       VALUE  FROM      YEAR
                                                  NORMAL
..................................................................
TEMPERATURE (F)
 TODAY
  MAXIMUM         88    323 PM  95    1937  78     10       87
  MINIMUM         41    522 AM  21    1936  35      6       45
  AVERAGE         65                        56      9       66

PRECIPITATION (IN)
  TODAY            0.00          0.45 1976   0.02  -0.02     0.00
  MONTH TO DATE    0.00                      0.23  -0.23     0.08
  SINCE SEP 1      0.00                      0.23  -0.23     0.08
  SINCE JAN 1      6.28                      9.37  -3.09     5.23

SNOWFALL (IN)
  TODAY           MM                        MM     MM       MM
  MONTH TO DATE   MM                        MM     MM       MM
  SINCE JUL 1     MM                        MM     MM       MM
  SNOW DEPTH      MM

DEGREE DAYS
 HEATING
  TODAY            0                         9     -9        0
  MONTH TO DATE   44                       100    -56       22
  SINCE SEP 1     44                       100    -56       22
  SINCE JUL 1     69                       211   -142       92

 COOLING
  TODAY            0                         0      0        1
  MONTH TO DATE    0                         3     -3       25
  SINCE SEP 1      0                         3     -3       25
  SINCE JAN 1    368                       154    214      280
..................................................................


WIND (MPH)
  HIGHEST WIND SPEED    28   HIGHEST WIND DIRECTION    SW (230)
  HIGHEST GUST SPEED    39   HIGHEST GUST DIRECTION     S (190)
  AVERAGE WIND SPEED     6.9


SKY COVER
  POSSIBLE SUNSHINE  MM
  AVERAGE SKY COVER 0.2


WEATHER CONDITIONS
 THE FOLLOWING WEATHER WAS RECORDED TODAY.
  THUNDERSTORM


RELATIVE HUMIDITY (PERCENT)
 HIGHEST    58           600 AM
 LOWEST     18           400 PM
 AVERAGE    38

..........................................................


THE ALTURAS CA CLIMATE NORMALS FOR TOMORROW
                         NORMAL    RECORD    YEAR
 MAXIMUM TEMPERATURE (F)   78        94      2008
                                             1979
 MINIMUM TEMPERATURE (F)   35        22      1936


SUNRISE AND SUNSET
SEPTEMBER 15 2014.....SUNRISE   643 AM PDT   SUNSET   711 PM PDT
SEPTEMBER 16 2014.....SUNRISE   644 AM PDT   SUNSET   710 PM PDT


-  INDICATES NEGATIVE NUMBERS.
R  INDICATES RECORD WAS SET OR TIED.
MM INDICATES DATA IS MISSING.
T  INDICATES TRACE AMOUNT.




$$
