000
CDUS46 KMFR 240835
CLIAAT


CLIMATE REPORT
NATIONAL WEATHER SERVICE MEDFORD, OR
135 AM PDT SUN SEP 24 2017


...................................

...THE ALTURAS CA CLIMATE SUMMARY FOR SEPTEMBER 23 2017...

CLIMATE NORMAL PERIOD 1981 TO 2010
CLIMATE RECORD PERIOD 1905 TO 2017


WEATHER ITEM   OBSERVED TIME   RECORD YEAR NORMAL DEPARTURE LAST
                VALUE   (LST)  VALUE       VALUE  FROM      YEAR
                                                  NORMAL
..................................................................
TEMPERATURE (F)
 YESTERDAY
  MAXIMUM         61    315 PM  93    1987  75    -14       61
                                      1949
  MINIMUM         23R   530 AM  23    1993  33    -10       24
  AVERAGE         42                        54    -12       43

PRECIPITATION (IN)
  YESTERDAY        0.00          0.41 1958   0.03  -0.03    MM
  MONTH TO DATE    0.31                      0.38  -0.07     0.03
  SINCE OCT 1     15.94                     14.03   1.91    13.45
  SINCE JAN 1     12.19                      9.52   2.67     7.47

SNOWFALL (IN)
  YESTERDAY       MM                        MM     MM       MM
  MONTH TO DATE   MM                        MM     MM       MM
  SINCE JUL 1     MM                        MM     MM       MM
  SNOW DEPTH      MM

DEGREE DAYS
 HEATING
  YESTERDAY       23                        11     12       22
  MONTH TO DATE  153                       179    -26      188
  SINCE SEP 1    153                       179    -26      188
  SINCE JUL 1    154                       290   -136      245

 COOLING
  YESTERDAY        0                         0      0        0
  MONTH TO DATE   75                         3     72        0
  SINCE SEP 1     75                         3     72        0
  SINCE JAN 1    516                       154    362      254
..................................................................


WIND (MPH)
  HIGHEST WIND SPEED    16   HIGHEST WIND DIRECTION     N (350)
  HIGHEST GUST SPEED    21   HIGHEST GUST DIRECTION     N (350)
  AVERAGE WIND SPEED     2.8


SKY COVER
  POSSIBLE SUNSHINE  MM
  AVERAGE SKY COVER 0.2


WEATHER CONDITIONS
 THE FOLLOWING WEATHER WAS RECORDED YESTERDAY.
  NO SIGNIFICANT WEATHER WAS OBSERVED.


RELATIVE HUMIDITY (PERCENT)
 HIGHEST    92           100 AM
 LOWEST     23           300 PM
 AVERAGE    58

..........................................................


THE ALTURAS CA CLIMATE NORMALS FOR TODAY
                         NORMAL    RECORD    YEAR
 MAXIMUM TEMPERATURE (F)   75        92      2009
 MINIMUM TEMPERATURE (F)   33        20      1993


SUNRISE AND SUNSET
SEPTEMBER 24 2017.....SUNRISE   652 AM PDT   SUNSET   655 PM PDT
SEPTEMBER 25 2017.....SUNRISE   653 AM PDT   SUNSET   654 PM PDT


-  INDICATES NEGATIVE NUMBERS.
R  INDICATES RECORD WAS SET OR TIED.
MM INDICATES DATA IS MISSING.
T  INDICATES TRACE AMOUNT.




$$
