000
CDUS46 KMFR 110837
CLIAAT


CLIMATE REPORT
NATIONAL WEATHER SERVICE MEDFORD, OR
1236 AM PST THU FEB 11 2016


...................................

...THE ALTURAS CA CLIMATE SUMMARY FOR FEBRUARY 10 2016...

CLIMATE NORMAL PERIOD 1981 TO 2010
CLIMATE RECORD PERIOD 1905 TO 2016


WEATHER ITEM   OBSERVED TIME   RECORD YEAR NORMAL DEPARTURE LAST
                VALUE   (LST)  VALUE       VALUE  FROM      YEAR
                                                  NORMAL
..................................................................
TEMPERATURE (F)
 YESTERDAY
  MAXIMUM         63    143 PM  67    1951  45     18       51
  MINIMUM         27    603 AM -18    1933  21      6       23
  AVERAGE         45                        33     12       37

PRECIPITATION (IN)
  YESTERDAY        0.00          0.35 1941   0.05  -0.05     0.00
  MONTH TO DATE    0.09                      0.48  -0.39     0.86
  SINCE OCT 1      8.07                      6.64   1.43     5.48
  SINCE JAN 1      2.09                      2.13  -0.04     0.97

SNOWFALL (IN)
  YESTERDAY       MM                        MM     MM       MM
  MONTH TO DATE   MM                        MM     MM       MM
  SINCE JUL 1     MM                        MM     MM       MM
  SNOW DEPTH      MM

DEGREE DAYS
 HEATING
  YESTERDAY       20                        32    -12       28
  MONTH TO DATE  320                       326     -6      207
  SINCE DEC 1   2436                      2514    -78     1898
  SINCE JUL 1   3963                      4324   -361     3189

 COOLING
  YESTERDAY        0                         0      0        0
  MONTH TO DATE    0                         0      0        0
  SINCE DEC 1      0                         0      0        0
  SINCE JAN 1      0                         0      0        0
..................................................................


WIND (MPH)
  HIGHEST WIND SPEED    13   HIGHEST WIND DIRECTION     S (180)
  HIGHEST GUST SPEED    16   HIGHEST GUST DIRECTION     S (200)
  AVERAGE WIND SPEED     3.1


SKY COVER
  POSSIBLE SUNSHINE  MM
  AVERAGE SKY COVER 0.0


WEATHER CONDITIONS
 THE FOLLOWING WEATHER WAS RECORDED YESTERDAY.
  FOG
  HAZE


RELATIVE HUMIDITY (PERCENT)
 HIGHEST   100           600 AM
 LOWEST     30           100 PM
 AVERAGE    65

..........................................................


THE ALTURAS CA CLIMATE NORMALS FOR TODAY
                         NORMAL    RECORD    YEAR
 MAXIMUM TEMPERATURE (F)   45        63      1963
 MINIMUM TEMPERATURE (F)   21        -3      1913


SUNRISE AND SUNSET
FEBRUARY 11 2016......SUNRISE   703 AM PST   SUNSET   530 PM PST
FEBRUARY 12 2016......SUNRISE   702 AM PST   SUNSET   532 PM PST


-  INDICATES NEGATIVE NUMBERS.
R  INDICATES RECORD WAS SET OR TIED.
MM INDICATES DATA IS MISSING.
T  INDICATES TRACE AMOUNT.




$$
