000
CDUS46 KMFR 190902
CLIAAT


CLIMATE REPORT
NATIONAL WEATHER SERVICE MEDFORD, OR
102 AM PST FRI DEC 19 2014


...................................

...THE ALTURAS CA CLIMATE SUMMARY FOR DECEMBER 18 2014...

CLIMATE NORMAL PERIOD 1981 TO 2010
CLIMATE RECORD PERIOD 1905 TO 2014


WEATHER ITEM   OBSERVED TIME   RECORD YEAR NORMAL DEPARTURE LAST
                VALUE   (LST)  VALUE       VALUE  FROM      YEAR
                                                  NORMAL
..................................................................
TEMPERATURE (F)
 YESTERDAY
  MAXIMUM         44    225 PM  67    1958  40      4       43
  MINIMUM         33    715 AM -23    1908  19     14       11
  AVERAGE         39                        29     10       27

PRECIPITATION (IN)
  YESTERDAY        0.01          0.60 1940   0.07  -0.06     0.00
  MONTH TO DATE    1.59                      0.98   0.61     0.17
  SINCE SEP 1      4.33                      4.30   0.03     1.14
  SINCE JAN 1     10.61                     13.44  -2.83     6.29

SNOWFALL (IN)
  YESTERDAY       MM                        MM     MM       MM
  MONTH TO DATE   MM                        MM     MM       MM
  SINCE JUL 1     MM                        MM     MM        0.0
  SNOW DEPTH      MM

DEGREE DAYS
 HEATING
  YESTERDAY       26                        36    -10       38
  MONTH TO DATE  454                       631   -177      819
  SINCE DEC 1    454                       631   -177      819
  SINCE JUL 1   1745                      2441   -696     2564

 COOLING
  YESTERDAY        0                         0      0        0
  MONTH TO DATE    0                         0      0        0
  SINCE DEC 1      0                         0      0        0
  SINCE JAN 1    380                       156    224      280
..................................................................


WIND (MPH)
  HIGHEST WIND SPEED    15   HIGHEST WIND DIRECTION     S (170)
  HIGHEST GUST SPEED    18   HIGHEST GUST DIRECTION     S (170)
  AVERAGE WIND SPEED     6.9


SKY COVER
  POSSIBLE SUNSHINE  MM
  AVERAGE SKY COVER 0.9


WEATHER CONDITIONS
 THE FOLLOWING WEATHER WAS RECORDED YESTERDAY.
  FOG


RELATIVE HUMIDITY (PERCENT)
 HIGHEST    92
 LOWEST     67           300 PM
 AVERAGE    80

..........................................................


THE ALTURAS CA CLIMATE NORMALS FOR TODAY
                         NORMAL    RECORD    YEAR
 MAXIMUM TEMPERATURE (F)   40        65      1958
 MINIMUM TEMPERATURE (F)   19       -19      1908


SUNRISE AND SUNSET
DECEMBER 19 2014......SUNRISE   724 AM PST   SUNSET   435 PM PST
DECEMBER 20 2014......SUNRISE   725 AM PST   SUNSET   435 PM PST


-  INDICATES NEGATIVE NUMBERS.
R  INDICATES RECORD WAS SET OR TIED.
MM INDICATES DATA IS MISSING.
T  INDICATES TRACE AMOUNT.




$$
