000
CDUS46 KMFR 240836
CLIAAT


CLIMATE REPORT
NATIONAL WEATHER SERVICE MEDFORD, OR
136 AM PDT SUN MAY 24 2015


...................................

...THE ALTURAS CA CLIMATE SUMMARY FOR MAY 23 2015...

CLIMATE NORMAL PERIOD 1981 TO 2010
CLIMATE RECORD PERIOD 1905 TO 2015


WEATHER ITEM   OBSERVED TIME   RECORD YEAR NORMAL DEPARTURE LAST
                VALUE   (LST)  VALUE       VALUE  FROM      YEAR
                                                  NORMAL
..................................................................
TEMPERATURE (F)
 YESTERDAY
  MAXIMUM         61    528 PM  92    2001  70     -9       83
  MINIMUM         46   1009 AM  23    1944  37      9       39
  AVERAGE         54                        54      0       61

PRECIPITATION (IN)
  YESTERDAY        0.20          0.35 1977   0.04   0.16      T
  MONTH TO DATE    2.51                      1.03   1.48     0.61
  SINCE OCT 1      9.23                     11.72  -2.49     5.62
  SINCE JAN 1      4.72                      7.21  -2.49     4.99

SNOWFALL (IN)
  YESTERDAY       MM                        MM     MM       MM
  MONTH TO DATE   MM                        MM     MM       MM
  SINCE JUL 1     MM                        MM     MM        0.0
  SNOW DEPTH      MM

DEGREE DAYS
 HEATING
  YESTERDAY       11                        11      0        4
  MONTH TO DATE  316                       328    -12      278
  SINCE MAR 1   1542                      1805   -263     1562
  SINCE JUL 1   5169                      6672  -1503     6327

 COOLING
  YESTERDAY        0                         0      0        0
  MONTH TO DATE    0                         0      0        0
  SINCE MAR 1      0                         0      0        0
  SINCE JAN 1      0                         0      0        0
..................................................................


WIND (MPH)
  HIGHEST WIND SPEED    15   HIGHEST WIND DIRECTION     W (280)
  HIGHEST GUST SPEED    19   HIGHEST GUST DIRECTION     W (280)
  AVERAGE WIND SPEED     2.7


SKY COVER
  POSSIBLE SUNSHINE  MM
  AVERAGE SKY COVER 0.9


WEATHER CONDITIONS
 THE FOLLOWING WEATHER WAS RECORDED YESTERDAY.
  LIGHT RAIN
  FOG


RELATIVE HUMIDITY (PERCENT)
 HIGHEST    93           400 AM
 LOWEST     62           500 PM
 AVERAGE    78

..........................................................


THE ALTURAS CA CLIMATE NORMALS FOR TODAY
                         NORMAL    RECORD    YEAR
 MAXIMUM TEMPERATURE (F)   70        92      2001
 MINIMUM TEMPERATURE (F)   37        24      2013


SUNRISE AND SUNSET
MAY 24 2015...........SUNRISE   536 AM PDT   SUNSET   823 PM PDT
MAY 25 2015...........SUNRISE   535 AM PDT   SUNSET   824 PM PDT


-  INDICATES NEGATIVE NUMBERS.
R  INDICATES RECORD WAS SET OR TIED.
MM INDICATES DATA IS MISSING.
T  INDICATES TRACE AMOUNT.




$$
