000
CDUS46 KMFR 230847
CLIAAT


CLIMATE REPORT
NATIONAL WEATHER SERVICE MEDFORD, OR
147 AM PDT WED JUL 23 2014


...................................

...THE ALTURAS CA CLIMATE SUMMARY FOR JULY 22 2014...

CLIMATE NORMAL PERIOD 1981 TO 2010
CLIMATE RECORD PERIOD 1905 TO 2014


WEATHER ITEM   OBSERVED TIME   RECORD YEAR NORMAL DEPARTURE LAST
                VALUE   (LST)  VALUE       VALUE  FROM      YEAR
                                                  NORMAL
..................................................................
TEMPERATURE (F)
 YESTERDAY
  MAXIMUM         84    149 PM 103    2003  90     -6       97
  MINIMUM         42    436 AM  34    1999  45     -3       50
  AVERAGE         63                        67     -4       74

PRECIPITATION (IN)
  YESTERDAY        0.00          0.13 1979   0.01  -0.01     0.00
  MONTH TO DATE    0.41                      0.19   0.22      T
  SINCE SEP 1      6.96                     13.66  -6.70     8.77
  SINCE JAN 1      5.82                      8.63  -2.81     4.43

SNOWFALL (IN)
  YESTERDAY       MM                        MM     MM       MM
  MONTH TO DATE   MM                        MM     MM       MM
  SINCE JUL 1     MM                        MM     MM       MM
  SNOW DEPTH      MM

DEGREE DAYS
 HEATING
  YESTERDAY        2                         1      1        0
  MONTH TO DATE    2                        32    -30        4
  SINCE JUN 1     91                       212   -121      160
  SINCE JUL 1      2                        32    -30        4

 COOLING
  YESTERDAY        0                         3     -3        9
  MONTH TO DATE  203                        52    151      119
  SINCE JUN 1    223                        63    160      162
  SINCE JAN 1    223                        63    160      162
..................................................................


WIND (MPH)
  HIGHEST WIND SPEED    21   HIGHEST WIND DIRECTION     S (180)
  HIGHEST GUST SPEED    26   HIGHEST GUST DIRECTION    SE (150)
  AVERAGE WIND SPEED     7.3


SKY COVER
  POSSIBLE SUNSHINE  MM
  AVERAGE SKY COVER 0.0


WEATHER CONDITIONS
 THE FOLLOWING WEATHER WAS RECORDED YESTERDAY.
  FOG


RELATIVE HUMIDITY (PERCENT)
 HIGHEST   100           100 AM
 LOWEST     25           400 PM
 AVERAGE    63

..........................................................


THE ALTURAS CA CLIMATE NORMALS FOR TODAY
                         NORMAL    RECORD    YEAR
 MAXIMUM TEMPERATURE (F)   90       107      1905
                                             2003
                                             1996
 MINIMUM TEMPERATURE (F)   45        34      1999


SUNRISE AND SUNSET
JULY 23 2014..........SUNRISE   549 AM PDT   SUNSET   828 PM PDT
JULY 24 2014..........SUNRISE   549 AM PDT   SUNSET   828 PM PDT


-  INDICATES NEGATIVE NUMBERS.
R  INDICATES RECORD WAS SET OR TIED.
MM INDICATES DATA IS MISSING.
T  INDICATES TRACE AMOUNT.




$$
