000
CDUS41 KPHI 180627
CLIABE


CLIMATE REPORT
NATIONAL WEATHER SERVICE MOUNT HOLLY NJ
227 AM EDT THU SEP 18 2014


...................................

...THE ALLENTOWN PA CLIMATE SUMMARY FOR SEPTEMBER 17 2014...

CLIMATE NORMAL PERIOD 1981 TO 2010
CLIMATE RECORD PERIOD 1922 TO 2014


WEATHER ITEM   OBSERVED TIME   RECORD YEAR NORMAL DEPARTURE LAST
                VALUE   (LST)  VALUE       VALUE  FROM      YEAR
                                                  NORMAL
..................................................................
TEMPERATURE (F)
 YESTERDAY
  MAXIMUM         72    350 PM  93    1991  75     -3       66
  MINIMUM         44    538 AM  39    2007  53     -9       41
                                      1986
                                      1959
  AVERAGE         58                        64     -6       54

PRECIPITATION (IN)
  YESTERDAY        0.00          1.83 1958   0.17  -0.17     0.00
  MONTH TO DATE    1.23                      2.40  -1.17     1.40
  SINCE SEP 1      1.23                      2.40  -1.17     1.40
  SINCE JAN 1     35.22                     32.17   3.05    36.24

SNOWFALL (IN)
  YESTERDAY        0.0           0.0  2002   0.0    0.0      0.0
                                      2001
  MONTH TO DATE    0.0                       0.0    0.0      0.0
  SINCE SEP 1      0.0                       0.0    0.0      0.0
  SINCE JUL 1      0.0                       0.0    0.0      0.0
  SNOW DEPTH       0

DEGREE DAYS
 HEATING
  YESTERDAY        7                         3      4       11
  MONTH TO DATE   35                        32      3       50
  SINCE SEP 1     35                        32      3       50
  SINCE JUL 1     39                        43     -4       54

 COOLING
  YESTERDAY        0                         2     -2        0
  MONTH TO DATE   94                        56     38       78
  SINCE SEP 1     94                        56     38       78
  SINCE JAN 1    781                       735     46      903
..................................................................


WIND (MPH)
  HIGHEST WIND SPEED    10   HIGHEST WIND DIRECTION     W (250)
  HIGHEST GUST SPEED    14   HIGHEST GUST DIRECTION     W (250)
  AVERAGE WIND SPEED     2.1


SKY COVER
  POSSIBLE SUNSHINE  MM
  AVERAGE SKY COVER 0.2


WEATHER CONDITIONS
 THE FOLLOWING WEATHER WAS RECORDED YESTERDAY.
  FOG


RELATIVE HUMIDITY (PERCENT)
 HIGHEST    93           200 AM
 LOWEST     35           300 PM
 AVERAGE    64

..........................................................


THE ALLENTOWN PA CLIMATE NORMALS FOR TODAY
                         NORMAL    RECORD    YEAR
 MAXIMUM TEMPERATURE (F)   74        90      1965
 MINIMUM TEMPERATURE (F)   52        36      1990


SUNRISE AND SUNSET
SEPTEMBER 18 2014.....SUNRISE   645 AM EDT   SUNSET   706 PM EDT
SEPTEMBER 19 2014.....SUNRISE   646 AM EDT   SUNSET   704 PM EDT


-  INDICATES NEGATIVE NUMBERS.
R  INDICATES RECORD WAS SET OR TIED.
MM INDICATES DATA IS MISSING.
T  INDICATES TRACE AMOUNT.




$$
