012
CDUS41 KPHI 192127
CLIABE


CLIMATE REPORT
NATIONAL WEATHER SERVICE MOUNT HOLLY NJ
426 PM EST SUN FEB 19 2017


...................................

...THE ALLENTOWN PA CLIMATE SUMMARY FOR FEBRUARY 19 2017...
VALID TODAY AS OF 0400 PM LOCAL TIME.

CLIMATE NORMAL PERIOD 1981 TO 2010
CLIMATE RECORD PERIOD 1922 TO 2017


WEATHER ITEM   OBSERVED TIME   RECORD YEAR NORMAL DEPARTURE LAST
                VALUE   (LST)  VALUE       VALUE  FROM      YEAR
                                                  NORMAL
..................................................................
TEMPERATURE (F)
 TODAY
  MAXIMUM         68R   236 PM  63    1997  41     27       37
  MINIMUM         42    626 AM   0    1936  22     20       15
  AVERAGE         55                        32     23       26

PRECIPITATION (IN)
  TODAY            0.00          1.14 1972   0.10  -0.10     0.00
  MONTH TO DATE    1.20                      1.83  -0.63     2.49
  SINCE DEC 1      7.02                      8.44  -1.42     9.86
  SINCE JAN 1      4.59                      4.86  -0.27     5.66

SNOWFALL (IN)
  TODAY            0.0          12.1  1979   0.4   -0.4      0.0
  MONTH TO DATE    7.1                       7.9   -0.8      3.6
  SINCE DEC 1     10.0                      23.1  -13.1     35.9
  SINCE JUL 1     10.0                      23.8  -13.8     35.9
  SNOW DEPTH       0

DEGREE DAYS
 HEATING
  TODAY           10                        33    -23       39
  MONTH TO DATE  559                       669   -110      659
  SINCE DEC 1   2439                      2839   -400     2346
  SINCE JUL 1   3344                      4019   -675     3228

 COOLING
  TODAY            0                         0      0        0
  MONTH TO DATE    0                         0      0        0
  SINCE DEC 1      0                         0      0        0
  SINCE JAN 1      0                         0      0        0
..................................................................


WIND (MPH)
  HIGHEST WIND SPEED    20   HIGHEST WIND DIRECTION     W (280)
  HIGHEST GUST SPEED    24   HIGHEST GUST DIRECTION     W (270)
  AVERAGE WIND SPEED     9.1


SKY COVER
  POSSIBLE SUNSHINE  MM
  AVERAGE SKY COVER 0.1


WEATHER CONDITIONS
 THE FOLLOWING WEATHER WAS RECORDED TODAY.
  NO SIGNIFICANT WEATHER WAS OBSERVED.


RELATIVE HUMIDITY (PERCENT)
 HIGHEST    65           700 AM
 LOWEST     29           300 PM
 AVERAGE    47

..........................................................


THE ALLENTOWN PA CLIMATE NORMALS FOR TOMORROW
                         NORMAL    RECORD    YEAR
 MAXIMUM TEMPERATURE (F)   41        68      1930
 MINIMUM TEMPERATURE (F)   23        -2      1936


SUNRISE AND SUNSET
FEBRUARY 19 2017......SUNRISE   650 AM EST   SUNSET   542 PM EST
FEBRUARY 20 2017......SUNRISE   648 AM EST   SUNSET   543 PM EST


-  INDICATES NEGATIVE NUMBERS.
R  INDICATES RECORD WAS SET OR TIED.
MM INDICATES DATA IS MISSING.
T  INDICATES TRACE AMOUNT.




$$
