000
CDUS41 KPHI 290630
CLIABE


CLIMATE REPORT
NATIONAL WEATHER SERVICE MOUNT HOLLY NJ
127 AM EST SAT NOV 29 2014


...................................

...THE ALLENTOWN PA CLIMATE SUMMARY FOR NOVEMBER 28 2014...

CLIMATE NORMAL PERIOD 1981 TO 2010
CLIMATE RECORD PERIOD 1922 TO 2014


WEATHER ITEM   OBSERVED TIME   RECORD YEAR NORMAL DEPARTURE LAST
                VALUE   (LST)  VALUE       VALUE  FROM      YEAR
                                                  NORMAL
..................................................................
TEMPERATURE (F)
 YESTERDAY
  MAXIMUM         33    349 PM  70    1990  47    -14       34
  MINIMUM         19    820 PM  12    1930  29    -10       27
  AVERAGE         26                        38    -12       31

PRECIPITATION (IN)
  YESTERDAY        T             2.57 2004   0.13  -0.13      T
  MONTH TO DATE    3.12                      3.23  -0.11     2.58
  SINCE SEP 1      7.08                     11.73  -4.65     7.07
  SINCE JAN 1     41.07                     41.50  -0.43    41.91

SNOWFALL (IN)
  YESTERDAY        T             1.8  1950   0.1   -0.1       T
  MONTH TO DATE    5.7                       0.6    5.1       T
  SINCE SEP 1      5.7                       0.6    5.1       T
  SINCE JUL 1      5.7                       0.6    5.1       T
  SNOW DEPTH       3

DEGREE DAYS
 HEATING
  YESTERDAY       39                        27     12       34
  MONTH TO DATE  693                       614     79      653
  SINCE SEP 1   1058                      1114    -56     1081
  SINCE JUL 1   1062                      1125    -63     1085

 COOLING
  YESTERDAY        0                         0      0        0
  MONTH TO DATE    0                         0      0        0
  SINCE SEP 1    120                        78     42      102
  SINCE JAN 1    807                       757     50      927
..................................................................


WIND (MPH)
  HIGHEST WIND SPEED    22   HIGHEST WIND DIRECTION    NW (320)
  HIGHEST GUST SPEED    30   HIGHEST GUST DIRECTION    NW (310)
  AVERAGE WIND SPEED     6.0


SKY COVER
  POSSIBLE SUNSHINE  MM
  AVERAGE SKY COVER 0.3


WEATHER CONDITIONS
 THE FOLLOWING WEATHER WAS RECORDED YESTERDAY.
  LIGHT RAIN
  LIGHT SNOW
  FOG


RELATIVE HUMIDITY (PERCENT)
 HIGHEST    92           400 AM
 LOWEST     41           300 PM
 AVERAGE    67

..........................................................


THE ALLENTOWN PA CLIMATE NORMALS FOR TODAY
                         NORMAL    RECORD    YEAR
 MAXIMUM TEMPERATURE (F)   47        69      2005
 MINIMUM TEMPERATURE (F)   29        11      1955
                                             1930


SUNRISE AND SUNSET
NOVEMBER 29 2014......SUNRISE   704 AM EST   SUNSET   436 PM EST
NOVEMBER 30 2014......SUNRISE   705 AM EST   SUNSET   435 PM EST


-  INDICATES NEGATIVE NUMBERS.
R  INDICATES RECORD WAS SET OR TIED.
MM INDICATES DATA IS MISSING.
T  INDICATES TRACE AMOUNT.




$$
