000
CDUS41 KPHI 042128
CLIABE


CLIMATE REPORT
NATIONAL WEATHER SERVICE MOUNT HOLLY NJ
527 PM EDT WED MAY 4 2016


...................................

...THE ALLENTOWN PA CLIMATE SUMMARY FOR MAY 4 2016...
VALID TODAY AS OF 0500 PM LOCAL TIME.

CLIMATE NORMAL PERIOD 1981 TO 2010
CLIMATE RECORD PERIOD 1922 TO 2016


WEATHER ITEM   OBSERVED TIME   RECORD YEAR NORMAL DEPARTURE LAST
                VALUE   (LST)  VALUE       VALUE  FROM      YEAR
                                                  NORMAL
..................................................................
TEMPERATURE (F)
 TODAY
  MAXIMUM         54   1218 AM  92    2001  68    -14       85
  MINIMUM         50   1026 AM  31    2002  44      6       47
                                      1957
  AVERAGE         52                        56     -4       66

PRECIPITATION (IN)
  TODAY            0.38          1.20 1934   0.12   0.26     0.00
  MONTH TO DATE    1.28                      0.47   0.81      T
  SINCE MAR 1      4.03                      7.42  -3.39     6.24
  SINCE JAN 1     13.06                     13.15  -0.09    10.79

SNOWFALL (IN)
  TODAY            0.0           0.0    MM   0.0    0.0      0.0
  MONTH TO DATE    0.0                       0.0    0.0      0.0
  SINCE MAR 1      0.3                       5.9   -5.6     17.8
  SINCE JUL 1     36.2                      32.9    3.3     50.1
  SNOW DEPTH       0

DEGREE DAYS
 HEATING
  TODAY           13                         9      4        0
  MONTH TO DATE   49                        39     10       20
  SINCE MAR 1   1054                      1300   -246     1386
  SINCE JUL 1   4511                      5609  -1098     5867

 COOLING
  TODAY            0                         0      0        1
  MONTH TO DATE    0                         0      0        1
  SINCE MAR 1      9                         5      4        1
  SINCE JAN 1      9                         5      4        1
..................................................................


WIND (MPH)
  HIGHEST WIND SPEED    12   HIGHEST WIND DIRECTION     E (80)
  HIGHEST GUST SPEED    15   HIGHEST GUST DIRECTION     E (80)
  AVERAGE WIND SPEED     6.8


SKY COVER
  POSSIBLE SUNSHINE  MM
  AVERAGE SKY COVER 1.0


WEATHER CONDITIONS
 THE FOLLOWING WEATHER WAS RECORDED TODAY.
  HEAVY RAIN
  RAIN
  LIGHT RAIN
  FOG
  HAZE


RELATIVE HUMIDITY (PERCENT)
 HIGHEST    89           100 AM
 LOWEST     77           400 PM
 AVERAGE    83

..........................................................


THE ALLENTOWN PA CLIMATE NORMALS FOR TOMORROW
                         NORMAL    RECORD    YEAR
 MAXIMUM TEMPERATURE (F)   68        92      1949
 MINIMUM TEMPERATURE (F)   45        31      1976


SUNRISE AND SUNSET
MAY  4 2016...........SUNRISE   556 AM EDT   SUNSET   801 PM EDT
MAY  5 2016...........SUNRISE   555 AM EDT   SUNSET   802 PM EDT


-  INDICATES NEGATIVE NUMBERS.
R  INDICATES RECORD WAS SET OR TIED.
MM INDICATES DATA IS MISSING.
T  INDICATES TRACE AMOUNT.




$$
