000
CDUS44 KSJT 300701
CLIABI


CLIMATE REPORT
NATIONAL WEATHER SERVICE SAN ANGELO TX
201 AM CDT SAT AUG 30 2014


...................................

...THE ABILENE CLIMATE SUMMARY FOR AUGUST 29 2014...

CLIMATE NORMAL PERIOD 1981 TO 2010
CLIMATE RECORD PERIOD 1886 TO 2014


WEATHER ITEM   OBSERVED TIME   RECORD YEAR NORMAL DEPARTURE LAST
                VALUE   (LST)  VALUE       VALUE  FROM      YEAR
                                                  NORMAL
..................................................................
TEMPERATURE (F)
 YESTERDAY
  MAXIMUM         91    244 PM 104    2011  92     -1       97
  MINIMUM         69    519 AM  58    1917  70     -1       70
  AVERAGE         80                        81     -1       84

PRECIPITATION (IN)
  YESTERDAY        0.07          1.25 1892   0.08  -0.01     0.00
  MONTH TO DATE    0.30                      2.40  -2.10     0.54
  SINCE JUN 1      6.51                      7.83  -1.32    10.11
  SINCE JAN 1     10.50                     16.77  -6.27    16.33

DEGREE DAYS
 HEATING
  YESTERDAY        0                         0      0        0
  MONTH TO DATE    0                         0      0        0
  SINCE JUN 1      0                         1     -1        0
  SINCE JUL 1      0                         0      0        0

 COOLING
  YESTERDAY       15                        16     -1       19
  MONTH TO DATE  580                       522     58      566
  SINCE JUN 1   1628                      1518    110     1631
  SINCE JAN 1   2142                      1915    227     2112
..................................................................


WIND (MPH)
  HIGHEST WIND SPEED    22   HIGHEST WIND DIRECTION    SE (140)
  HIGHEST GUST SPEED    26   HIGHEST GUST DIRECTION    SE (130)
  AVERAGE WIND SPEED     9.2


SKY COVER
  POSSIBLE SUNSHINE  MM
  AVERAGE SKY COVER 0.6


WEATHER CONDITIONS
 THE FOLLOWING WEATHER WAS RECORDED YESTERDAY.
  THUNDERSTORM
  LIGHT RAIN


RELATIVE HUMIDITY (PERCENT)
 HIGHEST   100           100 AM
 LOWEST     50           400 PM
 AVERAGE    75

..........................................................


THE ABILENE CLIMATE NORMALS FOR TODAY
                         NORMAL    RECORD    YEAR
 MAXIMUM TEMPERATURE (F)   92       105      1959
                                             1956
                                             1943
 MINIMUM TEMPERATURE (F)   70        53      1917
                                             1915


SUNRISE AND SUNSET
AUGUST 30 2014........SUNRISE   712 AM CDT   SUNSET   806 PM CDT
AUGUST 31 2014........SUNRISE   713 AM CDT   SUNSET   804 PM CDT


-  INDICATES NEGATIVE NUMBERS.
R  INDICATES RECORD WAS SET OR TIED.
MM INDICATES DATA IS MISSING.
T  INDICATES TRACE AMOUNT.


$$
