000
CDUS44 KSJT 092327
CLIABI


CLIMATE REPORT
NATIONAL WEATHER SERVICE SAN ANGELO TX
526 PM CST FRI DEC 9 2016


...................................

...THE ABILENE CLIMATE SUMMARY FOR DECEMBER 9 2016...
VALID TODAY AS OF 0500 PM LOCAL TIME.

CLIMATE NORMAL PERIOD 1981 TO 2010
CLIMATE RECORD PERIOD 1886 TO 2016


WEATHER ITEM   OBSERVED TIME   RECORD YEAR NORMAL DEPARTURE LAST
                VALUE   (LST)  VALUE       VALUE  FROM      YEAR
                                                  NORMAL
..................................................................
TEMPERATURE (F)
 TODAY
  MAXIMUM         42    447 PM  80    1929  58    -16       70
  MINIMUM         28    813 AM  11    1898  34     -6       38
  AVERAGE         35                        46    -11       54

PRECIPITATION (IN)
  TODAY            0.00          3.80 1911   0.04  -0.04     0.00
  MONTH TO DATE    1.37                      0.36   1.01     0.00
  SINCE DEC 1      1.37                      0.36   1.01     0.00
  SINCE JAN 1     36.98                     23.95  13.03    38.21

SNOWFALL (IN)
  TODAY            0.0           T    1967   0.0    0.0      0.0
  MONTH TO DATE    T                         0.2   -0.2      0.0
  SINCE NOV 1      T                         0.9   -0.9       T
  SINCE JUL 1      T                         0.9   -0.9       T

DEGREE DAYS
 HEATING
  TODAY           30                        19     11       11
  MONTH TO DATE  195                       161     34      130
  SINCE DEC 1    195                       161     34      130
  SINCE JUL 1    386                       594   -208      473

 COOLING
  TODAY            0                         0      0        0
  MONTH TO DATE    0                         0      0        0
  SINCE DEC 1      0                         0      0        0
  SINCE JAN 1   2601                      2408    193     2739
..................................................................


WIND (MPH)
  HIGHEST WIND SPEED    15   HIGHEST WIND DIRECTION     S (180)
  HIGHEST GUST SPEED    19   HIGHEST GUST DIRECTION     S (160)
  AVERAGE WIND SPEED     7.6


SKY COVER
  POSSIBLE SUNSHINE  MM
  AVERAGE SKY COVER 0.9


WEATHER CONDITIONS
 THE FOLLOWING WEATHER WAS RECORDED TODAY.
  NO SIGNIFICANT WEATHER WAS OBSERVED.


RELATIVE HUMIDITY (PERCENT)
 HIGHEST    69          1200 AM
 LOWEST     43           400 PM
 AVERAGE    56

..........................................................


THE ABILENE CLIMATE NORMALS FOR TOMORROW
                         NORMAL    RECORD    YEAR
 MAXIMUM TEMPERATURE (F)   57        82      1939
 MINIMUM TEMPERATURE (F)   34         1      1898


SUNRISE AND SUNSET
DECEMBER  9 2016......SUNRISE   729 AM CST   SUNSET   534 PM CST
DECEMBER 10 2016......SUNRISE   730 AM CST   SUNSET   534 PM CST


-  INDICATES NEGATIVE NUMBERS.
R  INDICATES RECORD WAS SET OR TIED.
MM INDICATES DATA IS MISSING.
T  INDICATES TRACE AMOUNT.




$$
