000
CDUS44 KSJT 200754
CLIABI


CLIMATE REPORT
NATIONAL WEATHER SERVICE SAN ANGELO TX
153 AM CST SAT DEC 20 2014


...................................

...THE ABILENE CLIMATE SUMMARY FOR DECEMBER 19 2014...

CLIMATE NORMAL PERIOD 1981 TO 2010
CLIMATE RECORD PERIOD 1886 TO 2014


WEATHER ITEM   OBSERVED TIME   RECORD YEAR NORMAL DEPARTURE LAST
                VALUE   (LST)  VALUE       VALUE  FROM      YEAR
                                                  NORMAL
..................................................................
TEMPERATURE (F)
 YESTERDAY
  MAXIMUM         48    150 PM  80    1978  56     -8       71
  MINIMUM         42    626 AM   5    1924  33      9       53
  AVERAGE         45                        44      1       62

PRECIPITATION (IN)
  YESTERDAY        0.01          1.70 1991   0.04  -0.03     0.00
  MONTH TO DATE    0.02                      0.77  -0.75     0.20
  SINCE DEC 1      0.02                      0.77  -0.75     0.20
  SINCE JAN 1     14.51                     24.36  -9.85    22.28

SNOWFALL (IN)
  YESTERDAY       MM             T    1983   0.1   MM        0.0
  MONTH TO DATE    0.0                       0.6   -0.6      0.8
  SINCE NOV 1      0.1                       1.3   -1.2      1.3
  SINCE JUL 1      0.1                       1.3   -1.2      1.3

DEGREE DAYS
 HEATING
  YESTERDAY       20                        21     -1        3
  MONTH TO DATE  203                       360   -157      409
  SINCE DEC 1    203                       360   -157      409
  SINCE JUL 1    620                       793   -173      881

 COOLING
  YESTERDAY        0                         0      0        0
  MONTH TO DATE    0                         0      0        1
  SINCE DEC 1      0                         0      0        1
  SINCE JAN 1   2819                      2408    411     2723
..................................................................


WIND (MPH)
  HIGHEST WIND SPEED    14   HIGHEST WIND DIRECTION     N (350)
  HIGHEST GUST SPEED    16   HIGHEST GUST DIRECTION    NE (40)
  AVERAGE WIND SPEED     5.7


SKY COVER
  POSSIBLE SUNSHINE  MM
  AVERAGE SKY COVER 1.0


WEATHER CONDITIONS
 THE FOLLOWING WEATHER WAS RECORDED YESTERDAY.
  LIGHT RAIN
  FOG


RELATIVE HUMIDITY (PERCENT)
 HIGHEST   100           800 AM
 LOWEST     76           300 PM
 AVERAGE    88

..........................................................


THE ABILENE CLIMATE NORMALS FOR TODAY
                         NORMAL    RECORD    YEAR
 MAXIMUM TEMPERATURE (F)   56        84      2010
 MINIMUM TEMPERATURE (F)   33         3      1909


SUNRISE AND SUNSET
DECEMBER 20 2014......SUNRISE   736 AM CST   SUNSET   537 PM CST
DECEMBER 21 2014......SUNRISE   736 AM CST   SUNSET   538 PM CST


-  INDICATES NEGATIVE NUMBERS.
R  INDICATES RECORD WAS SET OR TIED.
MM INDICATES DATA IS MISSING.
T  INDICATES TRACE AMOUNT.




$$
