517
CDUS44 KSJT 280756
CLIABI


CLIMATE REPORT
NATIONAL WEATHER SERVICE SAN ANGELO TX
256 AM CDT FRI JUL 28 2017


...................................

...THE ABILENE CLIMATE SUMMARY FOR JULY 27 2017...

CLIMATE NORMAL PERIOD 1981 TO 2010
CLIMATE RECORD PERIOD 1886 TO 2017


WEATHER ITEM   OBSERVED TIME   RECORD YEAR NORMAL DEPARTURE LAST
                VALUE   (LST)  VALUE       VALUE  FROM      YEAR
                                                  NORMAL
..................................................................
TEMPERATURE (F)
 YESTERDAY
  MAXIMUM         99    409 PM 107    1944  95      4       95
  MINIMUM         76    633 AM  63    1994  73      3       75
                                      1973
                                      1933
  AVERAGE         88                        84      4       85

PRECIPITATION (IN)
  YESTERDAY        0.00          3.15 2010   0.06  -0.06     0.01
  MONTH TO DATE    1.05                      1.63  -0.58     0.47
  SINCE JUN 1      2.72                      5.19  -2.47     3.60
  SINCE JAN 1     10.59                     14.13  -3.54    21.40

DEGREE DAYS
 HEATING
  YESTERDAY        0                         0      0        0
  MONTH TO DATE    0                         0      0        0
  SINCE JUN 1      0                         1     -1        0
  SINCE JUL 1      0                         0      0        0

 COOLING
  YESTERDAY       23                        19      4       20
  MONTH TO DATE  500                       486     14      596
  SINCE JUN 1    946                       921     25     1049
  SINCE JAN 1   1365                      1318     47     1358
..................................................................


WIND (MPH)
  HIGHEST WIND SPEED    17   HIGHEST WIND DIRECTION     S (190)
  HIGHEST GUST SPEED    23   HIGHEST GUST DIRECTION     S (200)
  AVERAGE WIND SPEED    10.0


SKY COVER
  POSSIBLE SUNSHINE  MM
  AVERAGE SKY COVER 0.0


WEATHER CONDITIONS
 THE FOLLOWING WEATHER WAS RECORDED YESTERDAY.
  NO SIGNIFICANT WEATHER WAS OBSERVED.


RELATIVE HUMIDITY (PERCENT)
 HIGHEST    69           500 AM
 LOWEST     26           400 PM
 AVERAGE    48

..........................................................


THE ABILENE CLIMATE NORMALS FOR TODAY
                         NORMAL    RECORD    YEAR
 MAXIMUM TEMPERATURE (F)   95       107      1995
 MINIMUM TEMPERATURE (F)   73        62      1933


SUNRISE AND SUNSET
JULY 28 2017..........SUNRISE   651 AM CDT   SUNSET   839 PM CDT
JULY 29 2017..........SUNRISE   651 AM CDT   SUNSET   839 PM CDT


-  INDICATES NEGATIVE NUMBERS.
R  INDICATES RECORD WAS SET OR TIED.
MM INDICATES DATA IS MISSING.
T  INDICATES TRACE AMOUNT.




$$
