000
CDUS44 KSJT 230756
CLIABI


CLIMATE REPORT
NATIONAL WEATHER SERVICE SAN ANGELO TX
255 AM CDT SAT SEP 23 2017


...................................

...THE ABILENE CLIMATE SUMMARY FOR SEPTEMBER 22 2017...

CLIMATE NORMAL PERIOD 1981 TO 2010
CLIMATE RECORD PERIOD 1886 TO 2017


WEATHER ITEM   OBSERVED TIME   RECORD YEAR NORMAL DEPARTURE LAST
                VALUE   (LST)  VALUE       VALUE  FROM      YEAR
                                                  NORMAL
..................................................................
TEMPERATURE (F)
 YESTERDAY
  MAXIMUM         92    445 PM  99    2000  85      7       89
                                      1926
  MINIMUM         71    710 AM  44    1995  62      9       67
  AVERAGE         82                        73      9       78

PRECIPITATION (IN)
  YESTERDAY        0.00          4.04 1900   0.08  -0.08     0.00
  MONTH TO DATE    T                         1.66  -1.66     2.94
  SINCE SEP 1      T                         1.66  -1.66     2.94
  SINCE JAN 1     14.45                     18.62  -4.17    30.05

DEGREE DAYS
 HEATING
  YESTERDAY        0                         1     -1        0
  MONTH TO DATE    0                         3     -3        0
  SINCE SEP 1      0                         3     -3        0
  SINCE JUL 1      0                         3     -3        0

 COOLING
  YESTERDAY       17                         9      8       13
  MONTH TO DATE  290                       265     25      314
  SINCE SEP 1    290                       265     25      314
  SINCE JAN 1   2206                      2210     -4     2313
..................................................................


WIND (MPH)
  HIGHEST WIND SPEED    24   HIGHEST WIND DIRECTION    SE (150)
  HIGHEST GUST SPEED    31   HIGHEST GUST DIRECTION    SE (140)
  AVERAGE WIND SPEED    15.0


SKY COVER
  POSSIBLE SUNSHINE  MM
  AVERAGE SKY COVER 0.2


WEATHER CONDITIONS
 THE FOLLOWING WEATHER WAS RECORDED YESTERDAY.
  NO SIGNIFICANT WEATHER WAS OBSERVED.


RELATIVE HUMIDITY (PERCENT)
 HIGHEST    93           500 AM
 LOWEST     38           300 PM
 AVERAGE    66

..........................................................


THE ABILENE CLIMATE NORMALS FOR TODAY
                         NORMAL    RECORD    YEAR
 MAXIMUM TEMPERATURE (F)   84        99      1926
 MINIMUM TEMPERATURE (F)   62        44      1989


SUNRISE AND SUNSET
SEPTEMBER 23 2017.....SUNRISE   728 AM CDT   SUNSET   734 PM CDT
SEPTEMBER 24 2017.....SUNRISE   728 AM CDT   SUNSET   732 PM CDT


-  INDICATES NEGATIVE NUMBERS.
R  INDICATES RECORD WAS SET OR TIED.
MM INDICATES DATA IS MISSING.
T  INDICATES TRACE AMOUNT.




$$
