000
CDUS44 KSJT 160808
CLIABI


CLIMATE REPORT
NATIONAL WEATHER SERVICE SAN ANGELO TX
200 AM CST MON JAN 16 2017


...................................

...THE ABILENE CLIMATE SUMMARY FOR JANUARY 15 2017...

CLIMATE NORMAL PERIOD 1981 TO 2010
CLIMATE RECORD PERIOD 1886 TO 2017


WEATHER ITEM   OBSERVED TIME   RECORD YEAR NORMAL DEPARTURE LAST
                VALUE   (LST)  VALUE       VALUE  FROM      YEAR
                                                  NORMAL
..................................................................
TEMPERATURE (F)
 YESTERDAY
  MAXIMUM         54    359 PM  81    1901  57     -3       62
  MINIMUM         34    644 AM  -5    1888  33      1       36
  AVERAGE         44                        45     -1       49

PRECIPITATION (IN)
  YESTERDAY        1.00R         0.54 1903   0.04   0.96     0.00
  MONTH TO DATE    1.50                      0.44   1.06     0.04
  SINCE DEC 1      2.89                      1.67   1.22     2.24
  SINCE JAN 1      1.50                      0.44   1.06     0.04

SNOWFALL (IN)
  YESTERDAY        0.0           2.0  1964   0.1   -0.1      0.0
  MONTH TO DATE    T                         0.9   -0.9       T
  SINCE NOV 1      T                         2.7   -2.7      5.1
  SINCE JUL 1      T                         2.7   -2.7      5.1

DEGREE DAYS
 HEATING
  YESTERDAY       21                        20      1       16
  MONTH TO DATE  304                       310     -6      312
  SINCE DEC 1    870                       922    -52      788
  SINCE JUL 1   1061                      1355   -294     1131

 COOLING
  YESTERDAY        0                         0      0        0
  MONTH TO DATE    3                         0      3        0
  SINCE DEC 1      3                         1      2        0
  SINCE JAN 1      3                         0      3        0
..................................................................


WIND (MPH)
  HIGHEST WIND SPEED    39   HIGHEST WIND DIRECTION    NW (310)
  HIGHEST GUST SPEED    48   HIGHEST GUST DIRECTION    NW (320)
  AVERAGE WIND SPEED     5.5


SKY COVER
  POSSIBLE SUNSHINE  MM
  AVERAGE SKY COVER 1.0


WEATHER CONDITIONS
 THE FOLLOWING WEATHER WAS RECORDED YESTERDAY.
  HEAVY RAIN
  RAIN
  LIGHT RAIN
  FOG
  FOG W/VISIBILITY <= 1/4 MILE
  HAZE


RELATIVE HUMIDITY (PERCENT)
 HIGHEST   100          1200 AM
 LOWEST    100          1200 AM
 AVERAGE   100

..........................................................


THE ABILENE CLIMATE NORMALS FOR TODAY
                         NORMAL    RECORD    YEAR
 MAXIMUM TEMPERATURE (F)   57        84      1938
 MINIMUM TEMPERATURE (F)   33         3      1888


SUNRISE AND SUNSET
JANUARY 16 2017.......SUNRISE   740 AM CST   SUNSET   557 PM CST
JANUARY 17 2017.......SUNRISE   740 AM CST   SUNSET   558 PM CST


-  INDICATES NEGATIVE NUMBERS.
R  INDICATES RECORD WAS SET OR TIED.
MM INDICATES DATA IS MISSING.
T  INDICATES TRACE AMOUNT.




$$
