000
CDUS44 KSJT 250706
CLIABI


CLIMATE REPORT
NATIONAL WEATHER SERVICE SAN ANGELO TX
206 AM CDT MON JUL 25 2016


...................................

...THE ABILENE CLIMATE SUMMARY FOR JULY 24 2016...

CLIMATE NORMAL PERIOD 1981 TO 2010
CLIMATE RECORD PERIOD 1886 TO 2016


WEATHER ITEM   OBSERVED TIME   RECORD YEAR NORMAL DEPARTURE LAST
                VALUE   (LST)  VALUE       VALUE  FROM      YEAR
                                                  NORMAL
..................................................................
TEMPERATURE (F)
 YESTERDAY
  MAXIMUM        100    334 PM 106    1943  95      5       98
  MINIMUM         78    620 AM  65    1989  73      5       76
                                      1904
                                      1887
  AVERAGE         89                        84      5       87

PRECIPITATION (IN)
  YESTERDAY        0.00          1.80 1938   0.06  -0.06     0.00
  MONTH TO DATE    0.40                      1.46  -1.06     8.26
  SINCE JUN 1      3.53                      5.02  -1.49    11.88
  SINCE JAN 1     21.33                     13.96   7.37    24.51

DEGREE DAYS
 HEATING
  YESTERDAY        0                         0      0        0
  MONTH TO DATE    0                         0      0        0
  SINCE JUN 1      0                         1     -1        0
  SINCE JUL 1      0                         0      0        0

 COOLING
  YESTERDAY       24                        19      5       22
  MONTH TO DATE  534                       429    105      446
  SINCE JUN 1    987                       864    123      912
  SINCE JAN 1   1296                      1261     35     1301
..................................................................


WIND (MPH)
  HIGHEST WIND SPEED    18   HIGHEST WIND DIRECTION    SE (130)
  HIGHEST GUST SPEED    26   HIGHEST GUST DIRECTION     S (170)
  AVERAGE WIND SPEED    10.9


SKY COVER
  POSSIBLE SUNSHINE  MM
  AVERAGE SKY COVER 0.1


WEATHER CONDITIONS
 THE FOLLOWING WEATHER WAS RECORDED YESTERDAY.
  NO SIGNIFICANT WEATHER WAS OBSERVED.


RELATIVE HUMIDITY (PERCENT)
 HIGHEST    67           600 AM
 LOWEST     30           600 PM
 AVERAGE    49

..........................................................


THE ABILENE CLIMATE NORMALS FOR TODAY
                         NORMAL    RECORD    YEAR
 MAXIMUM TEMPERATURE (F)   95       105      2011
                                             1954
 MINIMUM TEMPERATURE (F)   73        63      2004


SUNRISE AND SUNSET
JULY 25 2016..........SUNRISE   649 AM CDT   SUNSET   841 PM CDT
JULY 26 2016..........SUNRISE   650 AM CDT   SUNSET   840 PM CDT


-  INDICATES NEGATIVE NUMBERS.
R  INDICATES RECORD WAS SET OR TIED.
MM INDICATES DATA IS MISSING.
T  INDICATES TRACE AMOUNT.




$$
