000
CDUS44 KSJT 240657
CLIABI


CLIMATE REPORT
NATIONAL WEATHER SERVICE SAN ANGELO TX
156 AM CDT THU APR 24 2014


...................................

...THE ABILENE CLIMATE SUMMARY FOR APRIL 23 2014...

CLIMATE NORMAL PERIOD 1981 TO 2010
CLIMATE RECORD PERIOD 1886 TO 2014


WEATHER ITEM   OBSERVED TIME   RECORD YEAR NORMAL DEPARTURE LAST
                VALUE   (LST)  VALUE       VALUE  FROM      YEAR
                                                  NORMAL
..................................................................
TEMPERATURE (F)
 YESTERDAY
  MAXIMUM         91    402 PM  95    2011  79     12       71
                                      1894
  MINIMUM         62    628 AM  37    1907  54      8       39
  AVERAGE         77                        67     10       55

PRECIPITATION (IN)
  YESTERDAY        0.05          2.40 2004   0.06  -0.01     0.00
  MONTH TO DATE    0.61                      1.15  -0.54     1.72
  SINCE MAR 1      1.28                      2.89  -1.61     2.33
  SINCE JAN 1      1.77                      5.27  -3.50     4.22

SNOWFALL (IN)
  YESTERDAY        0.0           0.0  2002   0.0    0.0      0.0
  MONTH TO DATE    T                         0.3   -0.3       T
  SINCE NOV 1      3.1                       4.7   -1.6      1.1
  SINCE JUL 1      3.1                       4.7   -1.6      1.1

DEGREE DAYS
 HEATING
  YESTERDAY        0                         2     -2       10
  MONTH TO DATE   88                        99    -11      135
  SINCE MAR 1    428                       397     31      396
  SINCE JUL 1   2790                      2530    260     2231

 COOLING
  YESTERDAY       12                         4      8        0
  MONTH TO DATE  110                        66     44       92
  SINCE MAR 1    149                        95     54      132
  SINCE JAN 1    154                       100     54      138
..................................................................


WIND (MPH)
  HIGHEST WIND SPEED    45   HIGHEST WIND DIRECTION     S (160)
  HIGHEST GUST SPEED    59   HIGHEST GUST DIRECTION     S (170)
  AVERAGE WIND SPEED    18.0


SKY COVER
  POSSIBLE SUNSHINE  MM
  AVERAGE SKY COVER 0.0


WEATHER CONDITIONS
 THE FOLLOWING WEATHER WAS RECORDED YESTERDAY.
  THUNDERSTORM
  LIGHT RAIN
  HAZE


RELATIVE HUMIDITY (PERCENT)
 HIGHEST    73           700 AM
 LOWEST     29           200 PM
 AVERAGE    51

..........................................................


THE ABILENE CLIMATE NORMALS FOR TODAY
                         NORMAL    RECORD    YEAR
 MAXIMUM TEMPERATURE (F)   80        96      1961
 MINIMUM TEMPERATURE (F)   54        33      2013


SUNRISE AND SUNSET
APRIL 24 2014.........SUNRISE   659 AM CDT   SUNSET   815 PM CDT
APRIL 25 2014.........SUNRISE   658 AM CDT   SUNSET   816 PM CDT


-  INDICATES NEGATIVE NUMBERS.
R  INDICATES RECORD WAS SET OR TIED.
MM INDICATES DATA IS MISSING.
T  INDICATES TRACE AMOUNT.




$$
