000
CDUS44 KSJT 042235
CLIABI


CLIMATE REPORT
NATIONAL WEATHER SERVICE SAN ANGELO TX
533 PM CDT FRI SEP 4 2015


...................................

...THE ABILENE CLIMATE SUMMARY FOR SEPTEMBER 4 2015...
VALID TODAY AS OF 0500 PM LOCAL TIME.

CLIMATE NORMAL PERIOD 1981 TO 2010
CLIMATE RECORD PERIOD 1886 TO 2015


WEATHER ITEM   OBSERVED TIME   RECORD YEAR NORMAL DEPARTURE LAST
                VALUE   (LST)  VALUE       VALUE  FROM      YEAR
                                                  NORMAL
..................................................................
TEMPERATURE (F)
 TODAY
  MAXIMUM         96    353 PM 106    2000  91      5       96
  MINIMUM         72    613 AM  51    1891  68      4       72
  AVERAGE         84                        79      5       84

PRECIPITATION (IN)
  TODAY            0.00          2.20 1961   0.07  -0.07     0.00
  MONTH TO DATE    0.00                      0.31  -0.31     0.00
  SINCE SEP 1      0.00                      0.31  -0.31     0.00
  SINCE JAN 1     25.17                     17.27   7.90    10.50

DEGREE DAYS
 HEATING
  TODAY            0                         0      0        0
  MONTH TO DATE    0                         0      0        0
  SINCE SEP 1      0                         0      0        0
  SINCE JUL 1      0                         0      0        0

 COOLING
  TODAY           19                        14      5       19
  MONTH TO DATE   73                        59     14       87
  SINCE SEP 1     73                        59     14       87
  SINCE JAN 1   2158                      2004    154     2271
..................................................................


WIND (MPH)
  HIGHEST WIND SPEED    17   HIGHEST WIND DIRECTION     S (190)
  HIGHEST GUST SPEED    22   HIGHEST GUST DIRECTION     S (190)
  AVERAGE WIND SPEED     9.9


SKY COVER
  POSSIBLE SUNSHINE  MM
  AVERAGE SKY COVER 0.1


WEATHER CONDITIONS
 THE FOLLOWING WEATHER WAS RECORDED TODAY.
  NO SIGNIFICANT WEATHER WAS OBSERVED.


RELATIVE HUMIDITY (PERCENT)
 HIGHEST    79           700 AM
 LOWEST     30           400 PM
 AVERAGE    55

..........................................................


THE ABILENE CLIMATE NORMALS FOR TOMORROW
                         NORMAL    RECORD    YEAR
 MAXIMUM TEMPERATURE (F)   90       107      2000
 MINIMUM TEMPERATURE (F)   68        52      1988


SUNRISE AND SUNSET
SEPTEMBER  4 2015.....SUNRISE   715 AM CDT   SUNSET   800 PM CDT
SEPTEMBER  5 2015.....SUNRISE   716 AM CDT   SUNSET   758 PM CDT


-  INDICATES NEGATIVE NUMBERS.
R  INDICATES RECORD WAS SET OR TIED.
MM INDICATES DATA IS MISSING.
T  INDICATES TRACE AMOUNT.




$$
