000
CDUS44 KSJT 210813
CLIABI


CLIMATE REPORT
NATIONAL WEATHER SERVICE SAN ANGELO TX
213 AM CST TUE NOV 21 2017


...................................

...THE ABILENE CLIMATE SUMMARY FOR NOVEMBER 20 2017...

CLIMATE NORMAL PERIOD 1981 TO 2010
CLIMATE RECORD PERIOD 1886 TO 2017


WEATHER ITEM   OBSERVED TIME   RECORD YEAR NORMAL DEPARTURE LAST
                VALUE   (LST)  VALUE       VALUE  FROM      YEAR
                                                  NORMAL
..................................................................
TEMPERATURE (F)
 YESTERDAY
  MAXIMUM         65    406 PM  89    1996  64      1       67
  MINIMUM         33    621 AM  22    1937  41     -8       37
  AVERAGE         49                        53     -4       52

PRECIPITATION (IN)
  YESTERDAY        0.00          1.92 1933   0.04  -0.04     0.00
  MONTH TO DATE    0.90                      1.03  -0.13     2.47
  SINCE SEP 1      5.44                      6.25  -0.81     8.46
  SINCE JAN 1     19.89                     23.21  -3.32    35.57

SNOWFALL (IN)
  YESTERDAY        0.0           0.0  2002   0.1   -0.1      0.0
  MONTH TO DATE    0.0                       0.4   -0.4      0.0
  SINCE NOV 1      0.0                       0.4   -0.4      0.0
  SINCE JUL 1      T                         0.4   -0.4      0.0

DEGREE DAYS
 HEATING
  YESTERDAY       16                        13      3       13
  MONTH TO DATE  160                       182    -22       94
  SINCE SEP 1    303                       286     17      113
  SINCE JUL 1    303                       286     17      113

 COOLING
  YESTERDAY        0                         0      0        0
  MONTH TO DATE   37                        15     22       31
  SINCE SEP 1    508                       459     49      602
  SINCE JAN 1   2424                      2404     20     2601
..................................................................


WIND (MPH)
  HIGHEST WIND SPEED    25   HIGHEST WIND DIRECTION    SW (210)
  HIGHEST GUST SPEED    31   HIGHEST GUST DIRECTION    SW (210)
  AVERAGE WIND SPEED    12.3


SKY COVER
  POSSIBLE SUNSHINE  MM
  AVERAGE SKY COVER 0.0


WEATHER CONDITIONS
 THE FOLLOWING WEATHER WAS RECORDED YESTERDAY.
  NO SIGNIFICANT WEATHER WAS OBSERVED.


RELATIVE HUMIDITY (PERCENT)
 HIGHEST    76          1200 AM
 LOWEST     28           400 PM
 AVERAGE    52

..........................................................


THE ABILENE CLIMATE NORMALS FOR TODAY
                         NORMAL    RECORD    YEAR
 MAXIMUM TEMPERATURE (F)   64        83      1897
 MINIMUM TEMPERATURE (F)   41        20      1906


SUNRISE AND SUNSET
NOVEMBER 21 2017......SUNRISE   714 AM CST   SUNSET   535 PM CST
NOVEMBER 22 2017......SUNRISE   715 AM CST   SUNSET   535 PM CST


-  INDICATES NEGATIVE NUMBERS.
R  INDICATES RECORD WAS SET OR TIED.
MM INDICATES DATA IS MISSING.
T  INDICATES TRACE AMOUNT.




$$
