000
CDUS44 KSJT 192329
CLIABI


CLIMATE REPORT
NATIONAL WEATHER SERVICE SAN ANGELO TX
529 PM CST MON FEB 19 2018


...................................

...THE ABILENE CLIMATE SUMMARY FOR FEBRUARY 19 2018...
VALID TODAY AS OF 0500 PM LOCAL TIME.

CLIMATE NORMAL PERIOD 1981 TO 2010
CLIMATE RECORD PERIOD 1886 TO 2018


WEATHER ITEM   OBSERVED TIME   RECORD YEAR NORMAL DEPARTURE LAST
                VALUE   (LST)  VALUE       VALUE  FROM      YEAR
                                                  NORMAL
..................................................................
TEMPERATURE (F)
 TODAY
  MAXIMUM         77    305 PM  88    1986  61     16       73
  MINIMUM         60    549 AM  19    2006  38     22       50
                                      1936
                                      1903
  AVERAGE         69                        49     20       62

PRECIPITATION (IN)
  TODAY            0.00          0.54 1941   0.05  -0.05     0.34
  MONTH TO DATE    0.17                      0.90  -0.73     1.44
  SINCE DEC 1      1.22                      3.15  -1.93     4.76
  SINCE JAN 1      0.17                      1.92  -1.75     3.37

SNOWFALL (IN)
  TODAY            0.0           1.5  1959   0.1   -0.1      0.0
  MONTH TO DATE    T                         0.6   -0.6      0.0
  SINCE NOV 1      T                         3.9   -3.9       T
  SINCE JUL 1      T                         3.9   -3.9       T

DEGREE DAYS
 HEATING
  TODAY            0                        16    -16        3
  MONTH TO DATE  341                       333      8      221
  SINCE DEC 1   1654                      1569     85     1335
  SINCE JUL 1   2049                      2002     47     1526

 COOLING
  TODAY            4                         0      4        0
  MONTH TO DATE   12                         0     12       14
  SINCE DEC 1     13                         2     11       17
  SINCE JAN 1     12                         1     11       17
..................................................................


WIND (MPH)
  HIGHEST WIND SPEED    24   HIGHEST WIND DIRECTION     S (200)
  HIGHEST GUST SPEED    31   HIGHEST GUST DIRECTION     S (190)
  AVERAGE WIND SPEED    15.2


SKY COVER
  POSSIBLE SUNSHINE  MM
  AVERAGE SKY COVER 0.4


WEATHER CONDITIONS
 THE FOLLOWING WEATHER WAS RECORDED TODAY.
  NO SIGNIFICANT WEATHER WAS OBSERVED.


RELATIVE HUMIDITY (PERCENT)
 HIGHEST    97           500 AM
 LOWEST     50           400 PM
 AVERAGE    74

..........................................................


THE ABILENE CLIMATE NORMALS FOR TOMORROW
                         NORMAL    RECORD    YEAR
 MAXIMUM TEMPERATURE (F)   62        86      1976
 MINIMUM TEMPERATURE (F)   38        16      1955


SUNRISE AND SUNSET
FEBRUARY 19 2018......SUNRISE   717 AM CST   SUNSET   628 PM CST
FEBRUARY 20 2018......SUNRISE   716 AM CST   SUNSET   629 PM CST


-  INDICATES NEGATIVE NUMBERS.
R  INDICATES RECORD WAS SET OR TIED.
MM INDICATES DATA IS MISSING.
T  INDICATES TRACE AMOUNT.




$$
