000
CDUS44 KSJT 260756
CLIABI


CLIMATE REPORT
NATIONAL WEATHER SERVICE SAN ANGELO TX
255 AM CDT FRI MAY 26 2017


...................................

...THE ABILENE CLIMATE SUMMARY FOR MAY 25 2017...

CLIMATE NORMAL PERIOD 1981 TO 2010
CLIMATE RECORD PERIOD 1886 TO 2017


WEATHER ITEM   OBSERVED TIME   RECORD YEAR NORMAL DEPARTURE LAST
                VALUE   (LST)  VALUE       VALUE  FROM      YEAR
                                                  NORMAL
..................................................................
TEMPERATURE (F)
 YESTERDAY
  MAXIMUM         97    500 PM 102    1989  87     10       93
  MINIMUM         64        MM  46    1947  64      0       75
  AVERAGE         81                        75      6       84

PRECIPITATION (IN)
  YESTERDAY        0.00          1.54 1919   0.12  -0.12     0.00
  MONTH TO DATE    2.73                      2.42   0.31     5.47
  SINCE MAR 1      4.49                      5.80  -1.31    14.02
  SINCE JAN 1      7.87                      8.18  -0.31    14.74

DEGREE DAYS
 HEATING
  YESTERDAY        0                         0      0        0
  MONTH TO DATE   16                        13      3       37
  SINCE MAR 1    245                       422   -177      304
  SINCE JUL 1   1826                      2555   -729     2058

 COOLING
  YESTERDAY       16                        11      5       19
  MONTH TO DATE  124                       198    -74      151
  SINCE MAR 1    312                       326    -14      232
  SINCE JAN 1    343                       331     12      246
..................................................................


WIND (MPH)
  HIGHEST WIND SPEED    23   HIGHEST WIND DIRECTION     S (200)
  HIGHEST GUST SPEED    37   HIGHEST GUST DIRECTION     S (200)
  AVERAGE WIND SPEED    17.0


SKY COVER
  POSSIBLE SUNSHINE  MM
  AVERAGE SKY COVER 0.0


WEATHER CONDITIONS
 THE FOLLOWING WEATHER WAS RECORDED YESTERDAY.
  NO SIGNIFICANT WEATHER WAS OBSERVED.


RELATIVE HUMIDITY (PERCENT)
 HIGHEST    52           500 AM
 LOWEST     24           400 PM
 AVERAGE    38

..........................................................


THE ABILENE CLIMATE NORMALS FOR TODAY
                         NORMAL    RECORD    YEAR
 MAXIMUM TEMPERATURE (F)   87        99      1896
 MINIMUM TEMPERATURE (F)   64        48      1901


SUNRISE AND SUNSET
MAY 26 2017...........SUNRISE   634 AM CDT   SUNSET   838 PM CDT
MAY 27 2017...........SUNRISE   634 AM CDT   SUNSET   838 PM CDT


-  INDICATES NEGATIVE NUMBERS.
R  INDICATES RECORD WAS SET OR TIED.
MM INDICATES DATA IS MISSING.
T  INDICATES TRACE AMOUNT.




$$
