000
CDUS44 KSJT 010653
CLIABI


CLIMATE REPORT
NATIONAL WEATHER SERVICE SAN ANGELO TX
152 AM CDT WED JUL 1 2015


...................................

...THE ABILENE CLIMATE SUMMARY FOR JUNE 30 2015...

CLIMATE NORMAL PERIOD 1981 TO 2010
CLIMATE RECORD PERIOD 1886 TO 2015


WEATHER ITEM   OBSERVED TIME   RECORD YEAR NORMAL DEPARTURE LAST
                VALUE   (LST)  VALUE       VALUE  FROM      YEAR
                                                  NORMAL
..................................................................
TEMPERATURE (F)
 YESTERDAY
  MAXIMUM         93    440 PM 110    1907  93      0       97
  MINIMUM         68    400 AM  63    1985  71     -3       75
  AVERAGE         81                        82     -1       86

PRECIPITATION (IN)
  YESTERDAY        0.41          2.29 1953   0.08   0.33     0.00
  MONTH TO DATE    3.62                      3.56   0.06     3.75
  SINCE JUN 1      3.62                      3.56   0.06     3.75
  SINCE JAN 1     16.25                     12.50   3.75     7.74

DEGREE DAYS
 HEATING
  YESTERDAY        0                         0      0        0
  MONTH TO DATE    0                         0      0        0
  SINCE JUN 1      0                         1     -1        0
  SINCE JUL 1   2478                      2559    -81     2821

 COOLING
  YESTERDAY       16                        17     -1       21
  MONTH TO DATE  466                       435     31      467
  SINCE JUN 1    466                       435     31      467
  SINCE JAN 1    855                       832     23      981
..................................................................


WIND (MPH)
  HIGHEST WIND SPEED    24   HIGHEST WIND DIRECTION     N (340)
  HIGHEST GUST SPEED    29   HIGHEST GUST DIRECTION     N (340)
  AVERAGE WIND SPEED     7.1


SKY COVER
  POSSIBLE SUNSHINE  MM
  AVERAGE SKY COVER 0.4


WEATHER CONDITIONS
 THE FOLLOWING WEATHER WAS RECORDED YESTERDAY.
  HEAVY RAIN
  RAIN
  LIGHT RAIN
  FOG
  HAZE


RELATIVE HUMIDITY (PERCENT)
 HIGHEST    90           600 AM
 LOWEST     44           200 PM
 AVERAGE    67

..........................................................


THE ABILENE CLIMATE NORMALS FOR TODAY
                         NORMAL    RECORD    YEAR
 MAXIMUM TEMPERATURE (F)   93       105      1980
 MINIMUM TEMPERATURE (F)   71        60      1924


SUNRISE AND SUNSET
JULY  1 2015..........SUNRISE   635 AM CDT   SUNSET   850 PM CDT
JULY  2 2015..........SUNRISE   636 AM CDT   SUNSET   850 PM CDT


-  INDICATES NEGATIVE NUMBERS.
R  INDICATES RECORD WAS SET OR TIED.
MM INDICATES DATA IS MISSING.
T  INDICATES TRACE AMOUNT.




$$
