000
CDUS45 KABQ 080017
CLIABQ


CLIMATE REPORT
NATIONAL WEATHER SERVICE ALBUQUERQUE NM
614 PM MDT TUE JUL 7 2015


...................................

...THE ALBUQUERQUE  NM CLIMATE SUMMARY FOR JULY 7 2015...
VALID TODAY AS OF 0500 PM LOCAL TIME.

CLIMATE NORMAL PERIOD 1981 TO 2010
CLIMATE RECORD PERIOD 1891 TO 2015


WEATHER ITEM   OBSERVED TIME   RECORD YEAR NORMAL DEPARTURE LAST
                VALUE   (LST)  VALUE       VALUE  FROM      YEAR
                                                  NORMAL
..................................................................
TEMPERATURE (F)
 TODAY
  MAXIMUM         80    245 PM 102    1973  91    -11       92
  MINIMUM         60    230 AM  45    1915  66     -6       65
  AVERAGE         70                        79     -9       79

PRECIPITATION (IN)
  TODAY            1.62R         0.56 1986   0.04   1.58
  MONTH TO DATE    2.40                      0.26   2.14
  SINCE JUN 1      2.96                      0.92   2.04
  SINCE JAN 1      6.60                      3.46   3.14

SNOWFALL (IN)
  TODAY            0.0
  MONTH TO DATE    0.0
  SINCE JUN 1      0.0
  SINCE JUL 1      0.0
  SNOW DEPTH       0

DEGREE DAYS
 HEATING
  TODAY            0                         0      0        0
  MONTH TO DATE    0                         0      0        0
  SINCE JUN 1      0                         4     -4        0
  SINCE JUL 1      0                         0      0        0

 COOLING
  TODAY            5                        14     -9       14
  MONTH TO DATE   98                        94      4       95
  SINCE JUN 1    485                       396     89      481
  SINCE JAN 1    518                       494     24      593
..................................................................


WIND (MPH)
  HIGHEST WIND SPEED    35   HIGHEST WIND DIRECTION     N (10)
  HIGHEST GUST SPEED    43   HIGHEST GUST DIRECTION     N (10)
  AVERAGE WIND SPEED     8.0


SKY COVER
  POSSIBLE SUNSHINE  MM
  AVERAGE SKY COVER 0.6



RELATIVE HUMIDITY (PERCENT)
 HIGHEST    90           200 AM
 LOWEST     42           200 PM
 AVERAGE    66

..........................................................


THE ALBUQUERQUE  NM CLIMATE NORMALS FOR TOMORROW
                         NORMAL    RECORD    YEAR
 MAXIMUM TEMPERATURE (F)   91       101      1951
 MINIMUM TEMPERATURE (F)   66        42      1915


SUNRISE AND SUNSET
JULY  7 2015..........SUNRISE   559 AM MDT   SUNSET   824 PM MDT
JULY  8 2015..........SUNRISE   559 AM MDT   SUNSET   823 PM MDT


-  INDICATES NEGATIVE NUMBERS.
R  INDICATES RECORD WAS SET OR TIED.
MM INDICATES DATA IS MISSING.
T  INDICATES TRACE AMOUNT.




$$
