000
CDUS45 KABQ 060839
CLIABQ


CLIMATE REPORT
NATIONAL WEATHER SERVICE ALBUQUERQUE NM
136 AM MST FRI MAR 6 2015


...................................

...THE ALBUQUERQUE  NM CLIMATE SUMMARY FOR MARCH 5 2015...

CLIMATE NORMAL PERIOD 1981 TO 2010
CLIMATE RECORD PERIOD 1891 TO 2015


WEATHER ITEM   OBSERVED TIME   RECORD YEAR NORMAL DEPARTURE LAST
                VALUE   (LST)  VALUE       VALUE  FROM      YEAR
                                                  NORMAL
..................................................................
TEMPERATURE (F)
 YESTERDAY
  MAXIMUM         54    426 PM  78    1910  58     -4       63
  MINIMUM         23    656 AM   9    1966  34    -11       40
  AVERAGE         39                        46     -7       52

PRECIPITATION (IN)
  YESTERDAY        0.00          0.25 1959   0.02  -0.02
                                      1923
  MONTH TO DATE    T                         0.09  -0.09
  SINCE MAR 1      T                         0.09  -0.09
  SINCE JAN 1      1.31                      0.95   0.36

SNOWFALL (IN)
  YESTERDAY        0.0
  MONTH TO DATE    0.0
  SINCE MAR 1      0.0
  SINCE JUL 1     15.2
  SNOW DEPTH       0

DEGREE DAYS
 HEATING
  YESTERDAY       26                        19      7       13
  MONTH TO DATE  103                        98      5       87
  SINCE MAR 1    103                        98      5       87
  SINCE JUL 1   3024                      3401   -377     3230

 COOLING
  YESTERDAY        0                         0      0        0
  MONTH TO DATE    0                         0      0        0
  SINCE MAR 1      0                         0      0        0
  SINCE JAN 1      0                         0      0        0
..................................................................


WIND (MPH)
  HIGHEST WIND SPEED    21   HIGHEST WIND DIRECTION    NW (330)
  HIGHEST GUST SPEED    24   HIGHEST GUST DIRECTION    NW (320)
  AVERAGE WIND SPEED     6.0


SKY COVER
  POSSIBLE SUNSHINE  MM
  AVERAGE SKY COVER 0.0


WEATHER CONDITIONS
 THE FOLLOWING WEATHER WAS RECORDED YESTERDAY.
  NO SIGNIFICANT WEATHER WAS OBSERVED.


RELATIVE HUMIDITY (PERCENT)
 HIGHEST    81           600 AM
 LOWEST     12           600 PM
 AVERAGE    47

..........................................................


THE ALBUQUERQUE  NM CLIMATE NORMALS FOR TODAY
                         NORMAL    RECORD    YEAR
 MAXIMUM TEMPERATURE (F)   58        79      1910
 MINIMUM TEMPERATURE (F)   34        12      1939


SUNRISE AND SUNSET
MARCH  6 2015.........SUNRISE   630 AM MST   SUNSET   606 PM MST
MARCH  7 2015.........SUNRISE   628 AM MST   SUNSET   607 PM MST


-  INDICATES NEGATIVE NUMBERS.
R  INDICATES RECORD WAS SET OR TIED.
MM INDICATES DATA IS MISSING.
T  INDICATES TRACE AMOUNT.




$$
