000
CDUS45 KABQ 270826
CLIABQ


CLIMATE REPORT
NATIONAL WEATHER SERVICE ALBUQUERQUE NM
226 AM MDT FRI MAY 27 2016


...................................

...THE ALBUQUERQUE  NM CLIMATE SUMMARY FOR MAY 26 2016...

CLIMATE NORMAL PERIOD 1981 TO 2010
CLIMATE RECORD PERIOD 1891 TO 2016


WEATHER ITEM   OBSERVED TIME   RECORD YEAR NORMAL DEPARTURE LAST
                VALUE   (LST)  VALUE       VALUE  FROM      YEAR
                                                  NORMAL
..................................................................
TEMPERATURE (F)
 YESTERDAY
  MAXIMUM         74    312 PM  95    1951  82     -8       76
  MINIMUM         49    511 AM  34    1917  55     -6       47
  AVERAGE         62                        69     -7       62

PRECIPITATION (IN)
  YESTERDAY        0.00          0.73 1926   0.02  -0.02
  MONTH TO DATE    0.11                      0.42  -0.31
  SINCE MAR 1      0.77                      1.60  -0.83
  SINCE JAN 1      1.19                      2.46  -1.27

SNOWFALL (IN)
  YESTERDAY        0.0
  MONTH TO DATE    T
  SINCE MAR 1      T
  SINCE JUL 1      9.8
  SNOW DEPTH       0

DEGREE DAYS
 HEATING
  YESTERDAY        3                         1      2        3
  MONTH TO DATE   86                        67     19      125
  SINCE MAR 1    770                       868    -98      730
  SINCE JUL 1   3780                      4171   -391     3651

 COOLING
  YESTERDAY        0                         5     -5        0
  MONTH TO DATE   48                        65    -17        4
  SINCE MAR 1     53                        72    -19        4
  SINCE JAN 1     53                        72    -19        4
..................................................................


WIND (MPH)
  HIGHEST WIND SPEED    32   HIGHEST WIND DIRECTION     W (250)
  HIGHEST GUST SPEED    40   HIGHEST GUST DIRECTION    SW (240)
  AVERAGE WIND SPEED    10.7


SKY COVER
  POSSIBLE SUNSHINE  MM
  AVERAGE SKY COVER 0.3


WEATHER CONDITIONS
 THE FOLLOWING WEATHER WAS RECORDED YESTERDAY.
  NO SIGNIFICANT WEATHER WAS OBSERVED.


RELATIVE HUMIDITY (PERCENT)
 HIGHEST    28          1100 PM
 LOWEST      7           400 PM
 AVERAGE    18

..........................................................


THE ALBUQUERQUE  NM CLIMATE NORMALS FOR TODAY
                         NORMAL    RECORD    YEAR
 MAXIMUM TEMPERATURE (F)   83        98      1951
 MINIMUM TEMPERATURE (F)   56        30      1917


SUNRISE AND SUNSET
MAY 27 2016...........SUNRISE   555 AM MDT   SUNSET   812 PM MDT
MAY 28 2016...........SUNRISE   555 AM MDT   SUNSET   813 PM MDT


-  INDICATES NEGATIVE NUMBERS.
R  INDICATES RECORD WAS SET OR TIED.
MM INDICATES DATA IS MISSING.
T  INDICATES TRACE AMOUNT.




$$
