000
CDUS45 KABQ 280843
CLIABQ


CLIMATE REPORT
NATIONAL WEATHER SERVICE ALBUQUERQUE NM
242 AM MDT MON JUL 28 2014


...................................

...THE ALBUQUERQUE  NM CLIMATE SUMMARY FOR JULY 27 2014...

CLIMATE NORMAL PERIOD 1981 TO 2010
CLIMATE RECORD PERIOD 1897 TO 2014


WEATHER ITEM   OBSERVED TIME   RECORD YEAR NORMAL DEPARTURE LAST
                VALUE   (LST)  VALUE       VALUE  FROM      YEAR
                                                  NORMAL
..................................................................
TEMPERATURE (F)
 YESTERDAY
  MAXIMUM         93   1157 AM 103    1995  89      4       83
                                      1979
  MINIMUM         74    935 PM  46    1913  67      7       63
  AVERAGE         84                        78      6       73

PRECIPITATION (IN)
  YESTERDAY        0.02          0.88 1964   0.06  -0.04
  MONTH TO DATE    2.28                      1.27   1.01
  SINCE JUN 1      2.39                      1.93   0.46
  SINCE JAN 1      3.40                      4.47  -1.07

SNOWFALL (IN)
  YESTERDAY        0.0
  MONTH TO DATE    0.0
  SINCE JUN 1      0.0
  SINCE JUL 1      0.0
  SNOW DEPTH       0

DEGREE DAYS
 HEATING
  YESTERDAY        0                         0      0        0
  MONTH TO DATE    0                         0      0        0
  SINCE JUN 1      0                         4     -4        0
  SINCE JUL 1      0                         0      0        0

 COOLING
  YESTERDAY       19                        13      6        8
  MONTH TO DATE  394                       362     32      347
  SINCE JUN 1    780                       664    116      802
  SINCE JAN 1    892                       762    130      919
..................................................................


WIND (MPH)
  HIGHEST WIND SPEED    36   HIGHEST WIND DIRECTION     N (10)
  HIGHEST GUST SPEED    45   HIGHEST GUST DIRECTION     N (10)
  AVERAGE WIND SPEED    12.7


SKY COVER
  POSSIBLE SUNSHINE  MM
  AVERAGE SKY COVER 0.6


WEATHER CONDITIONS
 THE FOLLOWING WEATHER WAS RECORDED YESTERDAY.
  THUNDERSTORM
  LIGHT RAIN


RELATIVE HUMIDITY (PERCENT)
 HIGHEST    50           700 PM
 LOWEST     25          1200 PM
 AVERAGE    38

..........................................................


THE ALBUQUERQUE  NM CLIMATE NORMALS FOR TODAY
                         NORMAL    RECORD    YEAR
 MAXIMUM TEMPERATURE (F)   89       103      1995
 MINIMUM TEMPERATURE (F)   67        44      1913


SUNRISE AND SUNSET
JULY 28 2014..........SUNRISE   613 AM MDT   SUNSET   813 PM MDT
JULY 29 2014..........SUNRISE   614 AM MDT   SUNSET   812 PM MDT


-  INDICATES NEGATIVE NUMBERS.
R  INDICATES RECORD WAS SET OR TIED.
MM INDICATES DATA IS MISSING.
T  INDICATES TRACE AMOUNT.

$$
