000
CDUS45 KABQ 240014
CLIABQ


CLIMATE REPORT
NATIONAL WEATHER SERVICE ALBUQUERQUE NM
613 PM MDT WED JUL 23 2014


...................................

...THE ALBUQUERQUE  NM CLIMATE SUMMARY FOR JULY 23 2014...
VALID TODAY AS OF 0500 PM LOCAL TIME.

CLIMATE NORMAL PERIOD 1981 TO 2010
CLIMATE RECORD PERIOD 1897 TO 2014


WEATHER ITEM   OBSERVED TIME   RECORD YEAR NORMAL DEPARTURE LAST
                VALUE   (LST)  VALUE       VALUE  FROM      YEAR
                                                  NORMAL
..................................................................
TEMPERATURE (F)
 TODAY
  MAXIMUM         89    450 PM 100    1981  89      0       96
                                      1963
  MINIMUM         69    603 AM  57    1973  67      2       70
                                      1930
                                      1914
  AVERAGE         79                        78      1       83

PRECIPITATION (IN)
  TODAY            T             1.19 2004   0.05  -0.05
  MONTH TO DATE    2.26                      1.05   1.21
  SINCE JUN 1      2.37                      1.71   0.66
  SINCE JAN 1      3.38                      4.25  -0.87

SNOWFALL (IN)
  TODAY            0.0
  MONTH TO DATE    0.0
  SINCE JUN 1      0.0
  SINCE JUL 1      0.0
  SNOW DEPTH       0

DEGREE DAYS
 HEATING
  TODAY            0                         0      0        0
  MONTH TO DATE    0                         0      0        0
  SINCE JUN 1      0                         4     -4        0
  SINCE JUL 1      0                         0      0        0

 COOLING
  TODAY           14                        13      1       18
  MONTH TO DATE  320                       310     10      305
  SINCE JUN 1    706                       612     94      760
  SINCE JAN 1    818                       710    108      877
..................................................................


WIND (MPH)
  HIGHEST WIND SPEED    24   HIGHEST WIND DIRECTION     S (190)
  HIGHEST GUST SPEED    29   HIGHEST GUST DIRECTION     S (190)
  AVERAGE WIND SPEED     5.2


SKY COVER
  POSSIBLE SUNSHINE  MM
  AVERAGE SKY COVER 0.5



RELATIVE HUMIDITY (PERCENT)
 HIGHEST    61           400 AM
 LOWEST     29           200 PM
 AVERAGE    45

..........................................................


THE ALBUQUERQUE  NM CLIMATE NORMALS FOR TOMORROW
                         NORMAL    RECORD    YEAR
 MAXIMUM TEMPERATURE (F)   89       103      1963
 MINIMUM TEMPERATURE (F)   67        51      1913


SUNRISE AND SUNSET
JULY 23 2014..........SUNRISE   609 AM MDT   SUNSET   816 PM MDT
JULY 24 2014..........SUNRISE   610 AM MDT   SUNSET   816 PM MDT


-  INDICATES NEGATIVE NUMBERS.
R  INDICATES RECORD WAS SET OR TIED.
MM INDICATES DATA IS MISSING.
T  INDICATES TRACE AMOUNT.




$$
