000
CDUS45 KABQ 240831
CLIABQ


CLIMATE REPORT
NATIONAL WEATHER SERVICE ALBUQUERQUE NM
128 AM MST SAT FEB 24 2018


...................................

...THE ALBUQUERQUE  NM CLIMATE SUMMARY FOR FEBRUARY 23 2018...

CLIMATE NORMAL PERIOD 1981 TO 2010
CLIMATE RECORD PERIOD 1891 TO 2018


WEATHER ITEM   OBSERVED TIME   RECORD YEAR NORMAL DEPARTURE LAST
                VALUE   (LST)  VALUE       VALUE  FROM      YEAR
                                                  NORMAL
..................................................................
TEMPERATURE (F)
 YESTERDAY
  MAXIMUM         57    500 PM  78    1904  55      2       54
  MINIMUM         25    720 AM   5    1975  32     -7       37
  AVERAGE         41                        43     -2       46

PRECIPITATION (IN)
  YESTERDAY        0.00          0.90 2004   0.02  -0.02
  MONTH TO DATE    0.51                      0.39   0.12
  SINCE DEC 1      0.54                      1.27  -0.73
  SINCE JAN 1      0.54                      0.77  -0.23

SNOWFALL (IN)
  YESTERDAY        0.0
  MONTH TO DATE    0.3
  SINCE DEC 1      0.3
  SINCE JUL 1      0.3
  SNOW DEPTH       0

DEGREE DAYS
 HEATING
  YESTERDAY       24                        22      2       19
  MONTH TO DATE  447                       557   -110      406
  SINCE DEC 1   2003                      2332   -329     1992
  SINCE JUL 1   2572                      3199   -627     2569

 COOLING
  YESTERDAY        0                         0      0        0
  MONTH TO DATE    0                         0      0        0
  SINCE DEC 1      0                         0      0        0
  SINCE JAN 1      0                         0      0        0
..................................................................


WIND (MPH)
  HIGHEST WIND SPEED    30   HIGHEST WIND DIRECTION    SW (230)
  HIGHEST GUST SPEED    40   HIGHEST GUST DIRECTION    SW (220)
  AVERAGE WIND SPEED    12.3


SKY COVER
  POSSIBLE SUNSHINE  MM
  AVERAGE SKY COVER 0.2


WEATHER CONDITIONS
 THE FOLLOWING WEATHER WAS RECORDED YESTERDAY.
  NO SIGNIFICANT WEATHER WAS OBSERVED.


RELATIVE HUMIDITY (PERCENT)
 HIGHEST    74           700 AM
 LOWEST     13           700 PM
 AVERAGE    44

..........................................................


THE ALBUQUERQUE  NM CLIMATE NORMALS FOR TODAY
                         NORMAL    RECORD    YEAR
 MAXIMUM TEMPERATURE (F)   55        79      1904
 MINIMUM TEMPERATURE (F)   32        11      1909


SUNRISE AND SUNSET
FEBRUARY 24 2018......SUNRISE   642 AM MST   SUNSET   558 PM MST
FEBRUARY 25 2018......SUNRISE   641 AM MST   SUNSET   559 PM MST


-  INDICATES NEGATIVE NUMBERS.
R  INDICATES RECORD WAS SET OR TIED.
MM INDICATES DATA IS MISSING.
T  INDICATES TRACE AMOUNT.




$$
