000
CDUS45 KABQ 070020
CLIABQ


CLIMATE REPORT
NATIONAL WEATHER SERVICE ALBUQUERQUE NM
520 PM MST SAT FEB 6 2016


...................................

...THE ALBUQUERQUE  NM CLIMATE SUMMARY FOR FEBRUARY 6 2016...
VALID TODAY AS OF 0500 PM LOCAL TIME.

CLIMATE NORMAL PERIOD 1981 TO 2010
CLIMATE RECORD PERIOD 1891 TO 2016


WEATHER ITEM   OBSERVED TIME   RECORD YEAR NORMAL DEPARTURE LAST
                VALUE   (LST)  VALUE       VALUE  FROM      YEAR
                                                  NORMAL
..................................................................
TEMPERATURE (F)
 TODAY
  MAXIMUM         50    419 PM  73    1918  50      0       67
  MINIMUM         22    737 AM   5    1989  29     -7       31
                                      1964
  AVERAGE         36                        39     -3       49

PRECIPITATION (IN)
  TODAY            0.00          0.28 1894   0.01  -0.01
  MONTH TO DATE    0.03                      0.09  -0.06
  SINCE DEC 1      1.38                      0.97   0.41
  SINCE JAN 1      0.40                      0.47  -0.07

SNOWFALL (IN)
  TODAY            0.0
  MONTH TO DATE    0.2
  SINCE DEC 1      9.6
  SINCE JUL 1      9.6
  SNOW DEPTH       0

DEGREE DAYS
 HEATING
  TODAY           29                        26      3       16
  MONTH TO DATE  197                       157     40      115
  SINCE DEC 1   1926                      1932     -6     1753
  SINCE JUL 1   2643                      2799   -156     2436

 COOLING
  TODAY            0                         0      0        0
  MONTH TO DATE    0                         0      0        0
  SINCE DEC 1      0                         0      0        0
  SINCE JAN 1      0                         0      0        0
..................................................................


WIND (MPH)
  HIGHEST WIND SPEED    14   HIGHEST WIND DIRECTION    NW (320)
  HIGHEST GUST SPEED    17   HIGHEST GUST DIRECTION     N (360)
  AVERAGE WIND SPEED     7.4


SKY COVER
  POSSIBLE SUNSHINE  MM
  AVERAGE SKY COVER 0.0



RELATIVE HUMIDITY (PERCENT)
 HIGHEST    60           700 AM
 LOWEST     19           100 PM
 AVERAGE    40

..........................................................


THE ALBUQUERQUE  NM CLIMATE NORMALS FOR TOMORROW
                         NORMAL    RECORD    YEAR
 MAXIMUM TEMPERATURE (F)   51        72      1963
 MINIMUM TEMPERATURE (F)   29         1      1964


SUNRISE AND SUNSET
FEBRUARY  6 2016......SUNRISE   702 AM MST   SUNSET   540 PM MST
FEBRUARY  7 2016......SUNRISE   701 AM MST   SUNSET   541 PM MST


-  INDICATES NEGATIVE NUMBERS.
R  INDICATES RECORD WAS SET OR TIED.
MM INDICATES DATA IS MISSING.
T  INDICATES TRACE AMOUNT.




$$
