000
CDUS43 KABR 151048
CLIABR


CLIMATE REPORT
NATIONAL WEATHER SERVICE ABERDEEN SD
448 AM CST FRI DEC 15 2017


...................................

...THE ABERDEEN SD CLIMATE SUMMARY FOR DECEMBER 14 2017...

CLIMATE NORMAL PERIOD 1981 TO 2010
CLIMATE RECORD PERIOD 1893 TO 2017


WEATHER ITEM   OBSERVED TIME   RECORD YEAR NORMAL DEPARTURE LAST
                VALUE   (LST)  VALUE       VALUE  FROM      YEAR
                                                  NORMAL
..................................................................
TEMPERATURE (F)
 YESTERDAY
  MAXIMUM         33   1155 PM  55    1998  26      7       10
  MINIMUM         25    624 AM -30    1917   6     19      -19
  AVERAGE         29                        16     13       -4

PRECIPITATION (IN)
  YESTERDAY        T             0.90 1935   0.01  -0.01     0.00
  MONTH TO DATE    0.11                      0.24  -0.13     0.24
  SINCE DEC 1      0.11                      0.24  -0.13     0.24
  SINCE JAN 1     14.98                     21.44  -6.46    19.05

SNOWFALL (IN)
  YESTERDAY        T             8.0  1935   0.2   -0.2      0.0
  MONTH TO DATE    0.8                       3.1   -2.3      5.3
  SINCE OCT 1      1.6                      10.8   -9.2     10.5
  SINCE JUL 1      1.6                      10.8   -9.2     10.5
  SNOW DEPTH       0

DEGREE DAYS
 HEATING
  YESTERDAY       36                        49    -13       69
  MONTH TO DATE  535                       657   -122      741
  SINCE DEC 1    535                       657   -122      741
  SINCE JUL 1   2312                      2620   -308     2091

 COOLING
  YESTERDAY        0                         0      0        0
  MONTH TO DATE    0                         0      0        0
  SINCE DEC 1      0                         0      0        0
  SINCE JAN 1    552                       525     27      722
..................................................................


WIND (MPH)
  HIGHEST WIND SPEED    18   HIGHEST WIND DIRECTION     N (10)
  HIGHEST GUST SPEED    23   HIGHEST GUST DIRECTION     N (360)
  AVERAGE WIND SPEED     6.8


SKY COVER
  POSSIBLE SUNSHINE  MM
  AVERAGE SKY COVER 0.9


WEATHER CONDITIONS
 THE FOLLOWING WEATHER WAS RECORDED YESTERDAY.
  LIGHT SNOW
  FOG


RELATIVE HUMIDITY (PERCENT)
 HIGHEST   100           100 AM
 LOWEST     78          1100 PM
 AVERAGE    89

..........................................................


THE ABERDEEN SD CLIMATE NORMALS FOR TODAY
                         NORMAL    RECORD    YEAR
 MAXIMUM TEMPERATURE (F)   25        60      1939
 MINIMUM TEMPERATURE (F)    6       -24      1917


SUNRISE AND SUNSET
DECEMBER 15 2017......SUNRISE   807 AM CST   SUNSET   451 PM CST
DECEMBER 16 2017......SUNRISE   808 AM CST   SUNSET   451 PM CST


-  INDICATES NEGATIVE NUMBERS.
R  INDICATES RECORD WAS SET OR TIED.
MM INDICATES DATA IS MISSING.
T  INDICATES TRACE AMOUNT.




$$
