279
CDUS43 KABR 261031
CLIABR


CLIMATE REPORT
NATIONAL WEATHER SERVICE ABERDEEN SD
531 AM CDT SUN MAR 26 2017


...................................

...THE ABERDEEN SD CLIMATE SUMMARY FOR MARCH 25 2017...

CLIMATE NORMAL PERIOD 1981 TO 2010
CLIMATE RECORD PERIOD 1893 TO 2017


WEATHER ITEM   OBSERVED TIME   RECORD YEAR NORMAL DEPARTURE LAST
                VALUE   (LST)  VALUE       VALUE  FROM      YEAR
                                                  NORMAL
..................................................................
TEMPERATURE (F)
 YESTERDAY
  MAXIMUM         50    426 PM  81    1925  45      5       53
  MINIMUM         25   1236 AM -10    1894  24      1       29
  AVERAGE         38                        34      4       41

PRECIPITATION (IN)
  YESTERDAY        0.00          1.48 1942   0.04  -0.04      T
  MONTH TO DATE    0.67                      0.88  -0.21     0.24
  SINCE MAR 1      0.67                      0.88  -0.21     0.24
  SINCE JAN 1      1.35                      1.90  -0.55     0.93

SNOWFALL (IN)
  YESTERDAY        0.0           5.0  1933   0.2   -0.2       T
  MONTH TO DATE   10.8                       6.0    4.8      0.6
  SINCE OCT 1     38.1                      33.8    4.3     26.5
  SINCE JUL 1     38.1                      33.8    4.3     26.5
  SNOW DEPTH       0

DEGREE DAYS
 HEATING
  YESTERDAY       27                        31     -4       24
  MONTH TO DATE  922                       912     10      610
  SINCE MAR 1    922                       912     10      610
  SINCE JUL 1   6537                      7375   -838     5847

 COOLING
  YESTERDAY        0                         0      0        0
  MONTH TO DATE    0                         0      0        0
  SINCE MAR 1      0                         0      0        0
  SINCE JAN 1      0                         0      0        0
..................................................................


WIND (MPH)
  HIGHEST WIND SPEED    16   HIGHEST WIND DIRECTION     E (110)
  HIGHEST GUST SPEED    20   HIGHEST GUST DIRECTION     E (100)
  AVERAGE WIND SPEED     8.3


SKY COVER
  POSSIBLE SUNSHINE  MM
  AVERAGE SKY COVER 0.7


WEATHER CONDITIONS
 THE FOLLOWING WEATHER WAS RECORDED YESTERDAY.
  FOG


RELATIVE HUMIDITY (PERCENT)
 HIGHEST    92          1200 AM
 LOWEST     54           400 PM
 AVERAGE    73

..........................................................


THE ABERDEEN SD CLIMATE NORMALS FOR TODAY
                         NORMAL    RECORD    YEAR
 MAXIMUM TEMPERATURE (F)   45        74      1905
 MINIMUM TEMPERATURE (F)   24       -13      1964


SUNRISE AND SUNSET
MARCH 26 2017.........SUNRISE   725 AM CDT   SUNSET   754 PM CDT
MARCH 27 2017.........SUNRISE   723 AM CDT   SUNSET   756 PM CDT


-  INDICATES NEGATIVE NUMBERS.
R  INDICATES RECORD WAS SET OR TIED.
MM INDICATES DATA IS MISSING.
T  INDICATES TRACE AMOUNT.




$$
