000
CDUS43 KABR 041028
CLIABR


CLIMATE REPORT
NATIONAL WEATHER SERVICE ABERDEEN SD
526 AM CDT FRI SEP 4 2015


...................................

...THE ABERDEEN SD CLIMATE SUMMARY FOR SEPTEMBER 3 2015...

CLIMATE NORMAL PERIOD 1981 TO 2010
CLIMATE RECORD PERIOD 1893 TO 2015


WEATHER ITEM   OBSERVED TIME   RECORD YEAR NORMAL DEPARTURE LAST
                VALUE   (LST)  VALUE       VALUE  FROM      YEAR
                                                  NORMAL
..................................................................
TEMPERATURE (F)
 YESTERDAY
  MAXIMUM         93    333 PM 102    1897  77     16       80
  MINIMUM         70    555 AM  31    1974  51     19       52
  AVERAGE         82                        64     18       66

PRECIPITATION (IN)
  YESTERDAY        0.00          1.53 1941   0.06  -0.06     0.00
  MONTH TO DATE    0.00                      0.22  -0.22     0.01
  SINCE SEP 1      0.00                      0.22  -0.22     0.01
  SINCE JAN 1     17.32                     16.51   0.81    15.64

DEGREE DAYS
 HEATING
  YESTERDAY        0                         4     -4        0
  MONTH TO DATE    0                        10    -10        2
  SINCE SEP 1      0                        10    -10        2
  SINCE JUL 1     42                        61    -19       64

 COOLING
  YESTERDAY       17                         3     14        1
  MONTH TO DATE   32                         9     23        1
  SINCE SEP 1     32                         9     23        1
  SINCE JAN 1    595                       492    103      305
..................................................................


WIND (MPH)
  HIGHEST WIND SPEED    22   HIGHEST WIND DIRECTION     S (160)
  HIGHEST GUST SPEED    26   HIGHEST GUST DIRECTION     S (160)
  AVERAGE WIND SPEED    11.5


SKY COVER
  POSSIBLE SUNSHINE  MM
  AVERAGE SKY COVER 0.0


WEATHER CONDITIONS
 THE FOLLOWING WEATHER WAS RECORDED YESTERDAY.
  NO SIGNIFICANT WEATHER WAS OBSERVED.


RELATIVE HUMIDITY (PERCENT)
 HIGHEST    97           600 AM
 LOWEST     46           300 PM
 AVERAGE    72

..........................................................


THE ABERDEEN SD CLIMATE NORMALS FOR TODAY
                         NORMAL    RECORD    YEAR
 MAXIMUM TEMPERATURE (F)   77       100      1931
                                             1922
 MINIMUM TEMPERATURE (F)   51        30      1961


SUNRISE AND SUNSET
SEPTEMBER  4 2015.....SUNRISE   659 AM CDT   SUNSET   806 PM CDT
SEPTEMBER  5 2015.....SUNRISE   700 AM CDT   SUNSET   804 PM CDT


-  INDICATES NEGATIVE NUMBERS.
R  INDICATES RECORD WAS SET OR TIED.
MM INDICATES DATA IS MISSING.
T  INDICATES TRACE AMOUNT.




$$
