000
CDUS43 KABR 161033
CLIABR


CLIMATE REPORT
NATIONAL WEATHER SERVICE ABERDEEN SD
532 AM CDT MON OCT 16 2017


...................................

...THE ABERDEEN SD CLIMATE SUMMARY FOR OCTOBER 15 2017...

CLIMATE NORMAL PERIOD 1981 TO 2010
CLIMATE RECORD PERIOD 1893 TO 2017


WEATHER ITEM   OBSERVED TIME   RECORD YEAR NORMAL DEPARTURE LAST
                VALUE   (LST)  VALUE       VALUE  FROM      YEAR
                                                  NORMAL
..................................................................
TEMPERATURE (F)
 YESTERDAY
  MAXIMUM         60    346 PM  88    1958  58      2       75
  MINIMUM         26    653 AM  18    1992  33     -7       41
  AVERAGE         43                        46     -3       58

PRECIPITATION (IN)
  YESTERDAY        0.00          1.61 1957   0.08  -0.08     0.00
  MONTH TO DATE    0.68                      1.09  -0.41     0.65
  SINCE SEP 1      2.57                      3.28  -0.71     1.88
  SINCE JAN 1     14.63                     19.57  -4.94    15.94

SNOWFALL (IN)
  YESTERDAY        0.0           1.2  1992   0.0    0.0      0.0
  MONTH TO DATE    0.0                       0.1   -0.1      0.0
  SINCE OCT 1      0.0                       0.1   -0.1      0.0
  SINCE JUL 1      0.0                       0.1   -0.1      0.0
  SNOW DEPTH       0

DEGREE DAYS
 HEATING
  YESTERDAY       22                        19      3        7
  MONTH TO DATE  232                       244    -12      208
  SINCE SEP 1    386                       467    -81      335
  SINCE JUL 1    405                       518   -113      366

 COOLING
  YESTERDAY        0                         0      0        0
  MONTH TO DATE    2                         0      2        7
  SINCE SEP 1     65                        40     25       61
  SINCE JAN 1    550                       523     27      722
..................................................................


WIND (MPH)
  HIGHEST WIND SPEED    23   HIGHEST WIND DIRECTION    NW (300)
  HIGHEST GUST SPEED    30   HIGHEST GUST DIRECTION    NW (300)
  AVERAGE WIND SPEED     8.8


SKY COVER
  POSSIBLE SUNSHINE  MM
  AVERAGE SKY COVER 0.1


WEATHER CONDITIONS
 THE FOLLOWING WEATHER WAS RECORDED YESTERDAY.
  NO SIGNIFICANT WEATHER WAS OBSERVED.


RELATIVE HUMIDITY (PERCENT)
 HIGHEST   100           100 AM
 LOWEST     33           400 PM
 AVERAGE    67

..........................................................


THE ABERDEEN SD CLIMATE NORMALS FOR TODAY
                         NORMAL    RECORD    YEAR
 MAXIMUM TEMPERATURE (F)   58        90      1991
 MINIMUM TEMPERATURE (F)   33        19      1976


SUNRISE AND SUNSET
OCTOBER 16 2017.......SUNRISE   752 AM CDT   SUNSET   646 PM CDT
OCTOBER 17 2017.......SUNRISE   753 AM CDT   SUNSET   644 PM CDT


-  INDICATES NEGATIVE NUMBERS.
R  INDICATES RECORD WAS SET OR TIED.
MM INDICATES DATA IS MISSING.
T  INDICATES TRACE AMOUNT.




$$
