000
CDUS42 KTAE 312126
CLIABY


CLIMATE REPORT
NATIONAL WEATHER SERVICE TALLAHASSEE FL
524 PM EDT TUE MAY 31 2016

...................................

...THE ALBANY CLIMATE SUMMARY FOR MAY 31 2016...
VALID TODAY AS OF 0500 PM LOCAL TIME.

CLIMATE NORMAL PERIOD 1981 TO 2010
CLIMATE RECORD PERIOD 1930 TO 2016


WEATHER ITEM   OBSERVED TIME   RECORD YEAR NORMAL DEPARTURE LAST
                VALUE   (LST)  VALUE       VALUE  FROM      YEAR
                                                  NORMAL
..................................................................
TEMPERATURE (F)
 TODAY
  MAXIMUM         98    320 PM  99    1945  90      8       93
  MINIMUM         68    600 AM  48    1984  67      1       69
  AVERAGE         83                        78      5       81

PRECIPITATION (IN)
  TODAY            0.00                      0.14  -0.14     0.89
  MONTH TO DATE    0.78                      2.69  -1.91     1.18
  SINCE MAR 1     12.42                     11.38   1.04     8.53
  SINCE JAN 1     22.73                     20.36   2.37    15.86

..................................................................


THE ALBANY CLIMATE NORMALS FOR TOMORROW
                         NORMAL    RECORD    YEAR
 MAXIMUM TEMPERATURE (F)   90       102      2011
 MINIMUM TEMPERATURE (F)   67        46      1984



-  INDICATES NEGATIVE NUMBERS.
R  INDICATES RECORD WAS SET OR TIED.
MM INDICATES DATA IS MISSING.
T  INDICATES TRACE AMOUNT.

$$
