000
CDUS42 KTAE 020632
CLIABY


CLIMATE REPORT
NATIONAL WEATHER SERVICE TALLAHASSEE FL
231 AM EDT MON MAY 2 2016


...................................

...THE ALBANY CLIMATE SUMMARY FOR MAY 1 2016...

CLIMATE NORMAL PERIOD 1981 TO 2010
CLIMATE RECORD PERIOD 1930 TO 2016


WEATHER ITEM   OBSERVED TIME   RECORD YEAR NORMAL DEPARTURE LAST
                VALUE   (LST)  VALUE       VALUE  FROM      YEAR
                                                  NORMAL
..................................................................
TEMPERATURE (F)
 YESTERDAY
  MAXIMUM         89    304 PM  94    1970  84      5       76
  MINIMUM         69    631 AM  41    1992  57     12       52
  AVERAGE         79                        70      9       64

PRECIPITATION (IN)
  YESTERDAY        0.00                      0.07  -0.07     0.00
  MONTH TO DATE    0.00                      0.07  -0.07     0.00
  SINCE MAR 1     11.64                      8.76   2.88     7.35
  SINCE JAN 1     21.95                     17.74   4.21    14.68

SNOWFALL (IN)
  YESTERDAY        0.0

DEGREE DAYS
 HEATING
  YESTERDAY        0                         0      0        1
  MONTH TO DATE    0                         0      0        1
  SINCE MAR 1    151                       274   -123      124
  SINCE JUL 1   1286                      1834   -548     1848

 COOLING
  YESTERDAY       14                         6      8        0
  MONTH TO DATE   14                         6      8        0
  SINCE MAR 1    198                       137     61      246
  SINCE JAN 1    201                       146     55      248
..................................................................


WIND (MPH)
  HIGHEST WIND SPEED    15   HIGHEST WIND DIRECTION    SW (220)
  HIGHEST GUST SPEED    18   HIGHEST GUST DIRECTION    SW (220)
  AVERAGE WIND SPEED     4.6




RELATIVE HUMIDITY (PERCENT)
 HIGHEST    90
 LOWEST     46
 AVERAGE    68

..........................................................


THE ALBANY CLIMATE NORMALS FOR TODAY
                         NORMAL    RECORD    YEAR
 MAXIMUM TEMPERATURE (F)   84        93      2002
                                             1948
 MINIMUM TEMPERATURE (F)   58        45      1996


SUNRISE AND SUNSET
MAY  2 2016...........SUNRISE   650 AM EDT   SUNSET   818 PM EDT
MAY  3 2016...........SUNRISE   649 AM EDT   SUNSET   818 PM EDT


-  INDICATES NEGATIVE NUMBERS.
R  INDICATES RECORD WAS SET OR TIED.
MM INDICATES DATA IS MISSING.
T  INDICATES TRACE AMOUNT.




$$
