000
CDUS42 KTAE 240632
CLIABY


CLIMATE REPORT
NATIONAL WEATHER SERVICE TALLAHASSEE FL
231 AM EDT MON JUL 24 2017

...................................

...THE ALBANY CLIMATE SUMMARY FOR JULY 23 2017...

CLIMATE NORMAL PERIOD 1981 TO 2010
CLIMATE RECORD PERIOD 1930 TO 2017


WEATHER ITEM   OBSERVED TIME   RECORD YEAR NORMAL DEPARTURE LAST
                VALUE   (LST)  VALUE       VALUE  FROM      YEAR
                                                  NORMAL
..................................................................
TEMPERATURE (F)
 YESTERDAY
  MAXIMUM         92    136 PM 103    1943  93     -1       95
  MINIMUM         75    528 AM  63    1965  72      3       73
  AVERAGE         84                        83      1       84

PRECIPITATION (IN)
  YESTERDAY        0.00                      0.17  -0.17     0.00
  MONTH TO DATE    3.34                      4.12  -0.78     1.34
  SINCE JUN 1      9.96                      9.06   0.90     5.75
  SINCE JAN 1     28.96                     29.42  -0.46    28.48

SNOWFALL (IN)
  YESTERDAY        0.0

DEGREE DAYS
 HEATING
  YESTERDAY        0                         0      0        0
  MONTH TO DATE    0                         0      0        0
  SINCE JUN 1      0                         0      0        0
  SINCE JUL 1      0                         0      0        0

 COOLING
  YESTERDAY       19                        18      1       19
  MONTH TO DATE  427                       402     25      462
  SINCE JUN 1    866                       867     -1      978
  SINCE JAN 1   1496                      1307    189     1470
..................................................................


WIND (MPH)
  HIGHEST WIND SPEED    18   HIGHEST WIND DIRECTION     S (200)
  HIGHEST GUST SPEED    23   HIGHEST GUST DIRECTION    SW (210)
  AVERAGE WIND SPEED     6.3




RELATIVE HUMIDITY (PERCENT)
 HIGHEST   100
 LOWEST     56
 AVERAGE    78

..........................................................


THE ALBANY CLIMATE NORMALS FOR TODAY
                         NORMAL    RECORD    YEAR
 MAXIMUM TEMPERATURE (F)   93       102      1940
 MINIMUM TEMPERATURE (F)   72        65      1981


SUNRISE AND SUNSET
JULY 24 2017..........SUNRISE   648 AM EDT   SUNSET   838 PM EDT
JULY 25 2017..........SUNRISE   649 AM EDT   SUNSET   838 PM EDT


-  INDICATES NEGATIVE NUMBERS.
R  INDICATES RECORD WAS SET OR TIED.
MM INDICATES DATA IS MISSING.
T  INDICATES TRACE AMOUNT.

$$
