000
CDUS42 KTAE 302147
CLIABY


CLIMATE REPORT
NATIONAL WEATHER SERVICE TALLAHASSEE FL
546 PM EDT TUE SEP 30 2014


...................................

...THE ALBANY CLIMATE SUMMARY FOR SEPTEMBER 30 2014...
VALID TODAY AS OF 0500 PM LOCAL TIME.

CLIMATE NORMAL PERIOD 1981 TO 2010
CLIMATE RECORD PERIOD 1930 TO 2014


WEATHER ITEM   OBSERVED TIME   RECORD YEAR NORMAL DEPARTURE LAST
                VALUE   (LST)  VALUE       VALUE  FROM      YEAR
                                                  NORMAL
..................................................................
TEMPERATURE (F)
 TODAY
  MAXIMUM         78    150 PM  95    1934  85     -7       76
  MINIMUM         69    747 AM  37    1967  63      6       63
  AVERAGE         74                        74      0       70

PRECIPITATION (IN)
  TODAY            0.00                      0.07  -0.07      T
  MONTH TO DATE    7.25                      3.44   3.81     1.17
  SINCE SEP 1      7.25                      3.44   3.81     1.17
  SINCE JAN 1     32.38                     39.04  -6.66    42.53

..................................................................







THE ALBANY CLIMATE NORMALS FOR TOMORROW
                         NORMAL    RECORD    YEAR
 MAXIMUM TEMPERATURE (F)   84        95      1959
 MINIMUM TEMPERATURE (F)   62        37      1967



-  INDICATES NEGATIVE NUMBERS.
R  INDICATES RECORD WAS SET OR TIED.
MM INDICATES DATA IS MISSING.
T  INDICATES TRACE AMOUNT.




$$
