000
CDUS42 KTAE 222126
CLIABY


CLIMATE REPORT
NATIONAL WEATHER SERVICE TALLAHASSEE FL
523 PM EDT TUE JUL 22 2014

...................................

...THE ALBANY CLIMATE SUMMARY FOR JULY 22 2014...
VALID TODAY AS OF 0500 PM LOCAL TIME.

CLIMATE NORMAL PERIOD 1981 TO 2010
CLIMATE RECORD PERIOD 1930 TO 2014


WEATHER ITEM   OBSERVED TIME   RECORD YEAR NORMAL DEPARTURE LAST
                VALUE   (LST)  VALUE       VALUE  FROM      YEAR
                                                  NORMAL
..................................................................
TEMPERATURE (F)
 TODAY
  MAXIMUM         89    359 PM 100    2010  93     -4       87
                                      1934
  MINIMUM         74    649 AM  60    1991  72      2       72
  AVERAGE         82                        83     -1       80

PRECIPITATION (IN)
  TODAY            0.00                      0.18  -0.18     0.06
  MONTH TO DATE    0.53                      3.95  -3.42     6.34
  SINCE JUN 1      5.29                      8.89  -3.60    15.12
  SINCE JAN 1     24.35                     29.25  -4.90    31.64

..................................................................

THE ALBANY CLIMATE NORMALS FOR TOMORROW
                         NORMAL    RECORD    YEAR
 MAXIMUM TEMPERATURE (F)   93       103      1943
 MINIMUM TEMPERATURE (F)   72        63      1965



-  INDICATES NEGATIVE NUMBERS.
R  INDICATES RECORD WAS SET OR TIED.
MM INDICATES DATA IS MISSING.
T  INDICATES TRACE AMOUNT.

$$
