000
CDUS42 KTAE 262234
CLIABY


CLIMATE REPORT
NATIONAL WEATHER SERVICE TALLAHASSEE FL
534 PM EST MON JAN 26 2015


...................................

...THE ALBANY CLIMATE SUMMARY FOR JANUARY 26 2015...
VALID TODAY AS OF 0500 PM LOCAL TIME.

CLIMATE NORMAL PERIOD 1981 TO 2010
CLIMATE RECORD PERIOD 1930 TO 2015


WEATHER ITEM   OBSERVED TIME   RECORD YEAR NORMAL DEPARTURE LAST
                VALUE   (LST)  VALUE       VALUE  FROM      YEAR
                                                  NORMAL
..................................................................
TEMPERATURE (F)
 TODAY
  MAXIMUM         52    336 PM  81    1950  61     -9       59
  MINIMUM         45    807 AM  16    1940  38      7       32
  AVERAGE         49                        50     -1       46

PRECIPITATION (IN)
  TODAY            0.00                      0.21  -0.21     0.00
  MONTH TO DATE    3.30                      3.84  -0.54     1.29
  SINCE DEC 1     11.03                      7.59   3.44     4.39
  SINCE JAN 1      3.30                      3.84  -0.54     1.29

..................................................................







THE ALBANY CLIMATE NORMALS FOR TOMORROW
                         NORMAL    RECORD    YEAR
 MAXIMUM TEMPERATURE (F)   61        82      1950
 MINIMUM TEMPERATURE (F)   38        13      1940



-  INDICATES NEGATIVE NUMBERS.
R  INDICATES RECORD WAS SET OR TIED.
MM INDICATES DATA IS MISSING.
T  INDICATES TRACE AMOUNT.




$$
