000
CDUS42 KTAE 300632
CLIABY


CLIMATE REPORT
NATIONAL WEATHER SERVICE TALLAHASSEE FL
231 AM EDT TUE JUN 30 2015


...................................

...THE ALBANY CLIMATE SUMMARY FOR JUNE 29 2015...

CLIMATE NORMAL PERIOD 1981 TO 2010
CLIMATE RECORD PERIOD 1930 TO 2015


WEATHER ITEM   OBSERVED TIME   RECORD YEAR NORMAL DEPARTURE LAST
                VALUE   (LST)  VALUE       VALUE  FROM      YEAR
                                                  NORMAL
..................................................................
TEMPERATURE (F)
 YESTERDAY
  MAXIMUM         89    348 PM 104    1936  92     -3       94
  MINIMUM         71    742 AM  58    1968  72     -1       72
  AVERAGE         80                        82     -2       83

PRECIPITATION (IN)
  YESTERDAY        T                         0.16  -0.16     0.24
  MONTH TO DATE    5.31                      4.79   0.52     4.76
  SINCE JUN 1      5.31                      4.79   0.52     4.76
  SINCE JAN 1     21.17                     25.15  -3.98    23.82

SNOWFALL (IN)
  YESTERDAY        0.0

DEGREE DAYS
 HEATING
  YESTERDAY        0                         0      0        0
  MONTH TO DATE    0                         0      0        0
  SINCE JUN 1      0                         0      0        0
  SINCE JUL 1   1849                      1838     11     1945

 COOLING
  YESTERDAY       15                        17     -2       18
  MONTH TO DATE  467                       448     19      447
  SINCE JUN 1    467                       448     19      447
  SINCE JAN 1   1071                       888    183      841
..................................................................


WIND (MPH)
  HIGHEST WIND SPEED    13   HIGHEST WIND DIRECTION     W (250)
  HIGHEST GUST SPEED    15   HIGHEST GUST DIRECTION    SW (240)
  AVERAGE WIND SPEED     3.9




RELATIVE HUMIDITY (PERCENT)
 HIGHEST   100
 LOWEST     43
 AVERAGE    72

..........................................................


THE ALBANY CLIMATE NORMALS FOR TODAY
                         NORMAL    RECORD    YEAR
 MAXIMUM TEMPERATURE (F)   92       106      1931
 MINIMUM TEMPERATURE (F)   72        58      1970


SUNRISE AND SUNSET
JUNE 30 2015..........SUNRISE   635 AM EDT   SUNSET   846 PM EDT
JULY  1 2015..........SUNRISE   635 AM EDT   SUNSET   846 PM EDT


-  INDICATES NEGATIVE NUMBERS.
R  INDICATES RECORD WAS SET OR TIED.
MM INDICATES DATA IS MISSING.
T  INDICATES TRACE AMOUNT.




$$
