000
CDUS44 KFWD 222126
CLIACT


CLIMATE REPORT
NATIONAL WEATHER SERVICE FORT WORTH TX
426 PM CDT SUN OCT 22 2017


...................................

...THE WACO CLIMATE SUMMARY FOR OCTOBER 22 2017...
VALID AS OF 0400 PM LOCAL TIME.

CLIMATE NORMAL PERIOD 1981 TO 2010
CLIMATE RECORD PERIOD 1901 TO 2017


WEATHER ITEM   OBSERVED TIME   RECORD YEAR NORMAL DEPARTURE LAST
                VALUE   (LST)  VALUE       VALUE  FROM      YEAR
                                                  NORMAL
..................................................................
TEMPERATURE (F)
 TODAY
  MAXIMUM         77    259 PM  94    1999  78     -1       79
  MINIMUM         60    422 AM  38    1911  55      5       41
  AVERAGE         69

PRECIPITATION (IN)
  TODAY            1.02          3.60 2004   0.13   0.89     0.00
  MONTH TO DATE    1.14                      2.84  -1.70     0.21
  SINCE SEP 1      1.65                      5.90  -4.25     0.93
  SINCE JAN 1     30.36                     28.06   2.30    32.91

SNOWFALL (IN)
  TODAY            0.0           0.0    MM   0.0    0.0      0.0
  MONTH TO DATE    0.0                       0.0    0.0      0.0
  SINCE SEP 1      0.0                       0.0    0.0      0.0
  SINCE JUL 1      0.0                       0.0    0.0      0.0
  SNOW DEPTH       0

..................................................................


WIND (MPH)
  HIGHEST WIND SPEED    29   HIGHEST WIND DIRECTION     N (340)
  HIGHEST GUST SPEED    37   HIGHEST GUST DIRECTION     N (10)
  AVERAGE WIND SPEED    12.8




..........................................................


THE WACO CLIMATE NORMALS FOR TOMORROW
                         NORMAL    RECORD    YEAR
 MAXIMUM TEMPERATURE (F)   78        89      2003
                                             2001
                                             1991
 MINIMUM TEMPERATURE (F)   55        36      2006


SUNRISE AND SUNSET
OCTOBER 22 2017.......SUNRISE   737 AM CDT   SUNSET   649 PM CDT
OCTOBER 23 2017.......SUNRISE   738 AM CDT   SUNSET   648 PM CDT


-  INDICATES NEGATIVE NUMBERS.
R  INDICATES RECORD WAS SET OR TIED.
MM INDICATES DATA IS MISSING.
T  INDICATES TRACE AMOUNT.




$$
