000
CDUS44 KFWD 240642
CLIACT

CLIMATE REPORT
NATIONAL WEATHER SERVICE FORT WORTH TX
1240 AM CST FRI FEB 24 2017

...................................

...THE WACO CLIMATE SUMMARY FOR FEBRUARY 23 2017...

CLIMATE NORMAL PERIOD 1981 TO 2010
CLIMATE RECORD PERIOD 1901 TO 2017


WEATHER ITEM   OBSERVED TIME   RECORD YEAR NORMAL DEPARTURE LAST
                VALUE   (LST)  VALUE       VALUE  FROM      YEAR
                                                  NORMAL
..................................................................
TEMPERATURE (F)
 YESTERDAY
  MAXIMUM         84    420 PM  89    1996  63     21       57
  MINIMUM         50    338 AM  23    1939  42      8       45
                                      1914
  AVERAGE         67                        53     14       51

PRECIPITATION (IN)
  YESTERDAY        0.00          3.10 1912   0.10  -0.10     1.07
  MONTH TO DATE    3.05                      2.10   0.95     2.16
  SINCE DEC 1      7.43                      6.97   0.46     6.07
  SINCE JAN 1      6.16                      4.22   1.94     2.45

SNOWFALL (IN)
  YESTERDAY        0.0           3.1  2010   0.0    0.0      0.0
  MONTH TO DATE    0.0                       0.3   -0.3      0.0
  SINCE DEC 1      T                         0.6   -0.6      0.0
  SINCE JUL 1      T                         0.7   -0.7      0.0
  SNOW DEPTH       0

DEGREE DAYS
 HEATING
  YESTERDAY        0                        13    -13       14
  MONTH TO DATE  130                       344   -214      248
  SINCE DEC 1    989                      1424   -435     1178
  SINCE JUL 1   1132                      1752   -620     1413

 COOLING
  YESTERDAY        2                         0      2        0
  MONTH TO DATE   34                         0     34        8
  SINCE DEC 1     66                         8     58       13
  SINCE JAN 1     43                         3     40        8
..................................................................


WIND (MPH)
  HIGHEST WIND SPEED    26   HIGHEST WIND DIRECTION     S (180)
  HIGHEST GUST SPEED    35   HIGHEST GUST DIRECTION     S (180)
  AVERAGE WIND SPEED    13.6


SKY COVER
  POSSIBLE SUNSHINE  MM
  AVERAGE SKY COVER 0.0


WEATHER CONDITIONS
 THE FOLLOWING WEATHER WAS RECORDED YESTERDAY.
  NO SIGNIFICANT WEATHER WAS OBSERVED.


RELATIVE HUMIDITY (PERCENT)
 HIGHEST    83           100 AM
 LOWEST     31           300 PM
 AVERAGE    57

..........................................................


THE WACO CLIMATE NORMALS FOR TODAY
                         NORMAL    RECORD    YEAR
 MAXIMUM TEMPERATURE (F)   64        85      1977
                                             1972
 MINIMUM TEMPERATURE (F)   42        20      1965
                                             1914


SUNRISE AND SUNSET
FEBRUARY 24 2017......SUNRISE   701 AM CST   SUNSET   623 PM CST
FEBRUARY 25 2017......SUNRISE   700 AM CST   SUNSET   624 PM CST


-  INDICATES NEGATIVE NUMBERS.
R  INDICATES RECORD WAS SET OR TIED.
MM INDICATES DATA IS MISSING.
T  INDICATES TRACE AMOUNT.

$$
