000
CDUS44 KFWD 180712
CLIACT


CLIMATE REPORT
NATIONAL WEATHER SERVICE FORT WORTH TX
112 AM CST THU JAN 18 2018


...................................

...THE WACO CLIMATE SUMMARY FOR JANUARY 17 2018...

CLIMATE NORMAL PERIOD 1981 TO 2010
CLIMATE RECORD PERIOD 1901 TO 2018


WEATHER ITEM   OBSERVED TIME   RECORD YEAR NORMAL DEPARTURE LAST
                VALUE   (LST)  VALUE       VALUE  FROM      YEAR
                                                  NORMAL
..................................................................
TEMPERATURE (F)
 YESTERDAY
  MAXIMUM         35    438 PM  79    1952  58    -23       58
                                      1907
  MINIMUM          8R   739 AM  11    1930  36    -28       46
  AVERAGE         22                        47    -25       52

PRECIPITATION (IN)
  YESTERDAY        0.00          1.65 1931   0.07  -0.07     0.63
  MONTH TO DATE    0.20                      1.09  -0.89     2.27
  SINCE DEC 1      1.98                      3.84  -1.86     3.54
  SINCE JAN 1      0.20                      1.09  -0.89     2.27

SNOWFALL (IN)
  YESTERDAY        0.0           T    2007   0.0    0.0      0.0
                                      1987
                                      1966
  MONTH TO DATE    T                         0.1   -0.1      0.0
  SINCE DEC 1      T                         0.1   -0.1       T
  SINCE JUL 1      T                         0.2   -0.2       T
  SNOW DEPTH       0

DEGREE DAYS
 HEATING
  YESTERDAY       43                        18     25       13
  MONTH TO DATE  422                       311    111      262
  SINCE DEC 1    946                       835    111      702
  SINCE JUL 1   1187                      1163     24      845

 COOLING
  YESTERDAY        0                         0      0        0
  MONTH TO DATE    0                         0      0        9
  SINCE DEC 1      9                         5      4       32
  SINCE JAN 1      0                         0      0        9
..................................................................


WIND (MPH)
  HIGHEST WIND SPEED    12   HIGHEST WIND DIRECTION    NE (50)
  HIGHEST GUST SPEED    17   HIGHEST GUST DIRECTION    NE (60)
  AVERAGE WIND SPEED     5.1


SKY COVER
  POSSIBLE SUNSHINE  MM
  AVERAGE SKY COVER 0.0


WEATHER CONDITIONS
 THE FOLLOWING WEATHER WAS RECORDED YESTERDAY.
  NO SIGNIFICANT WEATHER WAS OBSERVED.


RELATIVE HUMIDITY (PERCENT)
 HIGHEST    83           800 AM
 LOWEST     29           300 PM
 AVERAGE    56

..........................................................


THE WACO CLIMATE NORMALS FOR TODAY
                         NORMAL    RECORD    YEAR
 MAXIMUM TEMPERATURE (F)   58        82      2000
 MINIMUM TEMPERATURE (F)   36        -1      1930


SUNRISE AND SUNSET
JANUARY 18 2018.......SUNRISE   728 AM CST   SUNSET   551 PM CST
JANUARY 19 2018.......SUNRISE   728 AM CST   SUNSET   552 PM CST


-  INDICATES NEGATIVE NUMBERS.
R  INDICATES RECORD WAS SET OR TIED.
MM INDICATES DATA IS MISSING.
T  INDICATES TRACE AMOUNT.




$$
