000
CDUS44 KFWD 030647
CLIACT


CLIMATE REPORT
NATIONAL WEATHER SERVICE FORT WORTH TX
1246 AM CST SAT DEC 3 2016

...THE WACO CLIMATE SUMMARY FOR DECEMBER 2 2016...

CLIMATE NORMAL PERIOD 1981 TO 2010
CLIMATE RECORD PERIOD 1901 TO 2016


WEATHER ITEM   OBSERVED TIME   RECORD YEAR NORMAL DEPARTURE LAST
                VALUE   (LST)  VALUE       VALUE  FROM      YEAR
                                                  NORMAL
..................................................................
TEMPERATURE (F)
 YESTERDAY
  MAXIMUM         68    149 PM  82    2012  62      6       61
                                      2007
  MINIMUM         42    715 AM  22    1985  40      2       35
  AVERAGE         55                        51      4       48

PRECIPITATION (IN)
  YESTERDAY        0.09          2.97 1921   0.08   0.01     0.00
  MONTH TO DATE    0.09                      0.17  -0.08     0.00
  SINCE DEC 1      0.09                      0.17  -0.08     0.00
  SINCE JAN 1     37.37                     32.11   5.26    50.12

SNOWFALL (IN)
  YESTERDAY       MM             0.0    MM   0.0   MM        0.0
  MONTH TO DATE    0.0                       0.0    0.0      0.0
  SINCE DEC 1      0.0                       0.0    0.0      0.0
  SINCE JUL 1      0.0                       0.1   -0.1      0.0
  SNOW DEPTH       0

DEGREE DAYS
 HEATING
  YESTERDAY       10                        14     -4       17
  MONTH TO DATE   27                        28     -1       37
  SINCE DEC 1     27                        28     -1       37
  SINCE JUL 1    170                       356   -186      272

 COOLING
  YESTERDAY        0                         0      0        0
  MONTH TO DATE    0                         0      0        0
  SINCE DEC 1      0                         0      0        0
  SINCE JAN 1   3041                      2792    249     3050
..................................................................


WIND (MPH)
  HIGHEST WIND SPEED    20   HIGHEST WIND DIRECTION     E (110)
  HIGHEST GUST SPEED    23   HIGHEST GUST DIRECTION    SE (120)
  AVERAGE WIND SPEED     7.3


SKY COVER
  POSSIBLE SUNSHINE  MM
  AVERAGE SKY COVER 0.6


WEATHER CONDITIONS
 THE FOLLOWING WEATHER WAS RECORDED YESTERDAY.
  LIGHT RAIN
  FOG


RELATIVE HUMIDITY (PERCENT)
 HIGHEST    89           700 AM
 LOWEST     39           500 PM
 AVERAGE    64

..........................................................


THE WACO CLIMATE NORMALS FOR TODAY
                         NORMAL    RECORD    YEAR
 MAXIMUM TEMPERATURE (F)   62        87      2005
 MINIMUM TEMPERATURE (F)   40        22      1929


SUNRISE AND SUNSET
DECEMBER  3 2016......SUNRISE   713 AM CST   SUNSET   525 PM CST
DECEMBER  4 2016......SUNRISE   713 AM CST   SUNSET   525 PM CST


-  INDICATES NEGATIVE NUMBERS.
R  INDICATES RECORD WAS SET OR TIED.
MM INDICATES DATA IS MISSING.
T  INDICATES TRACE AMOUNT.




$$
