000
CDUS44 KFWD 250700
CLIACT


CLIMATE REPORT
NATIONAL WEATHER SERVICE FORT WORTH TX
200 AM CDT WED MAY 25 2016


...................................

...THE WACO CLIMATE SUMMARY FOR MAY 24 2016...

CLIMATE NORMAL PERIOD 1981 TO 2010
CLIMATE RECORD PERIOD 1901 TO 2016


WEATHER ITEM   OBSERVED TIME   RECORD YEAR NORMAL DEPARTURE LAST
                VALUE   (LST)  VALUE       VALUE  FROM      YEAR
                                                  NORMAL
..................................................................
TEMPERATURE (F)
 YESTERDAY
  MAXIMUM         90    324 PM  97    1996  87      3       81
  MINIMUM         74    634 AM  51    1940  66      8       65
  AVERAGE         82                        76      6       73

PRECIPITATION (IN)
  YESTERDAY        0.00          4.81 1908   0.14  -0.14     1.82
  MONTH TO DATE    3.87                      3.29   0.58     6.27
  SINCE MAR 1     15.75                      9.13   6.62    13.61
  SINCE JAN 1     18.20                     13.88   4.32    18.34

DEGREE DAYS
 HEATING
  YESTERDAY        0                         0      0        0
  MONTH TO DATE   11                         4      7        2
  SINCE MAR 1    214                       328   -114      352
  SINCE JUL 1   1691                      2140   -449     2306

 COOLING
  YESTERDAY       17                        12      5        8
  MONTH TO DATE  159                       210    -51      201
  SINCE MAR 1    295                       355    -60      362
  SINCE JAN 1    303                       364    -61      362
..................................................................


WIND (MPH)
  HIGHEST WIND SPEED    21   HIGHEST WIND DIRECTION     S (160)
  HIGHEST GUST SPEED    26   HIGHEST GUST DIRECTION    SE (150)
  AVERAGE WIND SPEED    13.3


SKY COVER
  POSSIBLE SUNSHINE  MM
  AVERAGE SKY COVER 0.8


WEATHER CONDITIONS
 THE FOLLOWING WEATHER WAS RECORDED YESTERDAY.
  NO SIGNIFICANT WEATHER WAS OBSERVED.


RELATIVE HUMIDITY (PERCENT)
 HIGHEST    87           400 AM
 LOWEST     59           300 PM
 AVERAGE    73

..........................................................


THE WACO CLIMATE NORMALS FOR TODAY
                         NORMAL    RECORD    YEAR
 MAXIMUM TEMPERATURE (F)   87        98      2011
 MINIMUM TEMPERATURE (F)   66        53      1979


SUNRISE AND SUNSET
MAY 25 2016...........SUNRISE   627 AM CDT   SUNSET   825 PM CDT
MAY 26 2016...........SUNRISE   626 AM CDT   SUNSET   826 PM CDT


-  INDICATES NEGATIVE NUMBERS.
R  INDICATES RECORD WAS SET OR TIED.
MM INDICATES DATA IS MISSING.
T  INDICATES TRACE AMOUNT.




$$
