000
CDUS41 KPHI 090632
CLIACY


CLIMATE REPORT
NATIONAL WEATHER SERVICE MOUNT HOLLY NJ
128 AM EST TUE FEB 9 2016


...................................

...THE ATLANTIC CITY NJ CLIMATE SUMMARY FOR FEBRUARY 8 2016...

CLIMATE NORMAL PERIOD 1981 TO 2010
CLIMATE RECORD PERIOD 1874 TO 2016


WEATHER ITEM   OBSERVED TIME   RECORD YEAR NORMAL DEPARTURE LAST
                VALUE   (LST)  VALUE       VALUE  FROM      YEAR
                                                  NORMAL
..................................................................
TEMPERATURE (F)
 YESTERDAY
  MAXIMUM         43    306 PM  69    1965  43      0       59
  MINIMUM         33   1159 PM  -1    1895  26      7       33
  AVERAGE         38                        34      4       46

PRECIPITATION (IN)
  YESTERDAY        0.03          2.07 2013   0.09  -0.06     0.00
  MONTH TO DATE    1.55                      0.77   0.78     1.10
  SINCE DEC 1      9.83                      7.68   2.15    11.91
  SINCE JAN 1      4.39                      3.99   0.40     6.38

SNOWFALL (IN)
  YESTERDAY        T             8.3  1974   0.2   -0.2      0.0
  MONTH TO DATE    2.1                       2.0    0.1       T
  SINCE DEC 1     18.8                      10.2    8.6      5.2
  SINCE JUL 1     18.8                      10.4    8.4      5.2
  SNOW DEPTH       0

DEGREE DAYS
 HEATING
  YESTERDAY       27                        31     -4       19
  MONTH TO DATE  190                       250    -60      270
  SINCE DEC 1   1601                      2104   -503     2110
  SINCE JUL 1   2296                      3011   -715     3017

 COOLING
  YESTERDAY        0                         0      0        0
  MONTH TO DATE    0                         0      0        0
  SINCE DEC 1      3                         0      3        0
  SINCE JAN 1      0                         0      0        0
..................................................................


WIND (MPH)
  HIGHEST WIND SPEED    23   HIGHEST WIND DIRECTION    NE (30)
  HIGHEST GUST SPEED    33   HIGHEST GUST DIRECTION     N (20)
  AVERAGE WIND SPEED    13.0


SKY COVER
  POSSIBLE SUNSHINE  MM
  AVERAGE SKY COVER 1.0


WEATHER CONDITIONS
 THE FOLLOWING WEATHER WAS RECORDED YESTERDAY.
  LIGHT RAIN
  LIGHT SNOW
  FOG


RELATIVE HUMIDITY (PERCENT)
 HIGHEST    89           900 PM
 LOWEST     54           400 PM
 AVERAGE    72

..........................................................


THE ATLANTIC CITY NJ CLIMATE NORMALS FOR TODAY
                         NORMAL    RECORD    YEAR
 MAXIMUM TEMPERATURE (F)   43        67      1990
 MINIMUM TEMPERATURE (F)   26        -9      1934


SUNRISE AND SUNSET
FEBRUARY  9 2016......SUNRISE   658 AM EST   SUNSET   527 PM EST
FEBRUARY 10 2016......SUNRISE   657 AM EST   SUNSET   529 PM EST


-  INDICATES NEGATIVE NUMBERS.
R  INDICATES RECORD WAS SET OR TIED.
MM INDICATES DATA IS MISSING.
T  INDICATES TRACE AMOUNT.




$$
