000
CDUS41 KPHI 292129
CLIACY


CLIMATE REPORT
NATIONAL WEATHER SERVICE MOUNT HOLLY NJ
529 PM EDT THU SEP 29 2016


...................................

...THE ATLANTIC CITY NJ CLIMATE SUMMARY FOR SEPTEMBER 29 2016...
VALID TODAY AS OF 0500 PM LOCAL TIME.

CLIMATE NORMAL PERIOD 1981 TO 2010
CLIMATE RECORD PERIOD 1874 TO 2016


WEATHER ITEM   OBSERVED TIME   RECORD YEAR NORMAL DEPARTURE LAST
                VALUE   (LST)  VALUE       VALUE  FROM      YEAR
                                                  NORMAL
..................................................................
TEMPERATURE (F)
 TODAY
  MAXIMUM         66    809 AM  86    1884  72     -6       85
  MINIMUM         63    359 PM  36    1969  52     11       64
  AVERAGE         65                        62      3       75

PRECIPITATION (IN)
  TODAY            0.52          1.57 1964   0.12   0.40     0.19
  MONTH TO DATE    3.57                      3.03   0.54     0.80
  SINCE SEP 1      3.57                      3.03   0.54     0.80
  SINCE JAN 1     35.87                     31.25   4.62    33.25

SNOWFALL (IN)
  TODAY            0.0           0.0    MM   0.0    0.0      0.0
  MONTH TO DATE    0.0                       0.0    0.0      0.0
  SINCE SEP 1      0.0                       0.0    0.0      0.0
  SINCE JUL 1      0.0                       0.0    0.0      0.0
  SNOW DEPTH       0

DEGREE DAYS
 HEATING
  TODAY            0                         5     -5        0
  MONTH TO DATE   14                        55    -41        0
  SINCE SEP 1     14                        55    -41        0
  SINCE JUL 1     14                        58    -44        0

 COOLING
  TODAY            0                         2     -2       10
  MONTH TO DATE  205                       124     81      196
  SINCE SEP 1    205                       124     81      196
  SINCE JAN 1   1308                      1033    275     1276
..................................................................


WIND (MPH)
  HIGHEST WIND SPEED    28   HIGHEST WIND DIRECTION    NE (60)
  HIGHEST GUST SPEED    38   HIGHEST GUST DIRECTION     E (70)
  AVERAGE WIND SPEED    20.8


SKY COVER
  POSSIBLE SUNSHINE  MM
  AVERAGE SKY COVER 1.0


WEATHER CONDITIONS
 THE FOLLOWING WEATHER WAS RECORDED TODAY.
  RAIN
  LIGHT RAIN
  FOG


RELATIVE HUMIDITY (PERCENT)
 HIGHEST    93           200 AM
 LOWEST     87          1200 AM
 AVERAGE    90

..........................................................


THE ATLANTIC CITY NJ CLIMATE NORMALS FOR TOMORROW
                         NORMAL    RECORD    YEAR
 MAXIMUM TEMPERATURE (F)   72        88      1986
 MINIMUM TEMPERATURE (F)   52        32      1969


SUNRISE AND SUNSET
SEPTEMBER 29 2016.....SUNRISE   653 AM EDT   SUNSET   643 PM EDT
SEPTEMBER 30 2016.....SUNRISE   654 AM EDT   SUNSET   642 PM EDT


-  INDICATES NEGATIVE NUMBERS.
R  INDICATES RECORD WAS SET OR TIED.
MM INDICATES DATA IS MISSING.
T  INDICATES TRACE AMOUNT.




$$
