000
CDUS41 KPHI 240628
CLIACY


CLIMATE REPORT
NATIONAL WEATHER SERVICE MOUNT HOLLY NJ
126 AM EST TUE JAN 24 2017


...................................

...THE ATLANTIC CITY NJ CLIMATE SUMMARY FOR JANUARY 23 2017...

CLIMATE NORMAL PERIOD 1981 TO 2010
CLIMATE RECORD PERIOD 1874 TO 2017


WEATHER ITEM   OBSERVED TIME   RECORD YEAR NORMAL DEPARTURE LAST
                VALUE   (LST)  VALUE       VALUE  FROM      YEAR
                                                  NORMAL
..................................................................
TEMPERATURE (F)
 YESTERDAY
  MAXIMUM         47    410 AM  74    1967  41      6       35
  MINIMUM         40   1143 PM   1    1936  24     16       27
  AVERAGE         44                        33     11       31

PRECIPITATION (IN)
  YESTERDAY        1.05          2.09 1998   0.11   0.94     0.91
  MONTH TO DATE    3.74                      2.42   1.32     2.80
  SINCE DEC 1      7.03                      6.11   0.92     8.24
  SINCE JAN 1      3.74                      2.42   1.32     2.80

SNOWFALL (IN)
  YESTERDAY        0.0          10.1  2016   0.2   -0.2     10.1
  MONTH TO DATE    7.0                       3.0    4.0     16.4
  SINCE DEC 1      7.0                       6.7    0.3     16.4
  SINCE JUL 1      7.0                       6.9    0.1     16.4
  SNOW DEPTH       0

DEGREE DAYS
 HEATING
  YESTERDAY       21                        32    -11       34
  MONTH TO DATE  622                       734   -112      743
  SINCE DEC 1   1436                      1596   -160     1184
  SINCE JUL 1   2183                      2503   -320     1879

 COOLING
  YESTERDAY        0                         0      0        0
  MONTH TO DATE    0                         0      0        0
  SINCE DEC 1      0                         0      0        3
  SINCE JAN 1      0                         0      0        0
..................................................................


WIND (MPH)
  HIGHEST WIND SPEED    43   HIGHEST WIND DIRECTION    NE (50)
  HIGHEST GUST SPEED    61   HIGHEST GUST DIRECTION    NE (50)
  AVERAGE WIND SPEED    28.0


SKY COVER
  POSSIBLE SUNSHINE  MM
  AVERAGE SKY COVER 1.0


WEATHER CONDITIONS
 THE FOLLOWING WEATHER WAS RECORDED YESTERDAY.
  HEAVY RAIN
  RAIN
  LIGHT RAIN
  FOG


RELATIVE HUMIDITY (PERCENT)
 HIGHEST    93          1200 AM
 LOWEST     82           900 PM
 AVERAGE    88

..........................................................


THE ATLANTIC CITY NJ CLIMATE NORMALS FOR TODAY
                         NORMAL    RECORD    YEAR
 MAXIMUM TEMPERATURE (F)   41        78      1967
 MINIMUM TEMPERATURE (F)   24         0      1882


SUNRISE AND SUNSET
JANUARY 24 2017.......SUNRISE   712 AM EST   SUNSET   509 PM EST
JANUARY 25 2017.......SUNRISE   711 AM EST   SUNSET   511 PM EST


-  INDICATES NEGATIVE NUMBERS.
R  INDICATES RECORD WAS SET OR TIED.
MM INDICATES DATA IS MISSING.
T  INDICATES TRACE AMOUNT.




$$
