000
CDUS41 KPHI 260634
CLIACY


CLIMATE REPORT
NATIONAL WEATHER SERVICE MOUNT HOLLY NJ
233 AM EDT FRI AUG 26 2016


...................................

...THE ATLANTIC CITY NJ CLIMATE SUMMARY FOR AUGUST 25 2016...

CLIMATE NORMAL PERIOD 1981 TO 2010
CLIMATE RECORD PERIOD 1874 TO 2016


WEATHER ITEM   OBSERVED TIME   RECORD YEAR NORMAL DEPARTURE LAST
                VALUE   (LST)  VALUE       VALUE  FROM      YEAR
                                                  NORMAL
..................................................................
TEMPERATURE (F)
 YESTERDAY
  MAXIMUM         86    145 PM  97    1968  83      3       89
  MINIMUM         63    554 AM  47    1987  64     -1       64
  AVERAGE         75                        73      2       77

PRECIPITATION (IN)
  YESTERDAY        0.00          4.33 1958   0.12  -0.12      T
  MONTH TO DATE    1.10                      3.45  -2.35     1.25
  SINCE JUN 1     12.24                     10.28   1.96    16.20
  SINCE JAN 1     32.30                     27.56   4.74    32.45

SNOWFALL (IN)
  YESTERDAY        0.0           0.0  1903   0.0    0.0      0.0
  MONTH TO DATE    0.0                       0.0    0.0      0.0
  SINCE JUN 1      0.0                       0.0    0.0      0.0
  SINCE JUL 1      0.0                       0.0    0.0      0.0
  SNOW DEPTH       0

DEGREE DAYS
 HEATING
  YESTERDAY        0                         0      0        0
  MONTH TO DATE    0                         0      0        0
  SINCE JUN 1      4                        27    -23       26
  SINCE JUL 1      0                         0      0        0

 COOLING
  YESTERDAY       10                         8      2       12
  MONTH TO DATE  338                       249     89      289
  SINCE JUN 1    942                       799    143      894
  SINCE JAN 1   1021                       863    158     1028
..................................................................


WIND (MPH)
  HIGHEST WIND SPEED    20   HIGHEST WIND DIRECTION     S (170)
  HIGHEST GUST SPEED    25   HIGHEST GUST DIRECTION     S (160)
  AVERAGE WIND SPEED     8.3


SKY COVER
  POSSIBLE SUNSHINE  MM
  AVERAGE SKY COVER 0.1


WEATHER CONDITIONS
 THE FOLLOWING WEATHER WAS RECORDED YESTERDAY.
  NO SIGNIFICANT WEATHER WAS OBSERVED.


RELATIVE HUMIDITY (PERCENT)
 HIGHEST    93           600 AM
 LOWEST     45           900 AM
 AVERAGE    69

..........................................................


THE ATLANTIC CITY NJ CLIMATE NORMALS FOR TODAY
                         NORMAL    RECORD    YEAR
 MAXIMUM TEMPERATURE (F)   83        97      1948
 MINIMUM TEMPERATURE (F)   64        48      1995


SUNRISE AND SUNSET
AUGUST 26 2016........SUNRISE   621 AM EDT   SUNSET   738 PM EDT
AUGUST 27 2016........SUNRISE   622 AM EDT   SUNSET   736 PM EDT


-  INDICATES NEGATIVE NUMBERS.
R  INDICATES RECORD WAS SET OR TIED.
MM INDICATES DATA IS MISSING.
T  INDICATES TRACE AMOUNT.




$$
