000
CDUS41 KPHI 250633
CLIACY


CLIMATE REPORT
NATIONAL WEATHER SERVICE MOUNT HOLLY NJ
232 AM EDT TUE APR 25 2017


...................................

...THE ATLANTIC CITY NJ CLIMATE SUMMARY FOR APRIL 24 2017...

CLIMATE NORMAL PERIOD 1981 TO 2010
CLIMATE RECORD PERIOD 1874 TO 2017


WEATHER ITEM   OBSERVED TIME   RECORD YEAR NORMAL DEPARTURE LAST
                VALUE   (LST)  VALUE       VALUE  FROM      YEAR
                                                  NORMAL
..................................................................
TEMPERATURE (F)
 YESTERDAY
  MAXIMUM         57    137 PM  85    2001  65     -8       62
  MINIMUM         47    136 AM  26    1989  44      3       41
  AVERAGE         52                        54     -2       52

PRECIPITATION (IN)
  YESTERDAY        0.04          2.15 1944   0.11  -0.07     0.00
  MONTH TO DATE    1.57                      2.99  -1.42     2.42
  SINCE MAR 1      7.19                      7.20  -0.01     5.54
  SINCE JAN 1     12.74                     13.29  -0.55    12.89

SNOWFALL (IN)
  YESTERDAY        0.0           0.4  1956   0.0    0.0      0.0
  MONTH TO DATE    0.0                       0.3   -0.3      1.8
  SINCE MAR 1      0.2                       1.4   -1.2      6.9
  SINCE JUL 1      7.7                      16.5   -8.8     27.5
  SNOW DEPTH       0

DEGREE DAYS
 HEATING
  YESTERDAY       13                        11      2       13
  MONTH TO DATE  232                       347   -115      372
  SINCE MAR 1    951                      1053   -102      903
  SINCE JUL 1   3947                      4644   -697     3784

 COOLING
  YESTERDAY        0                         0      0        0
  MONTH TO DATE   10                         0     10        8
  SINCE MAR 1     10                         0     10       11
  SINCE JAN 1     10                         0     10       11
..................................................................


WIND (MPH)
  HIGHEST WIND SPEED    22   HIGHEST WIND DIRECTION     E (70)
  HIGHEST GUST SPEED    28   HIGHEST GUST DIRECTION    NE (40)
  AVERAGE WIND SPEED    11.9


SKY COVER
  POSSIBLE SUNSHINE  MM
  AVERAGE SKY COVER 0.9


WEATHER CONDITIONS
 THE FOLLOWING WEATHER WAS RECORDED YESTERDAY.
  LIGHT RAIN
  FOG


RELATIVE HUMIDITY (PERCENT)
 HIGHEST    93          1200 AM
 LOWEST     72          1000 AM
 AVERAGE    83

..........................................................


THE ATLANTIC CITY NJ CLIMATE NORMALS FOR TODAY
                         NORMAL    RECORD    YEAR
 MAXIMUM TEMPERATURE (F)   65        92      2009
 MINIMUM TEMPERATURE (F)   45        29      2015


SUNRISE AND SUNSET
APRIL 25 2017.........SUNRISE   607 AM EDT   SUNSET   746 PM EDT
APRIL 26 2017.........SUNRISE   605 AM EDT   SUNSET   747 PM EDT


-  INDICATES NEGATIVE NUMBERS.
R  INDICATES RECORD WAS SET OR TIED.
MM INDICATES DATA IS MISSING.
T  INDICATES TRACE AMOUNT.




$$
