000
CDUS41 KPHI 302128
CLIACY


CLIMATE REPORT
NATIONAL WEATHER SERVICE MOUNT HOLLY NJ
527 PM EDT SAT JUL 30 2016


...................................

...THE ATLANTIC CITY NJ CLIMATE SUMMARY FOR JULY 30 2016...
VALID TODAY AS OF 0500 PM LOCAL TIME.

CLIMATE NORMAL PERIOD 1981 TO 2010
CLIMATE RECORD PERIOD 1874 TO 2016


WEATHER ITEM   OBSERVED TIME   RECORD YEAR NORMAL DEPARTURE LAST
                VALUE   (LST)  VALUE       VALUE  FROM      YEAR
                                                  NORMAL
..................................................................
TEMPERATURE (F)
 TODAY
  MAXIMUM         85   1207 PM  98    1917  85      0       89
  MINIMUM         68    413 AM  53    1981  67      1       76
                                      1968
  AVERAGE         77                        76      1       83

PRECIPITATION (IN)
  TODAY            0.00          2.45 1878   0.13  -0.13     0.01
  MONTH TO DATE    8.77                      3.59   5.18     6.59
  SINCE JUN 1     11.08                      6.70   4.38    14.95
  SINCE JAN 1     31.14                     23.98   7.16    31.20

SNOWFALL (IN)
  TODAY            0.0           0.0  1903   0.0    0.0      0.0
  MONTH TO DATE    0.0                       0.0    0.0      0.0
  SINCE JUN 1      0.0                       0.0    0.0      0.0
  SINCE JUL 1      0.0                       0.0    0.0      0.0
  SNOW DEPTH       0

DEGREE DAYS
 HEATING
  TODAY            0                         0      0        0
  MONTH TO DATE    0                         0      0        0
  SINCE JUN 1      4                        27    -23       26
  SINCE JUL 1      0                         0      0        0

 COOLING
  TODAY           12                        11      1       18
  MONTH TO DATE  396                       335     61      345
  SINCE JUN 1    588                       538     50      590
  SINCE JAN 1    667                       602     65      724
..................................................................


WIND (MPH)
  HIGHEST WIND SPEED    16   HIGHEST WIND DIRECTION     S (160)
  HIGHEST GUST SPEED    23   HIGHEST GUST DIRECTION     S (160)
  AVERAGE WIND SPEED     6.5


SKY COVER
  POSSIBLE SUNSHINE  MM
  AVERAGE SKY COVER 0.0


WEATHER CONDITIONS
 THE FOLLOWING WEATHER WAS RECORDED TODAY.
  FOG


RELATIVE HUMIDITY (PERCENT)
 HIGHEST    93           600 AM
 LOWEST     58          1100 AM
 AVERAGE    76

..........................................................


THE ATLANTIC CITY NJ CLIMATE NORMALS FOR TOMORROW
                         NORMAL    RECORD    YEAR
 MAXIMUM TEMPERATURE (F)   85        99      1917
 MINIMUM TEMPERATURE (F)   67        54      2001


SUNRISE AND SUNSET
JULY 30 2016..........SUNRISE   557 AM EDT   SUNSET   812 PM EDT
JULY 31 2016..........SUNRISE   557 AM EDT   SUNSET   811 PM EDT


-  INDICATES NEGATIVE NUMBERS.
R  INDICATES RECORD WAS SET OR TIED.
MM INDICATES DATA IS MISSING.
T  INDICATES TRACE AMOUNT.




$$
