000
CDUS41 KPHI 110628
CLIACY


CLIMATE REPORT
NATIONAL WEATHER SERVICE MOUNT HOLLY NJ
228 AM EDT FRI JUL 11 2014


...................................

...THE ATLANTIC CITY NJ CLIMATE SUMMARY FOR JULY 10 2014...

CLIMATE NORMAL PERIOD 1981 TO 2010
CLIMATE RECORD PERIOD 1874 TO 2014


WEATHER ITEM   OBSERVED TIME   RECORD YEAR NORMAL DEPARTURE LAST
                VALUE   (LST)  VALUE       VALUE  FROM      YEAR
                                                  NORMAL
..................................................................
TEMPERATURE (F)
 YESTERDAY
  MAXIMUM         78    218 PM 101    1993  86     -8       89
  MINIMUM         67   1138 PM  53    1995  67      0       72
  AVERAGE         73                        76     -3       81

PRECIPITATION (IN)
  YESTERDAY        0.27          6.46 1959   0.11   0.16     0.00
  MONTH TO DATE    2.30                      1.13   1.17     1.00
  SINCE JUN 1      3.84                      4.24  -0.40     8.53
  SINCE JAN 1     24.02                     21.52   2.50    26.09

SNOWFALL (IN)
  YESTERDAY        0.0           0.0  1903   0.0    0.0      0.0
  MONTH TO DATE    0.0                       0.0    0.0      0.0
  SINCE JUN 1      0.0                       0.0    0.0      0.0
  SINCE JUL 1      0.0                       0.0    0.0      0.0
  SNOW DEPTH       0

DEGREE DAYS
 HEATING
  YESTERDAY        0                         0      0        0
  MONTH TO DATE    0                         0      0        0
  SINCE JUN 1     10                        27    -17        8
  SINCE JUL 1      0                         0      0        0

 COOLING
  YESTERDAY        8                        11     -3       16
  MONTH TO DATE  118                       107     11      152
  SINCE JUN 1    314                       310      4      363
  SINCE JAN 1    350                       374    -24      457
..................................................................


WIND (MPH)
  HIGHEST WIND SPEED    15   HIGHEST WIND DIRECTION    NE (60)
  HIGHEST GUST SPEED    18   HIGHEST GUST DIRECTION    NE (50)
  AVERAGE WIND SPEED     5.3


SKY COVER
  POSSIBLE SUNSHINE  MM
  AVERAGE SKY COVER 0.7


WEATHER CONDITIONS
 THE FOLLOWING WEATHER WAS RECORDED YESTERDAY.
  THUNDERSTORM
  HEAVY RAIN
  RAIN
  LIGHT RAIN
  FOG


RELATIVE HUMIDITY (PERCENT)
 HIGHEST   100           300 AM
 LOWEST     76           200 PM
 AVERAGE    88

..........................................................


THE ATLANTIC CITY NJ CLIMATE NORMALS FOR TODAY
                         NORMAL    RECORD    YEAR
 MAXIMUM TEMPERATURE (F)   86        97      1966
 MINIMUM TEMPERATURE (F)   67        54      2009


SUNRISE AND SUNSET
JULY 11 2014..........SUNRISE   541 AM EDT   SUNSET   826 PM EDT
JULY 12 2014..........SUNRISE   541 AM EDT   SUNSET   826 PM EDT


-  INDICATES NEGATIVE NUMBERS.
R  INDICATES RECORD WAS SET OR TIED.
MM INDICATES DATA IS MISSING.
T  INDICATES TRACE AMOUNT.




$$
