000
CDUS41 KPHI 222130
CLIACY


CLIMATE REPORT
NATIONAL WEATHER SERVICE MOUNT HOLLY NJ
530 PM EDT MON SEP 22 2014


...................................

...THE ATLANTIC CITY NJ CLIMATE SUMMARY FOR SEPTEMBER 22 2014...
VALID TODAY AS OF 0500 PM LOCAL TIME.

CLIMATE NORMAL PERIOD 1981 TO 2010
CLIMATE RECORD PERIOD 1874 TO 2014


WEATHER ITEM   OBSERVED TIME   RECORD YEAR NORMAL DEPARTURE LAST
                VALUE   (LST)  VALUE       VALUE  FROM      YEAR
                                                  NORMAL
..................................................................
TEMPERATURE (F)
 TODAY
  MAXIMUM         75    119 PM  94    1980  75      0       74
  MINIMUM         61    621 AM  38    1997  55      6       48
                                      1991
  AVERAGE         68                        65      3       61

PRECIPITATION (IN)
  TODAY            0.00          2.41 1994   0.11  -0.11     0.34
  MONTH TO DATE    1.07                      2.22  -1.15     1.18
  SINCE SEP 1      1.07                      2.22  -1.15     1.18
  SINCE JAN 1     37.79                     30.44   7.35    32.60

SNOWFALL (IN)
  TODAY            0.0           0.0  1903   0.0    0.0      0.0
  MONTH TO DATE    0.0                       0.0    0.0      0.0
  SINCE SEP 1      0.0                       0.0    0.0      0.0
  SINCE JUL 1      0.0                       0.0    0.0      0.0
  SNOW DEPTH       0

DEGREE DAYS
 HEATING
  TODAY            0                         3     -3        4
  MONTH TO DATE   17                        29    -12       57
  SINCE SEP 1     17                        29    -12       57
  SINCE JUL 1     17                        32    -15       57

 COOLING
  TODAY            3                         3      0        0
  MONTH TO DATE  121                       110     11       96
  SINCE SEP 1    121                       110     11       96
  SINCE JAN 1    833                      1019   -186     1052
..................................................................


WIND (MPH)
  HIGHEST WIND SPEED    20   HIGHEST WIND DIRECTION    NW (310)
  HIGHEST GUST SPEED    25   HIGHEST GUST DIRECTION    NW (320)
  AVERAGE WIND SPEED    11.2


SKY COVER
  POSSIBLE SUNSHINE  MM
  AVERAGE SKY COVER 0.3


WEATHER CONDITIONS
 THE FOLLOWING WEATHER WAS RECORDED TODAY.
  NO SIGNIFICANT WEATHER WAS OBSERVED.


RELATIVE HUMIDITY (PERCENT)
 HIGHEST    87           400 AM
 LOWEST     44           200 PM
 AVERAGE    66

..........................................................


THE ATLANTIC CITY NJ CLIMATE NORMALS FOR TOMORROW
                         NORMAL    RECORD    YEAR
 MAXIMUM TEMPERATURE (F)   75        93      1970
 MINIMUM TEMPERATURE (F)   55        36      1967


SUNRISE AND SUNSET
SEPTEMBER 22 2014.....SUNRISE   646 AM EDT   SUNSET   655 PM EDT
SEPTEMBER 23 2014.....SUNRISE   647 AM EDT   SUNSET   654 PM EDT


-  INDICATES NEGATIVE NUMBERS.
R  INDICATES RECORD WAS SET OR TIED.
MM INDICATES DATA IS MISSING.
T  INDICATES TRACE AMOUNT.




$$
