000
CDUS41 KPHI 220633
CLIACY


CLIMATE REPORT
NATIONAL WEATHER SERVICE MOUNT HOLLY NJ
232 AM EDT MON MAY 22 2017


...................................

...THE ATLANTIC CITY NJ CLIMATE SUMMARY FOR MAY 21 2017...

CLIMATE NORMAL PERIOD 1981 TO 2010
CLIMATE RECORD PERIOD 1874 TO 2017


WEATHER ITEM   OBSERVED TIME   RECORD YEAR NORMAL DEPARTURE LAST
                VALUE   (LST)  VALUE       VALUE  FROM      YEAR
                                                  NORMAL
..................................................................
TEMPERATURE (F)
 YESTERDAY
  MAXIMUM         65   1036 AM  93    1996  73     -8       61
  MINIMUM         45    434 AM  28    1992  53     -8       54
  AVERAGE         55                        63     -8       58

PRECIPITATION (IN)
  YESTERDAY        0.00          1.21 1894   0.11  -0.11     0.51
  MONTH TO DATE    4.22                      2.18   2.04     4.44
  SINCE MAR 1     12.81                     10.02   2.79    10.47
  SINCE JAN 1     18.36                     16.11   2.25    17.82

SNOWFALL (IN)
  YESTERDAY        0.0           0.0    MM   0.0    0.0      0.0
  MONTH TO DATE    0.0                       0.0    0.0      0.0
  SINCE MAR 1      0.2                       1.4   -1.2      6.9
  SINCE JUL 1      7.7                      16.5   -8.8     27.5
  SNOW DEPTH       0

DEGREE DAYS
 HEATING
  YESTERDAY       10                         4      6        7
  MONTH TO DATE  135                       141     -6      183
  SINCE MAR 1   1103                      1254   -151     1158
  SINCE JUL 1   4099                      4845   -746     4039

 COOLING
  YESTERDAY        0                         2     -2        0
  MONTH TO DATE   46                        28     18        0
  SINCE MAR 1     78                        37     41       14
  SINCE JAN 1     78                        37     41       14
..................................................................


WIND (MPH)
  HIGHEST WIND SPEED    18   HIGHEST WIND DIRECTION     E (110)
  HIGHEST GUST SPEED    22   HIGHEST GUST DIRECTION     E (80)
  AVERAGE WIND SPEED     8.6


SKY COVER
  POSSIBLE SUNSHINE  MM
  AVERAGE SKY COVER 0.2


WEATHER CONDITIONS
 THE FOLLOWING WEATHER WAS RECORDED YESTERDAY.
  NO SIGNIFICANT WEATHER WAS OBSERVED.


RELATIVE HUMIDITY (PERCENT)
 HIGHEST    86           300 AM
 LOWEST     48          1100 AM
 AVERAGE    67

..........................................................


THE ATLANTIC CITY NJ CLIMATE NORMALS FOR TODAY
                         NORMAL    RECORD    YEAR
 MAXIMUM TEMPERATURE (F)   73        91      1992
 MINIMUM TEMPERATURE (F)   53        36      2002


SUNRISE AND SUNSET
MAY 22 2017...........SUNRISE   539 AM EDT   SUNSET   812 PM EDT
MAY 23 2017...........SUNRISE   538 AM EDT   SUNSET   813 PM EDT


-  INDICATES NEGATIVE NUMBERS.
R  INDICATES RECORD WAS SET OR TIED.
MM INDICATES DATA IS MISSING.
T  INDICATES TRACE AMOUNT.




$$
