000
CDAK48 PAFC 230052
CLIADQ


CLIMATE REPORT
NATIONAL WEATHER SERVICE ANCHORAGE, AK
352 PM AKST WED NOV 22 2017


...................................

...THE KODIAK CLIMATE SUMMARY FOR NOVEMBER 22 2017...
VALID TODAY AS OF 0300 PM LOCAL TIME.

CLIMATE NORMAL PERIOD 1981 TO 2010
CLIMATE RECORD PERIOD 1913 TO 2017


WEATHER ITEM   OBSERVED TIME   RECORD YEAR NORMAL DEPARTURE LAST
                VALUE   (LST)  VALUE       VALUE  FROM      YEAR
                                                  NORMAL
..................................................................
TEMPERATURE (F)
 TODAY
  MAXIMUM         37    211 PM  49    1967  38     -1       44
  MINIMUM         32    819 AM   3    1927  28      4       37
  AVERAGE         35                        33      2       41

PRECIPITATION (IN)
  TODAY            0.00          2.87 2002   0.23  -0.23     0.22
  MONTH TO DATE    0.75                      4.89  -4.14     7.76
  SINCE SEP 1     13.12                     20.50  -7.38    24.33
  SINCE JAN 1     53.64                     67.29 -13.65    75.63

SNOWFALL (IN)
  TODAY            0.0           4.0  1922   0.3   -0.3      0.0
  MONTH TO DATE    3.1                       3.7   -0.6       T
  SINCE SEP 1      3.3                       4.8   -1.5      0.2
  SINCE JUL 1      3.3                       4.8   -1.5      0.2
  SNOW DEPTH       1

DEGREE DAYS
 HEATING
  TODAY           30                        32     -2       24
  MONTH TO DATE  581                       672    -91      583
  SINCE SEP 1   1687                      1901   -214     1617
  SINCE JUL 1   2292                      2534   -242     1958

 COOLING
  TODAY            0                         0      0        0
  MONTH TO DATE    0                         0      0        0
  SINCE SEP 1      0                         0      0        0
  SINCE JAN 1      0                         1     -1       29
..................................................................


WIND (MPH)
  RESULTANT WIND SPEED  13   RESULTANT WIND DIRECTION   W (290)
  HIGHEST WIND SPEED    28   HIGHEST WIND DIRECTION     W (280)
  HIGHEST GUST SPEED    38   HIGHEST GUST DIRECTION     W (280)
  AVERAGE WIND SPEED    14.0



WEATHER CONDITIONS
 THE FOLLOWING WEATHER WAS RECORDED TODAY.
  NO SIGNIFICANT WEATHER WAS OBSERVED.


RELATIVE HUMIDITY (PERCENT)
 HIGHEST    56
 LOWEST     43
 AVERAGE    50

..........................................................


THE KODIAK CLIMATE NORMALS FOR TOMORROW
                         NORMAL    RECORD    YEAR
 MAXIMUM TEMPERATURE (F)   38        49      2010
 MINIMUM TEMPERATURE (F)   28         7      2005


SUNRISE AND SUNSET
NOVEMBER 22 2017......SUNRISE   912 AM AKST  SUNSET   441 PM AKST
NOVEMBER 23 2017......SUNRISE   914 AM AKST  SUNSET   439 PM AKST


-  INDICATES NEGATIVE NUMBERS.
R  INDICATES RECORD WAS SET OR TIED.
MM INDICATES DATA IS MISSING.
T  INDICATES TRACE AMOUNT.




$$
