435
CDAK48 PADQ 032328
CLIADQ

CLIMATE REPORT
NATIONAL WEATHER SERVICE KODIAK, AK
328 PM AKDT TUE MAY 3 2016

...................................
...THE KODIAK AP CLIMATE SUMMARY FOR MAY 3 2016...
VALID TODAY AS OF 2:00 PM LOCAL TIME

CLIMATE NORMAL PERIOD  1981 TO  2010
CLIMATE RECORD PERIOD  1913 TO  2016

WEATHER ITEM   OBSERVED TIME    RECORD YEAR NORMAL DEPARTURE LAST
               VALUE    (LST)   VALUE       VALUE  FROM      YEAR
                                                   NORMAL
...................................................................
TEMPERATURE
TODAY
 MAXIMUM            49  0159 PM    61  2003     47       2     48
 MINIMUM            38  0448 AM    19  1945     36       2     42
 AVERAGE            44                          42       2     45

PRECIPITATION
(INCHES)
 TODAY            0.01           1.17  2006   0.18   -0.17   0.06
 MONTH TO DATE    1.10                        0.54    0.56   0.29
 SINCE MAR 1     17.34                       11.88    5.46  14.46
 SINCE JAN 1     40.63                       26.31   14.32  33.38

SNOWFALL
(INCHES)
 TODAY             0.0            0.7  1964    0.0     0.0    0.0
 MONTH TO DATE     0.0                         0.1    -0.1    0.0
 SINCE MAR 1       3.6                        19.4   -15.8    4.7
 SINCE JUL 1        MM                        68.8      MM   20.1
 SNOW DEPTH (IN)     0                                          0

DEGREE DAYS
 HEATING
  TODAY             21                          23      -2     20
  MONTH TO DATE     64                          70      -6     69
  SINCE MAR 1     1531                        1889    -358   1718
  SINCE JUL 1     6468                        7762   -1294   6636

 COOLING
  TODAY              0                           0       0      0
  MONTH TO DATE      0                           0       0      0
  SINCE MAR 1        0                           0       0      0
  SINCE JAN 1        0                           0       0      0
...................................................................

WIND (MPH)
 HIGHEST WIND SPEED    15     HIGHEST WIND DIRECTION    160
 HIGHEST GUST SPEED    21     HIGHEST GUST DIRECTION    140
 AVERAGE WIND SPEED    MM

SKY COVER
  POSSIBLE SUNSHINE  MM            AVERAGE SKY COVER MM

WEATHER CONDITIONS
 THE FOLLOWING WEATHER WAS RECORDED TODAY.
RAIN


RELATIVE HUMIDITY
 HIGHEST RH     MM PERCENT       MM
 LOWEST  RH     MM PERCENT       MM
 AVERAGE RH     MM PERCENT       MM
...................................................................

THE KODIAK CLIMATE NORMALS FOR TOMORROW
                        NORMAL    RECORD   YEAR
 MAXIMUM TEMPERATURE      48        68     2004
 MINIMUM TEMPERATURE      36        18     1945

SUNRISE AND SUNSET
 MAY 3 2016..........SUNRISE  6:13 AM      SUNSET 10:04 PM
 MAY 4 2016..........SUNRISE  6:10 AM      SUNSET 10:06 PM

-  INDICATES NEGATIVE NUMBERS.
R  INDICATES RECORD HAS BEEN SET OR TIED.
MM INDICATES DATA IS MISSING.
T  INDICATES TRACE OF PRECIPITATION.

&&
-------------------------------------------------------------------

AMOUNT OF DAYLIGHT TODAY  (HOUR:MIN)........15 HOURS 51 MINUTES
GAIN/LOSS SINCE YESTERDAY (HOUR:MIN:SEC)....+0:04:34

$$
LRM MAY 16
