000
CDAK48 PADQ 201004
CLIADQ


CLIMATE REPORT
NATIONAL WEATHER SERVICE ANCHORAGE, AK
204 AM AKDT THU JUL 20 2017


...................................

...THE KODIAK CLIMATE SUMMARY FOR JULY 19 2017...

CLIMATE NORMAL PERIOD 1981 TO 2010
CLIMATE RECORD PERIOD 1913 TO 2017


WEATHER ITEM   OBSERVED TIME   RECORD YEAR NORMAL DEPARTURE LAST
                VALUE   (LST)  VALUE       VALUE  FROM      YEAR
                                                  NORMAL
..................................................................
TEMPERATURE (F)
 YESTERDAY
  MAXIMUM         57    245 PM  79    1936  60     -3       78
  MINIMUM         52    709 AM  40    1927  50      2       63
  AVERAGE         55                        55      0       71

PRECIPITATION (IN)
  YESTERDAY        0.27          2.11 1985   0.16   0.11     0.00
  MONTH TO DATE    2.31                      3.10  -0.79     1.08
  SINCE JUN 1     10.29                      9.01   1.28     4.55
  SINCE JAN 1     31.05                     40.40  -9.35    46.64

SNOWFALL (IN)
  YESTERDAY        0.0          MM      MM   0.0    0.0      0.0
  MONTH TO DATE    0.0                       0.0    0.0      0.0
  SINCE JUN 1      0.0                       0.0    0.0      0.0
  SINCE JUL 1      0.0                       0.0    0.0      0.0
  SNOW DEPTH       0

DEGREE DAYS
 HEATING
  YESTERDAY       10                        10      0        0
  MONTH TO DATE  177                       212    -35       93
  SINCE JUN 1    593                       673    -80      388
  SINCE JUL 1    177                       212    -35       93

 COOLING
  YESTERDAY        0                         0      0        6
  MONTH TO DATE    0                         0      0       12
  SINCE JUN 1      0                         0      0       12
  SINCE JAN 1      0                         0      0       12
..................................................................


WIND (MPH)
  RESULTANT WIND SPEED   5   RESULTANT WIND DIRECTION  NE (50)
  HIGHEST WIND SPEED    17   HIGHEST WIND DIRECTION    NE (40)
  HIGHEST GUST SPEED    22   HIGHEST GUST DIRECTION    NE (30)
  AVERAGE WIND SPEED     7.1



WEATHER CONDITIONS
 THE FOLLOWING WEATHER WAS RECORDED YESTERDAY.
  LIGHT RAIN
  FOG
  FOG W/VISIBILITY <= 1/4 MILE
  HAZE


RELATIVE HUMIDITY (PERCENT)
 HIGHEST   100
 LOWEST     80
 AVERAGE    90

..........................................................


THE KODIAK CLIMATE NORMALS FOR TODAY
                         NORMAL    RECORD    YEAR
 MAXIMUM TEMPERATURE (F)   61        81      1936
 MINIMUM TEMPERATURE (F)   50        39      1965


SUNRISE AND SUNSET
JULY 20 2017..........SUNRISE   542 AM AKDT  SUNSET  1049 PM AKDT
JULY 21 2017..........SUNRISE   544 AM AKDT  SUNSET  1048 PM AKDT


-  INDICATES NEGATIVE NUMBERS.
R  INDICATES RECORD WAS SET OR TIED.
MM INDICATES DATA IS MISSING.
T  INDICATES TRACE AMOUNT.




$$
