525
CDAK48 PADQ 051135
CLIADQ

CLIMATE REPORT
NATIONAL WEATHER SERVICE KODIAK, AK
235 AM AKST FRI FEB 5 2016

...................................
...THE KODIAK AP CLIMATE SUMMARY FOR FEBRUARY 4 2016...

CLIMATE NORMAL PERIOD  1981 TO  2010
CLIMATE RECORD PERIOD  1913 TO  2016

WEATHER ITEM   OBSERVED TIME    RECORD YEAR NORMAL DEPARTURE LAST
               VALUE    (LST)   VALUE       VALUE  FROM      YEAR
                                                   NORMAL
...................................................................
TEMPERATURE
YESTERDAY
 MAXIMUM            39  0948 AM    51  1985     35       4     41
 MINIMUM            34  0817 PM     0  1999     26       8     33
 AVERAGE            37                          30       7     37

PRECIPITATION
(INCHES)
 YESTERDAY        0.86           2.72  1995   0.23    0.63   0.05
 MONTH TO DATE    1.73                        0.94    0.79   0.07
 SINCE DEC 1     24.42                       17.96    6.46  23.99
 SINCE JAN 1     12.14                        9.23    2.91  10.20

SNOWFALL
(INCHES)
 YESTERDAY         0.0            6.2  2009    0.6    -0.6    0.0
 MONTH TO DATE       T                         2.1    -2.1    0.0
 SINCE DEC 1      15.0                        28.9   -13.9    4.5
 SINCE JUL 1        MM                        36.4      MM    5.2
 SNOW DEPTH (IN)     0                                          0

DEGREE DAYS
 HEATING
  YESTERDAY         28                          35      -7     28
  MONTH TO DATE    118                         140     -22    119
  SINCE DEC 1     1924                        2262    -338   1822
  SINCE JUL 1     4220                        5054    -834   4218

 COOLING
  YESTERDAY          0                           0       0      0
  MONTH TO DATE      0                           0       0      0
  SINCE DEC 1        0                           0       0      0
  SINCE JAN 1        0                           0       0      0
...................................................................

WIND (MPH)
 HIGHEST WIND SPEED    30     HIGHEST WIND DIRECTION     80
 HIGHEST GUST SPEED    35     HIGHEST GUST DIRECTION     80
 AVERAGE WIND SPEED  12.6

SKY COVER
  POSSIBLE SUNSHINE    MM          AVERAGE SKY COVER     MM

WEATHER CONDITIONS
 THE FOLLOWING WEATHER WAS RECORDED YESTERDAY.
  FOG
RAIN


RELATIVE HUMIDITY
 HIGHEST RH     MM PERCENT       MM
 LOWEST  RH     MM PERCENT       MM
 AVERAGE RH     MM PERCENT       MM
...................................................................

THE KODIAK CLIMATE NORMALS FOR TODAY
                           NORMAL    RECORD   YEAR
 MAXIMUM TEMPERATURE (F)     35        49     1957
 MINIMUM TEMPERATURE (F)     26         0     1999

SUNRISE AND SUNSET
 FEB 5 2016..........SUNRISE  9:05 AM      SUNSET  5:45 PM
 FEB 6 2016..........SUNRISE  9:03 AM      SUNSET  5:47 PM

-  INDICATES NEGATIVE NUMBERS.
R  INDICATES RECORD HAS BEEN SET OR TIED.
MM INDICATES DATA IS MISSING.
T  INDICATES TRACE OF PRECIPITATION.

&&
-------------------------------------------------------------------

AMOUNT OF DAYLIGHT TODAY  (HOUR:MIN)........8 HOURS 40 MINUTES
GAIN/LOSS SINCE YESTERDAY (HOUR:MIN:SEC)....+0:04:33

$$
JTS FEB 16
