000
CDAK48 PADQ 250103
CLIADQ


CLIMATE REPORT
NATIONAL WEATHER SERVICE ANCHORAGE, AK
502 PM AKDT MON APR 24 2017


...................................

...THE KODIAK CLIMATE SUMMARY FOR APRIL 24 2017...
VALID TODAY AS OF 0500 PM LOCAL TIME.

CLIMATE NORMAL PERIOD 1981 TO 2010
CLIMATE RECORD PERIOD 1913 TO 2017


WEATHER ITEM   OBSERVED TIME   RECORD YEAR NORMAL DEPARTURE LAST
                VALUE   (LST)  VALUE       VALUE  FROM      YEAR
                                                  NORMAL
..................................................................
TEMPERATURE (F)
 TODAY
  MAXIMUM         44    100 PM  60    1936  45     -1       MM
  MINIMUM         40        MM  22    1955  34      6       MM
  AVERAGE         42                        40      2       MM

PRECIPITATION (IN)
  TODAY            0.01          2.75 1947   0.19  -0.18     0.13
  MONTH TO DATE    6.73                      4.69   2.04     6.59
  SINCE MAR 1      7.43                     10.22  -2.79    13.93
  SINCE JAN 1     12.97                     24.65 -11.68    36.53

SNOWFALL (IN)
  TODAY            0.0          MM      MM   0.1   -0.1      0.0
  MONTH TO DATE    1.1                       7.3   -6.2      0.0
  SINCE MAR 1      2.6                      18.6  -16.0      3.6
  SINCE JUL 1     28.4                      68.0  -39.6     20.6
  SNOW DEPTH       0

DEGREE DAYS
 HEATING
  TODAY           23                        25     -2       MM
  MONTH TO DATE  603                       674    -71      432
  SINCE MAR 1   1716                      1672     44      999
  SINCE JUL 1   7057                      7544   -487     5507

 COOLING
  TODAY            0                         0      0       MM
  MONTH TO DATE    0                         0      0        0
  SINCE MAR 1      0                         0      0        0
  SINCE JAN 1      0                         0      0        0
..................................................................


WIND (MPH)
  RESULTANT WIND SPEED   7   RESULTANT WIND DIRECTION   E (110)
  HIGHEST WIND SPEED    14   HIGHEST WIND DIRECTION     E (100)
  HIGHEST GUST SPEED    MM   HIGHEST GUST DIRECTION    MM
  AVERAGE WIND SPEED     7.5



WEATHER CONDITIONS
 THE FOLLOWING WEATHER WAS RECORDED TODAY.
  LIGHT RAIN
  FOG


RELATIVE HUMIDITY (PERCENT)
 HIGHEST   100
 LOWEST     89
 AVERAGE    95

..........................................................


THE KODIAK CLIMATE NORMALS FOR TOMORROW
                         NORMAL    RECORD    YEAR
 MAXIMUM TEMPERATURE (F)   45        62      1936
 MINIMUM TEMPERATURE (F)   34        23      1967
                                             1955


SUNRISE AND SUNSET
APRIL 24 2017.........SUNRISE   635 AM AKDT  SUNSET   943 PM AKDT
APRIL 25 2017.........SUNRISE   632 AM AKDT  SUNSET   945 PM AKDT


-  INDICATES NEGATIVE NUMBERS.
R  INDICATES RECORD WAS SET OR TIED.
MM INDICATES DATA IS MISSING.
T  INDICATES TRACE AMOUNT.




$$
