000
CDAK48 PADQ 261131
CLIADQ

CLIMATE REPORT
NATIONAL WEATHER SERVICE KODIAK, AK
332 AM AKDT TUE JUL 26 2016

...................................
...THE KODIAK AP CLIMATE SUMMARY FOR JULY 25 2016...

CLIMATE NORMAL PERIOD  1981 TO  2010
CLIMATE RECORD PERIOD  1913 TO  2016

WEATHER ITEM   OBSERVED TIME    RECORD YEAR NORMAL DEPARTURE LAST
               VALUE    (LST)   VALUE       VALUE  FROM      YEAR
                                                   NORMAL
...................................................................
TEMPERATURE
YESTERDAY
 MAXIMUM            57  0208 PM    80  1966     61      -4     65
 MINIMUM            54  1159 PM    43  2012     50       4     56
 AVERAGE            56                          56       0     61

PRECIPITATION
(INCHES)
 YESTERDAY        0.34           2.53  2009   0.16    0.18      T
 MONTH TO DATE    1.60                        4.05   -2.45   3.16
 SINCE JUN 1      5.08                        9.96   -4.88   6.24
 SINCE JAN 1     47.86                       41.35    6.51  45.36

SNOWFALL
(INCHES)
 YESTERDAY         0.0            0.0  2016    0.0     0.0    0.0
 MONTH TO DATE     0.0                         0.0     0.0    0.0
 SINCE JUN 1       0.0                         0.0     0.0    0.0
 SINCE JUL 1       0.0                         0.0     0.0    0.0
 SNOW DEPTH (IN)     0                                          0

DEGREE DAYS
 HEATING
  YESTERDAY          9                          10      -1      4
  MONTH TO DATE    122                         272    -150    186
  SINCE JUN 1      448                         733    -285    497
  SINCE JUL 1      122                         272    -150    186

 COOLING
  YESTERDAY          0                           0       0      0
  MONTH TO DATE     20                           0      20      0
  SINCE JUN 1       20                           0      20      1
  SINCE JAN 1       20                           0      20      1
...................................................................

WIND (MPH)
 HIGHEST WIND SPEED    16     HIGHEST WIND DIRECTION    100
 HIGHEST GUST SPEED    20     HIGHEST GUST DIRECTION    100
 AVERAGE WIND SPEED   7.5

SKY COVER
  POSSIBLE SUNSHINE    MM          AVERAGE SKY COVER     MM

WEATHER CONDITIONS
 THE FOLLOWING WEATHER WAS RECORDED YESTERDAY.
  FOG
RAIN


RELATIVE HUMIDITY
 HIGHEST RH     MM PERCENT       MM
 LOWEST  RH     MM PERCENT       MM
 AVERAGE RH     MM PERCENT       MM
...................................................................

THE KODIAK CLIMATE NORMALS FOR TODAY
                           NORMAL    RECORD   YEAR
 MAXIMUM TEMPERATURE (F)     61        77     1936
 MINIMUM TEMPERATURE (F)     50        41     1996

SUNRISE AND SUNSET
 JUL 26 2016..........SUNRISE  5:55 AM      SUNSET 10:38 PM
 JUL 27 2016..........SUNRISE  5:57 AM      SUNSET 10:36 PM

-  INDICATES NEGATIVE NUMBERS.
R  INDICATES RECORD HAS BEEN SET OR TIED.
MM INDICATES DATA IS MISSING.
T  INDICATES TRACE OF PRECIPITATION.

&&
-------------------------------------------------------------------

AMOUNT OF DAYLIGHT TODAY  (HOUR:MIN)........16 HOURS 43 MINUTES
GAIN/LOSS SINCE YESTERDAY (HOUR:MIN:SEC)....-0:03:57

$$
JTS JUL 16
