000
CDAK48 PADQ 261123
CLIADQ

CLIMATE REPORT
NATIONAL WEATHER SERVICE KODIAK, AK
323 AM AKDT THU MAY 26 2016

...................................
...THE KODIAK AP CLIMATE SUMMARY FOR MAY 25 2016...

CLIMATE NORMAL PERIOD  1981 TO  2010
CLIMATE RECORD PERIOD  1913 TO  2016

WEATHER ITEM   OBSERVED TIME    RECORD YEAR NORMAL DEPARTURE LAST
               VALUE    (LST)   VALUE       VALUE  FROM      YEAR
                                                   NORMAL
...................................................................
TEMPERATURE
YESTERDAY
 MAXIMUM            58  0210 PM    71  2006     52       6     52
 MINIMUM            46  1159 PM    32  2000     40       6     44
 AVERAGE            52                          46       6     48

PRECIPITATION
(INCHES)
 YESTERDAY        0.00           2.20  1992   0.19   -0.19   0.26
 MONTH TO DATE    2.63                        4.42   -1.79   6.03
 SINCE MAR 1     18.87                       15.76    3.11  20.20
 SINCE JAN 1     42.16                       30.19   11.97  39.12

SNOWFALL
(INCHES)
 YESTERDAY         0.0            0.1  1971    0.0     0.0    0.0
 MONTH TO DATE     0.0                         0.2    -0.2    0.0
 SINCE MAR 1       3.6                        19.5   -15.9    4.7
 SINCE JUL 1        MM                        68.9      MM   20.1
 SNOW DEPTH (IN)     0                                          0

DEGREE DAYS
 HEATING
  YESTERDAY         13                          19      -6     17
  MONTH TO DATE    423                         531    -108    477
  SINCE MAR 1     1890                        2350    -460   2126
  SINCE JUL 1     6827                        8223   -1396   7044

 COOLING
  YESTERDAY          0                           0       0      0
  MONTH TO DATE      0                           0       0      0
  SINCE MAR 1        0                           0       0      0
  SINCE JAN 1        0                           0       0      0
...................................................................

WIND (MPH)
 HIGHEST WIND SPEED    14     HIGHEST WIND DIRECTION    310
 HIGHEST GUST SPEED    19     HIGHEST GUST DIRECTION    310
 AVERAGE WIND SPEED   6.3

SKY COVER
  POSSIBLE SUNSHINE    MM          AVERAGE SKY COVER     MM

WEATHER CONDITIONS
 THE FOLLOWING WEATHER WAS RECORDED YESTERDAY.
  NO SIGNIFICANT WEATHER WAS OBSERVED.

RELATIVE HUMIDITY
 HIGHEST RH     MM PERCENT       MM
 LOWEST  RH     MM PERCENT       MM
 AVERAGE RH     MM PERCENT       MM
...................................................................

THE KODIAK CLIMATE NORMALS FOR TODAY
                           NORMAL    RECORD   YEAR
 MAXIMUM TEMPERATURE (F)     52        74     2006
 MINIMUM TEMPERATURE (F)     41        34     1984

SUNRISE AND SUNSET
 MAY 26 2016..........SUNRISE  5:27 AM      SUNSET 10:50 PM
 MAY 27 2016..........SUNRISE  5:25 AM      SUNSET 10:51 PM

-  INDICATES NEGATIVE NUMBERS.
R  INDICATES RECORD HAS BEEN SET OR TIED.
MM INDICATES DATA IS MISSING.
T  INDICATES TRACE OF PRECIPITATION.

&&
-------------------------------------------------------------------

AMOUNT OF DAYLIGHT TODAY  (HOUR:MIN)........17 HOURS 23 MINUTES
GAIN/LOSS SINCE YESTERDAY (HOUR:MIN:SEC)....+0:03:15

$$
LRM MAY 16
