000
CDAK48 PADQ 041217
CLIADQ

CLIMATE REPORT
NATIONAL WEATHER SERVICE KODIAK, AK
417 AM AKDT SAT JUL 4 2015

...................................
...THE KODIAK AP CLIMATE SUMMARY FOR JULY 3 2015...

CLIMATE NORMAL PERIOD  1981 TO  2010
CLIMATE RECORD PERIOD  1949 TO  2015

WEATHER ITEM   OBSERVED TIME    RECORD YEAR NORMAL DEPARTURE LAST
               VALUE    (LST)   VALUE       VALUE  FROM      YEAR
                                                   NORMAL
...................................................................
TEMPERATURE
YESTERDAY
 MAXIMUM            63  1107 AM    75  1999     58       5     69
 MINIMUM            49  0515 AM    38  1973     48       1     55
 AVERAGE            56                          53       3     62

PRECIPITATION
(INCHES)
 YESTERDAY        0.10           1.37  1982   0.16   -0.06   0.00
 MONTH TO DATE    0.10                        0.48   -0.38   0.04
 SINCE JUN 1      3.18                        6.39   -3.21   6.26
 SINCE JAN 1     42.30                       37.78    4.52  39.79

SNOWFALL
(INCHES)
 YESTERDAY         0.0            0.0  2015    0.0     0.0    0.0
 MONTH TO DATE     0.0                         0.0     0.0    0.0
 SINCE JUN 1       0.0                         0.0     0.0    0.0
 SINCE JUL 1       0.0                         0.0     0.0    0.0
 SNOW DEPTH (IN)     0                                          0

DEGREE DAYS
 HEATING
  YESTERDAY          9                          12      -3      3
  MONTH TO DATE     23                          37     -14     18
  SINCE JUN 1      334                         498    -164    440
  SINCE JUL 1       23                          37     -14     18

 COOLING
  YESTERDAY          0                           0       0      0
  MONTH TO DATE      0                           0       0      0
  SINCE JUN 1        1                           0       1      0
  SINCE JAN 1        1                           0       1      4
...................................................................

WIND (MPH)
 HIGHEST WIND SPEED    17     HIGHEST WIND DIRECTION     70
 HIGHEST GUST SPEED    20     HIGHEST GUST DIRECTION     60
 AVERAGE WIND SPEED   8.7

SKY COVER
  POSSIBLE SUNSHINE    MM          AVERAGE SKY COVER     MM

WEATHER CONDITIONS
 THE FOLLOWING WEATHER WAS RECORDED YESTERDAY.
  RAIN


RELATIVE HUMIDITY
 HIGHEST RH     MM PERCENT       MM
 LOWEST  RH     MM PERCENT       MM
 AVERAGE RH     MM PERCENT       MM
...................................................................

THE KODIAK CLIMATE NORMALS FOR TODAY
                           NORMAL    RECORD   YEAR
 MAXIMUM TEMPERATURE (F)     58        78     1999
 MINIMUM TEMPERATURE (F)     48        38     1971

SUNRISE AND SUNSET
 JUL 4 2015..........SUNRISE  5:18 AM      SUNSET 11:11 PM
 JUL 5 2015..........SUNRISE  5:19 AM      SUNSET 11:11 PM

-  INDICATES NEGATIVE NUMBERS.
R  INDICATES RECORD HAS BEEN SET OR TIED.
MM INDICATES DATA IS MISSING.
T  INDICATES TRACE OF PRECIPITATION.

&&
-------------------------------------------------------------------

AMOUNT OF DAYLIGHT TODAY  (HOUR:MIN)........17 HOURS 53 MINUTES
GAIN/LOSS SINCE YESTERDAY (HOUR:MIN:SEC)....-0:01:49

$$
*** JUL 15
