000
CDAK48 PAFC 181600
CLIADQ

CLIMATE REPORT
NATIONAL WEATHER SERVICE ANCHORAGE, AK
659 AM AKST WED JAN 18 2017


...................................

...THE KODIAK CLIMATE SUMMARY FOR JANUARY 17 2017...

CLIMATE NORMAL PERIOD 1981 TO 2010
CLIMATE RECORD PERIOD 1913 TO 2017


WEATHER ITEM   OBSERVED TIME   RECORD YEAR NORMAL DEPARTURE LAST
                VALUE   (LST)  VALUE       VALUE  FROM      YEAR
                                                  NORMAL
..................................................................
TEMPERATURE (F)
 YESTERDAY
  MAXIMUM         22   1158 PM  46    2014  35    -13       40
                                      1930
  MINIMUM          7    924 AM   3    1934  26    -19       37
  AVERAGE         15                        30    -15       39

PRECIPITATION (IN)
  YESTERDAY        T             2.74 2014   0.27  -0.27     0.12
  MONTH TO DATE    0.53                      4.70  -4.17     4.32
  SINCE DEC 1      4.64                     13.43  -8.79    16.59
  SINCE JAN 1      0.53                      4.70  -4.17     4.32

SNOWFALL (IN)
  YESTERDAY        0.1           5.3  2012   0.5   -0.4      0.0
  MONTH TO DATE    0.6                       6.6   -6.0       T
  SINCE DEC 1      4.2                      20.4  -16.2     14.9
  SINCE JUL 1      6.2                      27.9  -21.7     15.9
  SNOW DEPTH       T

DEGREE DAYS
 HEATING
  YESTERDAY       50                        35     15       26
  MONTH TO DATE  622                       583     39      404
  SINCE DEC 1   1655                      1631     24     1309
  SINCE JUL 1   3857                      4426   -569     3527

 COOLING
  YESTERDAY        0                         0      0        0
  MONTH TO DATE    0                         0      0        0
  SINCE DEC 1      0                         0      0        0
  SINCE JAN 1      0                         0      0        0
..................................................................


WIND (MPH)
  RESULTANT WIND SPEED   9   RESULTANT WIND DIRECTION  NW (310)
  HIGHEST WIND SPEED    18   HIGHEST WIND DIRECTION     W (290)
  HIGHEST GUST SPEED    26   HIGHEST GUST DIRECTION     W (270)
  AVERAGE WIND SPEED     9.4



WEATHER CONDITIONS
 THE FOLLOWING WEATHER WAS RECORDED YESTERDAY.
  LIGHT SNOW


RELATIVE HUMIDITY (PERCENT)
 HIGHEST    80
 LOWEST     59
 AVERAGE    70

..........................................................


THE KODIAK CLIMATE NORMALS FOR TODAY
                         NORMAL    RECORD    YEAR
 MAXIMUM TEMPERATURE (F)   35        46      1962
 MINIMUM TEMPERATURE (F)   26        -1      1947


SUNRISE AND SUNSET
JANUARY 18 2017.......SUNRISE   937 AM AKST  SUNSET   505 PM AKST
JANUARY 19 2017.......SUNRISE   935 AM AKST  SUNSET   507 PM AKST

CIVIL TWILIGHT
JANUARY 18 2017         START    850 AM GMT     END    552 PM GMT
JANUARY 19 2017         START    849 AM GMT     END    554 PM GMT



-  INDICATES NEGATIVE NUMBERS.
R  INDICATES RECORD WAS SET OR TIED.
MM INDICATES DATA IS MISSING.
T  INDICATES TRACE AMOUNT.




$$
&&
------------------------------------------------------
AMOUNT OF DAYLIGHT TODAY  (HOUR:MIN)........ 7:28
GAIN/LOSS SINCE YESTERDAY (HOUR:MIN:SEC)....+0:03:34
