000
CDAK48 PADQ 251004
CLIADQ

CLIMATE REPORT
NATIONAL WEATHER SERVICE KODIAK, AK
104 AM AKST THU DEC 25 2014

...................................
...THE KODIAK AP CLIMATE SUMMARY FOR DECEMBER 24 2014...

CLIMATE NORMAL PERIOD  1981 TO  2010
CLIMATE RECORD PERIOD  1949 TO  2014

WEATHER ITEM   OBSERVED TIME    RECORD YEAR NORMAL DEPARTURE LAST
               VALUE    (LST)   VALUE       VALUE  FROM      YEAR
                                                   NORMAL
...................................................................
TEMPERATURE
YESTERDAY
 MAXIMUM            43  1225 PM    53  1983     36       7     37
 MINIMUM            28  1113 PM     5  2001     26       2     23
 AVERAGE            36                          31       5     30

PRECIPITATION
(INCHES)
 YESTERDAY        0.10           3.28  1976   0.27   -0.17   0.34
 MONTH TO DATE    7.25                        6.81    0.44   2.29
 SINCE DEC 1      7.25                        6.81    0.44   2.29
 SINCE JAN 1     82.90                       76.08    6.82  63.30

SNOWFALL
(INCHES)
 YESTERDAY         0.1           14.7  2007    0.4    -0.3    3.4
 MONTH TO DATE     0.3                        11.1   -10.8   11.4
 SINCE DEC 1       0.3                        11.1   -10.8   11.4
 SINCE JUL 1       1.0                        18.6   -17.6   18.7
 SNOW DEPTH (IN)     0                                          3

DEGREE DAYS
 HEATING
  YESTERDAY         29                          34      -5     35
  MONTH TO DATE    633                         811    -178    819
  SINCE DEC 1      633                         811    -178    819
  SINCE JUL 1     3029                        3603    -574   3226

 COOLING
  YESTERDAY          0                           0       0      0
  MONTH TO DATE      0                           0       0      0
  SINCE DEC 1        0                           0       0      0
  SINCE JAN 1        4                           0       4      6
...................................................................

WIND (MPH)
 HIGHEST WIND SPEED    30     HIGHEST WIND DIRECTION    260
 HIGHEST GUST SPEED    38     HIGHEST GUST DIRECTION    260
 AVERAGE WIND SPEED   7.1

SKY COVER
  POSSIBLE SUNSHINE    MM          AVERAGE SKY COVER     MM

WEATHER CONDITIONS
 THE FOLLOWING WEATHER WAS RECORDED YESTERDAY.
  FOG
RAIN
SNOW


RELATIVE HUMIDITY
 HIGHEST RH     MM PERCENT       MM
 LOWEST  RH     MM PERCENT       MM
 AVERAGE RH     MM PERCENT       MM
...................................................................

THE KODIAK CLIMATE NORMALS FOR TODAY
                           NORMAL    RECORD   YEAR
 MAXIMUM TEMPERATURE (F)     36        47     1990
 MINIMUM TEMPERATURE (F)     26         3     2012

SUNRISE AND SUNSET
 DEC 25 2014..........SUNRISE  9:55 AM      SUNSET  4:27 PM
 DEC 26 2014..........SUNRISE  9:55 AM      SUNSET  4:28 PM

-  INDICATES NEGATIVE NUMBERS.
R  INDICATES RECORD HAS BEEN SET OR TIED.
MM INDICATES DATA IS MISSING.
T  INDICATES TRACE OF PRECIPITATION.

&&
-------------------------------------------------------------------

AMOUNT OF DAYLIGHT TODAY  (HOUR:MIN)........6 HOURS 32 MINUTES
GAIN/LOSS SINCE YESTERDAY (HOUR:MIN:SEC)....+0:00:32

$$
*** DEC 14
