000
CDAK48 PADQ 030919
CLIADQ

CLIMATE REPORT
NATIONAL WEATHER SERVICE KODIAK, AK
119 AM AKDT WED JUN 3 2015

...................................
...THE KODIAK AP CLIMATE SUMMARY FOR JUNE 2 2015...

CLIMATE NORMAL PERIOD  1981 TO  2010
CLIMATE RECORD PERIOD  1949 TO  2015

WEATHER ITEM   OBSERVED TIME    RECORD YEAR NORMAL DEPARTURE LAST
               VALUE    (LST)   VALUE       VALUE  FROM      YEAR
                                                   NORMAL
...................................................................
TEMPERATURE
YESTERDAY
 MAXIMUM            58  0143 PM    69  1957     53       5     55
 MINIMUM            43  0448 AM    30  1968     42       1     43
 AVERAGE            51                          47       4     49

PRECIPITATION
(INCHES)
 YESTERDAY        0.10           2.56  1989   0.21   -0.11      T
 MONTH TO DATE    0.10                        0.42   -0.32      T
 SINCE JUN 1      0.10                        0.42   -0.32   0.00
 SINCE JAN 1     39.22                       31.81    7.41  33.53

SNOWFALL
(INCHES)
 YESTERDAY         0.0            0.0  2015    0.0     0.0    0.0
 MONTH TO DATE     0.0                         0.0     0.0    0.0
 SINCE JUN 1       0.0                         0.0     0.0    0.0
 SINCE JUL 1      20.1                        68.9   -48.8     MM
 SNOW DEPTH (IN)     0                                          0

DEGREE DAYS
 HEATING
  YESTERDAY         14                          18      -4     16
  MONTH TO DATE     21                          36     -15     33
  SINCE JUN 1       21                          36     -15     33
  SINCE JUL 1     7140                        8370   -1230   7510

 COOLING
  YESTERDAY          0                           0       0      0
  MONTH TO DATE      0                           0       0      0
  SINCE JUN 1        0                           0       0      0
  SINCE JAN 1        0                           0       0      4
...................................................................

WIND (MPH)
 HIGHEST WIND SPEED    20     HIGHEST WIND DIRECTION    110
 HIGHEST GUST SPEED    22     HIGHEST GUST DIRECTION    110
 AVERAGE WIND SPEED   9.1

SKY COVER
  POSSIBLE SUNSHINE    MM          AVERAGE SKY COVER     MM

WEATHER CONDITIONS
 THE FOLLOWING WEATHER WAS RECORDED YESTERDAY.
  FOG
RAIN


RELATIVE HUMIDITY
 HIGHEST RH     MM PERCENT       MM
 LOWEST  RH     MM PERCENT       MM
 AVERAGE RH     MM PERCENT       MM
...................................................................

THE KODIAK CLIMATE NORMALS FOR TODAY
                           NORMAL    RECORD   YEAR
 MAXIMUM TEMPERATURE (F)     53        73     1980
 MINIMUM TEMPERATURE (F)     42        33     2007

SUNRISE AND SUNSET
 JUN 3 2015..........SUNRISE  5:17 AM      SUNSET 11:01 PM
 JUN 4 2015..........SUNRISE  5:16 AM      SUNSET 11:02 PM

-  INDICATES NEGATIVE NUMBERS.
R  INDICATES RECORD HAS BEEN SET OR TIED.
MM INDICATES DATA IS MISSING.
T  INDICATES TRACE OF PRECIPITATION.

&&
-------------------------------------------------------------------

AMOUNT OF DAYLIGHT TODAY  (HOUR:MIN)........17 HOURS 44 MINUTES
GAIN/LOSS SINCE YESTERDAY (HOUR:MIN:SEC)....+0:02:30

$$
*** JUN 15
