000
CDAK48 PADQ 281206
CLIADQ

CLIMATE REPORT
NATIONAL WEATHER SERVICE KODIAK, AK
406 AM AKDT TUE JUL 28 2015

...................................
...THE KODIAK AP CLIMATE SUMMARY FOR JULY 27 2015...

CLIMATE NORMAL PERIOD  1981 TO  2010
CLIMATE RECORD PERIOD  1913 TO  2015

WEATHER ITEM   OBSERVED TIME    RECORD YEAR NORMAL DEPARTURE LAST
               VALUE    (LST)   VALUE       VALUE  FROM      YEAR
                                                   NORMAL
...................................................................
TEMPERATURE
YESTERDAY
 MAXIMUM            64  0825 PM    81  1987     61       3     72
 MINIMUM            54  0514 AM    43  1939     50       4     47
 AVERAGE            59                          56       3     60

PRECIPITATION
(INCHES)
 YESTERDAY        0.01           1.35  1977   0.15   -0.14   0.00
 MONTH TO DATE    3.17                        4.35   -1.18   2.22
 SINCE JUN 1      6.25                       10.26   -4.01   8.44
 SINCE JAN 1     45.37                       41.65    3.72  41.97

SNOWFALL
(INCHES)
 YESTERDAY         0.0            0.0  2015    0.0     0.0    0.0
 MONTH TO DATE     0.0                         0.0     0.0    0.0
 SINCE JUN 1       0.0                         0.0     0.0    0.0
 SINCE JUL 1       0.0                         0.0     0.0    0.0
 SNOW DEPTH (IN)     0                                          0

DEGREE DAYS
 HEATING
  YESTERDAY          6                           9      -3      5
  MONTH TO DATE    199                         290     -91    211
  SINCE JUN 1      510                         751    -241    633
  SINCE JUL 1      199                         290     -91    211

 COOLING
  YESTERDAY          0                           0       0      0
  MONTH TO DATE      0                           0       0      0
  SINCE JUN 1        1                           0       1      0
  SINCE JAN 1        1                           0       1      4
...................................................................

WIND (MPH)
 HIGHEST WIND SPEED    13     HIGHEST WIND DIRECTION     90
 HIGHEST GUST SPEED    17     HIGHEST GUST DIRECTION    320
 AVERAGE WIND SPEED   5.1

SKY COVER
  POSSIBLE SUNSHINE    MM          AVERAGE SKY COVER     MM

WEATHER CONDITIONS
 THE FOLLOWING WEATHER WAS RECORDED YESTERDAY.
  RAIN


RELATIVE HUMIDITY
 HIGHEST RH     MM PERCENT       MM
 LOWEST  RH     MM PERCENT       MM
 AVERAGE RH     MM PERCENT       MM
...................................................................

THE KODIAK CLIMATE NORMALS FOR TODAY
                           NORMAL    RECORD   YEAR
 MAXIMUM TEMPERATURE (F)     61        81     1987
 MINIMUM TEMPERATURE (F)     50        43     1939

SUNRISE AND SUNSET
 JUL 28 2015..........SUNRISE  5:57 AM      SUNSET 10:36 PM
 JUL 29 2015..........SUNRISE  5:59 AM      SUNSET 10:34 PM

-  INDICATES NEGATIVE NUMBERS.
R  INDICATES RECORD HAS BEEN SET OR TIED.
MM INDICATES DATA IS MISSING.
T  INDICATES TRACE OF PRECIPITATION.

&&
-------------------------------------------------------------------

AMOUNT OF DAYLIGHT TODAY  (HOUR:MIN)........16 HOURS 39 MINUTES
GAIN/LOSS SINCE YESTERDAY (HOUR:MIN:SEC)....-0:04:01

$$
*** JUL 15
