000
CDUS44 KLCH 250838
CLIAEX


CLIMATE REPORT
NATIONAL WEATHER SERVICE LAKE CHARLES, LA
337 AM CDT SAT OCT 25 2014


...................................

...THE ALEXANDRIA CLIMATE SUMMARY FOR OCTOBER 24 2014...

CLIMATE NORMAL PERIOD 1981 TO 2010
CLIMATE RECORD PERIOD 1892 TO 2014


WEATHER ITEM   OBSERVED TIME   RECORD YEAR NORMAL DEPARTURE LAST
                VALUE   (LST)  VALUE       VALUE  FROM      YEAR
                                                  NORMAL
..................................................................
TEMPERATURE (F)
 YESTERDAY
  MAXIMUM         77    302 PM  91    1953  77      0       83
  MINIMUM         44    643 AM  32    1917  52     -8       48
  AVERAGE         61                        65     -4       66

PRECIPITATION (IN)
  YESTERDAY        0.00          2.75 1997   0.13  -0.13     0.00
  MONTH TO DATE    4.54                      4.61  -0.07     2.57
  SINCE SEP 1      5.41                      7.51  -2.10     7.96
  SINCE JAN 1     36.76                     43.74  -6.98    45.55

SNOWFALL (IN)
  YESTERDAY        0.0           0.0    MM  MM     MM       MM
  MONTH TO DATE    0.0                      MM     MM        0.0
  SINCE SEP 1      0.0                      MM     MM        0.0
  SINCE JUL 1      0.0                      MM     MM        0.0
  SNOW DEPTH       0

DEGREE DAYS
 HEATING
  YESTERDAY        4                         3      1        0
  MONTH TO DATE   16                        42    -26       31
  SINCE SEP 1     16                        45    -29       31
  SINCE JUL 1     16                        45    -29       31

 COOLING
  YESTERDAY        0                         3     -3        1
  MONTH TO DATE  146                       118     28      142
  SINCE SEP 1    547                       481     66      603
  SINCE JAN 1   2455                      2468    -13     2568
..................................................................


WIND (MPH)
  HIGHEST WIND SPEED    12   HIGHEST WIND DIRECTION     N (340)
  HIGHEST GUST SPEED    16   HIGHEST GUST DIRECTION     N (340)
  AVERAGE WIND SPEED     1.8


SKY COVER
  POSSIBLE SUNSHINE  MM
  AVERAGE SKY COVER 0.0


WEATHER CONDITIONS
 THE FOLLOWING WEATHER WAS RECORDED YESTERDAY.
  FOG


RELATIVE HUMIDITY (PERCENT)
 HIGHEST   100           300 AM
 LOWEST     31           200 PM
 AVERAGE    66

..........................................................


THE ALEXANDRIA CLIMATE NORMALS FOR TODAY
                         NORMAL    RECORD    YEAR
 MAXIMUM TEMPERATURE (F)   77        88      2010
                                             1919
                                             1902
 MINIMUM TEMPERATURE (F)   52        32      1917


SUNRISE AND SUNSET
OCTOBER 25 2014.......SUNRISE   720 AM CDT   SUNSET   628 PM CDT
OCTOBER 26 2014.......SUNRISE   721 AM CDT   SUNSET   627 PM CDT


-  INDICATES NEGATIVE NUMBERS.
R  INDICATES RECORD WAS SET OR TIED.
MM INDICATES DATA IS MISSING.
T  INDICATES TRACE AMOUNT.




$$
