000
CDUS44 KLCH 220931
CLIAEX


CLIMATE REPORT
NATIONAL WEATHER SERVICE LAKE CHARLES, LA
430 AM CDT TUE AUG 22 2017


...................................

...THE ALEXANDRIA CLIMATE SUMMARY FOR AUGUST 21 2017...

CLIMATE NORMAL PERIOD 1981 TO 2010
CLIMATE RECORD PERIOD 1892 TO 2017


WEATHER ITEM   OBSERVED TIME   RECORD YEAR NORMAL DEPARTURE LAST
                VALUE   (LST)  VALUE       VALUE  FROM      YEAR
                                                  NORMAL
..................................................................
TEMPERATURE (F)
 YESTERDAY
  MAXIMUM         93    155 PM 104    1999  94     -1       88
  MINIMUM         73    824 AM  57    1940  72      1       74
  AVERAGE         83                        82      1       81

PRECIPITATION (IN)
  YESTERDAY        0.00          1.45 1978   0.13  -0.13     0.64
  MONTH TO DATE    3.17                      2.31   0.86     7.78
  SINCE JUN 1     11.84                     11.04   0.80    15.82
  SINCE JAN 1     36.55                     35.04   1.51    38.17

DEGREE DAYS
 COOLING
  YESTERDAY       18                        17      1       16
  MONTH TO DATE  367                       377    -10      385
  SINCE JUN 1   1336                      1369    -33     1455
  SINCE JAN 1   1911                      1823     88     1922
..................................................................


WIND (MPH)
  HIGHEST WIND SPEED    15   HIGHEST WIND DIRECTION    SE (140)
  HIGHEST GUST SPEED    19   HIGHEST GUST DIRECTION     S (160)
  AVERAGE WIND SPEED     2.0


SKY COVER
  POSSIBLE SUNSHINE  MM
  AVERAGE SKY COVER 0.1


WEATHER CONDITIONS
 THE FOLLOWING WEATHER WAS RECORDED YESTERDAY.
  THUNDERSTORM
  FOG


RELATIVE HUMIDITY (PERCENT)
 HIGHEST   100          1200 AM
 LOWEST     56           200 PM
 AVERAGE    78

..........................................................


THE ALEXANDRIA CLIMATE NORMALS FOR TODAY
                         NORMAL    RECORD    YEAR
 MAXIMUM TEMPERATURE (F)   94       103      1980
                                             1906
                                             1902
 MINIMUM TEMPERATURE (F)   71        55      1893


SUNRISE AND SUNSET
AUGUST 22 2017........SUNRISE   640 AM CDT   SUNSET   745 PM CDT
AUGUST 23 2017........SUNRISE   641 AM CDT   SUNSET   744 PM CDT


-  INDICATES NEGATIVE NUMBERS.
R  INDICATES RECORD WAS SET OR TIED.
MM INDICATES DATA IS MISSING.
T  INDICATES TRACE AMOUNT.




$$
