000
CDUS44 KLCH 310911
CLIAEX


CLIMATE REPORT
NATIONAL WEATHER SERVICE LAKE CHARLES, LA
411 AM CDT FRI OCT 31 2014


...................................

...THE ALEXANDRIA CLIMATE SUMMARY FOR OCTOBER 30 2014...

CLIMATE NORMAL PERIOD 1981 TO 2010
CLIMATE RECORD PERIOD 1892 TO 2014


WEATHER ITEM   OBSERVED TIME   RECORD YEAR NORMAL DEPARTURE LAST
                VALUE   (LST)  VALUE       VALUE  FROM      YEAR
                                                  NORMAL
..................................................................
TEMPERATURE (F)
 YESTERDAY
  MAXIMUM         75    227 PM  90    1951  76     -1       74
  MINIMUM         41    607 AM  27    1910  50     -9       64
  AVERAGE         58                        63     -5       69

PRECIPITATION (IN)
  YESTERDAY        0.00          7.40 1941   0.06  -0.06     0.43
  MONTH TO DATE    4.55                      5.12  -0.57     3.13
  SINCE SEP 1      5.42                      8.02  -2.60     8.52
  SINCE JAN 1     36.77                     44.25  -7.48    46.11

SNOWFALL (IN)
  YESTERDAY        0.0           0.0    MM  MM     MM        0.0
  MONTH TO DATE    0.0                      MM     MM        0.0
  SINCE SEP 1      0.0                      MM     MM        0.0
  SINCE JUL 1      0.0                      MM     MM        0.0
  SNOW DEPTH       0

DEGREE DAYS
 HEATING
  YESTERDAY        7                         4      3        0
  MONTH TO DATE   28                        66    -38       43
  SINCE SEP 1     28                        69    -41       43
  SINCE JUL 1     28                        69    -41       43

 COOLING
  YESTERDAY        0                         2     -2        4
  MONTH TO DATE  161                       135     26      159
  SINCE SEP 1    562                       498     64      620
  SINCE JAN 1   2470                      2485    -15     2585
..................................................................


WIND (MPH)
  HIGHEST WIND SPEED    13   HIGHEST WIND DIRECTION     E (100)
  HIGHEST GUST SPEED    16   HIGHEST GUST DIRECTION     E (110)
  AVERAGE WIND SPEED     1.9


SKY COVER
  POSSIBLE SUNSHINE  MM
  AVERAGE SKY COVER 0.0


WEATHER CONDITIONS
 THE FOLLOWING WEATHER WAS RECORDED YESTERDAY.
  FOG
  FOG W/VISIBILITY <= 1/4 MILE


RELATIVE HUMIDITY (PERCENT)
 HIGHEST   100           100 AM
 LOWEST     29           100 PM
 AVERAGE    65

..........................................................


THE ALEXANDRIA CLIMATE NORMALS FOR TODAY
                         NORMAL    RECORD    YEAR
 MAXIMUM TEMPERATURE (F)   75        89      1951
 MINIMUM TEMPERATURE (F)   50        29      1917
                                             1910


SUNRISE AND SUNSET
OCTOBER 31 2014.......SUNRISE   725 AM CDT   SUNSET   622 PM CDT
NOVEMBER  1 2014......SUNRISE   726 AM CDT   SUNSET   621 PM CDT


-  INDICATES NEGATIVE NUMBERS.
R  INDICATES RECORD WAS SET OR TIED.
MM INDICATES DATA IS MISSING.
T  INDICATES TRACE AMOUNT.




$$
