000
CDUS44 KLCH 241245
CLIAEX


CLIMATE REPORT
NATIONAL WEATHER SERVICE LAKE CHARLES, LA
645 AM CST FRI FEB 24 2017


...................................

...THE ALEXANDRIA CLIMATE SUMMARY FOR FEBRUARY 23 2017...

CLIMATE NORMAL PERIOD 1981 TO 2010
CLIMATE RECORD PERIOD 1892 TO 2017


WEATHER ITEM   OBSERVED TIME   RECORD YEAR NORMAL DEPARTURE LAST
                VALUE   (LST)  VALUE       VALUE  FROM      YEAR
                                                  NORMAL
..................................................................
TEMPERATURE (F)
 YESTERDAY
  MAXIMUM         78    334 PM  84    1907  65     13       68
  MINIMUM         51    623 AM  19    1968  43      8       47
  AVERAGE         65                        54     11       58

PRECIPITATION (IN)
  YESTERDAY        0.00          1.33 1979   0.17  -0.17     0.58
  MONTH TO DATE    1.91                      3.68  -1.77     2.70
  SINCE DEC 1     16.73                     15.02   1.71    14.54
  SINCE JAN 1      7.68                      8.90  -1.22     6.48

SNOWFALL (IN)
  YESTERDAY        0.0           4.2  1968  MM     MM       MM
  MONTH TO DATE    0.0                      MM     MM        0.0
  SINCE DEC 1      0.5                      MM     MM        0.0
  SINCE JUL 1      0.5                      MM     MM        0.0
  SNOW DEPTH       0

DEGREE DAYS
 HEATING
  YESTERDAY        0                        12    -12        7
  MONTH TO DATE  115                       320   -205      225
  SINCE DEC 1    780                      1286   -506      978
  SINCE JUL 1    955                      1611   -656     1129
..................................................................


WIND (MPH)
  HIGHEST WIND SPEED    16   HIGHEST WIND DIRECTION     S (160)
  HIGHEST GUST SPEED    20   HIGHEST GUST DIRECTION    SE (150)
  AVERAGE WIND SPEED     8.2


SKY COVER
  POSSIBLE SUNSHINE  MM
  AVERAGE SKY COVER 0.1


WEATHER CONDITIONS
 THE FOLLOWING WEATHER WAS RECORDED YESTERDAY.
  FOG
  FOG W/VISIBILITY <= 1/4 MILE


RELATIVE HUMIDITY (PERCENT)
 HIGHEST   100           100 AM
 LOWEST     47           200 PM
 AVERAGE    74

..........................................................


THE ALEXANDRIA CLIMATE NORMALS FOR TODAY
                         NORMAL    RECORD    YEAR
 MAXIMUM TEMPERATURE (F)   65        83      2011
 MINIMUM TEMPERATURE (F)   43        20      1968


SUNRISE AND SUNSET
FEBRUARY 24 2017......SUNRISE   642 AM CST   SUNSET   605 PM CST
FEBRUARY 25 2017......SUNRISE   641 AM CST   SUNSET   606 PM CST


-  INDICATES NEGATIVE NUMBERS.
R  INDICATES RECORD WAS SET OR TIED.
MM INDICATES DATA IS MISSING.
T  INDICATES TRACE AMOUNT.




$$
