000
CDUS44 KLCH 270837
CLIAEX


CLIMATE REPORT
NATIONAL WEATHER SERVICE LAKE CHARLES, LA
336 AM CDT FRI MAR 27 2015


...................................

...THE ALEXANDRIA CLIMATE SUMMARY FOR MARCH 26 2015...

CLIMATE NORMAL PERIOD 1981 TO 2010
CLIMATE RECORD PERIOD 1892 TO 2015


WEATHER ITEM   OBSERVED TIME   RECORD YEAR NORMAL DEPARTURE LAST
                VALUE   (LST)  VALUE       VALUE  FROM      YEAR
                                                  NORMAL
..................................................................
TEMPERATURE (F)
 YESTERDAY
  MAXIMUM         72    122 PM  91    1907  73     -1       61
  MINIMUM         50   1159 PM  25    2013  50      0       38
  AVERAGE         61                        62     -1       50

PRECIPITATION (IN)
  YESTERDAY        T             3.47 1949   0.16  -0.16     0.00
  MONTH TO DATE    5.80                      4.28   1.52     2.31
  SINCE MAR 1      5.80                      4.28   1.52     2.31
  SINCE JAN 1     10.90                     13.96  -3.06     8.69

SNOWFALL (IN)
  YESTERDAY        0.0           0.0    MM  MM     MM        0.0
  MONTH TO DATE    0.3                      MM     MM        0.2
  SINCE MAR 1      0.3                      MM     MM        0.2
  SINCE JUL 1      0.3                      MM     MM        5.0
  SNOW DEPTH       0

DEGREE DAYS
 HEATING
  YESTERDAY        4                         5     -1       15
  MONTH TO DATE  166                       190    -24      295
  SINCE MAR 1    166                       190    -24      295
  SINCE JUL 1   2017                      1855    162     2311

 COOLING
  YESTERDAY        0                         2     -2        0
  MONTH TO DATE   29                        28      1        6
  SINCE MAR 1     29                        28      1        6
  SINCE JAN 1     30                        45    -15       17
..................................................................


WIND (MPH)
  HIGHEST WIND SPEED    26   HIGHEST WIND DIRECTION    NW (310)
  HIGHEST GUST SPEED    31   HIGHEST GUST DIRECTION    NW (320)
  AVERAGE WIND SPEED     8.4


SKY COVER
  POSSIBLE SUNSHINE  MM
  AVERAGE SKY COVER 0.8


WEATHER CONDITIONS
 THE FOLLOWING WEATHER WAS RECORDED YESTERDAY.
  LIGHT RAIN
  FOG


RELATIVE HUMIDITY (PERCENT)
 HIGHEST   100           500 AM
 LOWEST     77           900 PM
 AVERAGE    89

..........................................................


THE ALEXANDRIA CLIMATE NORMALS FOR TODAY
                         NORMAL    RECORD    YEAR
 MAXIMUM TEMPERATURE (F)   74        91      1907
 MINIMUM TEMPERATURE (F)   50        29      2013


SUNRISE AND SUNSET
MARCH 27 2015.........SUNRISE   705 AM CDT   SUNSET   726 PM CDT
MARCH 28 2015.........SUNRISE   704 AM CDT   SUNSET   727 PM CDT


-  INDICATES NEGATIVE NUMBERS.
R  INDICATES RECORD WAS SET OR TIED.
MM INDICATES DATA IS MISSING.
T  INDICATES TRACE AMOUNT.




$$
