000
CDUS44 KLCH 010818
CLIAEX


CLIMATE REPORT
NATIONAL WEATHER SERVICE LAKE CHARLES, LA
317 AM CDT SAT AUG 1 2015


...................................

...THE ALEXANDRIA CLIMATE SUMMARY FOR JULY 31 2015...

CLIMATE NORMAL PERIOD 1981 TO 2010
CLIMATE RECORD PERIOD 1892 TO 2015


WEATHER ITEM   OBSERVED TIME   RECORD YEAR NORMAL DEPARTURE LAST
                VALUE   (LST)  VALUE       VALUE  FROM      YEAR
                                                  NORMAL
..................................................................
TEMPERATURE (F)
 YESTERDAY
  MAXIMUM         95    350 PM 103    1998  93      2       84
                                      1930
  MINIMUM         73    622 AM  63    1897  73      0       70
  AVERAGE         84                        83      1       77

PRECIPITATION (IN)
  YESTERDAY        0.00          3.25 1923   0.08  -0.08      T
  MONTH TO DATE    3.54                      3.63  -0.09     5.15
  SINCE JUN 1      8.34                      8.73  -0.39     8.03
  SINCE JAN 1     33.59                     32.73   0.86    26.25

DEGREE DAYS
 COOLING
  YESTERDAY       19                        18      1       12
  MONTH TO DATE  608                       539     69      495
  SINCE JUN 1   1093                       992    101      968
  SINCE JAN 1   1615                      1446    169     1379
..................................................................


WIND (MPH)
  HIGHEST WIND SPEED    15   HIGHEST WIND DIRECTION    NE (40)
  HIGHEST GUST SPEED    22   HIGHEST GUST DIRECTION     N (20)
  AVERAGE WIND SPEED     7.1


SKY COVER
  POSSIBLE SUNSHINE  MM
  AVERAGE SKY COVER 0.1


WEATHER CONDITIONS
 THE FOLLOWING WEATHER WAS RECORDED YESTERDAY.
  FOG


RELATIVE HUMIDITY (PERCENT)
 HIGHEST   100          1200 AM
 LOWEST     32           400 PM
 AVERAGE    66

..........................................................


THE ALEXANDRIA CLIMATE NORMALS FOR TODAY
                         NORMAL    RECORD    YEAR
 MAXIMUM TEMPERATURE (F)   93       105      1998
 MINIMUM TEMPERATURE (F)   73        64      1936
                                             1897


SUNRISE AND SUNSET
AUGUST  1 2015........SUNRISE   627 AM CDT   SUNSET   806 PM CDT
AUGUST  2 2015........SUNRISE   627 AM CDT   SUNSET   805 PM CDT


-  INDICATES NEGATIVE NUMBERS.
R  INDICATES RECORD WAS SET OR TIED.
MM INDICATES DATA IS MISSING.
T  INDICATES TRACE AMOUNT.




$$
