000
CDUS44 KLCH 190843
CLIAEX


CLIMATE REPORT
NATIONAL WEATHER SERVICE LAKE CHARLES, LA
243 AM CST THU JAN 19 2017


...................................

...THE ALEXANDRIA CLIMATE SUMMARY FOR JANUARY 18 2017...

CLIMATE NORMAL PERIOD 1981 TO 2010
CLIMATE RECORD PERIOD 1892 TO 2017


WEATHER ITEM   OBSERVED TIME   RECORD YEAR NORMAL DEPARTURE LAST
                VALUE   (LST)  VALUE       VALUE  FROM      YEAR
                                                  NORMAL
..................................................................
TEMPERATURE (F)
 YESTERDAY
  MAXIMUM         67    701 PM  82    1907  59      8       56
  MINIMUM         59    513 AM  13    1930  38     21       27
  AVERAGE         63                        49     14       42

PRECIPITATION (IN)
  YESTERDAY        2.68R         2.55 1987   0.18   2.50     0.00
  MONTH TO DATE    3.96                      2.77   1.19     1.91
  SINCE DEC 1     13.01                      8.89   4.12     9.97
  SINCE JAN 1      3.96                      2.77   1.19     1.91

SNOWFALL (IN)
  YESTERDAY        0.0           0.3  1940  MM     MM        0.0
  MONTH TO DATE    0.5                      MM     MM        0.0
  SINCE DEC 1      0.5                      MM     MM        0.0
  SINCE JUL 1      0.5                      MM     MM        0.0
  SNOW DEPTH       0

DEGREE DAYS
 HEATING
  YESTERDAY        2                        16    -14       23
  MONTH TO DATE  180                       288   -108      317
  SINCE DEC 1    551                       752   -201      564
  SINCE JUL 1    726                      1077   -351      715
..................................................................


WIND (MPH)
  HIGHEST WIND SPEED    16   HIGHEST WIND DIRECTION     W (280)
  HIGHEST GUST SPEED    18   HIGHEST GUST DIRECTION     W (290)
  AVERAGE WIND SPEED     5.2


SKY COVER
  POSSIBLE SUNSHINE  MM
  AVERAGE SKY COVER 1.0


WEATHER CONDITIONS
 THE FOLLOWING WEATHER WAS RECORDED YESTERDAY.
  THUNDERSTORM
  HEAVY RAIN
  RAIN
  LIGHT RAIN
  FOG


RELATIVE HUMIDITY (PERCENT)
 HIGHEST   100           600 AM
 LOWEST     90           300 AM
 AVERAGE    95

..........................................................


THE ALEXANDRIA CLIMATE NORMALS FOR TODAY
                         NORMAL    RECORD    YEAR
 MAXIMUM TEMPERATURE (F)   59        81      1895
 MINIMUM TEMPERATURE (F)   38        10      1940


SUNRISE AND SUNSET
JANUARY 19 2017.......SUNRISE   709 AM CST   SUNSET   534 PM CST
JANUARY 20 2017.......SUNRISE   708 AM CST   SUNSET   535 PM CST


-  INDICATES NEGATIVE NUMBERS.
R  INDICATES RECORD WAS SET OR TIED.
MM INDICATES DATA IS MISSING.
T  INDICATES TRACE AMOUNT.




$$
