078
CDUS44 KLCH 241245
CLIAEX


CLIMATE REPORT
NATIONAL WEATHER SERVICE LAKE CHARLES, LA
745 AM CDT TUE MAY 24 2016


...................................

...THE ALEXANDRIA CLIMATE SUMMARY FOR MAY 23 2016...

CLIMATE NORMAL PERIOD 1981 TO 2010
CLIMATE RECORD PERIOD 1892 TO 2016


WEATHER ITEM   OBSERVED TIME   RECORD YEAR NORMAL DEPARTURE LAST
                VALUE   (LST)  VALUE       VALUE  FROM      YEAR
                                                  NORMAL
..................................................................
TEMPERATURE (F)
 YESTERDAY
  MAXIMUM         86    346 PM  97    2005  87     -1       87
  MINIMUM         63    538 AM  50    1954  65     -2       65
  AVERAGE         75                        76     -1       76

PRECIPITATION (IN)
  YESTERDAY        0.00          2.09 1952   0.18  -0.18     0.00
  MONTH TO DATE    1.75                      3.43  -1.68     3.63
  SINCE MAR 1     13.95                     13.03   0.92    16.73
  SINCE JAN 1     20.43                     22.71  -2.28    21.83

DEGREE DAYS
 COOLING
  YESTERDAY       10                        11     -1       11
  MONTH TO DATE  157                       198    -41      227
  SINCE MAR 1    345                       340      5      423
  SINCE JAN 1    353                       357     -4      424
..................................................................


WIND (MPH)
  HIGHEST WIND SPEED    14   HIGHEST WIND DIRECTION    SE (140)
  HIGHEST GUST SPEED    19   HIGHEST GUST DIRECTION    SE (130)
  AVERAGE WIND SPEED     5.9


SKY COVER
  POSSIBLE SUNSHINE  MM
  AVERAGE SKY COVER 0.2


WEATHER CONDITIONS
 THE FOLLOWING WEATHER WAS RECORDED YESTERDAY.
  NO SIGNIFICANT WEATHER WAS OBSERVED.


RELATIVE HUMIDITY (PERCENT)
 HIGHEST    87          1200 AM
 LOWEST     48           200 PM
 AVERAGE    68

..........................................................


THE ALEXANDRIA CLIMATE NORMALS FOR TODAY
                         NORMAL    RECORD    YEAR
 MAXIMUM TEMPERATURE (F)   87        96      2005
 MINIMUM TEMPERATURE (F)   66        51      1967
                                             1917
                                             1893


SUNRISE AND SUNSET
MAY 24 2016...........SUNRISE   609 AM CDT   SUNSET   805 PM CDT
MAY 25 2016...........SUNRISE   609 AM CDT   SUNSET   806 PM CDT


-  INDICATES NEGATIVE NUMBERS.
R  INDICATES RECORD WAS SET OR TIED.
MM INDICATES DATA IS MISSING.
T  INDICATES TRACE AMOUNT.




$$
