000
CDUS44 KLCH 202208
CLIAEX


CLIMATE REPORT
NATIONAL WEATHER SERVICE LAKE CHARLES, LA
408 PM CST SAT JAN 20 2018


...................................

...THE ALEXANDRIA CLIMATE SUMMARY FOR JANUARY 20 2018...
VALID TODAY AS OF 0400 PM LOCAL TIME.

CLIMATE NORMAL PERIOD 1981 TO 2010
CLIMATE RECORD PERIOD 1892 TO 2018


WEATHER ITEM   OBSERVED TIME   RECORD YEAR NORMAL DEPARTURE LAST
                VALUE   (LST)  VALUE       VALUE  FROM      YEAR
                                                  NORMAL
..................................................................
TEMPERATURE (F)
 TODAY
  MAXIMUM         66    216 PM  87    1895  59      7       76
  MINIMUM         40   1246 AM  15    1940  38      2       57
  AVERAGE         53                        49      4       67

PRECIPITATION (IN)
  TODAY            0.10          3.60 1979   0.17  -0.07     0.55
  MONTH TO DATE    2.69                      3.12  -0.43     5.08
  SINCE DEC 1      5.02                      9.24  -4.22    14.13
  SINCE JAN 1      2.69                      3.12  -0.43     5.08

SNOWFALL (IN)
  TODAY           MM             2.0  1978  MM     MM        0.0
  MONTH TO DATE    0.8                      MM     MM        0.5
  SINCE DEC 1      2.9                      MM     MM        0.5
  SINCE JUL 1      2.9                      MM     MM        0.5
  SNOW DEPTH       0

DEGREE DAYS
 HEATING
  TODAY           12                        16     -4        0
  MONTH TO DATE  508                       320    188      183
  SINCE DEC 1    997                       784    213      554
  SINCE JUL 1   1267                      1109    158      729
..................................................................


WIND (MPH)
  HIGHEST WIND SPEED    16   HIGHEST WIND DIRECTION    SE (140)
  HIGHEST GUST SPEED    21   HIGHEST GUST DIRECTION    SE (150)
  AVERAGE WIND SPEED     9.6


SKY COVER
  POSSIBLE SUNSHINE  MM
  AVERAGE SKY COVER 0.9


WEATHER CONDITIONS
 THE FOLLOWING WEATHER WAS RECORDED TODAY.
  RAIN
  LIGHT RAIN
  FOG


RELATIVE HUMIDITY (PERCENT)
 HIGHEST    93          1100 AM
 LOWEST     53           200 AM
 AVERAGE    73

..........................................................


THE ALEXANDRIA CLIMATE NORMALS FOR TOMORROW
                         NORMAL    RECORD    YEAR
 MAXIMUM TEMPERATURE (F)   59        79      2012
                                             1937
                                             1920
 MINIMUM TEMPERATURE (F)   38        13      1985


SUNRISE AND SUNSET
JANUARY 20 2018.......SUNRISE   708 AM CST   SUNSET   535 PM CST
JANUARY 21 2018.......SUNRISE   708 AM CST   SUNSET   535 PM CST


-  INDICATES NEGATIVE NUMBERS.
R  INDICATES RECORD WAS SET OR TIED.
MM INDICATES DATA IS MISSING.
T  INDICATES TRACE AMOUNT.




$$
