897
CDUS44 KLCH 121245
CLIAEX


CLIMATE REPORT
NATIONAL WEATHER SERVICE LAKE CHARLES, LA
645 AM CST FRI FEB 12 2016


...................................

...THE ALEXANDRIA CLIMATE SUMMARY FOR FEBRUARY 11 2016...

CLIMATE NORMAL PERIOD 1981 TO 2010
CLIMATE RECORD PERIOD 1892 TO 2016


WEATHER ITEM   OBSERVED TIME   RECORD YEAR NORMAL DEPARTURE LAST
                VALUE   (LST)  VALUE       VALUE  FROM      YEAR
                                                  NORMAL
..................................................................
TEMPERATURE (F)
 YESTERDAY
  MAXIMUM         77    348 PM  84    1957  62     15       72
  MINIMUM         47    729 AM  15    1981  40      7       36
  AVERAGE         62                        51     11       54

PRECIPITATION (IN)
  YESTERDAY        0.00          2.60 1913   0.15  -0.15     0.00
  MONTH TO DATE    0.42                      1.68  -1.26     0.07
  SINCE DEC 1     12.26                     13.02  -0.76     6.17
  SINCE JAN 1      4.20                      6.90  -2.70     3.78

SNOWFALL (IN)
  YESTERDAY        0.0           0.0    MM  MM     MM        0.0
  MONTH TO DATE    0.0                      MM     MM        0.0
  SINCE DEC 1      0.0                      MM     MM        0.0
  SINCE JUL 1      0.0                      MM     MM        0.0
  SNOW DEPTH       0

DEGREE DAYS
 HEATING
  YESTERDAY        3                        14    -11       11
  MONTH TO DATE  157                       165     -8      160
  SINCE DEC 1    910                      1131   -221     1121
  SINCE JUL 1   1061                      1456   -395     1514
..................................................................


WIND (MPH)
  HIGHEST WIND SPEED    21   HIGHEST WIND DIRECTION     W (260)
  HIGHEST GUST SPEED    27   HIGHEST GUST DIRECTION     W (260)
  AVERAGE WIND SPEED     8.3


SKY COVER
  POSSIBLE SUNSHINE  MM
  AVERAGE SKY COVER 0.0


WEATHER CONDITIONS
 THE FOLLOWING WEATHER WAS RECORDED YESTERDAY.
  NO SIGNIFICANT WEATHER WAS OBSERVED.


RELATIVE HUMIDITY (PERCENT)
 HIGHEST   100           700 AM
 LOWEST     29           300 PM
 AVERAGE    65

..........................................................


THE ALEXANDRIA CLIMATE NORMALS FOR TODAY
                         NORMAL    RECORD    YEAR
 MAXIMUM TEMPERATURE (F)   62        83      1922
 MINIMUM TEMPERATURE (F)   40         5      1899


SUNRISE AND SUNSET
FEBRUARY 12 2016......SUNRISE   655 AM CST   SUNSET   555 PM CST
FEBRUARY 13 2016......SUNRISE   654 AM CST   SUNSET   555 PM CST


-  INDICATES NEGATIVE NUMBERS.
R  INDICATES RECORD WAS SET OR TIED.
MM INDICATES DATA IS MISSING.
T  INDICATES TRACE AMOUNT.




$$
