000
CDUS44 KLCH 270937
CLIAEX


CLIMATE REPORT
NATIONAL WEATHER SERVICE LAKE CHARLES, LA
337 AM CST TUE JAN 27 2015


...................................

...THE ALEXANDRIA CLIMATE SUMMARY FOR JANUARY 26 2015...

CLIMATE NORMAL PERIOD 1981 TO 2010
CLIMATE RECORD PERIOD 1892 TO 2015


WEATHER ITEM   OBSERVED TIME   RECORD YEAR NORMAL DEPARTURE LAST
                VALUE   (LST)  VALUE       VALUE  FROM      YEAR
                                                  NORMAL
..................................................................
TEMPERATURE (F)
 YESTERDAY
  MAXIMUM         61    442 PM  78    1970  60      1       63
                                      1952
                                      1950
  MINIMUM         38    735 AM  10    1940  38      0       35
  AVERAGE         50                        49      1       49

PRECIPITATION (IN)
  YESTERDAY        0.00          2.30 1932   0.18  -0.18     0.00
  MONTH TO DATE    3.71                      4.19  -0.48     1.52
  SINCE DEC 1      6.10                     10.31  -4.21     4.12
  SINCE JAN 1      3.71                      4.19  -0.48     1.52

SNOWFALL (IN)
  YESTERDAY        0.0           1.0  1897  MM     MM        0.0
  MONTH TO DATE    0.0                      MM     MM        3.0
  SINCE DEC 1      0.0                      MM     MM        3.0
  SINCE JUL 1      0.0                      MM     MM        3.0
  SNOW DEPTH       0

DEGREE DAYS
 HEATING
  YESTERDAY       15                        16     -1       16
  MONTH TO DATE  523                       416    107      545
  SINCE DEC 1    913                       880     33     1054
  SINCE JUL 1   1306                      1205    101     1430
..................................................................


WIND (MPH)
  HIGHEST WIND SPEED    14   HIGHEST WIND DIRECTION    NW (320)
  HIGHEST GUST SPEED    18   HIGHEST GUST DIRECTION    NW (320)
  AVERAGE WIND SPEED     5.3


SKY COVER
  POSSIBLE SUNSHINE  MM
  AVERAGE SKY COVER 0.0


WEATHER CONDITIONS
 THE FOLLOWING WEATHER WAS RECORDED YESTERDAY.
  HAZE


RELATIVE HUMIDITY (PERCENT)
 HIGHEST    79           700 AM
 LOWEST     36           500 PM
 AVERAGE    58

..........................................................


THE ALEXANDRIA CLIMATE NORMALS FOR TODAY
                         NORMAL    RECORD    YEAR
 MAXIMUM TEMPERATURE (F)   60        82      1903
 MINIMUM TEMPERATURE (F)   38         8      1940


SUNRISE AND SUNSET
JANUARY 27 2015.......SUNRISE   706 AM CST   SUNSET   541 PM CST
JANUARY 28 2015.......SUNRISE   705 AM CST   SUNSET   542 PM CST


-  INDICATES NEGATIVE NUMBERS.
R  INDICATES RECORD WAS SET OR TIED.
MM INDICATES DATA IS MISSING.
T  INDICATES TRACE AMOUNT.




$$
