000
CDUS44 KLCH 260912
CLIAEX


CLIMATE REPORT
NATIONAL WEATHER SERVICE LAKE CHARLES, LA
411 AM CDT SUN MAR 26 2017


...................................

...THE ALEXANDRIA CLIMATE SUMMARY FOR MARCH 25 2017...

CLIMATE NORMAL PERIOD 1981 TO 2010
CLIMATE RECORD PERIOD 1892 TO 2017


WEATHER ITEM   OBSERVED TIME   RECORD YEAR NORMAL DEPARTURE LAST
                VALUE   (LST)  VALUE       VALUE  FROM      YEAR
                                                  NORMAL
..................................................................
TEMPERATURE (F)
 YESTERDAY
  MAXIMUM         77    452 PM  92    1910  73      4       70
                                      1907
  MINIMUM         58    633 AM  31    2013  50      8       47
  AVERAGE         68                        61      7       59

PRECIPITATION (IN)
  YESTERDAY        0.99          4.65 1973   0.16   0.83     0.00
  MONTH TO DATE    2.00                      4.12  -2.12     7.47
  SINCE MAR 1      2.00                      4.12  -2.12     7.47
  SINCE JAN 1      9.71                     13.80  -4.09    13.95

SNOWFALL (IN)
  YESTERDAY        0.0           0.0    MM  MM     MM        0.0
  MONTH TO DATE    0.0                      MM     MM        0.0
  SINCE MAR 1      0.0                      MM     MM        0.0
  SINCE JUL 1      0.5                      MM     MM        0.0
  SNOW DEPTH       0

DEGREE DAYS
 HEATING
  YESTERDAY        0                         5     -5        6
  MONTH TO DATE  129                       185    -56       95
  SINCE MAR 1    129                       185    -56       95
  SINCE JUL 1   1105                      1850   -745     1295

 COOLING
  YESTERDAY        3                         2      1        0
  MONTH TO DATE   67                        26     41       38
  SINCE MAR 1     67                        26     41       38
  SINCE JAN 1    149                        43    106       46
..................................................................


WIND (MPH)
  HIGHEST WIND SPEED    24   HIGHEST WIND DIRECTION     W (290)
  HIGHEST GUST SPEED    29   HIGHEST GUST DIRECTION     W (290)
  AVERAGE WIND SPEED     8.3


SKY COVER
  POSSIBLE SUNSHINE  MM
  AVERAGE SKY COVER 0.4


WEATHER CONDITIONS
 THE FOLLOWING WEATHER WAS RECORDED YESTERDAY.
  THUNDERSTORM
  HEAVY RAIN
  RAIN
  LIGHT RAIN
  FOG


RELATIVE HUMIDITY (PERCENT)
 HIGHEST    93           400 AM
 LOWEST     46           500 PM
 AVERAGE    70

..........................................................


THE ALEXANDRIA CLIMATE NORMALS FOR TODAY
                         NORMAL    RECORD    YEAR
 MAXIMUM TEMPERATURE (F)   73        91      1907
 MINIMUM TEMPERATURE (F)   50        25      2013


SUNRISE AND SUNSET
MARCH 26 2017.........SUNRISE   706 AM CDT   SUNSET   726 PM CDT
MARCH 27 2017.........SUNRISE   705 AM CDT   SUNSET   727 PM CDT


-  INDICATES NEGATIVE NUMBERS.
R  INDICATES RECORD WAS SET OR TIED.
MM INDICATES DATA IS MISSING.
T  INDICATES TRACE AMOUNT.




$$
