000
CDUS42 KCAE 072221
CLIAGS


CLIMATE REPORT
NATIONAL WEATHER SERVICE COLUMBIA SC
521 PM EST WED DEC 7 2016


...................................

...THE AUGUSTA BUSH FIELD GA CLIMATE SUMMARY FOR DECEMBER 7 2016...
VALID TODAY AS OF 0500 PM LOCAL TIME.

CLIMATE NORMAL PERIOD 1981 TO 2010
CLIMATE RECORD PERIOD 1873 TO 2016


WEATHER ITEM   OBSERVED TIME   RECORD YEAR NORMAL DEPARTURE LAST
                VALUE   (LST)  VALUE       VALUE  FROM      YEAR
                                                  NORMAL
..................................................................
TEMPERATURE (F)
 TODAY
  MAXIMUM         58    400 PM  82    1998  62     -4       69
  MINIMUM         49    105 AM  15    1937  36     13       41
  AVERAGE         54                        49      5       55

PRECIPITATION (IN)
  TODAY            0.00          1.51 1936   0.10  -0.10     0.00
  MONTH TO DATE    2.74                      0.73   2.01     0.50
  SINCE DEC 1      2.74                      0.73   2.01     0.50
  SINCE JAN 1     36.60                     40.91  -4.31    40.97

SNOWFALL (IN)
  TODAY            0.0          MM      MM   0.0             0.0
  MONTH TO DATE    0.0                       0.0             0.0
  SINCE DEC 1      0.0                       0.0             0.0
  SINCE JUL 1      0.0                       0.0             0.0

DEGREE DAYS
 HEATING
  TODAY           11                        16     -5       10
  MONTH TO DATE   90                       108    -18       79
  SINCE DEC 1     90                       108    -18       79
  SINCE JUL 1    361                       530   -169      366

 COOLING
  TODAY            0                         0      0        0
  MONTH TO DATE    0                         0      0        0
  SINCE DEC 1      0                         0      0        0
  SINCE JAN 1   2509                      2086    423     2310
..................................................................


WIND (MPH)
  HIGHEST WIND SPEED     7   HIGHEST WIND DIRECTION    SW (210)
  HIGHEST GUST SPEED     9   HIGHEST GUST DIRECTION     S (180)
  AVERAGE WIND SPEED     1.6


SKY COVER
  AVERAGE SKY COVER 1.0


WEATHER CONDITIONS
 THE FOLLOWING WEATHER WAS RECORDED TODAY.
  FOG
  FOG W/VISIBILITY <= 1/4 MILE
  HAZE


RELATIVE HUMIDITY (PERCENT)
 HIGHEST    96          1200 AM
 LOWEST     80           300 PM
 AVERAGE    88

..........................................................


THE AUGUSTA BUSH FIELD GA CLIMATE NORMALS FOR TOMORROW
                         NORMAL    RECORD    YEAR
 MAXIMUM TEMPERATURE (F)   62        81      1951
 MINIMUM TEMPERATURE (F)   36        16      2010


SUNRISE AND SUNSET
DECEMBER  7 2016......SUNRISE   719 AM EST   SUNSET   520 PM EST
DECEMBER  8 2016......SUNRISE   720 AM EST   SUNSET   520 PM EST


-  INDICATES NEGATIVE NUMBERS.
R  INDICATES RECORD WAS SET OR TIED.
MM INDICATES DATA IS MISSING.
T  INDICATES TRACE AMOUNT.




$$
