278
CDUS42 KCAE 070635
CLIAGS


CLIMATE REPORT
NATIONAL WEATHER SERVICE COLUMBIA SC
135 AM EST SUN FEB 7 2016


...................................

...THE AUGUSTA REGIONAL BUSH FIELD GA CLIMATE SUMMARY FOR FEBRUARY 6 2016...

CLIMATE NORMAL PERIOD 1981 TO 2010
CLIMATE RECORD PERIOD 1873 TO 2016


WEATHER ITEM   OBSERVED TIME   RECORD YEAR NORMAL DEPARTURE LAST
                VALUE   (LST)  VALUE       VALUE  FROM      YEAR
                                                  NORMAL
..................................................................
TEMPERATURE (F)
 YESTERDAY
  MAXIMUM         51    145 PM  80    1927  60     -9       53
  MINIMUM         27    537 AM  15    1966  34     -7       20
  AVERAGE         39                        47     -8       37

PRECIPITATION (IN)
  YESTERDAY        0.01          2.99 1899   0.12  -0.11     0.00
  MONTH TO DATE    2.14                      0.79   1.35     0.23
  SINCE DEC 1     10.72                      8.09   2.63     6.54
  SINCE JAN 1      3.80                      4.70  -0.90     2.33

SNOWFALL (IN)
  YESTERDAY        0.0           4.2  1980   0.0             0.0
  MONTH TO DATE    0.0                       0.1             0.0
  SINCE DEC 1      0.5                       0.6             0.0
  SINCE JUL 1      0.5                       0.6             0.0

DEGREE DAYS
 HEATING
  YESTERDAY       26                        18      8       28
  MONTH TO DATE   66                       108    -42      127
  SINCE DEC 1    920                      1271   -351     1234
  SINCE JUL 1   1207                      1693   -486     1798

 COOLING
  YESTERDAY        0                         0      0        0
  MONTH TO DATE    3                         0      3        0
  SINCE DEC 1     50                         4     46        0
  SINCE JAN 1      3                         1      2        0
..................................................................


WIND (MPH)
  HIGHEST WIND SPEED    15   HIGHEST WIND DIRECTION    NE (30)
  HIGHEST GUST SPEED    19   HIGHEST GUST DIRECTION    NE (40)
  AVERAGE WIND SPEED     4.3


SKY COVER
  AVERAGE SKY COVER 0.5


WEATHER CONDITIONS
 THE FOLLOWING WEATHER WAS RECORDED YESTERDAY.
  LIGHT RAIN
  FOG


RELATIVE HUMIDITY (PERCENT)
 HIGHEST    92          1200 AM
 LOWEST     31          1200 PM
 AVERAGE    62

..........................................................


THE AUGUSTA REGIONAL BUSH FIELD GA CLIMATE NORMALS FOR TODAY
                         NORMAL    RECORD    YEAR
 MAXIMUM TEMPERATURE (F)   61        80      1999
 MINIMUM TEMPERATURE (F)   35        13      1895


SUNRISE AND SUNSET
FEBRUARY  7 2016......SUNRISE   720 AM EST   SUNSET   605 PM EST
FEBRUARY  8 2016......SUNRISE   719 AM EST   SUNSET   606 PM EST


-  INDICATES NEGATIVE NUMBERS.
R  INDICATES RECORD WAS SET OR TIED.
MM INDICATES DATA IS MISSING.
T  INDICATES TRACE AMOUNT.




$$
