000
CDUS42 KCAE 290547
CLIAGS


CLIMATE REPORT
NATIONAL WEATHER SERVICE COLUMBIA SC
147 AM EDT SAT AUG 29 2015


...................................

...THE AUGUSTA REGIONAL BUSH FIELD GA CLIMATE SUMMARY FOR AUGUST 28 2015...

CLIMATE NORMAL PERIOD 1981 TO 2010
CLIMATE RECORD PERIOD 1873 TO 2015


WEATHER ITEM   OBSERVED TIME   RECORD YEAR NORMAL DEPARTURE LAST
                VALUE   (LST)  VALUE       VALUE  FROM      YEAR
                                                  NORMAL
..................................................................
TEMPERATURE (F)
 YESTERDAY
  MAXIMUM         88    336 PM  99    2011  91     -3       95
                                      1998
                                      1987
  MINIMUM         69    443 AM  56    2014  68      1       56
  AVERAGE         79                        79      0       76

PRECIPITATION (IN)
  YESTERDAY        0.00          4.12 1893   0.12  -0.12     0.00
  MONTH TO DATE    3.04                      3.96  -0.92     1.64
  SINCE JUN 1     10.06                     13.01  -2.95     9.44
  SINCE JAN 1     25.69                     30.51  -4.82    28.30

SNOWFALL (IN)
  YESTERDAY        0.0          MM      MM   0.0             0.0
  MONTH TO DATE    0.0                       0.0             0.0
  SINCE JUN 1      0.0                       0.0             0.0
  SINCE JUL 1      0.0                       0.0             0.0

DEGREE DAYS
 HEATING
  YESTERDAY        0                         0      0        0
  MONTH TO DATE    0                         0      0        0
  SINCE JUN 1      0                         0      0        0
  SINCE JUL 1      0                         0      0        0

 COOLING
  YESTERDAY       14                        14      0       11
  MONTH TO DATE  456                       440     16      414
  SINCE JUN 1   1517                      1363    154     1318
  SINCE JAN 1   1878                      1646    232     1602
..................................................................


WIND (MPH)
  HIGHEST WIND SPEED    12   HIGHEST WIND DIRECTION     E (100)
  HIGHEST GUST SPEED    17   HIGHEST GUST DIRECTION     E (80)
  AVERAGE WIND SPEED     3.8


SKY COVER
  AVERAGE SKY COVER 0.4


WEATHER CONDITIONS
 THE FOLLOWING WEATHER WAS RECORDED YESTERDAY.
  FOG


RELATIVE HUMIDITY (PERCENT)
 HIGHEST   100          1200 AM
 LOWEST     50           300 PM
 AVERAGE    75

..........................................................


THE AUGUSTA REGIONAL BUSH FIELD GA CLIMATE NORMALS FOR TODAY
                         NORMAL    RECORD    YEAR
 MAXIMUM TEMPERATURE (F)   90       101      1990
 MINIMUM TEMPERATURE (F)   68        54      1968


SUNRISE AND SUNSET
AUGUST 29 2015........SUNRISE   700 AM EDT   SUNSET   757 PM EDT
AUGUST 30 2015........SUNRISE   700 AM EDT   SUNSET   756 PM EDT


-  INDICATES NEGATIVE NUMBERS.
R  INDICATES RECORD WAS SET OR TIED.
MM INDICATES DATA IS MISSING.
T  INDICATES TRACE AMOUNT.




$$
