000
CDUS42 KCAE 250646
CLIAGS


CLIMATE REPORT
NATIONAL WEATHER SERVICE COLUMBIA SC
145 AM EST SAT FEB 25 2017


...................................

...THE AUGUSTA REGIONAL BUSH FIELD GA CLIMATE SUMMARY FOR FEBRUARY 24 2017...

CLIMATE NORMAL PERIOD 1981 TO 2010
CLIMATE RECORD PERIOD 1873 TO 2017


WEATHER ITEM   OBSERVED TIME   RECORD YEAR NORMAL DEPARTURE LAST
                VALUE   (LST)  VALUE       VALUE  FROM      YEAR
                                                  NORMAL
..................................................................
TEMPERATURE (F)
 YESTERDAY
  MAXIMUM         84R   429 PM  82    1985  65     19       77
                                      1930
                                      1890
  MINIMUM         50    649 AM  19    1901  38     12       49
  AVERAGE         67                        51     16       63

PRECIPITATION (IN)
  YESTERDAY        0.00          3.00 1961   0.15  -0.15     0.81
  MONTH TO DATE    2.05                      3.34  -1.29     3.76
  SINCE DEC 1     16.59                     10.64   5.95    12.34
  SINCE JAN 1     12.18                      7.25   4.93     5.42

SNOWFALL (IN)
  YESTERDAY        0.0          MM      MM   0.1             0.0
  MONTH TO DATE    0.0                       0.4             0.0
  SINCE DEC 1      T                         0.9             0.5
  SINCE JUL 1      T                         0.9             0.5

DEGREE DAYS
 HEATING
  YESTERDAY        0                        14    -14        2
  MONTH TO DATE  174                       392   -218      359
  SINCE DEC 1    840                      1555   -715     1213
  SINCE JUL 1   1111                      1977   -866     1500

 COOLING
  YESTERDAY        2                         0      2        0
  MONTH TO DATE   12                         0     12        3
  SINCE DEC 1     33                         4     29       50
  SINCE JAN 1     26                         1     25        3
..................................................................


WIND (MPH)
  HIGHEST WIND SPEED    10   HIGHEST WIND DIRECTION    SW (210)
  HIGHEST GUST SPEED    15   HIGHEST GUST DIRECTION     E (100)
  AVERAGE WIND SPEED     2.9


SKY COVER
  AVERAGE SKY COVER 0.0


WEATHER CONDITIONS
 THE FOLLOWING WEATHER WAS RECORDED YESTERDAY.
  FOG


RELATIVE HUMIDITY (PERCENT)
 HIGHEST   100           300 AM
 LOWEST     37           300 PM
 AVERAGE    69

..........................................................


THE AUGUSTA REGIONAL BUSH FIELD GA CLIMATE NORMALS FOR TODAY
                         NORMAL    RECORD    YEAR
 MAXIMUM TEMPERATURE (F)   65        84      1890
 MINIMUM TEMPERATURE (F)   38        14      1967


SUNRISE AND SUNSET
FEBRUARY 25 2017......SUNRISE   701 AM EST   SUNSET   622 PM EST
FEBRUARY 26 2017......SUNRISE   659 AM EST   SUNSET   622 PM EST


-  INDICATES NEGATIVE NUMBERS.
R  INDICATES RECORD WAS SET OR TIED.
MM INDICATES DATA IS MISSING.
T  INDICATES TRACE AMOUNT.




$$
