000
CDUS42 KFFC 220022
CLIAHN


CLIMATE REPORT
NATIONAL WEATHER SERVICE PEACHTREE CITY GA
822 PM EDT THU AUG 21 2014


...................................

...THE ATHENS CLIMATE SUMMARY FOR AUGUST 21 2014...
VALID AS OF 0800 PM LOCAL TIME.

CLIMATE NORMAL PERIOD 1981 TO 2010
CLIMATE RECORD PERIOD 1898 TO 2014


WEATHER ITEM   OBSERVED TIME   RECORD YEAR NORMAL DEPARTURE LAST
                VALUE   (LST)  VALUE       VALUE  FROM      YEAR
                                                  NORMAL
..................................................................
TEMPERATURE (F)
 TODAY
  MAXIMUM         98    205 PM 107    1983  90      8       84
  MINIMUM         67    609 AM  55    1918  69     -2       68
  AVERAGE         83                        79      4       76

PRECIPITATION (IN)
  TODAY            0.00          2.88 1901   0.12  -0.12     0.22
  MONTH TO DATE    1.42                      2.49  -1.07     4.52
  SINCE JUN 1      9.38                     11.14  -1.76    21.92
  SINCE JAN 1     29.02                     30.25  -1.23    45.00

SNOWFALL (IN)
  TODAY            0.0           0.0  2002   0.0    0.0      0.0
                                      2001
  MONTH TO DATE    0.0                       0.0    0.0      0.0
  SINCE JUN 1      0.0                       0.0    0.0      0.0
  SINCE JUL 1      0.0                       0.0    0.0      0.0
  SNOW DEPTH       0

DEGREE DAYS
 HEATING
  TODAY            0                         0      0        0
  MONTH TO DATE    0                         0      0        3
  SINCE JUN 1      0                         1     -1        3
  SINCE JUL 1      0                         0      0        3

 COOLING
  TODAY           18                        14      4       11
  MONTH TO DATE  296                       315    -19      255
  SINCE JUN 1   1163                      1177    -14     1025
  SINCE JAN 1   1433                      1417     16     1204
..................................................................


WIND (MPH)
  HIGHEST WIND SPEED    12   HIGHEST WIND DIRECTION     W (290)
  HIGHEST GUST SPEED    20   HIGHEST GUST DIRECTION     W (290)
  AVERAGE WIND SPEED     2.3


SKY COVER
  AVERAGE SKY COVER 0.0


WEATHER CONDITIONS
 THE FOLLOWING WEATHER WAS RECORDED TODAY.
  HAZE


RELATIVE HUMIDITY (PERCENT)
 HIGHEST    93           600 AM
 LOWEST     38           200 PM

..........................................................


THE ATHENS CLIMATE NORMALS FOR TOMORROW
                         NORMAL    RECORD    YEAR
 MAXIMUM TEMPERATURE (F)   90       106      2007
                                             1983
 MINIMUM TEMPERATURE (F)   69        54      1918


SUNRISE AND SUNSET
AUGUST 21 2014........SUNRISE   659 AM EDT   SUNSET   813 PM EDT
AUGUST 22 2014........SUNRISE   700 AM EDT   SUNSET   812 PM EDT


-  INDICATES NEGATIVE NUMBERS.
R  INDICATES RECORD WAS SET OR TIED.
MM INDICATES DATA IS MISSING.
T  INDICATES TRACE AMOUNT.




$$
