000
CDUS42 KFFC 250919
CLIAHN


CLIMATE REPORT
NATIONAL WEATHER SERVICE PEACHTREE CITY GA
418 AM EST SAT FEB 25 2017


...................................

...THE ATHENS CLIMATE SUMMARY FOR FEBRUARY 24 2017...

CLIMATE NORMAL PERIOD 1981 TO 2010
CLIMATE RECORD PERIOD 1898 TO 2017


WEATHER ITEM   OBSERVED TIME   RECORD YEAR NORMAL DEPARTURE LAST
                VALUE   (LST)  VALUE       VALUE  FROM      YEAR
                                                  NORMAL
..................................................................
TEMPERATURE (F)
 YESTERDAY
  MAXIMUM         80    404 PM  81    1930  60     20       68
  MINIMUM         50    732 AM  19    1989  38     12       42
                                      1967
                                      1947
  AVERAGE         65                        49     16       55

PRECIPITATION (IN)
  YESTERDAY        0.00          4.00 1888   0.16  -0.16     0.36
  MONTH TO DATE    1.15                      3.85  -2.70     4.49
  SINCE DEC 1     10.08                     11.63  -1.55    20.54
  SINCE JAN 1      7.66                      7.90  -0.24     8.17

SNOWFALL (IN)
  YESTERDAY        0.0           0.0  2002   0.0    0.0      0.0
  MONTH TO DATE    0.0                       0.5   -0.5       T
  SINCE DEC 1      0.0                       2.0   -2.0      0.1
  SINCE JUL 1      0.0                       2.0   -2.0      0.1
  SNOW DEPTH       0

DEGREE DAYS
 HEATING
  YESTERDAY        0                        16    -16       10
  MONTH TO DATE  237                       437   -200      423
  SINCE DEC 1   1198                      1714   -516     1408
  SINCE JUL 1   1484                      2194   -710     1768
..................................................................


WIND (MPH)
  RESULTANT WIND SPEED   2   RESULTANT WIND DIRECTION  SE (140)
  HIGHEST WIND SPEED     8   HIGHEST WIND DIRECTION     S (170)
  HIGHEST GUST SPEED    13   HIGHEST GUST DIRECTION     S (190)
  AVERAGE WIND SPEED     2.5


SKY COVER
  POSSIBLE SUNSHINE  MM
  AVERAGE SKY COVER 0.1


WEATHER CONDITIONS
 THE FOLLOWING WEATHER WAS RECORDED YESTERDAY.
  NO SIGNIFICANT WEATHER WAS OBSERVED.


RELATIVE HUMIDITY (PERCENT)
 HIGHEST   100           600 AM
 LOWEST     39           400 PM
 AVERAGE    70

..........................................................


THE ATHENS CLIMATE NORMALS FOR TODAY
                         NORMAL    RECORD    YEAR
 MAXIMUM TEMPERATURE (F)   61        80      1930
 MINIMUM TEMPERATURE (F)   38         8      1967


SUNRISE AND SUNSET
FEBRUARY 25 2017......SUNRISE   706 AM EST   SUNSET   627 PM EST
FEBRUARY 26 2017......SUNRISE   705 AM EST   SUNSET   627 PM EST


-  INDICATES NEGATIVE NUMBERS.
R  INDICATES RECORD WAS SET OR TIED.
MM INDICATES DATA IS MISSING.
T  INDICATES TRACE AMOUNT.




$$
