000
CDUS42 KFFC 310819
CLIAHN


CLIMATE REPORT
NATIONAL WEATHER SERVICE PEACHTREE CITY GA
419 AM EDT FRI JUL 31 2015


...................................

...THE ATHENS CLIMATE SUMMARY FOR JULY 30 2015...

CLIMATE NORMAL PERIOD 1981 TO 2010
CLIMATE RECORD PERIOD 1898 TO 2015


WEATHER ITEM   OBSERVED TIME   RECORD YEAR NORMAL DEPARTURE LAST
                VALUE   (LST)  VALUE       VALUE  FROM      YEAR
                                                  NORMAL
..................................................................
TEMPERATURE (F)
 YESTERDAY
  MAXIMUM         97    520 PM 102    1999  91      6       86
                                      1915
  MINIMUM         74    557 AM  60    2014  70      4       60
                                      1925
  AVERAGE         86                        81      5       73

PRECIPITATION (IN)
  YESTERDAY        0.00          2.83 1887   0.14  -0.14     0.00
  MONTH TO DATE    5.08                      4.33   0.75     4.20
  SINCE JUN 1      7.84                      8.51  -0.67     7.94
  SINCE JAN 1     28.24                     27.62   0.62    27.58

DEGREE DAYS
 COOLING
  YESTERDAY       21                        16      5        8
  MONTH TO DATE  515                       473     42      440
  SINCE JUN 1    985                       851    134      858
  SINCE JAN 1   1310                      1091    219     1128
..................................................................


WIND (MPH)
  RESULTANT WIND SPEED   1   RESULTANT WIND DIRECTION  NE (60)
  HIGHEST WIND SPEED     8   HIGHEST WIND DIRECTION    NW (320)
  HIGHEST GUST SPEED    11   HIGHEST GUST DIRECTION    NE (30)
  AVERAGE WIND SPEED     1.5


SKY COVER
  POSSIBLE SUNSHINE  MM
  AVERAGE SKY COVER 0.0


WEATHER CONDITIONS
 THE FOLLOWING WEATHER WAS RECORDED YESTERDAY.
  FOG
  HAZE


RELATIVE HUMIDITY (PERCENT)
 HIGHEST    94           700 AM
 LOWEST     38           400 PM
 AVERAGE    66

..........................................................


THE ATHENS CLIMATE NORMALS FOR TODAY
                         NORMAL    RECORD    YEAR
 MAXIMUM TEMPERATURE (F)   91       103      1999
 MINIMUM TEMPERATURE (F)   70        59      1936


SUNRISE AND SUNSET
JULY 31 2015..........SUNRISE   644 AM EDT   SUNSET   835 PM EDT
AUGUST  1 2015........SUNRISE   645 AM EDT   SUNSET   834 PM EDT


-  INDICATES NEGATIVE NUMBERS.
R  INDICATES RECORD WAS SET OR TIED.
MM INDICATES DATA IS MISSING.
T  INDICATES TRACE AMOUNT.




$$
