000
CDUS42 KFFC 210918
CLIAHN


CLIMATE REPORT
NATIONAL WEATHER SERVICE PEACHTREE CITY GA
418 AM EST SUN DEC 21 2014


...................................

...THE ATHENS CLIMATE SUMMARY FOR DECEMBER 20 2014...

CLIMATE NORMAL PERIOD 1981 TO 2010
CLIMATE RECORD PERIOD 1898 TO 2014


WEATHER ITEM   OBSERVED TIME   RECORD YEAR NORMAL DEPARTURE LAST
                VALUE   (LST)  VALUE       VALUE  FROM      YEAR
                                                  NORMAL
..................................................................
TEMPERATURE (F)
 YESTERDAY
  MAXIMUM         49    107 PM  76    1967  55     -6       58
  MINIMUM         44    840 AM  13    1981  34     10       34
  AVERAGE         47                        44      3       46

PRECIPITATION (IN)
  YESTERDAY        0.06          1.42 1905   0.12  -0.06      T
  MONTH TO DATE    0.57                      2.43  -1.86     2.53
  SINCE DEC 1      0.57                      2.43  -1.86     2.53
  SINCE JAN 1     41.33                     45.03  -3.70    54.80

SNOWFALL (IN)
  YESTERDAY       MM             0.0  2001   0.0   MM        0.0
  MONTH TO DATE    0.0                       0.0    0.0      0.0
  SINCE DEC 1      0.0                       0.0    0.0      0.0
  SINCE JUL 1      0.0                       0.0    0.0      0.0
  SNOW DEPTH       0

DEGREE DAYS
 HEATING
  YESTERDAY       18                        21     -3       19
  MONTH TO DATE  314                       375    -61      333
  SINCE DEC 1    314                       375    -61      333
  SINCE JUL 1    927                       855     72      895
..................................................................


WIND (MPH)
  RESULTANT WIND SPEED   4   RESULTANT WIND DIRECTION  NE (40)
  HIGHEST WIND SPEED     8   HIGHEST WIND DIRECTION    NE (40)
  HIGHEST GUST SPEED    10   HIGHEST GUST DIRECTION    NE (30)
  AVERAGE WIND SPEED     4.0


SKY COVER
  POSSIBLE SUNSHINE  MM
  AVERAGE SKY COVER 1.0


WEATHER CONDITIONS
 THE FOLLOWING WEATHER WAS RECORDED YESTERDAY.
  LIGHT RAIN
  FOG


RELATIVE HUMIDITY (PERCENT)
 HIGHEST   100           600 PM
 LOWEST     71          1200 AM
 AVERAGE    86

..........................................................


THE ATHENS CLIMATE NORMALS FOR TODAY
                         NORMAL    RECORD    YEAR
 MAXIMUM TEMPERATURE (F)   54        75      1998
 MINIMUM TEMPERATURE (F)   34        13      1901


SUNRISE AND SUNSET
DECEMBER 21 2014......SUNRISE   735 AM EST   SUNSET   528 PM EST
DECEMBER 22 2014......SUNRISE   735 AM EST   SUNSET   529 PM EST


-  INDICATES NEGATIVE NUMBERS.
R  INDICATES RECORD WAS SET OR TIED.
MM INDICATES DATA IS MISSING.
T  INDICATES TRACE AMOUNT.




$$
