000
CDUS42 KFFC 252039
CLIAHN


CLIMATE REPORT
NATIONAL WEATHER SERVICE PEACHTREE CITY GA
436 PM EDT TUE JUL 25 2017


...................................

...THE ATHENS CLIMATE SUMMARY FOR JULY 25 2017...
VALID TODAY AS OF 0400 PM LOCAL TIME.

CLIMATE NORMAL PERIOD 1981 TO 2010
CLIMATE RECORD PERIOD 1898 TO 2017


WEATHER ITEM   OBSERVED TIME   RECORD YEAR NORMAL DEPARTURE LAST
                VALUE   (LST)  VALUE       VALUE  FROM      YEAR
                                                  NORMAL
..................................................................
TEMPERATURE (F)
 TODAY
  MAXIMUM         93    154 PM 101    2016  91      2      101
                                      1981
  MINIMUM         71    556 AM  61    1947  70      1       75
                                      1911
  AVERAGE         82                        81      1       88

PRECIPITATION (IN)
  TODAY            0.00          6.22 2001   0.15  -0.15     0.00
  MONTH TO DATE    2.62                      3.63  -1.01     0.35
  SINCE JUN 1     10.95                      7.81   3.14     4.44
  SINCE JAN 1     36.06                     26.92   9.14    19.62

DEGREE DAYS
 HEATING
  TODAY            0                         0      0        0
  MONTH TO DATE    0                         0      0        0
  SINCE JUN 1      0                         1     -1        0
  SINCE JUL 1      0                         0      0        0

 COOLING
  TODAY           17                        16      1       23
  MONTH TO DATE  414                       393     21      473
  SINCE JUN 1    757                       771    -14      953
  SINCE JAN 1   1122                      1011    111     1254
..................................................................


WIND (MPH)
  HIGHEST WIND SPEED     7   HIGHEST WIND DIRECTION     S (180)
  HIGHEST GUST SPEED    11   HIGHEST GUST DIRECTION     S (160)
  AVERAGE WIND SPEED     1.5


SKY COVER
  AVERAGE SKY COVER 0.3


WEATHER CONDITIONS
 THE FOLLOWING WEATHER WAS RECORDED TODAY.
  FOG


RELATIVE HUMIDITY (PERCENT)
 HIGHEST   100           100 AM
 LOWEST     60           200 PM
 AVERAGE    80

..........................................................


THE ATHENS CLIMATE NORMALS FOR TOMORROW
                         NORMAL    RECORD    YEAR
 MAXIMUM TEMPERATURE (F)   91       103      2010
 MINIMUM TEMPERATURE (F)   70        56      1911


SUNRISE AND SUNSET
JULY 25 2017..........SUNRISE   640 AM EDT   SUNSET   839 PM EDT
JULY 26 2017..........SUNRISE   641 AM EDT   SUNSET   838 PM EDT


-  INDICATES NEGATIVE NUMBERS.
R  INDICATES RECORD WAS SET OR TIED.
MM INDICATES DATA IS MISSING.
T  INDICATES TRACE AMOUNT.




$$
