000
CDUS42 KFFC 030918
CLIAHN


CLIMATE REPORT
NATIONAL WEATHER SERVICE PEACHTREE CITY GA
417 AM EST TUE MAR 3 2015


...................................

...THE ATHENS CLIMATE SUMMARY FOR MARCH 2 2015...

CLIMATE NORMAL PERIOD 1981 TO 2010
CLIMATE RECORD PERIOD 1898 TO 2015


WEATHER ITEM   OBSERVED TIME   RECORD YEAR NORMAL DEPARTURE LAST
                VALUE   (LST)  VALUE       VALUE  FROM      YEAR
                                                  NORMAL
..................................................................
TEMPERATURE (F)
 YESTERDAY
  MAXIMUM         73    214 PM  82    1951  62     11       75
  MINIMUM         43    457 AM  17    1914  40      3       42
  AVERAGE         58                        51      7       59

PRECIPITATION (IN)
  YESTERDAY        T             2.08 1971   0.16  -0.16     0.00
  MONTH TO DATE    0.31                      0.31   0.00      T
  SINCE MAR 1      0.31                      0.31   0.00      T
  SINCE JAN 1      7.28                      8.84  -1.56     8.64

SNOWFALL (IN)
  YESTERDAY       MM             0.5  2010   0.0   MM        0.0
  MONTH TO DATE   MM                         0.0   MM        0.0
  SINCE MAR 1     MM                         0.0   MM        0.0
  SINCE JUL 1      T                         2.1   -2.1      2.8
  SNOW DEPTH       0

DEGREE DAYS
 HEATING
  YESTERDAY        7                        14     -7        6
  MONTH TO DATE   33                        29      4       19
  SINCE MAR 1     33                        29      4       19
  SINCE JUL 1   2539                      2284    255     2481

 COOLING
  YESTERDAY        0                         0      0        0
  MONTH TO DATE    0                         0      0        0
  SINCE MAR 1      0                         0      0        0
  SINCE JAN 1      0                         1     -1        1
..................................................................


WIND (MPH)
  RESULTANT WIND SPEED   4   RESULTANT WIND DIRECTION   W (250)
  HIGHEST WIND SPEED    12   HIGHEST WIND DIRECTION     W (250)
  HIGHEST GUST SPEED    17   HIGHEST GUST DIRECTION    NW (300)
  AVERAGE WIND SPEED     5.3


SKY COVER
  POSSIBLE SUNSHINE  MM
  AVERAGE SKY COVER 0.7


WEATHER CONDITIONS
 THE FOLLOWING WEATHER WAS RECORDED YESTERDAY.
  FOG
  FOG W/VISIBILITY <= 1/4 MILE


RELATIVE HUMIDITY (PERCENT)
 HIGHEST   100          1200 AM
 LOWEST     49           200 PM
 AVERAGE    75

..........................................................


THE ATHENS CLIMATE NORMALS FOR TODAY
                         NORMAL    RECORD    YEAR
 MAXIMUM TEMPERATURE (F)   62        82      1992
 MINIMUM TEMPERATURE (F)   40        11      1980


SUNRISE AND SUNSET
MARCH  3 2015.........SUNRISE   700 AM EST   SUNSET   631 PM EST
MARCH  4 2015.........SUNRISE   658 AM EST   SUNSET   632 PM EST


-  INDICATES NEGATIVE NUMBERS.
R  INDICATES RECORD WAS SET OR TIED.
MM INDICATES DATA IS MISSING.
T  INDICATES TRACE AMOUNT.




$$
