000
CDUS45 KCYS 280732
CLIAIA


CLIMATE REPORT
NATIONAL WEATHER SERVICE CHEYENNE WY
1232 AM MST FRI NOV 28 2014


...................................

...THE ALLIANCE NE AIRPORT CLIMATE SUMMARY FOR NOVEMBER 27 2014...

CLIMATE NORMAL PERIOD 1981 TO 2010
CLIMATE RECORD PERIOD 1896 TO 2014


WEATHER ITEM   OBSERVED TIME   RECORD YEAR NORMAL DEPARTURE LAST
                VALUE   (LST)  VALUE       VALUE  FROM      YEAR
                                                  NORMAL
..................................................................
TEMPERATURE (F)
 YESTERDAY
  MAXIMUM         60    224 PM  73    1998  43     17       55
  MINIMUM         14    704 AM -11    1985  13      1       15
                                      1976
  AVERAGE         37                        28      9       35

PRECIPITATION (IN)
  YESTERDAY        0.00          0.40 1983   0.01  -0.01     0.00
  MONTH TO DATE    0.34                      0.41  -0.07     0.73
  SINCE JAN 1     18.09                     15.30   2.79    13.93

DEGREE DAYS
 HEATING
  YESTERDAY       28                        37     -9       30
  MONTH TO DATE  945                       843    102      850
  SINCE SEP 1   1575                      1648    -73     1628
  SINCE JUL 1   1612                      1685    -73     1636

 COOLING
  YESTERDAY        0                         0      0        0
  MONTH TO DATE    0                         0      0        0
  SINCE SEP 1     37                        41     -4      136
  SINCE JAN 1    499                       564    -65      795
..................................................................


WIND (MPH)
  HIGHEST WIND SPEED    18   HIGHEST WIND DIRECTION     W (270)
  HIGHEST GUST SPEED    23   HIGHEST GUST DIRECTION     W (270)
  AVERAGE WIND SPEED     8.7


SKY COVER
  AVERAGE SKY COVER 0.1


WEATHER CONDITIONS
 THE FOLLOWING WEATHER WAS RECORDED YESTERDAY.
  NO SIGNIFICANT WEATHER WAS OBSERVED.


RELATIVE HUMIDITY (PERCENT)
 HIGHEST   100           400 AM
 LOWEST     33           200 PM
 AVERAGE    67

..........................................................


THE ALLIANCE NE AIRPORT CLIMATE NORMALS FOR TODAY
                         NORMAL    RECORD    YEAR
 MAXIMUM TEMPERATURE (F)   43        69      1941
 MINIMUM TEMPERATURE (F)   12       -13      1952


SUNRISE AND SUNSET
NOVEMBER 28 2014......SUNRISE   657 AM MST   SUNSET   422 PM MST
NOVEMBER 29 2014......SUNRISE   658 AM MST   SUNSET   421 PM MST


-  INDICATES NEGATIVE NUMBERS.
R  INDICATES RECORD WAS SET OR TIED.
MM INDICATES DATA IS MISSING.
T  INDICATES TRACE AMOUNT.




$$
