000
CDUS45 KCYS 241758
CLIAIA


CLIMATE REPORT
NATIONAL WEATHER SERVICE CHEYENNE WY
1157 AM MDT FRI OCT 24 2014


...................................

...THE ALLIANCE NE AIRPORT CLIMATE SUMMARY FOR OCTOBER 23 2014...

CLIMATE NORMAL PERIOD 1981 TO 2010
CLIMATE RECORD PERIOD 1896 TO 2014


WEATHER ITEM   OBSERVED TIME   RECORD YEAR NORMAL DEPARTURE LAST
                VALUE   (LST)  VALUE       VALUE  FROM      YEAR
                                                  NORMAL
..................................................................
TEMPERATURE (F)
 YESTERDAY
  MAXIMUM         73    255 PM  87    2003  59     14       61
  MINIMUM         25    514 AM   5    1917  27     -2       29
  AVERAGE         49                        43      6       45

PRECIPITATION (IN)
  YESTERDAY        0.00          1.30 1906   0.04  -0.04     0.00
  MONTH TO DATE    0.15                      0.95  -0.80     1.23
  SINCE JAN 1     17.42                     14.75   2.67    13.17

DEGREE DAYS
 HEATING
  YESTERDAY       16                        22     -6       20
  MONTH TO DATE  323                       408    -85      468
  SINCE SEP 1    474                       616   -142      589
  SINCE JUL 1    511                       653   -142      597

 COOLING
  YESTERDAY        0                         0      0        0
  MONTH TO DATE    0                         0      0        0
  SINCE SEP 1     37                        40     -3      136
  SINCE JAN 1    499                       563    -64      795
..................................................................


WIND (MPH)
  HIGHEST WIND SPEED    28   HIGHEST WIND DIRECTION     W (250)
  HIGHEST GUST SPEED    33   HIGHEST GUST DIRECTION     W (250)
  AVERAGE WIND SPEED     9.4


SKY COVER
  AVERAGE SKY COVER 0.0


WEATHER CONDITIONS
 THE FOLLOWING WEATHER WAS RECORDED YESTERDAY.
  NO SIGNIFICANT WEATHER WAS OBSERVED.


RELATIVE HUMIDITY (PERCENT)
 HIGHEST    88           500 AM
 LOWEST     20           300 PM
 AVERAGE    54

..........................................................


THE ALLIANCE NE AIRPORT CLIMATE NORMALS FOR TODAY
                         NORMAL    RECORD    YEAR
 MAXIMUM TEMPERATURE (F)   59        82      1939
 MINIMUM TEMPERATURE (F)   27        10      1926


SUNRISE AND SUNSET
OCTOBER 24 2014.......SUNRISE   714 AM MDT   SUNSET   556 PM MDT
OCTOBER 25 2014.......SUNRISE   715 AM MDT   SUNSET   554 PM MDT


-  INDICATES NEGATIVE NUMBERS.
R  INDICATES RECORD WAS SET OR TIED.
MM INDICATES DATA IS MISSING.
T  INDICATES TRACE AMOUNT.




$$
