000
CDUS45 KCYS 310732
CLIAIA


CLIMATE REPORT
NATIONAL WEATHER SERVICE CHEYENNE WY
131 AM MDT SUN JUL 31 2016


...................................

...THE ALLIANCE NE AIRPORT CLIMATE SUMMARY FOR JULY 30 2016...

CLIMATE NORMAL PERIOD 1981 TO 2010
CLIMATE RECORD PERIOD 1896 TO 2016


WEATHER ITEM   OBSERVED TIME   RECORD YEAR NORMAL DEPARTURE LAST
                VALUE   (LST)  VALUE       VALUE  FROM      YEAR
                                                  NORMAL
..................................................................
TEMPERATURE (F)
 YESTERDAY
  MAXIMUM         86    419 PM 103    2001  89     -3       90
  MINIMUM         53    329 AM  40    2009  57     -4       54
  AVERAGE         70                        73     -3       72

PRECIPITATION (IN)
  YESTERDAY        0.00          1.95 1898   0.06  -0.06     0.00
  MONTH TO DATE    2.57                      2.25   0.32     2.40
  SINCE JAN 1     12.13                     10.64   1.49    17.60

DEGREE DAYS
 HEATING
  YESTERDAY        0                         0      0        0
  MONTH TO DATE    3                         5     -2       15
  SINCE JUN 1     26                        98    -72       24
  SINCE JUL 1      3                         5     -2       15

 COOLING
  YESTERDAY        5                         8     -3        7
  MONTH TO DATE  219                       228     -9      167
  SINCE JUN 1    393                       316     77      271
  SINCE JAN 1    393                       326     67      271
..................................................................


WIND (MPH)
  HIGHEST WIND SPEED    20   HIGHEST WIND DIRECTION     S (160)
  HIGHEST GUST SPEED    25   HIGHEST GUST DIRECTION    SE (150)
  AVERAGE WIND SPEED     8.4


SKY COVER
  AVERAGE SKY COVER 0.1


WEATHER CONDITIONS
 THE FOLLOWING WEATHER WAS RECORDED YESTERDAY.
  NO SIGNIFICANT WEATHER WAS OBSERVED.


RELATIVE HUMIDITY (PERCENT)
 HIGHEST   100           200 AM
 LOWEST     40           300 PM
 AVERAGE    70

..........................................................


THE ALLIANCE NE AIRPORT CLIMATE NORMALS FOR TODAY
                         NORMAL    RECORD    YEAR
 MAXIMUM TEMPERATURE (F)   89       106      2002
 MINIMUM TEMPERATURE (F)   57        37      1913


SUNRISE AND SUNSET
JULY 31 2016..........SUNRISE   544 AM MDT   SUNSET   810 PM MDT
AUGUST  1 2016........SUNRISE   545 AM MDT   SUNSET   809 PM MDT


-  INDICATES NEGATIVE NUMBERS.
R  INDICATES RECORD WAS SET OR TIED.
MM INDICATES DATA IS MISSING.
T  INDICATES TRACE AMOUNT.




$$
