000
CDAK48 PAKN 311233
CLIAKN

CLIMATE REPORT
NATIONAL WEATHER SERVICE KING SALMON, AK
333 AM AKST SAT JAN 31 2015

...................................
...THE KING SALMON AP CLIMATE SUMMARY FOR JANUARY 30 2015...

CLIMATE NORMAL PERIOD  1981 TO  2010
CLIMATE RECORD PERIOD  1917 TO  2015

WEATHER ITEM   OBSERVED TIME    RECORD YEAR NORMAL DEPARTURE LAST
               VALUE    (LST)   VALUE       VALUE  FROM      YEAR
                                                   NORMAL
...................................................................
TEMPERATURE
YESTERDAY
 MAXIMUM            15  0504 PM    53  2007     24      -9     44
 MINIMUM            -3  0635 AM   -37  2006      9     -12     35
 AVERAGE             6                          17     -11     40

PRECIPITATION
(INCHES)
 YESTERDAY        0.00           0.50  1962   0.04   -0.04   0.00
 MONTH TO DATE    0.52                        0.99   -0.47   1.73
 SINCE DEC 1      2.48                        2.22    0.26   2.86
 SINCE JAN 1      0.52                        0.99   -0.47   1.73

SNOWFALL
(INCHES)
 YESTERDAY         0.0            6.0  1940    0.3    -0.3    0.0
 MONTH TO DATE     0.7                         9.9    -9.2   10.6
 SINCE DEC 1       8.2                        19.4   -11.2   13.8
 SINCE JUL 1      11.7                        29.2   -17.5   25.4
 SNOW DEPTH (IN)     T                                          0

DEGREE DAYS
 HEATING
  YESTERDAY         59                          48      11     25
  MONTH TO DATE   1311                        1465    -154    902
  SINCE DEC 1     2338                        2903    -565   2244
  SINCE JUL 1     5089                        6278   -1189   5148

 COOLING
  YESTERDAY          0                           0       0      0
  MONTH TO DATE      0                           0       0      0
  SINCE DEC 1        0                           0       0      0
  SINCE JAN 1        0                           0       0      0
...................................................................

WIND (MPH)
 HIGHEST WIND SPEED    23     HIGHEST WIND DIRECTION    360
 HIGHEST GUST SPEED    27     HIGHEST GUST DIRECTION    360
 AVERAGE WIND SPEED  15.0

SKY COVER
  POSSIBLE SUNSHINE    MM          AVERAGE SKY COVER     MM

WEATHER CONDITIONS
 THE FOLLOWING WEATHER WAS RECORDED YESTERDAY.
  NO SIGNIFICANT WEATHER WAS OBSERVED.

RELATIVE HUMIDITY
 HIGHEST RH     MM PERCENT       MM
 LOWEST  RH     MM PERCENT       MM
 AVERAGE RH     MM PERCENT       MM
...................................................................

THE KING SALMON CLIMATE NORMALS FOR TODAY
                           NORMAL    RECORD   YEAR
 MAXIMUM TEMPERATURE (F)     24        50     1994
 MINIMUM TEMPERATURE (F)      9       -36     1993

SUNRISE AND SUNSET
 JAN 31 2015..........SUNRISE  9:36 AM      SUNSET  5:46 PM
 FEB 1 2015..........SUNRISE  9:34 AM      SUNSET  5:48 PM

-  INDICATES NEGATIVE NUMBERS.
R  INDICATES RECORD HAS BEEN SET OR TIED.
MM INDICATES DATA IS MISSING.
T  INDICATES TRACE OF PRECIPITATION.

&&
-------------------------------------------------------------------

AMOUNT OF DAYLIGHT TODAY  (HOUR:MIN)........8 HOURS 10 MINUTES
GAIN SINCE YESTERDAY (HOUR:MIN:SEC).........+0:04:34

$$
AM JAN 15
