000
CDAK48 PAKN 051107
CLIAKN

CLIMATE REPORT
NATIONAL WEATHER SERVICE KING SALMON, AK
308 AM AKDT SAT SEP 5 2015

...................................
...THE KING SALMON AP CLIMATE SUMMARY FOR SEPTEMBER 4 2015...

CLIMATE NORMAL PERIOD  1981 TO  2010
CLIMATE RECORD PERIOD  1917 TO  2015

WEATHER ITEM   OBSERVED TIME    RECORD YEAR NORMAL DEPARTURE LAST
               VALUE    (LST)   VALUE       VALUE  FROM      YEAR
                                                   NORMAL
...................................................................
TEMPERATURE
YESTERDAY
 MAXIMUM            62  0303 PM    74  1933     60       2     60
 MINIMUM            52  1159 PM    29  2004     44       8     51
 AVERAGE            57                          52       5     56

PRECIPITATION
(INCHES)
 YESTERDAY        0.04           1.27  2014   0.10   -0.06   1.27
 MONTH TO DATE    0.64                        0.43    0.21   1.35
 SINCE SEP 1      0.64                        0.43    0.21   1.35
 SINCE JAN 1     13.59                       12.03    1.56  15.62

SNOWFALL
(INCHES)
 YESTERDAY         0.0            0.0  2015    0.0     0.0    0.0
 MONTH TO DATE     0.0                         0.0     0.0    0.0
 SINCE SEP 1       0.0                         0.0     0.0    0.0
 SINCE JUL 1       0.0                         0.0     0.0    0.0
 SNOW DEPTH (IN)     0                                          0

DEGREE DAYS
 HEATING
  YESTERDAY          8                          13      -5      9
  MONTH TO DATE     53                          52       1     44
  SINCE SEP 1       53                          52       1     44
  SINCE JUL 1      577                         664     -87    518

 COOLING
  YESTERDAY          0                           0       0      0
  MONTH TO DATE      0                           0       0      0
  SINCE SEP 1        0                           0       0      0
  SINCE JAN 1        2                           0       2      0
...................................................................

WIND (MPH)
 HIGHEST WIND SPEED    21     HIGHEST WIND DIRECTION    260
 HIGHEST GUST SPEED    26     HIGHEST GUST DIRECTION    250
 AVERAGE WIND SPEED  11.6

SKY COVER
  POSSIBLE SUNSHINE    MM          AVERAGE SKY COVER     MM

WEATHER CONDITIONS
 THE FOLLOWING WEATHER WAS RECORDED YESTERDAY.
  FOG
RAIN


RELATIVE HUMIDITY
 HIGHEST RH     MM PERCENT       MM
 LOWEST  RH     MM PERCENT       MM
 AVERAGE RH     MM PERCENT       MM
...................................................................

THE KING SALMON CLIMATE NORMALS FOR TODAY
                           NORMAL    RECORD   YEAR
 MAXIMUM TEMPERATURE (F)     59        70     1957
 MINIMUM TEMPERATURE (F)     44        27     1976

SUNRISE AND SUNSET
 SEP 5 2015..........SUNRISE  7:34 AM      SUNSET  9:16 PM
 SEP 6 2015..........SUNRISE  7:36 AM      SUNSET  9:13 PM

-  INDICATES NEGATIVE NUMBERS.
R  INDICATES RECORD HAS BEEN SET OR TIED.
MM INDICATES DATA IS MISSING.
T  INDICATES TRACE OF PRECIPITATION.

&&
-------------------------------------------------------------------

AMOUNT OF DAYLIGHT TODAY  (HOUR:MIN)........13 HOURS 42 MINUTES
LOSS SINCE YESTERDAY (HOUR:MIN:SEC).........-0:05:04

$$
AM SEP 15
