492
CDAK48 PAKN 141007
CLIAKN

CLIMATE REPORT
NATIONAL WEATHER SERVICE KING SALMON, AK
107 AM AKST SUN FEB 14 2016

...................................
...THE KING SALMON AP CLIMATE SUMMARY FOR FEBRUARY 13 2016...

CLIMATE NORMAL PERIOD  1981 TO  2010
CLIMATE RECORD PERIOD  1917 TO  2016

WEATHER ITEM   OBSERVED TIME    RECORD YEAR NORMAL DEPARTURE LAST
               VALUE    (LST)   VALUE       VALUE  FROM      YEAR
                                                   NORMAL
...................................................................
TEMPERATURE
YESTERDAY
 MAXIMUM            42  0215 PM    52  1986     27      15     41
 MINIMUM            29  0954 AM   -22  1956     11      18     23
 AVERAGE            36                          19      17     32

PRECIPITATION
(INCHES)
 YESTERDAY        0.02           0.56  1941   0.03   -0.01   0.00
 MONTH TO DATE    0.26                        0.37   -0.11   0.01
 SINCE DEC 1      3.09                        2.62    0.47   2.49
 SINCE JAN 1      0.74                        1.39   -0.65   0.53

SNOWFALL
(INCHES)
 YESTERDAY         0.0            2.2  1955    0.2    -0.2    0.0
 MONTH TO DATE     1.3                         2.9    -1.6      T
 SINCE DEC 1      18.1                        22.6    -4.5    8.2
 SINCE JUL 1      31.2                        32.4    -1.2   11.7
 SNOW DEPTH (IN)     0                                          0

DEGREE DAYS
 HEATING
  YESTERDAY         29                          46     -17     33
  MONTH TO DATE    391                         616    -225    609
  SINCE DEC 1     2680                        3567    -887   2992
  SINCE JUL 1     5458                        6942   -1484   5744

 COOLING
  YESTERDAY          0                           0       0      0
  MONTH TO DATE      0                           0       0      0
  SINCE DEC 1        0                           0       0      0
  SINCE JAN 1        0                           0       0      0
...................................................................

WIND (MPH)
 HIGHEST WIND SPEED    13     HIGHEST WIND DIRECTION     60
 HIGHEST GUST SPEED    17     HIGHEST GUST DIRECTION     80
 AVERAGE WIND SPEED   5.0

SKY COVER
  POSSIBLE SUNSHINE    MM          AVERAGE SKY COVER     MM

WEATHER CONDITIONS
 THE FOLLOWING WEATHER WAS RECORDED YESTERDAY.
  FOG
RAIN


RELATIVE HUMIDITY
 HIGHEST RH     MM PERCENT       MM
 LOWEST  RH     MM PERCENT       MM
 AVERAGE RH     MM PERCENT       MM
...................................................................

THE KING SALMON CLIMATE NORMALS FOR TODAY
                           NORMAL    RECORD   YEAR
 MAXIMUM TEMPERATURE (F)     27        45     1993
 MINIMUM TEMPERATURE (F)     11       -31     1974

SUNRISE AND SUNSET
 FEB 14 2016..........SUNRISE  9:04 AM      SUNSET  6:20 PM
 FEB 15 2016..........SUNRISE  9:01 AM      SUNSET  6:22 PM

-  INDICATES NEGATIVE NUMBERS.
R  INDICATES RECORD HAS BEEN SET OR TIED.
MM INDICATES DATA IS MISSING.
T  INDICATES TRACE OF PRECIPITATION.

&&
-------------------------------------------------------------------

AMOUNT OF DAYLIGHT TODAY  (HOUR:MIN)........9 HOURS 16 MINUTES
GAIN/LOSS SINCE YESTERDAY (HOUR:MIN:SEC)....+0:05:00

$$
DJH FEB 16
