000
CDAK48 PAKN 290907
CLIAKN

CLIMATE REPORT
NATIONAL WEATHER SERVICE KING SALMON, AK
107 AM AKDT FRI APR 29 2016

...................................
...THE KING SALMON AP CLIMATE SUMMARY FOR APRIL 28 2016...

CLIMATE NORMAL PERIOD  1981 TO  2010
CLIMATE RECORD PERIOD  1917 TO  2016

WEATHER ITEM   OBSERVED TIME    RECORD YEAR NORMAL DEPARTURE LAST
               VALUE    (LST)   VALUE       VALUE  FROM      YEAR
                                                   NORMAL
...................................................................
TEMPERATURE
YESTERDAY
 MAXIMUM            56  0414 PM    68  2005     48       8     59
 MINIMUM            39  1212 AM     8  1975     30       9     25
 AVERAGE            48                          39       9     42

PRECIPITATION
(INCHES)
 YESTERDAY           T           0.52  1983   0.04   -0.04   0.00
 MONTH TO DATE    0.83                        0.90   -0.07   2.18
 SINCE MAR 1      2.78                        1.60    1.18   3.13
 SINCE JAN 1      4.22                        3.38    0.84   3.92

SNOWFALL
(INCHES)
 YESTERDAY         0.0            2.5  2010    0.1    -0.1    0.0
 MONTH TO DATE     0.0                         3.8    -3.8   12.1
 SINCE MAR 1       4.2                        10.2    -6.0   12.4
 SINCE JUL 1      38.8                        45.7    -6.9   26.1
 SNOW DEPTH (IN)     0                                          0

DEGREE DAYS
 HEATING
  YESTERDAY         17                          26      -9     23
  MONTH TO DATE    611                         888    -277    819
  SINCE MAR 1     1596                        2153    -557   1882
  SINCE JUL 1     7530                        9771   -2241   8080

 COOLING
  YESTERDAY          0                           0       0      0
  MONTH TO DATE      0                           0       0      0
  SINCE MAR 1        0                           0       0      0
  SINCE JAN 1        0                           0       0      0
...................................................................

WIND (MPH)
 HIGHEST WIND SPEED    21     HIGHEST WIND DIRECTION     70
 HIGHEST GUST SPEED    26     HIGHEST GUST DIRECTION     70
 AVERAGE WIND SPEED  11.1

SKY COVER
  POSSIBLE SUNSHINE    MM          AVERAGE SKY COVER     MM

WEATHER CONDITIONS
 THE FOLLOWING WEATHER WAS RECORDED YESTERDAY.
  RAIN


RELATIVE HUMIDITY
 HIGHEST RH     MM PERCENT       MM
 LOWEST  RH     MM PERCENT       MM
 AVERAGE RH     MM PERCENT       MM
...................................................................

THE KING SALMON CLIMATE NORMALS FOR TODAY
                           NORMAL    RECORD   YEAR
 MAXIMUM TEMPERATURE (F)     48        63     2003
 MINIMUM TEMPERATURE (F)     30        12     1949

SUNRISE AND SUNSET
 APR 29 2016..........SUNRISE  6:35 AM      SUNSET 10:16 PM
 APR 30 2016..........SUNRISE  6:32 AM      SUNSET 10:18 PM

-  INDICATES NEGATIVE NUMBERS.
R  INDICATES RECORD HAS BEEN SET OR TIED.
MM INDICATES DATA IS MISSING.
T  INDICATES TRACE OF PRECIPITATION.

&&
-------------------------------------------------------------------

AMOUNT OF DAYLIGHT TODAY  (HOUR:MIN)........15 HOURS 41 MINUTES
GAIN/LOSS SINCE YESTERDAY (HOUR:MIN:SEC)....+0:04:53

$$
DJH APR 16
