000
CDAK48 PAKN 281200
CLIAKN

CLIMATE REPORT
NATIONAL WEATHER SERVICE KING SALMON, AK
400 AM AKDT SAT MAY 28 2016

...................................
...THE KING SALMON AP CLIMATE SUMMARY FOR MAY 27 2016...

CLIMATE NORMAL PERIOD  1981 TO  2016
CLIMATE RECORD PERIOD  1917 TO  2016

WEATHER ITEM   OBSERVED TIME    RECORD YEAR NORMAL DEPARTURE LAST
               VALUE    (LST)   VALUE       VALUE  FROM      YEAR
                                                   NORMAL
...................................................................
TEMPERATURE
YESTERDAY
 MAXIMUM            77R 0319 PM    77  2016     57      20     59
 MINIMUM            38  0448 AM    27  1976     37       1     43
 AVERAGE            58                          47      11     51

PRECIPITATION
(INCHES)
 YESTERDAY           T           0.57  1978   0.05   -0.05   0.00
 MONTH TO DATE    3.05                        1.07    1.98   3.32
 SINCE MAR 1      5.85                        2.74    3.11   6.45
 SINCE JAN 1      7.29                        4.52    2.77   7.24

SNOWFALL
(INCHES)
 YESTERDAY         0.0              T  1999    0.0     0.0    0.0
 MONTH TO DATE     0.0                         0.8    -0.8    0.0
 SINCE MAR 1       4.2                        11.1    -6.9   12.4
 SINCE JUL 1      38.8                        46.6    -7.8   26.1
 SNOW DEPTH (IN)     0                                          0

DEGREE DAYS
 HEATING
  YESTERDAY          7                          18     -11     14
  MONTH TO DATE    440                         576    -136    482
  SINCE MAR 1     2072                        2781    -709   2407
  SINCE JUL 1     8006                       10399   -2393   8605

 COOLING
  YESTERDAY          0                           0       0      0
  MONTH TO DATE      0                           0       0      0
  SINCE MAR 1        0                           0       0      0
  SINCE JAN 1        0                           0       0      0
...................................................................

WIND (MPH)
 HIGHEST WIND SPEED    21     HIGHEST WIND DIRECTION    210
 HIGHEST GUST SPEED    27     HIGHEST GUST DIRECTION    210
 AVERAGE WIND SPEED   7.1

SKY COVER
  POSSIBLE SUNSHINE    MM          AVERAGE SKY COVER     MM

WEATHER CONDITIONS
 THE FOLLOWING WEATHER WAS RECORDED YESTERDAY.
  RAIN


RELATIVE HUMIDITY
 HIGHEST RH     MM PERCENT       MM
 LOWEST  RH     MM PERCENT       MM
 AVERAGE RH     MM PERCENT       MM
...................................................................

THE KING SALMON CLIMATE NORMALS FOR TODAY
                           NORMAL    RECORD   YEAR
 MAXIMUM TEMPERATURE (F)     57        83     2006
 MINIMUM TEMPERATURE (F)     37        28     2000

SUNRISE AND SUNSET
 MAY 28 2016..........SUNRISE  5:33 AM      SUNSET 11:17 PM
 MAY 29 2016..........SUNRISE  5:32 AM      SUNSET 11:19 PM

-  INDICATES NEGATIVE NUMBERS.
R  INDICATES RECORD HAS BEEN SET OR TIED.
MM INDICATES DATA IS MISSING.
T  INDICATES TRACE OF PRECIPITATION.

&&
-------------------------------------------------------------------

AMOUNT OF DAYLIGHT TODAY  (HOUR:MIN)........17 HOURS 44 MINUTES
GAIN SINCE YESTERDAY (HOUR:MIN:SEC).........+0:03:16

$$

DT MAY 16
