000
CDAK48 PAKN 310009
CLIAKN

CLIMATE REPORT
NATIONAL WEATHER SERVICE KING SALMON, AK
409 PM AKDT SAT AUG 30 2014

...................................
...THE KING SALMON AP CLIMATE SUMMARY FOR AUGUST 30 2014...
VALID TODAY AS OF 2:00 PM LOCAL TIME

CLIMATE NORMAL PERIOD  1981 TO  2010
CLIMATE RECORD PERIOD  1949 TO  2014

WEATHER ITEM   OBSERVED TIME    RECORD YEAR NORMAL DEPARTURE LAST
               VALUE    (LST)   VALUE       VALUE  FROM      YEAR
                                                   NORMAL
...................................................................
TEMPERATURE
TODAY
 MAXIMUM            57  0304 PM    67  2007     61      -4     66
 MINIMUM            35  0254 AM    31  1984     45     -10     42
 AVERAGE            46                          53      -7     54

PRECIPITATION
(INCHES)
 TODAY            0.00           0.66  2006   0.10   -0.10   0.00
 MONTH TO DATE    3.51                        2.85    0.66   5.29
 SINCE JUN 1      9.14                        6.80    2.34   7.64
 SINCE JAN 1     14.27                       11.50    2.77  14.00

SNOWFALL
(INCHES)
 TODAY             0.0            0.0  2014    0.0     0.0    0.0
 MONTH TO DATE     0.0                         0.0     0.0    0.0
 SINCE JUN 1       0.0                         0.0     0.0    0.0
 SINCE JUL 1       0.0                         0.0     0.0    0.0
 SNOW DEPTH (IN)     0                                          0

DEGREE DAYS
 HEATING
  TODAY             19                          12       7     11
  MONTH TO DATE    219                         310     -91    269
  SINCE JUN 1      888                        1007    -119    773
  SINCE JUL 1      457                         600    -143    491

 COOLING
  TODAY              0                           0       0      0
  MONTH TO DATE      0                           0       0      0
  SINCE JUN 1        0                           0       0      4
  SINCE JAN 1        0                           0       0      4
...................................................................

WIND (MPH)
 HIGHEST WIND SPEED    13     HIGHEST WIND DIRECTION     20
 HIGHEST GUST SPEED    16     HIGHEST GUST DIRECTION    330
 AVERAGE WIND SPEED    MM

SKY COVER
  POSSIBLE SUNSHINE  MM            AVERAGE SKY COVER MM

WEATHER CONDITIONS
 THE FOLLOWING WEATHER WAS RECORDED TODAY.
NO SIGNIFICANT WEATHER WAS OBSERVED.

RELATIVE HUMIDITY
 HIGHEST RH     MM PERCENT       MM
 LOWEST  RH     MM PERCENT       MM
 AVERAGE RH     MM PERCENT       MM
...................................................................

THE KING SALMON CLIMATE NORMALS FOR TOMORROW
                        NORMAL    RECORD   YEAR
 MAXIMUM TEMPERATURE      61        69     1987
 MINIMUM TEMPERATURE      45        25     1984

SUNRISE AND SUNSET
 AUG 30 2014..........SUNRISE  7:21 AM      SUNSET  9:32 PM
 AUG 31 2014..........SUNRISE  7:24 AM      SUNSET  9:29 PM

-  INDICATES NEGATIVE NUMBERS.
R  INDICATES RECORD HAS BEEN SET OR TIED.
MM INDICATES DATA IS MISSING.
T  INDICATES TRACE OF PRECIPITATION.

&&
-------------------------------------------------------------------

AMOUNT OF DAYLIGHT TODAY  (HOUR:MIN)........14 HOURS 11 MINUTES
GAIN/LOSS SINCE YESTERDAY (HOUR:MIN:SEC)....-0:05:03

$$
FS AUG 14
