000
CDAK48 PAFC 201338 RRA
CLIAKN

CLIMATE REPORT
NATIONAL WEATHER SERVICE ANCHORAGE, AK
436 AM AKST FRI JAN 20 2017


...................................

...THE KING SALMON CLIMATE SUMMARY FOR JANUARY 19 2017...

CLIMATE NORMAL PERIOD 1981 TO 2010
CLIMATE RECORD PERIOD 1917 TO 2017


WEATHER ITEM   OBSERVED TIME   RECORD YEAR NORMAL DEPARTURE LAST
                VALUE   (LST)  VALUE       VALUE  FROM      YEAR
                                                  NORMAL
..................................................................
TEMPERATURE (F)
 YESTERDAY
  MAXIMUM         30    431 PM  48    2008  23      7       32
  MINIMUM        -20   1236 AM -33    1947   9    -29       17
  AVERAGE          5                        16    -11       25

PRECIPITATION (IN)
  YESTERDAY        T             0.54 1986   0.03  -0.03     0.00
  MONTH TO DATE    0.01                      0.61  -0.60     0.18
  SINCE DEC 1      1.10                      1.84  -0.74     1.68
  SINCE JAN 1      0.01                      0.61  -0.60     0.18

SNOWFALL (IN)
  YESTERDAY        T            MM      MM   0.4   -0.4      0.0
  MONTH TO DATE    0.5                       6.1   -5.6      0.0
  SINCE DEC 1      6.0                      15.6   -9.6      0.0
  SINCE JUL 1     10.6                      25.4  -14.8     13.1
  SNOW DEPTH       T

DEGREE DAYS
 HEATING
  YESTERDAY       60                        49     11       40
  MONTH TO DATE 1064                       927    137      612
  SINCE DEC 1   2486                      2365    121     1862
  SINCE JUL 1   5212                      5742   -530     4459

 COOLING
  YESTERDAY        0                         0      0        0
  MONTH TO DATE    0                         0      0        0
  SINCE DEC 1      0                         0      0        0
  SINCE JAN 1      0                         0      0        0
..................................................................


WIND (MPH)
  RESULTANT WIND SPEED   3   RESULTANT WIND DIRECTION  SE (140)
  HIGHEST WIND SPEED    18   HIGHEST WIND DIRECTION     S (200)
  HIGHEST GUST SPEED    26   HIGHEST GUST DIRECTION     S (200)
  AVERAGE WIND SPEED     6.4



WEATHER CONDITIONS
 THE FOLLOWING WEATHER WAS RECORDED YESTERDAY.
  LIGHT SNOW


RELATIVE HUMIDITY (PERCENT)
 HIGHEST    88
 LOWEST     67
 AVERAGE    78

..........................................................


THE KING SALMON CLIMATE NORMALS FOR TODAY
                         NORMAL    RECORD    YEAR
 MAXIMUM TEMPERATURE (F)   23        45      1961
 MINIMUM TEMPERATURE (F)    9       -33      1947


SUNRISE AND SUNSET
JANUARY 20 2017.......SUNRISE   956 AM AKST  SUNSET   520 PM AKST
JANUARY 21 2017.......SUNRISE   954 AM AKST  SUNSET   523 PM AKST

CIVIL TWILIGHT
JANUARY 20 2017         START    908 AM GMT     END    609 PM GMT
JANUARY 21 2017         START    907 AM GMT     END    611 PM GMT



-  INDICATES NEGATIVE NUMBERS.
R  INDICATES RECORD WAS SET OR TIED.
MM INDICATES DATA IS MISSING.
T  INDICATES TRACE AMOUNT.




$$
&&
------------------------------------------------------
AMOUNT OF DAYLIGHT TODAY  (HOUR:MIN)........ 7:24
GAIN/LOSS SINCE YESTERDAY (HOUR:MIN:SEC)....+0:03:56

$$
