000
CDUS45 KBOU 230725
CLIAKO


CLIMATE REPORT
NATIONAL WEATHER SERVICE DENVER/BOULDER CO
125 AM MDT SAT JUL 23 2016


...................................

...THE AKRON CO CLIMATE SUMMARY FOR JULY 22 2016...

CLIMATE NORMAL PERIOD 1981 TO 2010
CLIMATE RECORD PERIOD 9999 TO 9999


WEATHER ITEM   OBSERVED TIME   RECORD YEAR NORMAL DEPARTURE LAST
                VALUE   (LST)  VALUE       VALUE  FROM      YEAR
                                                  NORMAL
..................................................................
TEMPERATURE (F)
 YESTERDAY
  MAXIMUM         95    305 PM 104    2005  89      6
  MINIMUM         67    547 AM  46    1990  60      7
  AVERAGE         81                        75      6

PRECIPITATION (IN)
  YESTERDAY        0.00          1.19   MM   0.09  -0.09     0.00
  MONTH TO DATE    1.96                      1.74   0.22     1.52
  SINCE JUN 1      5.90                      4.20   1.70     2.57
  SINCE JAN 1     12.41                     10.38   2.03    10.58

DEGREE DAYS
 HEATING
  YESTERDAY        0
  MONTH TO DATE    0

 COOLING
  YESTERDAY       16
  MONTH TO DATE  206
..................................................................


WIND (MPH)
  HIGHEST WIND SPEED    30   HIGHEST WIND DIRECTION     S (160)
  HIGHEST GUST SPEED    39   HIGHEST GUST DIRECTION     S (160)




RELATIVE HUMIDITY (PERCENT)
 HIGHEST    81
 LOWEST     28
 AVERAGE    55

..........................................................


THE AKRON CO CLIMATE NORMALS FOR TODAY
                         NORMAL    RECORD    YEAR
 MAXIMUM TEMPERATURE (F)   89       103      2005
 MINIMUM TEMPERATURE (F)   60        48      1950


SUNRISE AND SUNSET
JULY 23 2016..........SUNRISE   543 AM MDT   SUNSET   815 PM MDT
JULY 24 2016..........SUNRISE   544 AM MDT   SUNSET   814 PM MDT


-  INDICATES NEGATIVE NUMBERS.
R  INDICATES RECORD WAS SET OR TIED.
MM INDICATES DATA IS MISSING.
T  INDICATES TRACE AMOUNT.




$$
