000
CDUS45 KBOU 141515
CLIAKO


CLIMATE REPORT
NATIONAL WEATHER SERVICE DENVER/BOULDER CO
815 AM MST THU DEC 14 2017


...................................

...THE AKRON CO CLIMATE SUMMARY FOR DECEMBER 13 2017...

CLIMATE NORMAL PERIOD 1981 TO 2010
CLIMATE RECORD PERIOD 9999 TO 9999


WEATHER ITEM   OBSERVED TIME   RECORD YEAR NORMAL DEPARTURE LAST
                VALUE   (LST)  VALUE       VALUE  FROM      YEAR
                                                  NORMAL
..................................................................
TEMPERATURE (F)
 YESTERDAY
  MAXIMUM         51    216 PM  62    1988  39     12
  MINIMUM         33    202 AM -11    1963  16     17
  AVERAGE         42                        28     14

PRECIPITATION (IN)
  YESTERDAY        0.00          0.95 1952   0.01  -0.01     0.00
  MONTH TO DATE    T                         0.21  -0.21     0.01
  SINCE DEC 1      T                         0.21  -0.21     0.01
  SINCE JAN 1     13.67                     16.55  -2.88    16.66

SNOWFALL (IN)
  YESTERDAY        0.0
  SNOW DEPTH       0

DEGREE DAYS
 HEATING
  YESTERDAY       23
  MONTH TO DATE  341

 COOLING
  YESTERDAY        0
  MONTH TO DATE    0
..................................................................


WIND (MPH)
  HIGHEST WIND SPEED    31   HIGHEST WIND DIRECTION     N (350)
  HIGHEST GUST SPEED    38   HIGHEST GUST DIRECTION     N (360)




RELATIVE HUMIDITY (PERCENT)
 HIGHEST    44
 LOWEST     19
 AVERAGE    32

..........................................................


THE AKRON CO CLIMATE NORMALS FOR TODAY
                         NORMAL    RECORD    YEAR
 MAXIMUM TEMPERATURE (F)   39        63      1969
 MINIMUM TEMPERATURE (F)   16       -21      1940


SUNRISE AND SUNSET
DECEMBER 14 2017......SUNRISE   708 AM MST   SUNSET   428 PM MST
DECEMBER 15 2017......SUNRISE   708 AM MST   SUNSET   428 PM MST


-  INDICATES NEGATIVE NUMBERS.
R  INDICATES RECORD WAS SET OR TIED.
MM INDICATES DATA IS MISSING.
T  INDICATES TRACE AMOUNT.




$$
