000
CDUS45 KBOU 180725
CLIAKO


CLIMATE REPORT
NATIONAL WEATHER SERVICE BOULDER, CO
1225 AM MST THU DEC 18 2014


...................................

...THE AKRON CO CLIMATE SUMMARY FOR DECEMBER 17 2014...

CLIMATE NORMAL PERIOD 1981 TO 2010
CLIMATE RECORD PERIOD 9999 TO 9999


WEATHER ITEM   OBSERVED TIME   RECORD YEAR NORMAL DEPARTURE LAST
                VALUE   (LST)  VALUE       VALUE  FROM      YEAR
                                                  NORMAL
..................................................................
TEMPERATURE (F)
 YESTERDAY
  MAXIMUM         23    627 PM  69    1980  39    -16
  MINIMUM         15    258 AM -17    1964  16     -1
  AVERAGE         19                        28     -9

PRECIPITATION (IN)
  YESTERDAY        0.00          0.07 1944   0.01  -0.01     0.00
  MONTH TO DATE    0.20                      0.25  -0.05     0.02
  SINCE DEC 1      0.20                      0.25  -0.05     0.02
  SINCE JAN 1     18.31                     16.59   1.72    16.98

DEGREE DAYS
 HEATING
  YESTERDAY       46
  MONTH TO DATE  501

 COOLING
  YESTERDAY        0
  MONTH TO DATE    0
..................................................................


WIND (MPH)
  HIGHEST WIND SPEED    16   HIGHEST WIND DIRECTION    SE (130)
  HIGHEST GUST SPEED    18   HIGHEST GUST DIRECTION    SE (130)




RELATIVE HUMIDITY (PERCENT)
 HIGHEST   100
 LOWEST     88
 AVERAGE    94

..........................................................


THE AKRON CO CLIMATE NORMALS FOR TODAY
                         NORMAL    RECORD    YEAR
 MAXIMUM TEMPERATURE (F)   39        61      2013
 MINIMUM TEMPERATURE (F)   16       -13      1945


SUNRISE AND SUNSET
DECEMBER 18 2014......SUNRISE   710 AM MST   SUNSET   429 PM MST
DECEMBER 19 2014......SUNRISE   711 AM MST   SUNSET   429 PM MST


-  INDICATES NEGATIVE NUMBERS.
R  INDICATES RECORD WAS SET OR TIED.
MM INDICATES DATA IS MISSING.
T  INDICATES TRACE AMOUNT.




$$
