345
CDUS45 KBOU 281226
CLIAKO


CLIMATE REPORT
NATIONAL WEATHER SERVICE DENVER/BOULDER CO
626 AM MDT WED SEP 28 2016


...................................

...THE AKRON CO CLIMATE SUMMARY FOR SEPTEMBER 27 2016...

CLIMATE NORMAL PERIOD 1981 TO 2010
CLIMATE RECORD PERIOD 9999 TO 9999


WEATHER ITEM   OBSERVED TIME   RECORD YEAR NORMAL DEPARTURE LAST
                VALUE   (LST)  VALUE       VALUE  FROM      YEAR
                                                  NORMAL
..................................................................
TEMPERATURE (F)
 YESTERDAY
  MAXIMUM         82    349 PM  91    2015  72     10
                                      1953
  MINIMUM         43    600 AM  26    1945  44     -1
  AVERAGE         63                        58      5

PRECIPITATION (IN)
  YESTERDAY        0.00          0.44 1973   0.04  -0.04     0.00
  MONTH TO DATE    1.37                      1.05   0.32     0.02
  SINCE SEP 1      1.37                      1.05   0.32     0.02
  SINCE JAN 1     16.10                     14.54   1.56    11.58

DEGREE DAYS
 HEATING
  YESTERDAY        2
  MONTH TO DATE   72

 COOLING
  YESTERDAY        0
  MONTH TO DATE   83
..................................................................


WIND (MPH)
  HIGHEST WIND SPEED    14   HIGHEST WIND DIRECTION     W (250)
  HIGHEST GUST SPEED    17   HIGHEST GUST DIRECTION    SW (240)




RELATIVE HUMIDITY (PERCENT)
 HIGHEST    70
 LOWEST     11
 AVERAGE    41

..........................................................


THE AKRON CO CLIMATE NORMALS FOR TODAY
                         NORMAL    RECORD    YEAR
 MAXIMUM TEMPERATURE (F)   71        92      1953
 MINIMUM TEMPERATURE (F)   43        21      1985


SUNRISE AND SUNSET
SEPTEMBER 28 2016.....SUNRISE   647 AM MDT   SUNSET   639 PM MDT
SEPTEMBER 29 2016.....SUNRISE   648 AM MDT   SUNSET   637 PM MDT


-  INDICATES NEGATIVE NUMBERS.
R  INDICATES RECORD WAS SET OR TIED.
MM INDICATES DATA IS MISSING.
T  INDICATES TRACE AMOUNT.




$$
