000
CDUS45 KBOU 271112
CLIAKO

CLIMATE REPORT
NATIONAL WEATHER SERVICE BOULDER, CO
125 AM MDT WED AUG 27 2014


...................................

...THE AKRON CO CLIMATE SUMMARY FOR AUGUST 26 2014...

CLIMATE NORMAL PERIOD 1981 TO 2010

WEATHER ITEM   OBSERVED TIME   RECORD YEAR NORMAL DEPARTURE LAST
                VALUE   (LST)  VALUE       VALUE  FROM      YEAR
                                                  NORMAL
..................................................................
TEMPERATURE (F)
 YESTERDAY
  MAXIMUM         78    356 PM  98    1994  84     -6
  MINIMUM         59    317 AM  47    1967  57      2
  AVERAGE         69                        70     -1

PRECIPITATION (IN)
  YESTERDAY        0.28          1.29 1946   0.06   0.22     0.00
  MONTH TO DATE    3.54                      2.01   1.53     2.41
  SINCE JUN 1      9.63                      7.02   2.61     7.53
  SINCE JAN 1     14.33                     13.20   1.13    11.42

DEGREE DAYS
 HEATING
  YESTERDAY        0
  MONTH TO DATE    0

 COOLING
  YESTERDAY        4
  MONTH TO DATE  203
..................................................................


WIND (MPH)
  HIGHEST WIND SPEED    29   HIGHEST WIND DIRECTION     S (160)
  HIGHEST GUST SPEED    36   HIGHEST GUST DIRECTION     S (160)




RELATIVE HUMIDITY (PERCENT)
 HIGHEST    93
 LOWEST     56
 AVERAGE    75

..........................................................


THE AKRON CO CLIMATE NORMALS FOR TODAY
                         NORMAL    RECORD    YEAR
 MAXIMUM TEMPERATURE (F)   84        98      2010
 MINIMUM TEMPERATURE (F)   56        44      1944


SUNRISE AND SUNSET
AUGUST 27 2014........SUNRISE   616 AM MDT   SUNSET   732 PM MDT
AUGUST 28 2014........SUNRISE   617 AM MDT   SUNSET   731 PM MDT


-  INDICATES NEGATIVE NUMBERS.
R  INDICATES RECORD WAS SET OR TIED.
MM INDICATES DATA IS MISSING.
T  INDICATES TRACE AMOUNT.




$$
