000
CDUS45 KBOU 190725
CLIAKO


CLIMATE REPORT
NATIONAL WEATHER SERVICE DENVER/BOULDER CO
125 AM MDT THU OCT 19 2017


...................................

...THE AKRON CO CLIMATE SUMMARY FOR OCTOBER 18 2017...

CLIMATE NORMAL PERIOD 1981 TO 2010
CLIMATE RECORD PERIOD 9999 TO 9999


WEATHER ITEM   OBSERVED TIME   RECORD YEAR NORMAL DEPARTURE LAST
                VALUE   (LST)  VALUE       VALUE  FROM      YEAR
                                                  NORMAL
..................................................................
TEMPERATURE (F)
 YESTERDAY
  MAXIMUM         77    211 PM  85    1958  63     14
  MINIMUM         46    411 AM  22    1976  36     10
  AVERAGE         62                        50     12

PRECIPITATION (IN)
  YESTERDAY        0.00          1.37 1965   0.04  -0.04     0.00
  MONTH TO DATE    0.47                      0.74  -0.27     0.46
  SINCE SEP 1      1.76                      1.90  -0.14     1.83
  SINCE JAN 1     13.55                     15.39  -1.84    16.56

DEGREE DAYS
 HEATING
  YESTERDAY        3
  MONTH TO DATE  234

 COOLING
  YESTERDAY        0
  MONTH TO DATE    0
..................................................................


WIND (MPH)
  HIGHEST WIND SPEED    21   HIGHEST WIND DIRECTION    NW (330)
  HIGHEST GUST SPEED    27   HIGHEST GUST DIRECTION     N (350)




RELATIVE HUMIDITY (PERCENT)
 HIGHEST    42
 LOWEST      9
 AVERAGE    26

..........................................................


THE AKRON CO CLIMATE NORMALS FOR TODAY
                         NORMAL    RECORD    YEAR
 MAXIMUM TEMPERATURE (F)   63        86      2003
 MINIMUM TEMPERATURE (F)   36        17      1976


SUNRISE AND SUNSET
OCTOBER 19 2017.......SUNRISE   708 AM MDT   SUNSET   607 PM MDT
OCTOBER 20 2017.......SUNRISE   709 AM MDT   SUNSET   605 PM MDT


-  INDICATES NEGATIVE NUMBERS.
R  INDICATES RECORD WAS SET OR TIED.
MM INDICATES DATA IS MISSING.
T  INDICATES TRACE AMOUNT.




$$
