000
CDUS41 KALY 030624
CLIALB


CLIMATE REPORT
NATIONAL WEATHER SERVICE ALBANY NY
223 AM EDT THU SEP 3 2015


...................................

...THE ALBANY NY CLIMATE SUMMARY FOR SEPTEMBER 2 2015...

CLIMATE NORMAL PERIOD 1981 TO 2010
CLIMATE RECORD PERIOD 1874 TO 2015


WEATHER ITEM   OBSERVED TIME   RECORD YEAR NORMAL DEPARTURE LAST
                VALUE   (LST)  VALUE       VALUE  FROM      YEAR
                                                  NORMAL
..................................................................
TEMPERATURE (F)
 YESTERDAY
  MAXIMUM         89    305 PM 100    1953  77     12       87
  MINIMUM         63    547 AM  39    1991  57      6       70
  AVERAGE         76                        67      9       79

PRECIPITATION (IN)
  YESTERDAY        0.00          2.19 1945   0.10  -0.10     0.15
  MONTH TO DATE    0.00                      0.19  -0.19     0.15
  SINCE SEP 1      0.00                      0.19  -0.19     0.15
  SINCE JAN 1     23.14                     26.34  -3.20    26.93

DEGREE DAYS
 HEATING
  YESTERDAY        0                         2     -2        0
  MONTH TO DATE    0                         3     -3        0
  SINCE SEP 1      0                         3     -3        0
  SINCE JUL 1      1                        26    -25        8

 COOLING
  YESTERDAY       11                         4      7       14
  MONTH TO DATE   21                         8     13       28
  SINCE SEP 1     21                         8     13       28
  SINCE JAN 1    769                       551    218      595
..................................................................


WIND (MPH)
  HIGHEST WIND SPEED    12   HIGHEST WIND DIRECTION     W (250)
  HIGHEST GUST SPEED    16   HIGHEST GUST DIRECTION     W (260)
  AVERAGE WIND SPEED     2.4


SKY COVER
  AVERAGE SKY COVER 0.2



RELATIVE HUMIDITY (PERCENT)
 HIGHEST    87
 LOWEST     44
 AVERAGE    66

..........................................................


THE ALBANY NY CLIMATE NORMALS FOR TODAY
                         NORMAL    RECORD    YEAR
 MAXIMUM TEMPERATURE (F)   77       100      1953
 MINIMUM TEMPERATURE (F)   56        39      1976


SUNRISE AND SUNSET
SEPTEMBER  3 2015.....SUNRISE   622 AM EDT   SUNSET   727 PM EDT
SEPTEMBER  4 2015.....SUNRISE   623 AM EDT   SUNSET   725 PM EDT


-  INDICATES NEGATIVE NUMBERS.
R  INDICATES RECORD WAS SET OR TIED.
MM INDICATES DATA IS MISSING.
T  INDICATES TRACE AMOUNT.




$$
