000
CDUS43 KDMX 270641 CCA
CLIALO

CLIMATE REPORT...CORRECTION
NATIONAL WEATHER SERVICE DES MOINES IA
1241 AM CST MON FEB 27 2017

...................................

...THE WATERLOO IA CLIMATE SUMMARY FOR FEBRUARY 26 2017...

CLIMATE NORMAL PERIOD 1981 TO 2010
CLIMATE RECORD PERIOD 1895 TO 2017


WEATHER ITEM   OBSERVED TIME   RECORD YEAR NORMAL DEPARTURE LAST
                VALUE   (LST)  VALUE       VALUE  FROM      YEAR
                                                  NORMAL
..................................................................
TEMPERATURE (F)
 YESTERDAY
  MAXIMUM         40    344 PM  64    1896  36      4       42
  MINIMUM         20    948 PM -14    1897  19      1       29
  AVERAGE         30                        28      2       36

PRECIPITATION (IN)
  YESTERDAY        0.00          0.72 1929   0.04  -0.04     0.00
  MONTH TO DATE    1.01                      0.90   0.11     0.86
  SINCE DEC 1      5.77                      2.93   2.84     7.56
  SINCE JAN 1      3.90                      1.73   2.17     1.64

SNOWFALL (IN)
  YESTERDAY        0.0           6.4  2013   0.2   -0.2      0.0
  MONTH TO DATE    1.4                       7.0   -5.6     11.3
  SINCE DEC 1     15.6                      25.1   -9.5     28.8
  SINCE JUL 1     15.6                      28.5  -12.9     41.5
  SNOW DEPTH       T

DEGREE DAYS
 HEATING
  YESTERDAY       35                        37     -2       29
  MONTH TO DATE  824                      1090   -266     1032
  SINCE DEC 1   3424                      3861   -437     3414
  SINCE JUL 1   4413                      5344   -931     4629

 COOLING
  YESTERDAY        0                         0      0        0
  MONTH TO DATE    0                         0      0        0
  SINCE DEC 1      0                         0      0        0
  SINCE JAN 1      0                         0      0        0
..................................................................


WIND (MPH)
  HIGHEST WIND SPEED    22   HIGHEST WIND DIRECTION    SW (240)
  HIGHEST GUST SPEED    27   HIGHEST GUST DIRECTION    SW (230)
  AVERAGE WIND SPEED    11.3


SKY COVER
  POSSIBLE SUNSHINE  MM
  AVERAGE SKY COVER 0.2


WEATHER CONDITIONS
 THE FOLLOWING WEATHER WAS RECORDED YESTERDAY.
  FOG


RELATIVE HUMIDITY (PERCENT)
 HIGHEST    88           900 PM
 LOWEST     54           200 PM
 AVERAGE    71

..........................................................


THE WATERLOO IA CLIMATE NORMALS FOR TODAY
                         NORMAL    RECORD    YEAR
 MAXIMUM TEMPERATURE (F)   37        64      2016
 MINIMUM TEMPERATURE (F)   19       -24      2015


SUNRISE AND SUNSET
FEBRUARY 27 2017......SUNRISE   648 AM CST   SUNSET   557 PM CST
FEBRUARY 28 2017......SUNRISE   646 AM CST   SUNSET   558 PM CST


-  INDICATES NEGATIVE NUMBERS.
R  INDICATES RECORD WAS SET OR TIED.
MM INDICATES DATA IS MISSING.
T  INDICATES TRACE AMOUNT.

$$

SMALL
