000
CDUS43 KDMX 252227
CLIALO

CLIMATE REPORT
NATIONAL WEATHER SERVICE DES MOINES IA
526 PM CDT SAT OCT 25 2014


...................................

...THE WATERLOO IA CLIMATE SUMMARY FOR OCTOBER 25 2014...
VALID TODAY AS OF 0500 PM LOCAL TIME.

CLIMATE NORMAL PERIOD 1981 TO 2010
CLIMATE RECORD PERIOD 1895 TO 2014


WEATHER ITEM   OBSERVED TIME   RECORD YEAR NORMAL DEPARTURE LAST
                VALUE   (LST)  VALUE       VALUE  FROM      YEAR
                                                  NORMAL
..................................................................
TEMPERATURE (F)
 TODAY
  MAXIMUM         68    308 PM  86    1927  58     10       54
  MINIMUM         44    702 AM  19    1987  36      8       22
  AVERAGE         56                        47      9       38

PRECIPITATION (IN)
  TODAY            0.00          1.00 1916   0.07  -0.07     0.00
  MONTH TO DATE    3.65                      2.04   1.61     1.47
  SINCE SEP 1      5.31                      4.67   0.64     2.95
  SINCE JAN 1     32.60                     30.95   1.65    37.17

SNOWFALL (IN)
  TODAY            0.0           6.0  1898   0.1   -0.1      0.0
  MONTH TO DATE    T                         0.2   -0.2      1.0
  SINCE SEP 1      T                         0.2   -0.2      1.0
  SINCE JUL 1      T                         0.2   -0.2      1.0
  SNOW DEPTH       0

DEGREE DAYS
 HEATING
  TODAY            9                        18     -9       27
  MONTH TO DATE  368                       349     19      360
  SINCE SEP 1    519                       487     32      462
  SINCE JUL 1    536                       507     29      482

 COOLING
  TODAY            0                         0      0        0
  MONTH TO DATE    0                         8     -8        8
  SINCE SEP 1     51                        86    -35      141
  SINCE JAN 1    658                       798   -140      837
..................................................................


WIND (MPH)
  HIGHEST WIND SPEED    20   HIGHEST WIND DIRECTION     N (340)
  HIGHEST GUST SPEED    24   HIGHEST GUST DIRECTION    NW (330)
  AVERAGE WIND SPEED     7.4


SKY COVER
  POSSIBLE SUNSHINE  MM
  AVERAGE SKY COVER 0.2


WEATHER CONDITIONS
 THE FOLLOWING WEATHER WAS RECORDED TODAY.
  FOG
  FOG W/VISIBILITY <= 1/4 MILE


RELATIVE HUMIDITY (PERCENT)
 HIGHEST   100          1200 AM
 LOWEST     27           300 PM
 AVERAGE    64

..........................................................


THE WATERLOO IA CLIMATE NORMALS FOR TOMORROW
                         NORMAL    RECORD    YEAR
 MAXIMUM TEMPERATURE (F)   57        86      1927
 MINIMUM TEMPERATURE (F)   36        16      1942


SUNRISE AND SUNSET
OCTOBER 25 2014.......SUNRISE   735 AM CDT   SUNSET   612 PM CDT
OCTOBER 26 2014.......SUNRISE   736 AM CDT   SUNSET   611 PM CDT


-  INDICATES NEGATIVE NUMBERS.
R  INDICATES RECORD WAS SET OR TIED.
MM INDICATES DATA IS MISSING.
T  INDICATES TRACE AMOUNT.




$$
