344
CDUS43 KDMX 290714
CLIALO

CLIMATE REPORT
NATIONAL WEATHER SERVICE DES MOINES IA
201 AM CDT FRI APR 29 2016

...................................

...THE WATERLOO IA CLIMATE SUMMARY FOR APRIL 28 2016...

CLIMATE NORMAL PERIOD 1981 TO 2010
CLIMATE RECORD PERIOD 1895 TO 2016

WEATHER ITEM   OBSERVED TIME   RECORD YEAR NORMAL DEPARTURE LAST
                VALUE   (LST)  VALUE       VALUE  FROM      YEAR
                                                  NORMAL
..................................................................
TEMPERATURE (F)
 YESTERDAY
  MAXIMUM         50    157 PM  89    1970  66    -16       73
  MINIMUM         43   1159 PM  25    1950  42      1       34
  AVERAGE         47                        54     -7       54

PRECIPITATION (IN)
  YESTERDAY        0.15          1.19 1899   0.15   0.00     0.00
  MONTH TO DATE    1.80                      3.42  -1.62     3.36
  SINCE MAR 1      4.68                      5.48  -0.80     3.96
  SINCE JAN 1      6.40                      7.30  -0.90     5.99

SNOWFALL (IN)
  YESTERDAY       MM             T    1994   0.0   MM        0.0
  MONTH TO DATE    T                         1.8   -1.8       T
  SINCE MAR 1      2.9                       6.4   -3.5      0.7
  SINCE JUL 1     46.0                      35.3   10.7     29.2
  SNOW DEPTH       0

DEGREE DAYS
 HEATING
  YESTERDAY       18                        11      7       11
  MONTH TO DATE  435                       470    -35      432
  SINCE MAR 1   1181                      1376   -195     1341
  SINCE JUL 1   5880                      6795   -915     7102

 COOLING
  YESTERDAY        0                         0      0        0
  MONTH TO DATE    3                         0      3        0
  SINCE MAR 1      3                         0      3        0
  SINCE JAN 1      3                         0      3        0
..................................................................

WIND (MPH)
  HIGHEST WIND SPEED    18   HIGHEST WIND DIRECTION     E (80)
  HIGHEST GUST SPEED    24   HIGHEST GUST DIRECTION     E (90)
  AVERAGE WIND SPEED    10.2

SKY COVER
  POSSIBLE SUNSHINE  MM
  AVERAGE SKY COVER 1.0

WEATHER CONDITIONS
 THE FOLLOWING WEATHER WAS RECORDED YESTERDAY.
  LIGHT RAIN
  FOG

RELATIVE HUMIDITY (PERCENT)
 HIGHEST    93          1000 AM
 LOWEST     83          1200 AM
 AVERAGE    88
..........................................................

THE WATERLOO IA CLIMATE NORMALS FOR TODAY
                         NORMAL    RECORD    YEAR
 MAXIMUM TEMPERATURE (F)   66        89      2007
                                             1952
 MINIMUM TEMPERATURE (F)   43        25      2011
                                             2008
                                             1958

SUNRISE AND SUNSET
APRIL 29 2016.........SUNRISE   606 AM CDT   SUNSET   808 PM CDT
APRIL 30 2016.........SUNRISE   605 AM CDT   SUNSET   809 PM CDT

-  INDICATES NEGATIVE NUMBERS.
R  INDICATES RECORD WAS SET OR TIED.
MM INDICATES DATA IS MISSING.
T  INDICATES TRACE AMOUNT.

$$

FAB
