000
CDUS43 KDMX 280636 RRB
CLIALO

CLIMATE REPORT
NATIONAL WEATHER SERVICE DES MOINES IA
135 AM CDT SAT MAY 28 2016


...................................

...THE WATERLOO IA CLIMATE SUMMARY FOR MAY 27 2016...

CLIMATE NORMAL PERIOD 1981 TO 2010
CLIMATE RECORD PERIOD 1895 TO 2016


WEATHER ITEM   OBSERVED TIME   RECORD YEAR NORMAL DEPARTURE LAST
                VALUE   (LST)  VALUE       VALUE  FROM      YEAR
                                                  NORMAL
..................................................................
TEMPERATURE (F)
 YESTERDAY
  MAXIMUM         77    419 PM  93    1900  76      1       80
  MINIMUM         62    355 AM  32    1971  53      9       57
  AVERAGE         70                        64      6       69

PRECIPITATION (IN)
  YESTERDAY        0.17          2.75 1973   0.15   0.02     0.00
  MONTH TO DATE    1.71                      3.91  -2.20     4.56
  SINCE MAR 1      7.19                      9.68  -2.49     8.52
  SINCE JAN 1      8.91                     11.50  -2.59    10.55

SNOWFALL (IN)
  YESTERDAY        0.0          MM      MM   0.0    0.0      0.0
  MONTH TO DATE    0.0                       0.0    0.0      0.0
  SINCE MAR 1      2.9                       6.4   -3.5      0.7
  SINCE JUL 1     46.0                      35.3   10.7     29.2
  SNOW DEPTH       0

DEGREE DAYS
 HEATING
  YESTERDAY        0                         3     -3        0
  MONTH TO DATE  210                       176     34      152
  SINCE MAR 1   1429                      1573   -144     1515
  SINCE JUL 1   6128                      6992   -864     7276

 COOLING
  YESTERDAY        5                         2      3        4
  MONTH TO DATE   39                        38      1       35
  SINCE MAR 1     42                        46     -4       35
  SINCE JAN 1     42                        46     -4       35
..................................................................


WIND (MPH)
  HIGHEST WIND SPEED    15   HIGHEST WIND DIRECTION    SE (130)
  HIGHEST GUST SPEED    18   HIGHEST GUST DIRECTION    SE (120)
  AVERAGE WIND SPEED     4.7


SKY COVER
  POSSIBLE SUNSHINE  MM
  AVERAGE SKY COVER 0.7


WEATHER CONDITIONS
 THE FOLLOWING WEATHER WAS RECORDED YESTERDAY.
  HEAVY RAIN
  RAIN
  LIGHT RAIN
  FOG


RELATIVE HUMIDITY (PERCENT)
 HIGHEST    93           200 AM
 LOWEST     68           600 PM
 AVERAGE    81

..........................................................


THE WATERLOO IA CLIMATE NORMALS FOR TODAY
                         NORMAL    RECORD    YEAR
 MAXIMUM TEMPERATURE (F)   76        93      2006
                                             1998
                                             1895
 MINIMUM TEMPERATURE (F)   53        32      1965


SUNRISE AND SUNSET
MAY 28 2016...........SUNRISE   537 AM CDT   SUNSET   838 PM CDT
MAY 29 2016...........SUNRISE   536 AM CDT   SUNSET   839 PM CDT


-  INDICATES NEGATIVE NUMBERS.
R  INDICATES RECORD WAS SET OR TIED.
MM INDICATES DATA IS MISSING.
T  INDICATES TRACE AMOUNT.




$$
