000
CDUS43 KDMX 232232 RRA
CLIALO

CLIMATE REPORT
NATIONAL WEATHER SERVICE DES MOINES IA
530 PM CDT WED AUG 23 2017

...................................

...THE WATERLOO IA CLIMATE SUMMARY FOR AUGUST 23 2017...
VALID TODAY AS OF 0500 PM LOCAL TIME.

CLIMATE NORMAL PERIOD 1981 TO 2010
CLIMATE RECORD PERIOD 1895 TO 2017


WEATHER ITEM   OBSERVED TIME   RECORD YEAR NORMAL DEPARTURE LAST
                VALUE   (LST)  VALUE       VALUE  FROM      YEAR
                                                  NORMAL
..................................................................
TEMPERATURE (F)
 TODAY
  MAXIMUM         77    334 PM  99    1948  82     -5       82
  MINIMUM         47    519 AM  43    1920  59    -12       63
  AVERAGE         62                        70     -8       73

PRECIPITATION (IN)
  TODAY            0.00          2.34 1997   0.13  -0.13     0.00
  MONTH TO DATE    1.23                      3.27  -2.04     4.86
  SINCE JUN 1      9.59                     13.16  -3.57    17.84
  SINCE JAN 1     22.61                     25.28  -2.67    28.33

SNOWFALL (IN)
  TODAY            0.0          MM      MM   0.0    0.0      0.0
  MONTH TO DATE    0.0                       0.0    0.0      0.0
  SINCE JUN 1      0.0                       0.0    0.0      0.0
  SINCE JUL 1      0.0                       0.0    0.0      0.0
  SNOW DEPTH       0

DEGREE DAYS
 HEATING
  TODAY            3                         1      2        0
  MONTH TO DATE   10                         6      4        1
  SINCE JUN 1     27                        36     -9        7
  SINCE JUL 1     10                        10      0        3

 COOLING
  TODAY            0                         6     -6        8
  MONTH TO DATE   81                       164    -83      185
  SINCE JUN 1    547                       612    -65      652
  SINCE JAN 1    583                       668    -85      715
..................................................................


WIND (MPH)
  HIGHEST WIND SPEED    16   HIGHEST WIND DIRECTION    NW (320)
  HIGHEST GUST SPEED    27   HIGHEST GUST DIRECTION    NW (330)
  AVERAGE WIND SPEED     6.2


SKY COVER
  POSSIBLE SUNSHINE  MM
  AVERAGE SKY COVER 0.0


WEATHER CONDITIONS
 THE FOLLOWING WEATHER WAS RECORDED TODAY.
  NO SIGNIFICANT WEATHER WAS OBSERVED.


RELATIVE HUMIDITY (PERCENT)
 HIGHEST   100           500 AM
 LOWEST     36           300 PM
 AVERAGE    68

..........................................................


THE WATERLOO IA CLIMATE NORMALS FOR TOMORROW
                         NORMAL    RECORD    YEAR
 MAXIMUM TEMPERATURE (F)   82       100      1936
 MINIMUM TEMPERATURE (F)   59        41      1942
                                             1934


SUNRISE AND SUNSET
AUGUST 23 2017........SUNRISE   625 AM CDT   SUNSET   758 PM CDT
AUGUST 24 2017........SUNRISE   626 AM CDT   SUNSET   757 PM CDT


-  INDICATES NEGATIVE NUMBERS.
R  INDICATES RECORD WAS SET OR TIED.
MM INDICATES DATA IS MISSING.
T  INDICATES TRACE AMOUNT.




$$
