028
CDUS43 KDMX 090652 RRA
CLIALO

CLIMATE REPORT
NATIONAL WEATHER SERVICE DES MOINES IA
1250 AM CST TUE FEB 9 2016


...................................

...THE WATERLOO IA CLIMATE SUMMARY FOR FEBRUARY 8 2016...

CLIMATE NORMAL PERIOD 1981 TO 2010
CLIMATE RECORD PERIOD 1895 TO 2016


WEATHER ITEM   OBSERVED TIME   RECORD YEAR NORMAL DEPARTURE LAST
                VALUE   (LST)  VALUE       VALUE  FROM      YEAR
                                                  NORMAL
..................................................................
TEMPERATURE (F)
 YESTERDAY
  MAXIMUM         25   1204 AM  55    1999  30     -5       37
  MINIMUM         13   1159 PM -27    1971  12      1       30
  AVERAGE         19                        21     -2       34

PRECIPITATION (IN)
  YESTERDAY        T             1.16 1966   0.03  -0.03      T
  MONTH TO DATE    0.67                      0.24   0.43     0.58
  SINCE DEC 1      7.37                      2.27   5.10     3.22
  SINCE JAN 1      1.45                      1.07   0.38     1.58

SNOWFALL (IN)
  YESTERDAY        0.8           5.4  2010   0.3    0.5      0.0
  MONTH TO DATE    8.5                       2.4    6.1      6.7
  SINCE DEC 1     26.0                      20.5    5.5     17.9
  SINCE JUL 1     38.7                      23.9   14.8     23.3
  SNOW DEPTH       3

DEGREE DAYS
 HEATING
  YESTERDAY       46                        44      2       31
  MONTH TO DATE  326                       358    -32      409
  SINCE DEC 1   2708                      3129   -421     2915
  SINCE JUL 1   3923                      4612   -689     4664

 COOLING
  YESTERDAY        0                         0      0        0
  MONTH TO DATE    0                         0      0        0
  SINCE DEC 1      0                         0      0        0
  SINCE JAN 1      0                         0      0        0
..................................................................


WIND (MPH)
  HIGHEST WIND SPEED    33   HIGHEST WIND DIRECTION    NW (310)
  HIGHEST GUST SPEED    42   HIGHEST GUST DIRECTION    NW (320)
  AVERAGE WIND SPEED    22.3


SKY COVER
  POSSIBLE SUNSHINE  MM
  AVERAGE SKY COVER 1.0


WEATHER CONDITIONS
 THE FOLLOWING WEATHER WAS RECORDED YESTERDAY.
  LIGHT SNOW
  FOG
  HAZE


RELATIVE HUMIDITY (PERCENT)
 HIGHEST    88           400 AM
 LOWEST     67           300 PM
 AVERAGE    78

..........................................................


THE WATERLOO IA CLIMATE NORMALS FOR TODAY
                         NORMAL    RECORD    YEAR
 MAXIMUM TEMPERATURE (F)   30        57      1976
 MINIMUM TEMPERATURE (F)   12       -27      1951
                                             1899


SUNRISE AND SUNSET
FEBRUARY  9 2016......SUNRISE   715 AM CST   SUNSET   533 PM CST
FEBRUARY 10 2016......SUNRISE   714 AM CST   SUNSET   535 PM CST


-  INDICATES NEGATIVE NUMBERS.
R  INDICATES RECORD WAS SET OR TIED.
MM INDICATES DATA IS MISSING.
T  INDICATES TRACE AMOUNT.




$$
