000
CDUS43 KDMX 260643
CLIALO

CLIMATE REPORT
NATIONAL WEATHER SERVICE DES MOINES IA
139 AM CDT FRI AUG 26 2016


...................................

...THE WATERLOO IA CLIMATE SUMMARY FOR AUGUST 25 2016...

CLIMATE NORMAL PERIOD 1981 TO 2010
CLIMATE RECORD PERIOD 1895 TO 2016


WEATHER ITEM   OBSERVED TIME   RECORD YEAR NORMAL DEPARTURE LAST
                VALUE   (LST)  VALUE       VALUE  FROM      YEAR
                                                  NORMAL
..................................................................
TEMPERATURE (F)
 YESTERDAY
  MAXIMUM         78    203 PM  98    2003  82     -4       75
                                      1910
  MINIMUM         60   1159 PM  39    1915  59      1       50
  AVERAGE         69                        70     -1       63

PRECIPITATION (IN)
  YESTERDAY        0.00          2.94 1994   0.13  -0.13     0.00
  MONTH TO DATE    4.86                      3.53   1.33     1.40
  SINCE JUN 1     17.84                     13.42   4.42    10.22
  SINCE JAN 1     28.28                     25.54   2.74    21.08

SNOWFALL (IN)
  YESTERDAY        0.0          MM      MM   0.0    0.0      0.0
  MONTH TO DATE    0.0                       0.0    0.0      0.0
  SINCE JUN 1      0.0                       0.0    0.0      0.0
  SINCE JUL 1      0.0                       0.0    0.0      0.0
  SNOW DEPTH       0

DEGREE DAYS
 HEATING
  YESTERDAY        0                         1     -1        2
  MONTH TO DATE    1                         8     -7       11
  SINCE JUN 1      7                        38    -31       34
  SINCE JUL 1      3                        12     -9       22

 COOLING
  YESTERDAY        4                         6     -2        0
  MONTH TO DATE  197                       176     21      139
  SINCE JUN 1    664                       624     40      520
  SINCE JAN 1    727                       680     47      567
..................................................................


WIND (MPH)
  HIGHEST WIND SPEED     9   HIGHEST WIND DIRECTION     N (340)
  HIGHEST GUST SPEED    15   HIGHEST GUST DIRECTION    NW (330)
  AVERAGE WIND SPEED     3.5


SKY COVER
  POSSIBLE SUNSHINE  MM
  AVERAGE SKY COVER 0.1


WEATHER CONDITIONS
 THE FOLLOWING WEATHER WAS RECORDED YESTERDAY.
  NO SIGNIFICANT WEATHER WAS OBSERVED.


RELATIVE HUMIDITY (PERCENT)
 HIGHEST    93           500 AM
 LOWEST     50           200 PM
 AVERAGE    72

..........................................................


THE WATERLOO IA CLIMATE NORMALS FOR TODAY
                         NORMAL    RECORD    YEAR
 MAXIMUM TEMPERATURE (F)   81        97      2003
                                             1955
 MINIMUM TEMPERATURE (F)   59        40      1934


SUNRISE AND SUNSET
AUGUST 26 2016........SUNRISE   629 AM CDT   SUNSET   753 PM CDT
AUGUST 27 2016........SUNRISE   630 AM CDT   SUNSET   751 PM CDT


-  INDICATES NEGATIVE NUMBERS.
R  INDICATES RECORD WAS SET OR TIED.
MM INDICATES DATA IS MISSING.
T  INDICATES TRACE AMOUNT.




$$
