000
CDUS43 KDMX 280644 RRA
CLIALO

CLIMATE REPORT
NATIONAL WEATHER SERVICE DES MOINES IA
140 AM CDT FRI APR 28 2017


...................................

...THE WATERLOO IA CLIMATE SUMMARY FOR APRIL 27 2017...

CLIMATE NORMAL PERIOD 1981 TO 2010
CLIMATE RECORD PERIOD 1895 TO 2017


WEATHER ITEM   OBSERVED TIME   RECORD YEAR NORMAL DEPARTURE LAST
                VALUE   (LST)  VALUE       VALUE  FROM      YEAR
                                                  NORMAL
..................................................................
TEMPERATURE (F)
 YESTERDAY
  MAXIMUM         42    620 PM  89    1981  66    -24       48
  MINIMUM         32   1134 PM  24    1928  42    -10       43
  AVERAGE         37                        54    -17       46

PRECIPITATION (IN)
  YESTERDAY        0.00          0.98 2002   0.14  -0.14     0.47
  MONTH TO DATE    2.48                      3.27  -0.79     1.65
  SINCE MAR 1      4.54                      5.33  -0.79     4.53
  SINCE JAN 1      8.47                      7.15   1.32     6.30

SNOWFALL (IN)
  YESTERDAY        0.0           T    1979   0.1   -0.1      0.0
  MONTH TO DATE    0.0                       1.8   -1.8       T
  SINCE MAR 1     10.6                       6.4    4.2      2.9
  SINCE JUL 1     26.2                      35.3   -9.1     46.0
  SNOW DEPTH       0

DEGREE DAYS
 HEATING
  YESTERDAY       28                        12     16       19
  MONTH TO DATE  337                       459   -122      417
  SINCE MAR 1   1254                      1365   -111     1163
  SINCE JUL 1   5716                      6784  -1068     5863

 COOLING
  YESTERDAY        0                         0      0        0
  MONTH TO DATE    6                         0      6        3
  SINCE MAR 1      6                         0      6        3
  SINCE JAN 1      6                         0      6        3
..................................................................


WIND (MPH)
  HIGHEST WIND SPEED    21   HIGHEST WIND DIRECTION     W (270)
  HIGHEST GUST SPEED    25   HIGHEST GUST DIRECTION     W (280)
  AVERAGE WIND SPEED    11.7


SKY COVER
  POSSIBLE SUNSHINE  MM
  AVERAGE SKY COVER 0.9


WEATHER CONDITIONS
 THE FOLLOWING WEATHER WAS RECORDED YESTERDAY.
  FOG


RELATIVE HUMIDITY (PERCENT)
 HIGHEST    96           700 AM
 LOWEST     57           600 PM
 AVERAGE    77

..........................................................


THE WATERLOO IA CLIMATE NORMALS FOR TODAY
                         NORMAL    RECORD    YEAR
 MAXIMUM TEMPERATURE (F)   66        89      1970
 MINIMUM TEMPERATURE (F)   42        25      1950


SUNRISE AND SUNSET
APRIL 28 2017.........SUNRISE   608 AM CDT   SUNSET   807 PM CDT
APRIL 29 2017.........SUNRISE   607 AM CDT   SUNSET   808 PM CDT


-  INDICATES NEGATIVE NUMBERS.
R  INDICATES RECORD WAS SET OR TIED.
MM INDICATES DATA IS MISSING.
T  INDICATES TRACE AMOUNT.




$$
