434
CDUS45 KPUB 291015
CLIALS


CLIMATE REPORT
NATIONAL WEATHER SERVICE PUEBLO
414 AM MDT THU SEP 29 2016


...................................

...THE ALAMOSA CO CLIMATE SUMMARY FOR SEPTEMBER 28 2016...

CLIMATE NORMAL PERIOD 1981 TO 2010
CLIMATE RECORD PERIOD 1932 TO 2016


WEATHER ITEM   OBSERVED TIME   RECORD YEAR NORMAL DEPARTURE LAST
                VALUE   (LST)  VALUE       VALUE  FROM      YEAR
                                                  NORMAL
..................................................................
TEMPERATURE (F)
 YESTERDAY
  MAXIMUM         77    231 PM  83    2010  69      8       77
  MINIMUM         27    609 AM  19    1974  32     -5       35
  AVERAGE         52                        50      2       56

PRECIPITATION (IN)
  YESTERDAY        0.00          0.69 1990   0.03  -0.03     0.00
  MONTH TO DATE    0.26                      0.87  -0.61     0.45
  SINCE SEP 1      0.26                      0.87  -0.61     0.45
  SINCE JAN 1      7.61                      5.82   1.79     7.42

SNOWFALL (IN)
  YESTERDAY        0.0           0.0  2002   0.0    0.0      0.0
  MONTH TO DATE    0.0                       0.0    0.0      0.0
  SINCE SEP 1      0.0                       0.0    0.0      0.0
  SINCE JUL 1      0.0                       0.0    0.0      0.0
  SNOW DEPTH       0

DEGREE DAYS
 HEATING
  YESTERDAY       13                        15     -2        9
  MONTH TO DATE  235                       271    -36      178
  SINCE SEP 1    235                       271    -36      178
  SINCE JUL 1    379                       400    -21      270

 COOLING
  YESTERDAY        0                         0      0        0
  MONTH TO DATE    0                         0      0        0
  SINCE SEP 1      0                         0      0        0
  SINCE JAN 1    115                        51     64       74
..................................................................


WIND (MPH)
  HIGHEST WIND SPEED    16   HIGHEST WIND DIRECTION     E (90)
  HIGHEST GUST SPEED    20   HIGHEST GUST DIRECTION     E (100)
  AVERAGE WIND SPEED     6.0


SKY COVER
  POSSIBLE SUNSHINE  MM
  AVERAGE SKY COVER 0.0


WEATHER CONDITIONS
 THE FOLLOWING WEATHER WAS RECORDED YESTERDAY.
  NO SIGNIFICANT WEATHER WAS OBSERVED.


RELATIVE HUMIDITY (PERCENT)
 HIGHEST    81           600 AM
 LOWEST     14           400 PM
 AVERAGE    48

..........................................................


THE ALAMOSA CO CLIMATE NORMALS FOR TODAY
                         NORMAL    RECORD    YEAR
 MAXIMUM TEMPERATURE (F)   68        85      2010
 MINIMUM TEMPERATURE (F)   31        15      1999


SUNRISE AND SUNSET
SEPTEMBER 29 2016.....SUNRISE   658 AM MDT   SUNSET   649 PM MDT
SEPTEMBER 30 2016.....SUNRISE   659 AM MDT   SUNSET   647 PM MDT


-  INDICATES NEGATIVE NUMBERS.
R  INDICATES RECORD WAS SET OR TIED.
MM INDICATES DATA IS MISSING.
T  INDICATES TRACE AMOUNT.




$$
