000
CDUS45 KPUB 271056
CLIALS


CLIMATE REPORT
NATIONAL WEATHER SERVICE PUEBLO
456 AM MDT WED MAY 27 2015


...................................

...THE ALAMOSA CO CLIMATE SUMMARY FOR MAY 26 2015...

CLIMATE NORMAL PERIOD 1981 TO 2010
CLIMATE RECORD PERIOD 1932 TO 2015


WEATHER ITEM   OBSERVED TIME   RECORD YEAR NORMAL DEPARTURE LAST
                VALUE   (LST)  VALUE       VALUE  FROM      YEAR
                                                  NORMAL
..................................................................
TEMPERATURE (F)
 YESTERDAY
  MAXIMUM         67        MM  84    1969  72     -5       73
                                      1953
  MINIMUM         32    507 AM  24    1907  36     -4       37
  AVERAGE         50                        54     -4       55

PRECIPITATION (IN)
  YESTERDAY        0.01          0.86 1967   0.02  -0.01      T
  MONTH TO DATE    1.77                      0.49   1.28     0.22
  SINCE MAR 1      2.60                      1.61   0.99     1.68
  SINCE JAN 1      3.94                      2.13   1.81     1.80

SNOWFALL (IN)
  YESTERDAY        0.0           0.1  1965   0.0    0.0      0.0
  MONTH TO DATE    T                         0.9   -0.9      1.3
  SINCE MAR 1      0.7                       9.5   -8.8     11.7
  SINCE JUL 1     23.8                      27.6   -3.8     39.8
  SNOW DEPTH       0

DEGREE DAYS
 HEATING
  YESTERDAY       15                        11      4       10
  MONTH TO DATE  410                       376     34      411
  SINCE MAR 1   1835                      2047   -212     1952
  SINCE JUL 1   7327                      8376  -1049     8520

 COOLING
  YESTERDAY        0                         0      0        0
  MONTH TO DATE    0                         0      0        0
  SINCE MAR 1      0                         0      0        0
  SINCE JAN 1      0                         0      0        0
..................................................................


WIND (MPH)
  HIGHEST WIND SPEED    29   HIGHEST WIND DIRECTION    NW (320)
  HIGHEST GUST SPEED    37   HIGHEST GUST DIRECTION    NW (310)
  AVERAGE WIND SPEED     6.7


SKY COVER
  POSSIBLE SUNSHINE  MM
  AVERAGE SKY COVER 0.1


WEATHER CONDITIONS
 THE FOLLOWING WEATHER WAS RECORDED YESTERDAY.
  THUNDERSTORM
  RAIN
  LIGHT RAIN


RELATIVE HUMIDITY (PERCENT)
 HIGHEST    89           300 AM
 LOWEST     28           200 PM
 AVERAGE    59

..........................................................


THE ALAMOSA CO CLIMATE NORMALS FOR TODAY
                         NORMAL    RECORD    YEAR
 MAXIMUM TEMPERATURE (F)   73        84      2010
                                             1984
                                             1951
 MINIMUM TEMPERATURE (F)   36        25      1996
                                             1950


SUNRISE AND SUNSET
MAY 27 2015...........SUNRISE   546 AM MDT   SUNSET   815 PM MDT
MAY 28 2015...........SUNRISE   546 AM MDT   SUNSET   816 PM MDT


-  INDICATES NEGATIVE NUMBERS.
R  INDICATES RECORD WAS SET OR TIED.
MM INDICATES DATA IS MISSING.
T  INDICATES TRACE AMOUNT.




$$
