000
CDUS45 KPUB 181127
CLIALS


CLIMATE REPORT
NATIONAL WEATHER SERVICE PUEBLO
426 AM MST SUN FEB 18 2018


...................................

...THE ALAMOSA CO CLIMATE SUMMARY FOR FEBRUARY 17 2018...

CLIMATE NORMAL PERIOD 1981 TO 2010
CLIMATE RECORD PERIOD 1932 TO 2018


WEATHER ITEM   OBSERVED TIME   RECORD YEAR NORMAL DEPARTURE LAST
                VALUE   (LST)  VALUE       VALUE  FROM      YEAR
                                                  NORMAL
..................................................................
TEMPERATURE (F)
 YESTERDAY
  MAXIMUM         50    459 PM  60    2016  41      9       46
  MINIMUM          7    701 AM -18    1939   7      0       15
  AVERAGE         29                        24      5       31

PRECIPITATION (IN)
  YESTERDAY        0.00          0.14 1987   0.01  -0.01     0.00
  MONTH TO DATE    0.21                      0.15   0.06     0.27
  SINCE DEC 1      0.43                      0.76  -0.33     2.71
  SINCE JAN 1      0.29                      0.41  -0.12     1.63

SNOWFALL (IN)
  YESTERDAY        0.0           2.4  1987   0.1   -0.1      0.0
  MONTH TO DATE    3.0                       2.3    0.7      2.1
  SINCE DEC 1      5.8                      10.8   -5.0     34.2
  SINCE JUL 1      6.2                      16.6  -10.4     35.2
  SNOW DEPTH       0

DEGREE DAYS
 HEATING
  YESTERDAY       36                        41     -5       34
  MONTH TO DATE  586                       752   -166      625
  SINCE DEC 1   3081                      3724   -643     3562
  SINCE JUL 1   4847                      5899  -1052     5426

 COOLING
  YESTERDAY        0                         0      0        0
  MONTH TO DATE    0                         0      0        0
  SINCE DEC 1      0                         0      0        0
  SINCE JAN 1      0                         0      0        0
..................................................................


WIND (MPH)
  HIGHEST WIND SPEED    21   HIGHEST WIND DIRECTION     S (190)
  HIGHEST GUST SPEED    26   HIGHEST GUST DIRECTION     S (190)
  AVERAGE WIND SPEED     6.1


SKY COVER
  POSSIBLE SUNSHINE  MM
  AVERAGE SKY COVER 0.0


WEATHER CONDITIONS
 THE FOLLOWING WEATHER WAS RECORDED YESTERDAY.
  NO SIGNIFICANT WEATHER WAS OBSERVED.


RELATIVE HUMIDITY (PERCENT)
 HIGHEST    92           300 AM
 LOWEST     17           200 PM
 AVERAGE    55

..........................................................


THE ALAMOSA CO CLIMATE NORMALS FOR TODAY
                         NORMAL    RECORD    YEAR
 MAXIMUM TEMPERATURE (F)   41        61      2016
 MINIMUM TEMPERATURE (F)    7       -22      1960


SUNRISE AND SUNSET
FEBRUARY 18 2018......SUNRISE   649 AM MST   SUNSET   546 PM MST
FEBRUARY 19 2018......SUNRISE   648 AM MST   SUNSET   547 PM MST


-  INDICATES NEGATIVE NUMBERS.
R  INDICATES RECORD WAS SET OR TIED.
MM INDICATES DATA IS MISSING.
T  INDICATES TRACE AMOUNT.




$$
