000
CDUS45 KPUB 271058
CLIALS


CLIMATE REPORT
NATIONAL WEATHER SERVICE PUEBLO
457 AM MDT FRI MAY 27 2016


...................................

...THE ALAMOSA CO CLIMATE SUMMARY FOR MAY 26 2016...

CLIMATE NORMAL PERIOD 1981 TO 2010
CLIMATE RECORD PERIOD 1932 TO 2016


WEATHER ITEM   OBSERVED TIME   RECORD YEAR NORMAL DEPARTURE LAST
                VALUE   (LST)  VALUE       VALUE  FROM      YEAR
                                                  NORMAL
..................................................................
TEMPERATURE (F)
 YESTERDAY
  MAXIMUM         64    101 PM  84    1969  72     -8       67
                                      1953
  MINIMUM         33    455 AM  24    1907  36     -3       32
  AVERAGE         49                        54     -5       50

PRECIPITATION (IN)
  YESTERDAY        T             0.86 1967   0.02  -0.02     0.01
  MONTH TO DATE    0.59                      0.49   0.10     1.77
  SINCE MAR 1      2.86                      1.61   1.25     2.60
  SINCE JAN 1      3.84                      2.13   1.71     3.94

SNOWFALL (IN)
  YESTERDAY        0.0           0.1  1965   0.0    0.0      0.0
  MONTH TO DATE    0.8                       0.9   -0.1       T
  SINCE MAR 1     24.2                       9.5   14.7      0.7
  SINCE JUL 1     43.0                      27.6   15.4     23.8
  SNOW DEPTH       0

DEGREE DAYS
 HEATING
  YESTERDAY       16                        11      5       15
  MONTH TO DATE  382                       376      6      410
  SINCE MAR 1   1984                      2047    -63     1835
  SINCE JUL 1   7750                      8376   -626     7327

 COOLING
  YESTERDAY        0                         0      0        0
  MONTH TO DATE    0                         0      0        0
  SINCE MAR 1      0                         0      0        0
  SINCE JAN 1      0                         0      0        0
..................................................................


WIND (MPH)
  HIGHEST WIND SPEED    30   HIGHEST WIND DIRECTION     W (260)
  HIGHEST GUST SPEED    39   HIGHEST GUST DIRECTION     W (260)
  AVERAGE WIND SPEED     8.4


SKY COVER
  POSSIBLE SUNSHINE  MM
  AVERAGE SKY COVER 0.5


WEATHER CONDITIONS
 THE FOLLOWING WEATHER WAS RECORDED YESTERDAY.
  THUNDERSTORM


RELATIVE HUMIDITY (PERCENT)
 HIGHEST    75           500 AM
 LOWEST     19          1100 AM
 AVERAGE    47

..........................................................


THE ALAMOSA CO CLIMATE NORMALS FOR TODAY
                         NORMAL    RECORD    YEAR
 MAXIMUM TEMPERATURE (F)   73        84      2010
                                             1984
                                             1951
 MINIMUM TEMPERATURE (F)   36        25      1996
                                             1950


SUNRISE AND SUNSET
MAY 27 2016...........SUNRISE   546 AM MDT   SUNSET   816 PM MDT
MAY 28 2016...........SUNRISE   546 AM MDT   SUNSET   816 PM MDT


-  INDICATES NEGATIVE NUMBERS.
R  INDICATES RECORD WAS SET OR TIED.
MM INDICATES DATA IS MISSING.
T  INDICATES TRACE AMOUNT.




$$
