000
CDUS45 KPUB 051028
CLIALS


CLIMATE REPORT
NATIONAL WEATHER SERVICE PUEBLO
428 AM MDT SAT SEP 5 2015


...................................

...THE ALAMOSA CO CLIMATE SUMMARY FOR SEPTEMBER 4 2015...

CLIMATE NORMAL PERIOD 1981 TO 2010
CLIMATE RECORD PERIOD 1932 TO 2015


WEATHER ITEM   OBSERVED TIME   RECORD YEAR NORMAL DEPARTURE LAST
                VALUE   (LST)  VALUE       VALUE  FROM      YEAR
                                                  NORMAL
..................................................................
TEMPERATURE (F)
 YESTERDAY
  MAXIMUM         76    218 PM  87    2013  77     -1       84
                                      1907
  MINIMUM         38    517 AM  30    1973  42     -4       41
                                      1953
                                      1944
  AVERAGE         57                        59     -2       63

PRECIPITATION (IN)
  YESTERDAY        0.00          0.56 1975   0.04  -0.04     0.00
  MONTH TO DATE    0.03                      0.15  -0.12     0.00
  SINCE SEP 1      0.03                      0.15  -0.12     0.00
  SINCE JAN 1      7.00                      5.10   1.90     3.88

SNOWFALL (IN)
  YESTERDAY        0.0           0.0  2002   0.0    0.0      0.0
  MONTH TO DATE    0.0                       0.0    0.0      0.0
  SINCE SEP 1      0.0                       0.0    0.0      0.0
  SINCE JUL 1      0.0                       0.0    0.0      0.0
  SNOW DEPTH       0

DEGREE DAYS
 HEATING
  YESTERDAY        8                         6      2        2
  MONTH TO DATE   18                        22     -4       12
  SINCE SEP 1     18                        22     -4       12
  SINCE JUL 1    110                       151    -41      133

 COOLING
  YESTERDAY        0                         0      0        0
  MONTH TO DATE    0                         0      0        0
  SINCE SEP 1      0                         0      0        0
  SINCE JAN 1     74                        51     23       60
..................................................................


WIND (MPH)
  HIGHEST WIND SPEED    30   HIGHEST WIND DIRECTION     S (180)
  HIGHEST GUST SPEED    37   HIGHEST GUST DIRECTION     S (180)
  AVERAGE WIND SPEED     9.1


SKY COVER
  POSSIBLE SUNSHINE  MM
  AVERAGE SKY COVER 0.6


WEATHER CONDITIONS
 THE FOLLOWING WEATHER WAS RECORDED YESTERDAY.
  FOG
  FOG W/VISIBILITY <= 1/4 MILE


RELATIVE HUMIDITY (PERCENT)
 HIGHEST   100           700 AM
 LOWEST     31           200 PM
 AVERAGE    66

..........................................................


THE ALAMOSA CO CLIMATE NORMALS FOR TODAY
                         NORMAL    RECORD    YEAR
 MAXIMUM TEMPERATURE (F)   76        86      2000
                                             1995
                                             1960
 MINIMUM TEMPERATURE (F)   41        27      1971


SUNRISE AND SUNSET
SEPTEMBER  5 2015.....SUNRISE   637 AM MDT   SUNSET   727 PM MDT
SEPTEMBER  6 2015.....SUNRISE   638 AM MDT   SUNSET   725 PM MDT


-  INDICATES NEGATIVE NUMBERS.
R  INDICATES RECORD WAS SET OR TIED.
MM INDICATES DATA IS MISSING.
T  INDICATES TRACE AMOUNT.




$$
