000
CDUS44 KAMA 160631
CLIAMA


CLIMATE REPORT
NATIONAL WEATHER SERVICE AMARILLO TX
131 AM CDT TUE SEP 16 2014


...................................

...THE AMARILLO CLIMATE SUMMARY FOR SEPTEMBER 15 2014...

CLIMATE NORMAL PERIOD 1981 TO 2010
CLIMATE RECORD PERIOD 1892 TO 2014


WEATHER ITEM   OBSERVED TIME   RECORD YEAR NORMAL DEPARTURE LAST
                VALUE   (LST)  VALUE       VALUE  FROM      YEAR
                                                  NORMAL
..................................................................
TEMPERATURE (F)
 YESTERDAY
  MAXIMUM         76    205 PM  98    2010  83     -7       86
  MINIMUM         58   1159 PM  39    1993  57      1       66
  AVERAGE         67                        70     -3       76

PRECIPITATION (IN)
  YESTERDAY        0.00          2.72 1923   0.06  -0.06     0.06
  MONTH TO DATE    2.50                      1.00   1.50     0.07
  SINCE SEP 1      2.50                      1.00   1.50     0.07
  SINCE JAN 1     16.19                     16.27  -0.08    12.44

SNOWFALL (IN)
  YESTERDAY        0.0           0.0    MM   0.0    0.0      0.0
  MONTH TO DATE    T                         0.0    0.0      0.0
  SINCE SEP 1      T                         0.0    0.0      0.0
  SINCE JUL 1      T                         0.0    0.0      0.0
  SNOW DEPTH       0

DEGREE DAYS
 HEATING
  YESTERDAY        0                         1     -1        0
  MONTH TO DATE   24                         6     18        0
  SINCE SEP 1     24                         6     18        0
  SINCE JUL 1     24                         7     17        0

 COOLING
  YESTERDAY        2                         6     -4       11
  MONTH TO DATE  103                       118    -15      204
  SINCE SEP 1    103                       118    -15      204
  SINCE JAN 1   1433                      1310    123     1700
..................................................................


WIND (MPH)
  RESULTANT WIND SPEED   7   RESULTANT WIND DIRECTION  SW (240)
  HIGHEST WIND SPEED    23   HIGHEST WIND DIRECTION    SW (210)
  HIGHEST GUST SPEED    30   HIGHEST GUST DIRECTION    SW (210)
  AVERAGE WIND SPEED    12.5


SKY COVER
  AVERAGE SKY COVER 0.8


WEATHER CONDITIONS
 THE FOLLOWING WEATHER WAS RECORDED YESTERDAY.
  NO SIGNIFICANT WEATHER WAS OBSERVED.


RELATIVE HUMIDITY (PERCENT)
 HIGHEST    93           300 AM
 LOWEST     60           200 PM
 AVERAGE    77

..........................................................


THE AMARILLO CLIMATE NORMALS FOR TODAY
                         NORMAL    RECORD    YEAR
 MAXIMUM TEMPERATURE (F)   83        98      1956
 MINIMUM TEMPERATURE (F)   56        39      1951


SUNRISE AND SUNSET
SEPTEMBER 16 2014.....SUNRISE   730 AM CDT   SUNSET   752 PM CDT
SEPTEMBER 17 2014.....SUNRISE   731 AM CDT   SUNSET   751 PM CDT


-  INDICATES NEGATIVE NUMBERS.
R  INDICATES RECORD WAS SET OR TIED.
MM INDICATES DATA IS MISSING.
T  INDICATES TRACE AMOUNT.




$$
