000
CDUS44 KAMA 010628
CLIAMA


CLIMATE REPORT
NATIONAL WEATHER SERVICE AMARILLO TX
128 AM CDT WED OCT 1 2014


...................................

...THE AMARILLO CLIMATE SUMMARY FOR SEPTEMBER 30 2014...

CLIMATE NORMAL PERIOD 1981 TO 2010
CLIMATE RECORD PERIOD 1892 TO 2014


WEATHER ITEM   OBSERVED TIME   RECORD YEAR NORMAL DEPARTURE LAST
                VALUE   (LST)  VALUE       VALUE  FROM      YEAR
                                                  NORMAL
..................................................................
TEMPERATURE (F)
 YESTERDAY
  MAXIMUM         84    255 PM  95    1977  77      7       86
  MINIMUM         57   1121 PM  30    1984  51      6       44
  AVERAGE         71                        64      7       65

PRECIPITATION (IN)
  YESTERDAY        T             0.95 1981   0.06  -0.06     0.00
  MONTH TO DATE    4.16                      1.92   2.24     1.83
  SINCE SEP 1      4.16                      1.92   2.24     1.83
  SINCE JAN 1     17.85                     17.19   0.66    14.20

SNOWFALL (IN)
  YESTERDAY        0.0           0.0    MM   0.0    0.0      0.0
  MONTH TO DATE    T                         T      0.0      0.0
  SINCE SEP 1      T                         T      0.0      0.0
  SINCE JUL 1      T                         T      0.0      0.0
  SNOW DEPTH       0

DEGREE DAYS
 HEATING
  YESTERDAY        0                         4     -4        0
  MONTH TO DATE   24                        42    -18        9
  SINCE SEP 1     24                        43    -19        9
  SINCE JUL 1     24                        44    -20        9

 COOLING
  YESTERDAY        6                         2      4        0
  MONTH TO DATE  162                       178    -16      276
  SINCE SEP 1    162                       178    -16      276
  SINCE JAN 1   1492                      1370    122     1772
..................................................................


WIND (MPH)
  RESULTANT WIND SPEED  13   RESULTANT WIND DIRECTION   S (200)
  HIGHEST WIND SPEED    25   HIGHEST WIND DIRECTION     S (160)
  HIGHEST GUST SPEED    32   HIGHEST GUST DIRECTION     S (160)
  AVERAGE WIND SPEED    13.8


SKY COVER
  AVERAGE SKY COVER 0.1


WEATHER CONDITIONS
 THE FOLLOWING WEATHER WAS RECORDED YESTERDAY.
  LIGHT RAIN


RELATIVE HUMIDITY (PERCENT)
 HIGHEST    87           700 AM
 LOWEST     23           500 PM
 AVERAGE    55

..........................................................


THE AMARILLO CLIMATE NORMALS FOR TODAY
                         NORMAL    RECORD    YEAR
 MAXIMUM TEMPERATURE (F)   77        95      2000
 MINIMUM TEMPERATURE (F)   50        39      1985
                                             1965


SUNRISE AND SUNSET
OCTOBER  1 2014.......SUNRISE   742 AM CDT   SUNSET   731 PM CDT
OCTOBER  2 2014.......SUNRISE   742 AM CDT   SUNSET   729 PM CDT


-  INDICATES NEGATIVE NUMBERS.
R  INDICATES RECORD WAS SET OR TIED.
MM INDICATES DATA IS MISSING.
T  INDICATES TRACE AMOUNT.




$$
