000
CDUS44 KAMA 292206
CLIAMA


CLIMATE REPORT
NATIONAL WEATHER SERVICE AMARILLO TX
502 PM CDT FRI MAY 29 2015


...................................

...THE AMARILLO CLIMATE SUMMARY FOR MAY 29 2015...
VALID TODAY AS OF 0500 PM LOCAL TIME.

CLIMATE NORMAL PERIOD 1981 TO 2010
CLIMATE RECORD PERIOD 1892 TO 2015


WEATHER ITEM   OBSERVED TIME   RECORD YEAR NORMAL DEPARTURE LAST
                VALUE   (LST)  VALUE       VALUE  FROM      YEAR
                                                  NORMAL
..................................................................
TEMPERATURE (F)
 TODAY
  MAXIMUM         80    325 PM 104    2011  83     -3       88
  MINIMUM         55    609 AM  36    1947  56     -1       59
  AVERAGE         68                        70     -2       74

PRECIPITATION (IN)
  TODAY            0.03          2.90 1911   0.11  -0.08     0.00
  MONTH TO DATE    9.29                      2.08   7.21     3.55
  SINCE MAR 1     12.47                      4.87   7.60     4.32
  SINCE JAN 1     14.55                      6.15   8.40     4.71

SNOWFALL (IN)
  TODAY            0.0           0.0    MM   0.0    0.0      0.0
  MONTH TO DATE    0.0                       0.2   -0.2      0.0
  SINCE MAR 1      0.1                       3.8   -3.7      0.7
  SINCE JUL 1     23.9                      17.8    6.1     12.8
  SNOW DEPTH       0

DEGREE DAYS
 HEATING
  TODAY            0                         1     -1        0
  MONTH TO DATE  103                        81     22       66
  SINCE MAR 1    731                       892   -161      871
  SINCE JUL 1   3856                      4169   -313     4224

 COOLING
  TODAY            3                         6     -3        9
  MONTH TO DATE   27                        92    -65      146
  SINCE MAR 1     49                       113    -64      177
  SINCE JAN 1     49                       113    -64      177
..................................................................


WIND (MPH)
  RESULTANT WIND SPEED   6   RESULTANT WIND DIRECTION   N (0)
  HIGHEST WIND SPEED    25   HIGHEST WIND DIRECTION     W (250)
  HIGHEST GUST SPEED    31   HIGHEST GUST DIRECTION     W (250)
  AVERAGE WIND SPEED    11.0


SKY COVER
  AVERAGE SKY COVER 0.3


WEATHER CONDITIONS
 THE FOLLOWING WEATHER WAS RECORDED TODAY.
  THUNDERSTORM
  RAIN
  LIGHT RAIN
  FOG


RELATIVE HUMIDITY (PERCENT)
 HIGHEST    93           200 AM
 LOWEST     39           200 PM
 AVERAGE    66

..........................................................


THE AMARILLO CLIMATE NORMALS FOR TOMORROW
                         NORMAL    RECORD    YEAR
 MAXIMUM TEMPERATURE (F)   83       101      1998
 MINIMUM TEMPERATURE (F)   56        42      1947


SUNRISE AND SUNSET
MAY 29 2015...........SUNRISE   635 AM CDT   SUNSET   854 PM CDT
MAY 30 2015...........SUNRISE   634 AM CDT   SUNSET   855 PM CDT


-  INDICATES NEGATIVE NUMBERS.
R  INDICATES RECORD WAS SET OR TIED.
MM INDICATES DATA IS MISSING.
T  INDICATES TRACE AMOUNT.




$$
