537
CDUS44 KAMA 210729
CLIAMA


CLIMATE REPORT
NATIONAL WEATHER SERVICE AMARILLO TX
128 AM CST SUN JAN 21 2018


...................................

...THE AMARILLO CLIMATE SUMMARY FOR JANUARY 20 2018...

CLIMATE NORMAL PERIOD 1981 TO 2010
CLIMATE RECORD PERIOD 1892 TO 2018


WEATHER ITEM   OBSERVED TIME   RECORD YEAR NORMAL DEPARTURE LAST
                VALUE   (LST)  VALUE       VALUE  FROM      YEAR
                                                  NORMAL
..................................................................
TEMPERATURE (F)
 YESTERDAY
  MAXIMUM         79    231 PM  80    1986  51     28       59
  MINIMUM         32    625 AM  -2    1984  23      9       40
  AVERAGE         56                        37     19       50

PRECIPITATION (IN)
  YESTERDAY        0.00          0.68 2007   0.03  -0.03     0.00
  MONTH TO DATE    T                         0.42  -0.42     2.74
  SINCE DEC 1      T                         1.13  -1.13     3.01
  SINCE JAN 1      T                         0.42  -0.42     2.74

SNOWFALL (IN)
  YESTERDAY        0.0           8.2  2007   0.2   -0.2      0.0
  MONTH TO DATE    T                         2.6   -2.6      6.4
  SINCE DEC 1      T                         6.3   -6.3      6.9
  SINCE JUL 1      T                         9.0   -9.0      6.9
  SNOW DEPTH       0

DEGREE DAYS
 HEATING
  YESTERDAY        9                        28    -19       15
  MONTH TO DATE  563                       566     -3      531
  SINCE DEC 1   1372                      1439    -67     1357
  SINCE JUL 1   2004                      2283   -279     1822

 COOLING
  YESTERDAY        0                         0      0        0
  MONTH TO DATE    0                         0      0        0
  SINCE DEC 1      0                         0      0        0
  SINCE JAN 1      0                         0      0        0
..................................................................


WIND (MPH)
  RESULTANT WIND SPEED  10   RESULTANT WIND DIRECTION  SW (220)
  HIGHEST WIND SPEED    23   HIGHEST WIND DIRECTION    SW (240)
  HIGHEST GUST SPEED    26   HIGHEST GUST DIRECTION    SW (240)
  AVERAGE WIND SPEED    11.0


SKY COVER
  AVERAGE SKY COVER 0.0


WEATHER CONDITIONS
 THE FOLLOWING WEATHER WAS RECORDED YESTERDAY.
  NO SIGNIFICANT WEATHER WAS OBSERVED.


RELATIVE HUMIDITY (PERCENT)
 HIGHEST    49           500 AM
 LOWEST      8           400 PM
 AVERAGE    29

..........................................................


THE AMARILLO CLIMATE NORMALS FOR TODAY
                         NORMAL    RECORD    YEAR
 MAXIMUM TEMPERATURE (F)   51        81      1950
 MINIMUM TEMPERATURE (F)   23        -2      1984
                                             1935


SUNRISE AND SUNSET
JANUARY 21 2018.......SUNRISE   753 AM CST   SUNSET   604 PM CST
JANUARY 22 2018.......SUNRISE   752 AM CST   SUNSET   605 PM CST


-  INDICATES NEGATIVE NUMBERS.
R  INDICATES RECORD WAS SET OR TIED.
MM INDICATES DATA IS MISSING.
T  INDICATES TRACE AMOUNT.




$$
