000
CDUS44 KAMA 010632
CLIAMA


CLIMATE REPORT
NATIONAL WEATHER SERVICE AMARILLO TX
131 AM CDT WED JUL 1 2015


...................................

...THE AMARILLO CLIMATE SUMMARY FOR JUNE 30 2015...

CLIMATE NORMAL PERIOD 1981 TO 2010
CLIMATE RECORD PERIOD 1892 TO 2015


WEATHER ITEM   OBSERVED TIME   RECORD YEAR NORMAL DEPARTURE LAST
                VALUE   (LST)  VALUE       VALUE  FROM      YEAR
                                                  NORMAL
..................................................................
TEMPERATURE (F)
 YESTERDAY
  MAXIMUM         90    318 PM 102    2012  91     -1       96
                                      1957
  MINIMUM         59    342 AM  55    1918  64     -5       66
  AVERAGE         75                        78     -3       81

PRECIPITATION (IN)
  YESTERDAY        0.00          1.15 1971   0.09  -0.09      T
  MONTH TO DATE    3.89                      3.16   0.73     5.40
  SINCE JUN 1      3.89                      3.16   0.73     5.40
  SINCE JAN 1     18.44                      9.52   8.92    10.11

SNOWFALL (IN)
  YESTERDAY        0.0           0.0    MM   0.0    0.0      0.0
  MONTH TO DATE    0.0                       0.0    0.0      0.0
  SINCE JUN 1      0.0                       0.0    0.0      0.0
  SINCE JUL 1     23.9                      17.8    6.1     12.8
  SNOW DEPTH       0

DEGREE DAYS
 HEATING
  YESTERDAY        0                         0      0        0
  MONTH TO DATE    0                         5     -5        4
  SINCE JUN 1      0                         7     -7        4
  SINCE JUL 1   3860                      4178   -318     4228

 COOLING
  YESTERDAY       10                        13     -3       16
  MONTH TO DATE  309                       288     21      318
  SINCE JUN 1    309                       288     21      318
  SINCE JAN 1    358                       413    -55      515
..................................................................


WIND (MPH)
  RESULTANT WIND SPEED   9   RESULTANT WIND DIRECTION   S (190)
  HIGHEST WIND SPEED    20   HIGHEST WIND DIRECTION     S (200)
  HIGHEST GUST SPEED    24   HIGHEST GUST DIRECTION     S (200)
  AVERAGE WIND SPEED    10.6


SKY COVER
  AVERAGE SKY COVER 0.0


WEATHER CONDITIONS
 THE FOLLOWING WEATHER WAS RECORDED YESTERDAY.
  NO SIGNIFICANT WEATHER WAS OBSERVED.


RELATIVE HUMIDITY (PERCENT)
 HIGHEST    90           200 AM
 LOWEST     31           200 PM
 AVERAGE    61

..........................................................


THE AMARILLO CLIMATE NORMALS FOR TODAY
                         NORMAL    RECORD    YEAR
 MAXIMUM TEMPERATURE (F)   91       105      1994
 MINIMUM TEMPERATURE (F)   64        55      1907


SUNRISE AND SUNSET
JULY  1 2015..........SUNRISE   636 AM CDT   SUNSET   905 PM CDT
JULY  2 2015..........SUNRISE   636 AM CDT   SUNSET   905 PM CDT


-  INDICATES NEGATIVE NUMBERS.
R  INDICATES RECORD WAS SET OR TIED.
MM INDICATES DATA IS MISSING.
T  INDICATES TRACE AMOUNT.




$$
