000
CDUS44 KAMA 272131
CLIAMA


CLIMATE REPORT
NATIONAL WEATHER SERVICE AMARILLO TX
430 PM CDT TUE JUN 27 2017


...................................

...THE AMARILLO CLIMATE SUMMARY FOR JUNE 27 2017...
VALID TODAY AS OF 0400 PM LOCAL TIME.

CLIMATE NORMAL PERIOD 1981 TO 2010
CLIMATE RECORD PERIOD 1892 TO 2017


WEATHER ITEM   OBSERVED TIME   RECORD YEAR NORMAL DEPARTURE LAST
                VALUE   (LST)  VALUE       VALUE  FROM      YEAR
                                                  NORMAL
..................................................................
TEMPERATURE (F)
 TODAY
  MAXIMUM         91    259 PM 108    1998  91      0       92
  MINIMUM         66    207 AM  51    1958  64      2       63
  AVERAGE         79                        77      2       78

PRECIPITATION (IN)
  TODAY            0.00          1.02 2004   0.10  -0.10     0.00
  MONTH TO DATE    1.50                      2.89  -1.39     1.25
  SINCE JUN 1      1.50                      2.89  -1.39     1.25
  SINCE JAN 1      9.65                      9.25   0.40     7.14

SNOWFALL (IN)
  TODAY            0.0           0.0    MM   0.0    0.0      0.0
  MONTH TO DATE    0.0                       0.0    0.0      0.0
  SINCE JUN 1      0.0                       0.0    0.0      0.0
  SINCE JUL 1     10.0                      17.8   -7.8     13.4
  SNOW DEPTH       0

DEGREE DAYS
 HEATING
  TODAY            0                         0      0        0
  MONTH TO DATE    1                         5     -4        0
  SINCE JUN 1      1                         5     -4        0
  SINCE JUL 1   3238                      4176   -938     3461

 COOLING
  TODAY           14                        12      2       13
  MONTH TO DATE  316                       251     65      332
  SINCE JUN 1    316                       251     65      332
  SINCE JAN 1    446                       376     70      420
..................................................................


WIND (MPH)
  RESULTANT WIND SPEED  15   RESULTANT WIND DIRECTION   S (200)
  HIGHEST WIND SPEED    25   HIGHEST WIND DIRECTION     S (190)
  HIGHEST GUST SPEED    31   HIGHEST GUST DIRECTION     S (200)
  AVERAGE WIND SPEED    15.3


SKY COVER
  AVERAGE SKY COVER 0.0


WEATHER CONDITIONS
 THE FOLLOWING WEATHER WAS RECORDED TODAY.
  NO SIGNIFICANT WEATHER WAS OBSERVED.


RELATIVE HUMIDITY (PERCENT)
 HIGHEST    87           200 AM
 LOWEST     34           300 PM
 AVERAGE    61

..........................................................


THE AMARILLO CLIMATE NORMALS FOR TOMORROW
                         NORMAL    RECORD    YEAR
 MAXIMUM TEMPERATURE (F)   91       108      1998
 MINIMUM TEMPERATURE (F)   64        56      1948


SUNRISE AND SUNSET
JUNE 27 2017..........SUNRISE   634 AM CDT   SUNSET   905 PM CDT
JUNE 28 2017..........SUNRISE   635 AM CDT   SUNSET   905 PM CDT


-  INDICATES NEGATIVE NUMBERS.
R  INDICATES RECORD WAS SET OR TIED.
MM INDICATES DATA IS MISSING.
T  INDICATES TRACE AMOUNT.




$$
