000
CDUS42 KJAX 252241
CLIAMG


CLIMATE REPORT
NATIONAL WEATHER SERVICE JACKSONVILLE FL
533 PM EST TUE NOV 25 2014


...................................

...THE ALMA CLIMATE SUMMARY FOR NOVEMBER 25 2014...
VALID TODAY AS OF 0500 PM LOCAL TIME.

CLIMATE NORMAL PERIOD 1981 TO 2010
CLIMATE RECORD PERIOD 1948 TO 2014


WEATHER ITEM   OBSERVED TIME   RECORD YEAR NORMAL DEPARTURE LAST
                VALUE   (LST)  VALUE       VALUE  FROM      YEAR
                                                  NORMAL
..................................................................
TEMPERATURE (F)
 TODAY
  MAXIMUM         64    318 AM  83    1986  69     -5       57
  MINIMUM         50    458 PM  15    1950  46      4       35
  AVERAGE         57                        57      0       46

PRECIPITATION (IN)
  TODAY            0.74          0.88 2000   0.08   0.66     0.00
  MONTH TO DATE    4.55                      2.02   2.53     1.15
  SINCE SEP 1      9.59                      8.69   0.90     3.99
  SINCE JAN 1     37.45                     42.90  -5.45    46.86

SNOWFALL (IN)
  TODAY            0.0           0.0    MM   0.0    0.0      0.0
  MONTH TO DATE    0.0                       0.0    0.0      0.0
  SINCE SEP 1      0.0                       0.0    0.0      0.0
  SINCE JUL 1      0.0                       0.0    0.0      0.0
  SNOW DEPTH       0

DEGREE DAYS
 HEATING
  TODAY            8                         8      0       19
  MONTH TO DATE  267                       148    119      157
  SINCE SEP 1    315                       198    117      201
  SINCE JUL 1    315                       198    117      201

 COOLING
  TODAY            0                         1     -1        0
  MONTH TO DATE    8                        37    -29       24
  SINCE SEP 1    532                       555    -23      543
  SINCE JAN 1   2439                      2462    -23     2320
..................................................................


WIND (MPH)
  HIGHEST WIND SPEED    14   HIGHEST WIND DIRECTION    NW (330)
  HIGHEST GUST SPEED    19   HIGHEST GUST DIRECTION    NW (330)
  AVERAGE WIND SPEED     5.0


SKY COVER
  POSSIBLE SUNSHINE  MM
  AVERAGE SKY COVER 1.0


WEATHER CONDITIONS
 THE FOLLOWING WEATHER WAS RECORDED TODAY.
  THUNDERSTORM
  HEAVY RAIN
  RAIN
  LIGHT RAIN
  FOG
  HAZE


RELATIVE HUMIDITY (PERCENT)
 HIGHEST   100           900 AM
 LOWEST     80           200 PM
 AVERAGE    90

..........................................................


THE ALMA CLIMATE NORMALS FOR TOMORROW
                         NORMAL    RECORD    YEAR
 MAXIMUM TEMPERATURE (F)   69        84      1973
 MINIMUM TEMPERATURE (F)   46        21      1950


SUNRISE AND SUNSET
NOVEMBER 25 2014......SUNRISE   707 AM EST   SUNSET   527 PM EST
NOVEMBER 26 2014......SUNRISE   707 AM EST   SUNSET   527 PM EST


-  INDICATES NEGATIVE NUMBERS.
R  INDICATES RECORD WAS SET OR TIED.
MM INDICATES DATA IS MISSING.
T  INDICATES TRACE AMOUNT.




$$
