000
CDUS42 KJAX 230534
CLIAMG


CLIMATE REPORT
NATIONAL WEATHER SERVICE JACKSONVILLE FL
1233 AM EST MON JAN 23 2017


...................................

...THE ALMA CLIMATE SUMMARY FOR JANUARY 22 2017...

CLIMATE NORMAL PERIOD 1981 TO 2010
CLIMATE RECORD PERIOD 1948 TO 2017


WEATHER ITEM   OBSERVED TIME   RECORD YEAR NORMAL DEPARTURE LAST
                VALUE   (LST)  VALUE       VALUE  FROM      YEAR
                                                  NORMAL
..................................................................
TEMPERATURE (F)
 YESTERDAY
  MAXIMUM         68    726 PM  81    1999  62      6       69
  MINIMUM         57   1149 PM  16    1985  40     17       42
  AVERAGE         63                        51     12       56

PRECIPITATION (IN)
  YESTERDAY        3.15R         1.27 1956   0.14   3.01     1.17
  MONTH TO DATE    7.00                      2.94   4.06     4.39
  SINCE DEC 1     11.72                      6.23   5.49     6.36
  SINCE JAN 1      7.00                      2.94   4.06     4.39

SNOWFALL (IN)
  YESTERDAY        0.0           0.0    MM   0.0    0.0      0.0
  MONTH TO DATE    0.0                       0.0    0.0      0.0
  SINCE DEC 1      0.0                       0.1   -0.1      0.0
  SINCE JUL 1      0.0                       0.1   -0.1      0.0
  SNOW DEPTH       0

DEGREE DAYS
 HEATING
  YESTERDAY        2                        14    -12        9
  MONTH TO DATE  149                       326   -177      355
  SINCE DEC 1    417                       722   -305      496
  SINCE JUL 1    605                       966   -361      614

 COOLING
  YESTERDAY        0                         0      0        0
  MONTH TO DATE   26                         0     26        0
  SINCE DEC 1     39                        11     28       97
  SINCE JAN 1     26                         0     26        0
..................................................................


WIND (MPH)
  HIGHEST WIND SPEED    22   HIGHEST WIND DIRECTION    SW (230)
  HIGHEST GUST SPEED    31   HIGHEST GUST DIRECTION    SW (230)
  AVERAGE WIND SPEED     8.4


SKY COVER
  POSSIBLE SUNSHINE  MM
  AVERAGE SKY COVER 0.8


WEATHER CONDITIONS
 THE FOLLOWING WEATHER WAS RECORDED YESTERDAY.
  THUNDERSTORM
  HEAVY RAIN
  RAIN
  LIGHT RAIN
  FOG
  FOG W/VISIBILITY <= 1/4 MILE


RELATIVE HUMIDITY (PERCENT)
 HIGHEST   100           100 AM
 LOWEST     75          1000 PM
 AVERAGE    88

..........................................................


THE ALMA CLIMATE NORMALS FOR TODAY
                         NORMAL    RECORD    YEAR
 MAXIMUM TEMPERATURE (F)   62        79      1974
 MINIMUM TEMPERATURE (F)   40        20      2011
                                             1960


SUNRISE AND SUNSET
JANUARY 23 2017.......SUNRISE   727 AM EST   SUNSET   557 PM EST
JANUARY 24 2017.......SUNRISE   727 AM EST   SUNSET   558 PM EST


-  INDICATES NEGATIVE NUMBERS.
R  INDICATES RECORD WAS SET OR TIED.
MM INDICATES DATA IS MISSING.
T  INDICATES TRACE AMOUNT.




$$
