000
CDUS42 KJAX 270531
CLIAMG


CLIMATE REPORT
NATIONAL WEATHER SERVICE JACKSONVILLE FL
1231 AM EST FRI FEB 27 2015


...................................

...THE ALMA CLIMATE SUMMARY FOR FEBRUARY 26 2015...

CLIMATE NORMAL PERIOD 1981 TO 2010
CLIMATE RECORD PERIOD 1948 TO 2015


WEATHER ITEM   OBSERVED TIME   RECORD YEAR NORMAL DEPARTURE LAST
                VALUE   (LST)  VALUE       VALUE  FROM      YEAR
                                                  NORMAL
..................................................................
TEMPERATURE (F)
 YESTERDAY
  MAXIMUM         48    451 PM  82    1996  68    -20       55
  MINIMUM         40   1108 PM  19    1967  45     -5       45
  AVERAGE         44                        56    -12       50

PRECIPITATION (IN)
  YESTERDAY        T             1.14 2013   0.14  -0.14     0.30
  MONTH TO DATE    3.28                      3.53  -0.25     1.91
  SINCE DEC 1      9.91                     11.08  -1.17     6.35
  SINCE JAN 1      5.49                      7.79  -2.30     3.52

SNOWFALL (IN)
  YESTERDAY        0.0           0.0    MM   0.0    0.0      0.0
  MONTH TO DATE    0.0                       0.0    0.0      0.0
  SINCE DEC 1      0.0                       0.1   -0.1       T
  SINCE JUL 1      0.0                       0.1   -0.1       T
  SNOW DEPTH       0

DEGREE DAYS
 HEATING
  YESTERDAY       21                         9     12       15
  MONTH TO DATE  438                       293    145      264
  SINCE DEC 1   1238                      1138    100     1153
  SINCE JUL 1   1636                      1382    254     1428

 COOLING
  YESTERDAY        0                         1     -1        0
  MONTH TO DATE    0                         2     -2        7
  SINCE DEC 1      4                        18    -14       38
  SINCE JAN 1      3                         7     -4        8
..................................................................


WIND (MPH)
  HIGHEST WIND SPEED    16   HIGHEST WIND DIRECTION    NW (320)
  HIGHEST GUST SPEED    21   HIGHEST GUST DIRECTION    NW (320)
  AVERAGE WIND SPEED     6.5


SKY COVER
  POSSIBLE SUNSHINE  MM
  AVERAGE SKY COVER 0.9


WEATHER CONDITIONS
 THE FOLLOWING WEATHER WAS RECORDED YESTERDAY.
  LIGHT RAIN
  FOG


RELATIVE HUMIDITY (PERCENT)
 HIGHEST   100          1200 AM
 LOWEST     71           100 PM
 AVERAGE    86

..........................................................


THE ALMA CLIMATE NORMALS FOR TODAY
                         NORMAL    RECORD    YEAR
 MAXIMUM TEMPERATURE (F)   68        84      2011
                                             1997
 MINIMUM TEMPERATURE (F)   45        22      1974


SUNRISE AND SUNSET
FEBRUARY 27 2015......SUNRISE   700 AM EST   SUNSET   626 PM EST
FEBRUARY 28 2015......SUNRISE   658 AM EST   SUNSET   627 PM EST


-  INDICATES NEGATIVE NUMBERS.
R  INDICATES RECORD WAS SET OR TIED.
MM INDICATES DATA IS MISSING.
T  INDICATES TRACE AMOUNT.




$$
