000
CDUS42 KJAX 272228
CLIAMG


CLIMATE REPORT
NATIONAL WEATHER SERVICE JACKSONVILLE FL
527 PM EST MON FEB 27 2017


...................................

...THE ALMA CLIMATE SUMMARY FOR FEBRUARY 27 2017...
VALID TODAY AS OF 0500 PM LOCAL TIME.

CLIMATE NORMAL PERIOD 1981 TO 2010
CLIMATE RECORD PERIOD 1948 TO 2017


WEATHER ITEM   OBSERVED TIME   RECORD YEAR NORMAL DEPARTURE LAST
                VALUE   (LST)  VALUE       VALUE  FROM      YEAR
                                                  NORMAL
..................................................................
TEMPERATURE (F)
 TODAY
  MAXIMUM         79    346 PM  84    2011  68     11       63
                                      1997
  MINIMUM         40   1259 AM  22    1974  45     -5       31
  AVERAGE         60                        57      3       47

PRECIPITATION (IN)
  TODAY            0.00          1.78 2005   0.13  -0.13     0.00
  MONTH TO DATE    1.01                      3.66  -2.65     4.66
  SINCE DEC 1     12.82                     11.21   1.61    11.22
  SINCE JAN 1      8.10                      7.92   0.18     9.25

SNOWFALL (IN)
  TODAY            0.0           0.0    MM   0.0    0.0      0.0
  MONTH TO DATE    0.0                       0.0    0.0      0.0
  SINCE DEC 1      0.0                       0.1   -0.1      0.0
  SINCE JUL 1      0.0                       0.1   -0.1      0.0
  SNOW DEPTH       0

DEGREE DAYS
 HEATING
  TODAY            5                         9     -4       18
  MONTH TO DATE  147                       302   -155      316
  SINCE DEC 1    668                      1147   -479      957
  SINCE JUL 1    856                      1391   -535     1075

 COOLING
  TODAY            0                         1     -1        0
  MONTH TO DATE   22                         3     19       13
  SINCE DEC 1     61                        19     42      110
  SINCE JAN 1     48                         8     40       13
..................................................................


WIND (MPH)
  HIGHEST WIND SPEED    17   HIGHEST WIND DIRECTION    SE (130)
  HIGHEST GUST SPEED    24   HIGHEST GUST DIRECTION    SE (140)
  AVERAGE WIND SPEED     5.8


SKY COVER
  POSSIBLE SUNSHINE  MM
  AVERAGE SKY COVER 0.2


WEATHER CONDITIONS
 THE FOLLOWING WEATHER WAS RECORDED TODAY.
  NO SIGNIFICANT WEATHER WAS OBSERVED.


RELATIVE HUMIDITY (PERCENT)
 HIGHEST   100           100 AM
 LOWEST     43           100 PM
 AVERAGE    72

..........................................................


THE ALMA CLIMATE NORMALS FOR TOMORROW
                         NORMAL    RECORD    YEAR
 MAXIMUM TEMPERATURE (F)   68        84      2011
                                             1962
 MINIMUM TEMPERATURE (F)   45        20      2002


SUNRISE AND SUNSET
FEBRUARY 27 2017......SUNRISE   659 AM EST   SUNSET   627 PM EST
FEBRUARY 28 2017......SUNRISE   658 AM EST   SUNSET   628 PM EST


-  INDICATES NEGATIVE NUMBERS.
R  INDICATES RECORD WAS SET OR TIED.
MM INDICATES DATA IS MISSING.
T  INDICATES TRACE AMOUNT.




$$
