000
CDUS42 KJAX 290531
CLIAMG


CLIMATE REPORT
NATIONAL WEATHER SERVICE JACKSONVILLE FL
131 AM EDT FRI AUG 29 2014


...................................

...THE ALMA CLIMATE SUMMARY FOR AUGUST 28 2014...

CLIMATE NORMAL PERIOD 1981 TO 2010
CLIMATE RECORD PERIOD 1948 TO 2014


WEATHER ITEM   OBSERVED TIME   RECORD YEAR NORMAL DEPARTURE LAST
                VALUE   (LST)  VALUE       VALUE  FROM      YEAR
                                                  NORMAL
..................................................................
TEMPERATURE (F)
 YESTERDAY
  MAXIMUM         93    209 PM 101    1995  90      3       91
  MINIMUM         59    612 AM  57    1952  71    -12       65
  AVERAGE         76                        80     -4       78

PRECIPITATION (IN)
  YESTERDAY        0.00          1.64 1954   0.16  -0.16     0.00
  MONTH TO DATE    4.93                      4.98  -0.05     9.40
  SINCE JUN 1      8.50                     15.69  -7.19    24.16
  SINCE JAN 1     26.16                     33.78  -7.62    42.82

SNOWFALL (IN)
  YESTERDAY        0.0           0.0    MM   0.0    0.0      0.0
  MONTH TO DATE    0.0                       0.0    0.0      0.0
  SINCE JUN 1      0.0                       0.0    0.0      0.0
  SINCE JUL 1      0.0                       0.0    0.0      0.0
  SNOW DEPTH       0

DEGREE DAYS
 HEATING
  YESTERDAY        0                         0      0        0
  MONTH TO DATE    0                         0      0        0
  SINCE JUN 1      0                         0      0        0
  SINCE JUL 1      0                         0      0        0

 COOLING
  YESTERDAY       11                        15     -4       13
  MONTH TO DATE  481                       460     21      467
  SINCE JUN 1   1470                      1432     38     1415
  SINCE JAN 1   1854                      1862     -8     1726
..................................................................


WIND (MPH)
  HIGHEST WIND SPEED    10   HIGHEST WIND DIRECTION    SE (140)
  HIGHEST GUST SPEED    14   HIGHEST GUST DIRECTION    SE (140)
  AVERAGE WIND SPEED     2.5


SKY COVER
  POSSIBLE SUNSHINE  MM
  AVERAGE SKY COVER 0.0


WEATHER CONDITIONS
 THE FOLLOWING WEATHER WAS RECORDED YESTERDAY.
  FOG
  FOG W/VISIBILITY <= 1/4 MILE


RELATIVE HUMIDITY (PERCENT)
 HIGHEST   100           100 AM
 LOWEST     32           200 PM
 AVERAGE    66

..........................................................


THE ALMA CLIMATE NORMALS FOR TODAY
                         NORMAL    RECORD    YEAR
 MAXIMUM TEMPERATURE (F)   90       102      1995
 MINIMUM TEMPERATURE (F)   71        58      1986


SUNRISE AND SUNSET
AUGUST 29 2014........SUNRISE   704 AM EDT   SUNSET   757 PM EDT
AUGUST 30 2014........SUNRISE   705 AM EDT   SUNSET   756 PM EDT


-  INDICATES NEGATIVE NUMBERS.
R  INDICATES RECORD WAS SET OR TIED.
MM INDICATES DATA IS MISSING.
T  INDICATES TRACE AMOUNT.




$$
