000
CDUS42 KJAX 132227
CLIAMG


CLIMATE REPORT
NATIONAL WEATHER SERVICE JACKSONVILLE FL
526 PM EST WED DEC 13 2017


...................................

...THE ALMA CLIMATE SUMMARY FOR DECEMBER 13 2017...
VALID TODAY AS OF 0500 PM LOCAL TIME.

CLIMATE NORMAL PERIOD 1981 TO 2010
CLIMATE RECORD PERIOD 1948 TO 2017


WEATHER ITEM   OBSERVED TIME   RECORD YEAR NORMAL DEPARTURE LAST
                VALUE   (LST)  VALUE       VALUE  FROM      YEAR
                                                  NORMAL
..................................................................
TEMPERATURE (F)
 TODAY
  MAXIMUM         55    356 PM  83    1972  64     -9       78
  MINIMUM         37    753 AM   7    1962  42     -5       53
  AVERAGE         46                        53     -7       66

PRECIPITATION (IN)
  TODAY            0.00          1.38 1985   0.10  -0.10     0.05
  MONTH TO DATE    1.66                      1.28   0.38     3.82
  SINCE DEC 1      1.66                      1.28   0.38     3.82
  SINCE JAN 1     40.50                     44.64  -4.14    43.59

SNOWFALL (IN)
  TODAY            0.0           0.0    MM   0.0    0.0      0.0
  MONTH TO DATE    0.0                       0.0    0.0      0.0
  SINCE DEC 1      0.0                       0.0    0.0      0.0
  SINCE JUL 1      0.0                       0.0    0.0      0.0
  SNOW DEPTH       0

DEGREE DAYS
 HEATING
  TODAY           19                        12      7        0
  MONTH TO DATE  155                       145     10      116
  SINCE DEC 1    155                       145     10      116
  SINCE JUL 1    366                       389    -23      304

 COOLING
  TODAY            0                         0      0        1
  MONTH TO DATE   10                         7      3        6
  SINCE DEC 1     10                         7      3        6
  SINCE JAN 1   2864                      2472    392     2706
..................................................................


WIND (MPH)
  HIGHEST WIND SPEED    14   HIGHEST WIND DIRECTION    NW (300)
  HIGHEST GUST SPEED    19   HIGHEST GUST DIRECTION    NW (300)
  AVERAGE WIND SPEED     8.8


SKY COVER
  POSSIBLE SUNSHINE  MM
  AVERAGE SKY COVER 0.0


WEATHER CONDITIONS
 THE FOLLOWING WEATHER WAS RECORDED TODAY.
  NO SIGNIFICANT WEATHER WAS OBSERVED.


RELATIVE HUMIDITY (PERCENT)
 HIGHEST    64           500 AM
 LOWEST     24           100 PM
 AVERAGE    44

..........................................................


THE ALMA CLIMATE NORMALS FOR TOMORROW
                         NORMAL    RECORD    YEAR
 MAXIMUM TEMPERATURE (F)   64        83      1967
 MINIMUM TEMPERATURE (F)   42        19      1960


SUNRISE AND SUNSET
DECEMBER 13 2017......SUNRISE   721 AM EST   SUNSET   528 PM EST
DECEMBER 14 2017......SUNRISE   721 AM EST   SUNSET   528 PM EST


-  INDICATES NEGATIVE NUMBERS.
R  INDICATES RECORD WAS SET OR TIED.
MM INDICATES DATA IS MISSING.
T  INDICATES TRACE AMOUNT.




$$
