000
CDUS42 KJAX 302137
CLIAMG


CLIMATE REPORT
NATIONAL WEATHER SERVICE JACKSONVILLE FL
536 PM EDT TUE JUN 30 2015


...................................

...THE ALMA CLIMATE SUMMARY FOR JUNE 30 2015...
VALID TODAY AS OF 0500 PM LOCAL TIME.

CLIMATE NORMAL PERIOD 1981 TO 2010
CLIMATE RECORD PERIOD 1948 TO 2015


WEATHER ITEM   OBSERVED TIME   RECORD YEAR NORMAL DEPARTURE LAST
                VALUE   (LST)  VALUE       VALUE  FROM      YEAR
                                                  NORMAL
..................................................................
TEMPERATURE (F)
 TODAY
  MAXIMUM         89        MM  99    1998  92     -3       94
  MINIMUM         68        MM  53    1958  71     -3       70
  AVERAGE         79                        81     -2       82

PRECIPITATION (IN)
  TODAY            0.02          1.46 2010   0.19  -0.17     0.00
  MONTH TO DATE    5.41                      5.38   0.03     3.16
  SINCE JUN 1      5.41                      5.38   0.03     3.16
  SINCE JAN 1     18.68                     23.47  -4.79    20.82

SNOWFALL (IN)
  TODAY            0.0           0.0    MM   0.0    0.0      0.0
  MONTH TO DATE    0.0                       0.0    0.0      0.0
  SINCE JUN 1      0.0                       0.0    0.0      0.0
  SINCE JUL 1      0.0                       0.1   -0.1       T
  SNOW DEPTH       0

DEGREE DAYS
 HEATING
  TODAY            0                         0      0        0
  MONTH TO DATE    0                         0      0        0
  SINCE JUN 1      0                         0      0        0
  SINCE JUL 1   1820                      1659    161     1807

 COOLING
  TODAY           14                        16     -2       17
  MONTH TO DATE  480                       443     37      459
  SINCE JUN 1    480                       443     37      459
  SINCE JAN 1   1005                       873    132      843
..................................................................


WIND (MPH)
  HIGHEST WIND SPEED     9   HIGHEST WIND DIRECTION     W (280)
  HIGHEST GUST SPEED    MM   HIGHEST GUST DIRECTION    MM
  AVERAGE WIND SPEED     3.8


SKY COVER
  POSSIBLE SUNSHINE  MM
  AVERAGE SKY COVER 0.1


WEATHER CONDITIONS
 THE FOLLOWING WEATHER WAS RECORDED TODAY.
  THUNDERSTORM
  LIGHT RAIN
  FOG


RELATIVE HUMIDITY (PERCENT)
 HIGHEST    97           300 AM
 LOWEST     56          1200 PM
 AVERAGE    77

..........................................................


THE ALMA CLIMATE NORMALS FOR TOMORROW
                         NORMAL    RECORD    YEAR
 MAXIMUM TEMPERATURE (F)   92       100      1990
 MINIMUM TEMPERATURE (F)   71        61      1958


SUNRISE AND SUNSET
JUNE 30 2015..........SUNRISE   628 AM EDT   SUNSET   839 PM EDT
JULY  1 2015..........SUNRISE   629 AM EDT   SUNSET   839 PM EDT


-  INDICATES NEGATIVE NUMBERS.
R  INDICATES RECORD WAS SET OR TIED.
MM INDICATES DATA IS MISSING.
T  INDICATES TRACE AMOUNT.




$$
