000
CDUS44 KBMX 291023
CLIANB


CLIMATE REPORT
NATIONAL WEATHER SERVICE BIRMINGHAM, AL
523 AM CDT FRI APR 29 2016


...................................

...THE ANNISTON CLIMATE SUMMARY FOR APRIL 28 2016...

CLIMATE NORMAL PERIOD 1981 TO 2010
CLIMATE RECORD PERIOD 1903 TO 2016


WEATHER ITEM   OBSERVED TIME   RECORD YEAR NORMAL DEPARTURE LAST
                VALUE   (LST)  VALUE       VALUE  FROM      YEAR
                                                  NORMAL
..................................................................
TEMPERATURE (F)
 YESTERDAY
  MAXIMUM         85    327 PM  89    1981  77      8       74
  MINIMUM         61    220 AM  34    1967  53      8       49
  AVERAGE         73                        65      8       62

PRECIPITATION (IN)
  YESTERDAY        0.00          1.95 2013   0.13  -0.13     0.08
  MONTH TO DATE    3.01                      3.84  -0.83     8.14
  SINCE MAR 1      6.30                      8.80  -2.50    13.72
  SINCE JAN 1     15.14                     18.40  -3.26    21.88

SNOWFALL (IN)
  YESTERDAY        0.0                       0.0             0.0
  MONTH TO DATE    0.0                       0.2             0.0
  SINCE MAR 1      0.0                       0.9              T
  SINCE JUL 1      T                         2.0              T

DEGREE DAYS
 HEATING
  YESTERDAY        0
  MONTH TO DATE   98
  SINCE MAR 1    296
  SINCE JUL 1   2030
..................................................................


WIND (MPH)
  HIGHEST WIND SPEED    13   HIGHEST WIND DIRECTION    SW (240)
  HIGHEST GUST SPEED    17   HIGHEST GUST DIRECTION     W (250)
  AVERAGE WIND SPEED     3.6


SKY COVER
  AVERAGE SKY COVER 0.3


WEATHER CONDITIONS
 THE FOLLOWING WEATHER WAS RECORDED YESTERDAY.
  FOG


RELATIVE HUMIDITY (PERCENT)
 HIGHEST    93
 LOWEST     34
 AVERAGE    64

..........................................................


THE ANNISTON CLIMATE NORMALS FOR TODAY
                         NORMAL    RECORD    YEAR
 MAXIMUM TEMPERATURE (F)   77        90      1970
 MINIMUM TEMPERATURE (F)   53        37      1992
                                             1973


SUNRISE AND SUNSET
APRIL 29 2016.........SUNRISE   556 AM CDT   SUNSET   725 PM CDT
APRIL 30 2016.........SUNRISE   555 AM CDT   SUNSET   726 PM CDT


-  INDICATES NEGATIVE NUMBERS.
R  INDICATES RECORD WAS SET OR TIED.
MM INDICATES DATA IS MISSING.
T  INDICATES TRACE AMOUNT.




$$
