000
CDUS44 KBMX 290726
CLIANB


CLIMATE REPORT
NATIONAL WEATHER SERVICE BIRMINGHAM, AL
125 AM CST THU JAN 29 2015


...................................

...THE ANNISTON CLIMATE SUMMARY FOR JANUARY 28 2015...

CLIMATE NORMAL PERIOD 1981 TO 2010
CLIMATE RECORD PERIOD 1903 TO 2015


WEATHER ITEM   OBSERVED TIME   RECORD YEAR NORMAL DEPARTURE LAST
                VALUE   (LST)  VALUE       VALUE  FROM      YEAR
                                                  NORMAL
..................................................................
TEMPERATURE (F)
 YESTERDAY
  MAXIMUM         57    406 PM  76    1975  55      2       28
  MINIMUM         32    656 AM   8    1986  33     -1       19
  AVERAGE         45                        44      1       24

PRECIPITATION (IN)
  YESTERDAY        0.00          1.16 1995   0.17  -0.17     0.13
  MONTH TO DATE    5.50                      4.03   1.47     3.21
  SINCE DEC 1     11.72                      8.15   3.57    12.43
  SINCE JAN 1      5.50                      4.03   1.47     3.21

SNOWFALL (IN)
  YESTERDAY        0.0                       0.0             1.5
  MONTH TO DATE    0.0                       0.6             1.5
  SINCE DEC 1      0.0                       0.6             1.5
  SINCE JUL 1      0.0                       0.6             1.5

DEGREE DAYS
 HEATING
  YESTERDAY       20
  MONTH TO DATE  629
  SINCE DEC 1   1139
  SINCE JUL 1   1767
..................................................................


WIND (MPH)
  HIGHEST WIND SPEED    12   HIGHEST WIND DIRECTION     E (70)
  HIGHEST GUST SPEED    16   HIGHEST GUST DIRECTION     E (70)
  AVERAGE WIND SPEED     2.3


SKY COVER
  AVERAGE SKY COVER 0.1


WEATHER CONDITIONS
 THE FOLLOWING WEATHER WAS RECORDED YESTERDAY.
  NO SIGNIFICANT WEATHER WAS OBSERVED.


RELATIVE HUMIDITY (PERCENT)
 HIGHEST    82
 LOWEST     28
 AVERAGE    55

..........................................................


THE ANNISTON CLIMATE NORMALS FOR TODAY
                         NORMAL    RECORD    YEAR
 MAXIMUM TEMPERATURE (F)   55        78      2002
 MINIMUM TEMPERATURE (F)   33         3      1966


SUNRISE AND SUNSET
JANUARY 29 2015.......SUNRISE   642 AM CST   SUNSET   512 PM CST
JANUARY 30 2015.......SUNRISE   641 AM CST   SUNSET   512 PM CST


-  INDICATES NEGATIVE NUMBERS.
R  INDICATES RECORD WAS SET OR TIED.
MM INDICATES DATA IS MISSING.
T  INDICATES TRACE AMOUNT.




$$
