419
CDUS44 KBMX 260741
CLIANB


CLIMATE REPORT
NATIONAL WEATHER SERVICE BIRMINGHAM, AL
241 AM CDT THU MAY 26 2016


...................................

...THE ANNISTON CLIMATE SUMMARY FOR MAY 25 2016...

CLIMATE NORMAL PERIOD 1981 TO 2010
CLIMATE RECORD PERIOD 1903 TO 2016


WEATHER ITEM   OBSERVED TIME   RECORD YEAR NORMAL DEPARTURE LAST
                VALUE   (LST)  VALUE       VALUE  FROM      YEAR
                                                  NORMAL
..................................................................
TEMPERATURE (F)
 YESTERDAY
  MAXIMUM         88    337 PM  96    1904  83      5       82
  MINIMUM         59    427 AM  47    1979  62     -3       68
  AVERAGE         74                        72      2       75

PRECIPITATION (IN)
  YESTERDAY        0.00          1.46 1991   0.13  -0.13     0.03
  MONTH TO DATE    4.49                      3.49   0.00     0.92
  SINCE MAR 1     10.88                     12.56  -1.68    14.75
  SINCE JAN 1     19.72                     22.16  -2.44    22.91

..................................................................


WIND (MPH)
  HIGHEST WIND SPEED    13   HIGHEST WIND DIRECTION    SW (210)
  HIGHEST GUST SPEED    17   HIGHEST GUST DIRECTION     S (200)
  AVERAGE WIND SPEED     3.2


SKY COVER
  AVERAGE SKY COVER 0.0


WEATHER CONDITIONS
 THE FOLLOWING WEATHER WAS RECORDED YESTERDAY.
  NO SIGNIFICANT WEATHER WAS OBSERVED.


RELATIVE HUMIDITY (PERCENT)
 HIGHEST    90
 LOWEST     29
 AVERAGE    60

..........................................................


THE ANNISTON CLIMATE NORMALS FOR TODAY
                         NORMAL    RECORD    YEAR
 MAXIMUM TEMPERATURE (F)   83        95      2012
 MINIMUM TEMPERATURE (F)   62        44      1979


SUNRISE AND SUNSET
MAY 26 2016...........SUNRISE   536 AM CDT   SUNSET   745 PM CDT
MAY 27 2016...........SUNRISE   536 AM CDT   SUNSET   746 PM CDT


-  INDICATES NEGATIVE NUMBERS.
R  INDICATES RECORD WAS SET OR TIED.
MM INDICATES DATA IS MISSING.
T  INDICATES TRACE AMOUNT.




$$
