000
CDUS44 KBMX 280748
CLIANB


CLIMATE REPORT
NATIONAL WEATHER SERVICE BIRMINGHAM, AL
247 AM CDT WED SEP 28 2016


...................................

...THE ANNISTON CLIMATE SUMMARY FOR SEPTEMBER 27 2016...

CLIMATE NORMAL PERIOD 1981 TO 2010
CLIMATE RECORD PERIOD 1903 TO 2016


WEATHER ITEM   OBSERVED TIME   RECORD YEAR NORMAL DEPARTURE LAST
                VALUE   (LST)  VALUE       VALUE  FROM      YEAR
                                                  NORMAL
..................................................................
TEMPERATURE (F)
 YESTERDAY
  MAXIMUM         91    252 PM  97    1954  81     10       76
  MINIMUM         66    608 AM  42    2001  59      7       68
  AVERAGE         79                        70      9       72

PRECIPITATION (IN)
  YESTERDAY        0.00          2.00 1967   0.09  -0.09      T
  MONTH TO DATE    0.61                      2.62  -2.01     2.51
  SINCE SEP 1      0.61                      2.62  -2.01     2.51
  SINCE JAN 1     26.47                     37.54 -11.07    39.67

DEGREE DAYS
 HEATING
  YESTERDAY        0
  MONTH TO DATE    0
  SINCE SEP 1      0
  SINCE JUL 1      0
..................................................................


WIND (MPH)
  HIGHEST WIND SPEED    15   HIGHEST WIND DIRECTION     W (270)
  HIGHEST GUST SPEED    18   HIGHEST GUST DIRECTION     W (270)
  AVERAGE WIND SPEED     3.8


SKY COVER
  AVERAGE SKY COVER 0.1


WEATHER CONDITIONS
 THE FOLLOWING WEATHER WAS RECORDED YESTERDAY.
  NO SIGNIFICANT WEATHER WAS OBSERVED.


RELATIVE HUMIDITY (PERCENT)
 HIGHEST    93
 LOWEST     41
 AVERAGE    67

..........................................................


THE ANNISTON CLIMATE NORMALS FOR TODAY
                         NORMAL    RECORD    YEAR
 MAXIMUM TEMPERATURE (F)   80        95      1954
 MINIMUM TEMPERATURE (F)   58        41      1993


SUNRISE AND SUNSET
SEPTEMBER 28 2016.....SUNRISE   636 AM CDT   SUNSET   631 PM CDT
SEPTEMBER 29 2016.....SUNRISE   637 AM CDT   SUNSET   630 PM CDT


-  INDICATES NEGATIVE NUMBERS.
R  INDICATES RECORD WAS SET OR TIED.
MM INDICATES DATA IS MISSING.
T  INDICATES TRACE AMOUNT.




$$
