000
CDUS44 KBMX 270919
CLIANB


CLIMATE REPORT
NATIONAL WEATHER SERVICE BIRMINGHAM, AL
318 AM CST SAT DEC 27 2014


...................................

...THE ANNISTON CLIMATE SUMMARY FOR DECEMBER 26 2014...

CLIMATE NORMAL PERIOD 1981 TO 2010
CLIMATE RECORD PERIOD 1903 TO 2014


WEATHER ITEM   OBSERVED TIME   RECORD YEAR NORMAL DEPARTURE LAST
                VALUE   (LST)  VALUE       VALUE  FROM      YEAR
                                                  NORMAL
..................................................................
TEMPERATURE (F)
 YESTERDAY
  MAXIMUM         58    122 PM  71    1964  54      4       56
  MINIMUM         32    653 AM   5    1983  34     -2       29
  AVERAGE         45                        44      1       43

PRECIPITATION (IN)
  YESTERDAY        0.00          1.37 1951   0.12  -0.12     0.00
  MONTH TO DATE    3.43                      3.52  -0.09     7.72
  SINCE DEC 1      3.43                      3.52  -0.09     7.72
  SINCE JAN 1     46.70                     49.07  -2.37    73.78

SNOWFALL (IN)
  YESTERDAY        0.0                       0.0             0.0
  MONTH TO DATE    0.0                       0.0             0.0
  SINCE DEC 1      0.0                       0.0             0.0
  SINCE JUL 1      0.0                       0.0             0.0

DEGREE DAYS
 HEATING
  YESTERDAY       20
  MONTH TO DATE  426
  SINCE DEC 1    426
  SINCE JUL 1   1054
..................................................................


WIND (MPH)
  HIGHEST WIND SPEED     9   HIGHEST WIND DIRECTION    NE (60)
  HIGHEST GUST SPEED    11   HIGHEST GUST DIRECTION    NE (40)
  AVERAGE WIND SPEED     2.9


SKY COVER
  AVERAGE SKY COVER 0.0


WEATHER CONDITIONS
 THE FOLLOWING WEATHER WAS RECORDED YESTERDAY.
  FOG


RELATIVE HUMIDITY (PERCENT)
 HIGHEST    96
 LOWEST     40
 AVERAGE    68

..........................................................


THE ANNISTON CLIMATE NORMALS FOR TODAY
                         NORMAL    RECORD    YEAR
 MAXIMUM TEMPERATURE (F)   54        75      1982
 MINIMUM TEMPERATURE (F)   34        18      1903


SUNRISE AND SUNSET
DECEMBER 27 2014......SUNRISE   646 AM CST   SUNSET   443 PM CST
DECEMBER 28 2014......SUNRISE   647 AM CST   SUNSET   443 PM CST


-  INDICATES NEGATIVE NUMBERS.
R  INDICATES RECORD WAS SET OR TIED.
MM INDICATES DATA IS MISSING.
T  INDICATES TRACE AMOUNT.




$$
