000
CDAK48 PAFC 221252
CLIANC

CLIMATE REPORT
NATIONAL WEATHER SERVICE ANCHORAGE, AK
452 AM AKDT WED OCT 22 2014


...................................

...THE ANCHORAGE AK CLIMATE SUMMARY FOR OCTOBER 21 2014...

CLIMATE NORMAL PERIOD 1981 TO 2010
CLIMATE RECORD PERIOD 1915 TO 2014


WEATHER ITEM   OBSERVED RECORD YEAR NORMAL DEPARTURE LAST
                VALUE   VALUE       VALUE  FROM      YEAR
                                           NORMAL
...........................................................
TEMPERATURE (F)
 YESTERDAY
  MAXIMUM         41     58    1938  38      3       47
  MINIMUM         30      2    1996  27      3       35
  AVERAGE         36                 32      4       41

PRECIPITATION (IN)
  YESTERDAY        T      0.72 1981   0.06  -0.06
  MONTH TO DATE    1.20               1.56  -0.36
  SINCE SEP 1      5.21               4.55   0.66
  SINCE JAN 1     17.52              13.84   3.68

SNOWFALL (IN)
  YESTERDAY       MM      4.6  2001   0.3   MM
  MONTH TO DATE    3.8                4.6   -0.8
  SINCE SEP 1      3.8                5.0   -1.2
  SINCE JUL 1      3.8                5.0   -1.2
  SNOW DEPTH       1

DEGREE DAYS
 HEATING
  YESTERDAY       29                        -4
  MONTH TO DATE  558                       -19
  SINCE SEP 1    987                       -84
  SINCE JUL 1   1336                      -185

 COOLING
  YESTERDAY        0                         0
  MONTH TO DATE    0                         0
  SINCE SEP 1      0                         0
  SINCE JAN 1      3                         1
...........................................................


WIND (MPH)
  HIGHEST WIND SPEED    10   HIGHEST WIND DIRECTION     N (20)
  HIGHEST GUST SPEED    MM   HIGHEST GUST DIRECTION    MM
  AVERAGE WIND SPEED     4.8




RELATIVE HUMIDITY (PERCENT)
 HIGHEST    89
 LOWEST     60
 AVERAGE    75

..........................................................


THE ANCHORAGE AK CLIMATE NORMALS FOR TODAY
                         NORMAL    RECORD    YEAR
 MAXIMUM TEMPERATURE (F)   37        54      1938
 MINIMUM TEMPERATURE (F)   26         3      1933


SUNRISE AND SUNSET
OCTOBER 22 2014.......SUNRISE   901 AM AKDT  SUNSET   627 PM AKDT
OCTOBER 23 2014.......SUNRISE   904 AM AKDT  SUNSET   624 PM AKDT

CIVIL TWILIGHT
OCTOBER 22 2014         START   817 AM AKDT     END   712 PM AKDT
OCTOBER 23 2014         START   819 AM AKDT     END   709 PM AKDT



-  INDICATES NEGATIVE NUMBERS.
R  INDICATES RECORD WAS SET OR TIED.
MM INDICATES DATA IS MISSING.
T  INDICATES TRACE AMOUNT.




$$
&&
------------------------------------------------------
AMOUNT OF DAYLIGHT TODAY  (HOUR:MIN)........ 9:25
GAIN/LOSS SINCE YESTERDAY (HOUR:MIN:SEC)....-0:05:36
