000
CDAK48 PAFC 281256
CLIANC

CLIMATE REPORT
NATIONAL WEATHER SERVICE ANCHORAGE, AK
355 AM AKST SAT FEB 28 2015


...................................

...THE ANCHORAGE AK CLIMATE SUMMARY FOR FEBRUARY 27 2015...

CLIMATE NORMAL PERIOD 1981 TO 2010
CLIMATE RECORD PERIOD 1952 TO 2015


WEATHER ITEM   OBSERVED RECORD YEAR NORMAL DEPARTURE LAST
                VALUE   VALUE       VALUE  FROM      YEAR
                                           NORMAL
...........................................................
TEMPERATURE (F)
 YESTERDAY
  MAXIMUM         29     49    2014  30     -1       49
  MINIMUM         14    -25    1954  16     -2       30
  AVERAGE         22                 23     -1       40

PRECIPITATION (IN)
  YESTERDAY        0.00   0.47 1992   0.02  -0.02
  MONTH TO DATE    0.68               0.70  -0.02
  SINCE DEC 1      1.72               2.54  -0.82
  SINCE JAN 1      1.04               1.43  -0.39

SNOWFALL (IN)
  YESTERDAY        0.0    8.3  1992   0.3   -0.3
  MONTH TO DATE    0.9               10.6   -9.7
  SINCE DEC 1     14.3               38.6  -24.3
  SINCE JUL 1     20.3               60.0  -39.7
  SNOW DEPTH       1

DEGREE DAYS
 HEATING
  YESTERDAY       43                         1
  MONTH TO DATE 1079                      -134
  SINCE DEC 1   3603                      -521
  SINCE JUL 1   6318                      -970

 COOLING
  YESTERDAY        0                         0
  MONTH TO DATE    0                         0
  SINCE DEC 1      0                         0
  SINCE JAN 1      0                         0
...........................................................


WIND (MPH)
  HIGHEST WIND SPEED     5   HIGHEST WIND DIRECTION    SW (240)
  HIGHEST GUST SPEED    MM   HIGHEST GUST DIRECTION    MM
  AVERAGE WIND SPEED     1.2




RELATIVE HUMIDITY (PERCENT)
 HIGHEST    88
 LOWEST     58
 AVERAGE    73

..........................................................


THE ANCHORAGE AK CLIMATE NORMALS FOR TODAY
                         NORMAL    RECORD    YEAR
 MAXIMUM TEMPERATURE (F)   30        48      1991
 MINIMUM TEMPERATURE (F)   16       -15      1956


SUNRISE AND SUNSET
FEBRUARY 28 2015......SUNRISE   804 AM AKST  SUNSET   623 PM AKST
MARCH  1 2015.........SUNRISE   801 AM AKST  SUNSET   625 PM AKST

CIVIL TWILIGHT
FEBRUARY 28 2015        START   721 AM AKST     END   707 PM AKST
MARCH 1 2015            START   718 AM AKST     END   709 PM AKST



-  INDICATES NEGATIVE NUMBERS.
R  INDICATES RECORD WAS SET OR TIED.
MM INDICATES DATA IS MISSING.
T  INDICATES TRACE AMOUNT.




$$
&&
------------------------------------------------------
AMOUNT OF DAYLIGHT TODAY  (HOUR:MIN)........10:19
GAIN/LOSS SINCE YESTERDAY (HOUR:MIN:SEC)....+0:05:43

-
