000
CDAK48 PAFC 181238
CLIANC

CLIMATE REPORT
NATIONAL WEATHER SERVICE ANCHORAGE, AK
337 AM AKST SAT NOV 18 2017


...................................

...THE ANCHORAGE AK CLIMATE SUMMARY FOR NOVEMBER 17 2017...

CLIMATE NORMAL PERIOD 1981 TO 2010
CLIMATE RECORD PERIOD 1952 TO 2017


WEATHER ITEM   OBSERVED TIME   RECORD YEAR NORMAL DEPARTURE LAST
                VALUE   (LST)  VALUE       VALUE  FROM      YEAR
                                                  NORMAL
..................................................................
TEMPERATURE (F)
 YESTERDAY
  MAXIMUM         22   1242 AM  44    1964  27     -5       28
  MINIMUM         10   1148 PM -21    1956  16     -6       21
  AVERAGE         16                        21     -5       25

PRECIPITATION (IN)
  YESTERDAY        0.01          0.69 1990   0.04  -0.03
  MONTH TO DATE    0.47                      0.66  -0.19
  SINCE SEP 1      6.03                      5.68   0.35
  SINCE JAN 1     17.97                     14.97   3.00

SNOWFALL (IN)
  YESTERDAY        T             5.8  1990   0.5   -0.5       T
  MONTH TO DATE    5.5                       6.6   -1.1      0.8
  SINCE SEP 1      6.0                      14.9   -8.9      3.4
  SINCE JUL 1      6.0                      14.9   -8.9      3.4
  SNOW DEPTH       5

DEGREE DAYS
 HEATING
  YESTERDAY       49                                5
  MONTH TO DATE  692                              -11
  SINCE SEP 1   1882                             -251
  SINCE JUL 1   2250                             -333

 COOLING
  YESTERDAY        0                                0
  MONTH TO DATE    0                                0
  SINCE SEP 1      0                                0
  SINCE JAN 1      3                                1
..................................................................


WIND (MPH)
  HIGHEST WIND SPEED     9   HIGHEST WIND DIRECTION     N (340)
  HIGHEST GUST SPEED    11   HIGHEST GUST DIRECTION    NW (320)
  AVERAGE WIND SPEED     2.5




RELATIVE HUMIDITY (PERCENT)
 HIGHEST    92
 LOWEST     80
 AVERAGE    86

..........................................................


THE ANCHORAGE AK CLIMATE NORMALS FOR TODAY
                         NORMAL    RECORD    YEAR
 MAXIMUM TEMPERATURE (F)   27        47      2014
 MINIMUM TEMPERATURE (F)   16        -8      2015
                                             1974


SUNRISE AND SUNSET
NOVEMBER 18 2017......SUNRISE   915 AM AKST  SUNSET   415 PM AKST
NOVEMBER 19 2017......SUNRISE   918 AM AKST  SUNSET   413 PM AKST

CIVIL TWILIGHT
NOVEMBER 18 2017        START    822 AM GMT     END    508 PM GMT
NOVEMBER 19 2017        START    825 AM GMT     END    507 PM GMT



-  INDICATES NEGATIVE NUMBERS.
R  INDICATES RECORD WAS SET OR TIED.
MM INDICATES DATA IS MISSING.
T  INDICATES TRACE AMOUNT.




$$
&&
------------------------------------------------------
AMOUNT OF DAYLIGHT TODAY  (HOUR:MIN)........ 7:00
GAIN/LOSS SINCE YESTERDAY (HOUR:MIN:SEC)....-0:04:48
