000
CDAK48 PAFC 280100
CLIANC

CLIMATE REPORT
NATIONAL WEATHER SERVICE ANCHORAGE, AK
359 PM AKST THU NOV 27 2014


...................................

...THE ANCHORAGE AK CLIMATE SUMMARY FOR NOVEMBER 27 2014...
VALID TODAY AS OF 0300 PM LOCAL TIME.

CLIMATE NORMAL PERIOD 1981 TO 2010
CLIMATE RECORD PERIOD 1915 TO 2014


WEATHER ITEM   OBSERVED RECORD YEAR NORMAL DEPARTURE LAST
                VALUE   VALUE       VALUE  FROM      YEAR
                                           NORMAL
...........................................................
TEMPERATURE (F)
 TODAY
  MAXIMUM         24     52    1931  26     -2       29
  MINIMUM         16    -20    1948  15      1       22
  AVERAGE         20                 20              26

PRECIPITATION (IN)
  TODAY            0.00   0.48 2009   0.04  -0.04     0.09
                               1976
  MONTH TO DATE    0.23               1.05  -0.82     1.94
  SINCE SEP 1      5.44               6.07  -0.63    11.01
  SINCE JAN 1     17.75              15.36   2.39    24.37

SNOWFALL (IN)
  TODAY            0.0    6.9  1958   0.5   -0.5      1.2
  MONTH TO DATE    0.1               11.5  -11.4     11.2
  SINCE SEP 1      3.9               19.8  -15.9     11.2
  SINCE JUL 1      3.9               19.8  -15.9     11.2
  SNOW DEPTH       T

DEGREE DAYS
 HEATING
  TODAY           45                 45      0       39
  MONTH TO DATE  877               1148   -271     1106
  SINCE SEP 1   2239               2578   -339     2288
  SINCE JUL 1   2588               3028   -440     2629

 COOLING
  TODAY            0                  0      0        0
  MONTH TO DATE    0                  0      0        0
  SINCE SEP 1      0                  0      0        0
  SINCE JAN 1      3                  2      1       21
...........................................................


WIND (MPH)
  RESULTANT WIND SPEED   1   RESULTANT WIND DIRECTION   E (70)
  HIGHEST WIND SPEED     8   HIGHEST WIND DIRECTION     E (70)
  HIGHEST GUST SPEED    MM   HIGHEST GUST DIRECTION    MM
  AVERAGE WIND SPEED     1.8


SKY COVER
  POSSIBLE SUNSHINE  MM
  AVERAGE SKY COVER 0.6


WEATHER CONDITIONS
 THE FOLLOWING WEATHER WAS RECORDED TODAY.
  NO SIGNIFICANT WEATHER WAS OBSERVED.


RELATIVE HUMIDITY (PERCENT)
 HIGHEST    91          1200 PM
 LOWEST     68          1200 AM
 AVERAGE    80

..........................................................


THE ANCHORAGE AK CLIMATE NORMALS FOR TOMORROW
                         NORMAL    RECORD    YEAR
 MAXIMUM TEMPERATURE (F)   26        47      1976
                                             1956
 MINIMUM TEMPERATURE (F)   14       -19      1948


SUNRISE AND SUNSET
NOVEMBER 27 2014......SUNRISE   937 AM AKST  SUNSET   358 PM AKST
NOVEMBER 28 2014......SUNRISE   939 AM AKST  SUNSET   357 PM AKST

CIVIL TWILIGHT
NOVEMBER 27 2014        START   841 AM AKST     END   455 PM AKST
NOVEMBER 28 2014        START   843 AM AKST     END   454 PM AKST



-  INDICATES NEGATIVE NUMBERS.
R  INDICATES RECORD WAS SET OR TIED.
MM INDICATES DATA IS MISSING.
T  INDICATES TRACE AMOUNT.




$$
&&
------------------------------------------------------
AMOUNT OF DAYLIGHT TODAY  (HOUR:MIN)........ 6:21
GAIN/LOSS SINCE YESTERDAY (HOUR:MIN:SEC)....-0:04:04

$$
