000
CDAK48 PAFC 250112
CLIANC

CLIMATE REPORT
NATIONAL WEATHER SERVICE ANCHORAGE, AK
511 PM AKDT FRI OCT 24 2014


...................................

...THE ANCHORAGE AK CLIMATE SUMMARY FOR OCTOBER 24 2014...
VALID TODAY AS OF 0500 PM LOCAL TIME.

CLIMATE NORMAL PERIOD 1981 TO 2010
CLIMATE RECORD PERIOD 1915 TO 2014


WEATHER ITEM   OBSERVED RECORD YEAR NORMAL DEPARTURE LAST
                VALUE   VALUE       VALUE  FROM      YEAR
                                           NORMAL
...........................................................
TEMPERATURE (F)
 TODAY
  MAXIMUM         36     54    2002  36      0       36
                               1980
                               1938
  MINIMUM         24      3    1933  25     -1       26
  AVERAGE         30                 30              31

PRECIPITATION (IN)
  TODAY            0.00   0.60 2002   0.05  -0.05      T
                               1938
  MONTH TO DATE    1.20               1.72  -0.52     1.84
  SINCE SEP 1      5.21               4.71   0.50     7.69
  SINCE JAN 1     17.52              14.00   3.52    21.05

SNOWFALL (IN)
  TODAY            0.0    6.0  1948   0.4   -0.4       T
  MONTH TO DATE    3.8                5.6   -1.8       T
  SINCE SEP 1      3.8                6.0   -2.2       T
  SINCE JUL 1      3.8                6.0   -2.2       T
  SNOW DEPTH       1

DEGREE DAYS
 HEATING
  TODAY           35                 34      1       34
  MONTH TO DATE  659                678    -19      504
  SINCE SEP 1   1088               1172    -84     1011
  SINCE JUL 1   1437               1622   -185     1352

 COOLING
  TODAY            0                  0      0        0
  MONTH TO DATE    0                  0      0        0
  SINCE SEP 1      0                  0      0        0
  SINCE JAN 1      3                  2      1       21
...........................................................


WIND (MPH)
  RESULTANT WIND SPEED   1   RESULTANT WIND DIRECTION   N (350)
  HIGHEST WIND SPEED     7   HIGHEST WIND DIRECTION    NW (320)
  HIGHEST GUST SPEED    MM   HIGHEST GUST DIRECTION    MM
  AVERAGE WIND SPEED     1.8


SKY COVER
  POSSIBLE SUNSHINE  MM
  AVERAGE SKY COVER 0.5


WEATHER CONDITIONS
 THE FOLLOWING WEATHER WAS RECORDED TODAY.
  NO SIGNIFICANT WEATHER WAS OBSERVED.


RELATIVE HUMIDITY (PERCENT)
 HIGHEST    85          1000 AM
 LOWEST     64           100 PM
 AVERAGE    75

..........................................................


THE ANCHORAGE AK CLIMATE NORMALS FOR TOMORROW
                         NORMAL    RECORD    YEAR
 MAXIMUM TEMPERATURE (F)   36        51      1951
 MINIMUM TEMPERATURE (F)   24         0      1970
                                             1956


SUNRISE AND SUNSET
OCTOBER 24 2014.......SUNRISE   907 AM AKDT  SUNSET   621 PM AKDT
OCTOBER 25 2014.......SUNRISE   909 AM AKDT  SUNSET   618 PM AKDT

CIVIL TWILIGHT
OCTOBER 24 2014         START   822 AM AKDT     END   706 PM AKDT
OCTOBER 25 2014         START   824 AM AKDT     END   704 PM AKDT



-  INDICATES NEGATIVE NUMBERS.
R  INDICATES RECORD WAS SET OR TIED.
MM INDICATES DATA IS MISSING.
T  INDICATES TRACE AMOUNT.




$$
&&
------------------------------------------------------
AMOUNT OF DAYLIGHT TODAY  (HOUR:MIN)........ 9:14
GAIN/LOSS SINCE YESTERDAY (HOUR:MIN:SEC)....-0:05:35
