757
CDAK48 PAFC 271305
CLIANC

CLIMATE REPORT
NATIONAL WEATHER SERVICE ANCHORAGE, AK
504 AM AKDT THU APR 27 2017


...................................

...THE ANCHORAGE AK CLIMATE SUMMARY FOR APRIL 26 2017...

CLIMATE NORMAL PERIOD 1981 TO 2010
CLIMATE RECORD PERIOD 1952 TO 2017


WEATHER ITEM   OBSERVED TIME   RECORD YEAR NORMAL DEPARTURE LAST
                VALUE   (LST)  VALUE       VALUE  FROM      YEAR
                                                  NORMAL
..................................................................
TEMPERATURE (F)
 YESTERDAY
  MAXIMUM         55    325 PM  61    2005  49      6       52
  MINIMUM         33    559 AM  16    1955  33      0       37
  AVERAGE         44                        41      3       45

PRECIPITATION (IN)
  YESTERDAY        T             0.30 1976   0.02  -0.02
                                      1975
  MONTH TO DATE    0.05                      0.40  -0.35
  SINCE MAR 1      0.72                      1.00  -0.28
  SINCE JAN 1      3.42                      2.45   0.97

SNOWFALL (IN)
  YESTERDAY        0.0           5.5  1975   0.0    0.0      0.0
  MONTH TO DATE    T                         3.7   -3.7      0.0
  SINCE MAR 1     10.3                      13.6   -3.3     10.7
  SINCE JUL 1     82.4                      73.9    8.5     38.3
  SNOW DEPTH       0

DEGREE DAYS
 HEATING
  YESTERDAY       21                               -3
  MONTH TO DATE  656                              -97
  SINCE MAR 1   2065                              120
  SINCE JUL 1   9103                             -171

 COOLING
  YESTERDAY        0                                0
  MONTH TO DATE    0                                0
  SINCE MAR 1      0                                0
  SINCE JAN 1      0                                0
..................................................................


WIND (MPH)
  HIGHEST WIND SPEED    13   HIGHEST WIND DIRECTION     W (280)
  HIGHEST GUST SPEED    17   HIGHEST GUST DIRECTION     W (260)
  AVERAGE WIND SPEED     4.5




RELATIVE HUMIDITY (PERCENT)
 HIGHEST   100
 LOWEST     50
 AVERAGE    75

..........................................................


THE ANCHORAGE AK CLIMATE NORMALS FOR TODAY
                         NORMAL    RECORD    YEAR
 MAXIMUM TEMPERATURE (F)   49        63      2005
 MINIMUM TEMPERATURE (F)   33        19      1955


SUNRISE AND SUNSET
APRIL 27 2017.........SUNRISE   602 AM AKDT  SUNSET   955 PM AKDT
APRIL 28 2017.........SUNRISE   559 AM AKDT  SUNSET   958 PM AKDT

CIVIL TWILIGHT
APRIL 27 2017           START    508 AM GMT     END   1051 PM GMT
APRIL 28 2017           START    504 AM GMT     END   1054 PM GMT



-  INDICATES NEGATIVE NUMBERS.
R  INDICATES RECORD WAS SET OR TIED.
MM INDICATES DATA IS MISSING.
T  INDICATES TRACE AMOUNT.




$$
&&
------------------------------------------------------
AMOUNT OF DAYLIGHT TODAY  (HOUR:MIN)........15:54
GAIN/LOSS SINCE YESTERDAY (HOUR:MIN:SEC)....+0:05:36
