000
CDAK48 PAFC 290047
CLIANC

CLIMATE REPORT
NATIONAL WEATHER SERVICE ANCHORAGE, AK
446 PM AKDT FRI AUG 28 2015


...................................

...THE ANCHORAGE AK CLIMATE SUMMARY FOR AUGUST 28 2015...
VALID TODAY AS OF 0400 PM LOCAL TIME.

CLIMATE NORMAL PERIOD 1981 TO 2010
CLIMATE RECORD PERIOD 1952 TO 2015


WEATHER ITEM   OBSERVED RECORD YEAR NORMAL DEPARTURE LAST
                VALUE   VALUE       VALUE  FROM      YEAR
                                           NORMAL
...........................................................
TEMPERATURE (F)
 TODAY
  MAXIMUM         60     70    1974  61     -1       58
                               1967
                               1962
  MINIMUM         41     31    1984  47     -6       52
  AVERAGE         51                 54              55

PRECIPITATION (IN)
  TODAY            0.00   1.05 2010   0.11  -0.11     0.39
  MONTH TO DATE    0.97               2.91  -1.94     2.36
  SINCE JUN 1      4.24               5.71  -1.47     8.92
  SINCE JAN 1      7.30               8.95  -1.65    12.15

SNOWFALL (IN)
  TODAY            0.0    0.0    MM   0.0    0.0      0.0
  MONTH TO DATE    0.0                0.0    0.0      0.0
  SINCE JUN 1      0.0                0.0    0.0      0.0
  SINCE JUL 1      0.0                0.0    0.0      0.0
  SNOW DEPTH       0

DEGREE DAYS
 HEATING
  TODAY           14                 11      3       10
  MONTH TO DATE  142                222    -80      161
  SINCE JUN 1    408                709   -301      643
  SINCE JUL 1    235                416   -181      315

 COOLING
  TODAY            0                  0      0        0
  MONTH TO DATE    8                  0      8        0
  SINCE JUN 1     34                  2     32        3
  SINCE JAN 1     34                  2     32        3
...........................................................


WIND (MPH)
  RESULTANT WIND SPEED  11   RESULTANT WIND DIRECTION   N (10)
  HIGHEST WIND SPEED    17   HIGHEST WIND DIRECTION     N (350)
  HIGHEST GUST SPEED    31   HIGHEST GUST DIRECTION     N (350)
  AVERAGE WIND SPEED    11.4


SKY COVER
  POSSIBLE SUNSHINE  MM
  AVERAGE SKY COVER 0.6


WEATHER CONDITIONS
 THE FOLLOWING WEATHER WAS RECORDED TODAY.
  NO SIGNIFICANT WEATHER WAS OBSERVED.


RELATIVE HUMIDITY (PERCENT)
 HIGHEST    76           700 AM
 LOWEST     30           100 PM
 AVERAGE    53

..........................................................


THE ANCHORAGE AK CLIMATE NORMALS FOR TOMORROW
                         NORMAL    RECORD    YEAR
 MAXIMUM TEMPERATURE (F)   61        70      2007
 MINIMUM TEMPERATURE (F)   47        33      1984


SUNRISE AND SUNSET
AUGUST 28 2015........SUNRISE   642 AM AKDT  SUNSET   919 PM AKDT
AUGUST 29 2015........SUNRISE   644 AM AKDT  SUNSET   916 PM AKDT

CIVIL TWILIGHT
AUGUST 28 2015          START   554 AM AKDT     END  1007 PM AKDT
AUGUST 29 2015          START   557 AM AKDT     END  1004 PM AKDT



-  INDICATES NEGATIVE NUMBERS.
R  INDICATES RECORD WAS SET OR TIED.
MM INDICATES DATA IS MISSING.
T  INDICATES TRACE AMOUNT.




$$
&&
------------------------------------------------------
AMOUNT OF DAYLIGHT TODAY  (HOUR:MIN)........14:37
GAIN/LOSS SINCE YESTERDAY (HOUR:MIN:SEC)....-0:05:38

-
