000
CDAK48 PAFC 181301
CLIANC

CLIMATE REPORT
NATIONAL WEATHER SERVICE ANCHORAGE, AK
359 AM AKST THU JAN 18 2018


...................................

...THE ANCHORAGE AK CLIMATE SUMMARY FOR JANUARY 17 2018...

CLIMATE NORMAL PERIOD 1981 TO 2010
CLIMATE RECORD PERIOD 1952 TO 2018


WEATHER ITEM   OBSERVED TIME   RECORD YEAR NORMAL DEPARTURE LAST
                VALUE   (LST)  VALUE       VALUE  FROM      YEAR
                                                  NORMAL
..................................................................
TEMPERATURE (F)
 YESTERDAY
  MAXIMUM         36    501 PM  46    2014  23     13       14
                                      1992
  MINIMUM         26   1142 PM -20    1956  11     15       -7
  AVERAGE         31                        17     14        4

PRECIPITATION (IN)
  YESTERDAY        0.00          0.25 2003   0.02  -0.02
  MONTH TO DATE    0.56                      0.40   0.16
  SINCE SEP 1      7.27                      7.69  -0.42
  SINCE JAN 1      0.56                      0.40   0.16

SNOWFALL (IN)
  YESTERDAY        0.0           5.2  2013   0.4   -0.4      0.2
  MONTH TO DATE    4.2                       6.3   -2.1     10.8
  SINCE SEP 1     14.6                      44.4  -29.8     31.6
  SINCE JUL 1     14.6                      44.4  -29.8     31.6
  SNOW DEPTH       5

DEGREE DAYS
 HEATING
  YESTERDAY       34                              -14
  MONTH TO DATE  683                             -130
  SINCE DEC 1   1869                             -370
  SINCE JUL 1   4743                             -660

 COOLING
  YESTERDAY        0                                0
  MONTH TO DATE    0                                0
  SINCE DEC 1      0                                0
  SINCE JAN 1      0                                0
..................................................................


WIND (MPH)
  HIGHEST WIND SPEED    10   HIGHEST WIND DIRECTION     W (260)
  HIGHEST GUST SPEED    12   HIGHEST GUST DIRECTION     W (260)
  AVERAGE WIND SPEED     2.1




RELATIVE HUMIDITY (PERCENT)
 HIGHEST    92
 LOWEST     75
 AVERAGE    84

..........................................................


THE ANCHORAGE AK CLIMATE NORMALS FOR TODAY
                         NORMAL    RECORD    YEAR
 MAXIMUM TEMPERATURE (F)   23        46      1981
 MINIMUM TEMPERATURE (F)   11       -19      1989
                                             1972


SUNRISE AND SUNSET
JANUARY 18 2018.......SUNRISE   951 AM AKST  SUNSET   431 PM AKST
JANUARY 19 2018.......SUNRISE   949 AM AKST  SUNSET   433 PM AKST

CIVIL TWILIGHT
JANUARY 18 2018         START    857 AM GMT     END    526 PM GMT
JANUARY 19 2018         START    855 AM GMT     END    528 PM GMT



-  INDICATES NEGATIVE NUMBERS.
R  INDICATES RECORD WAS SET OR TIED.
MM INDICATES DATA IS MISSING.
T  INDICATES TRACE AMOUNT.




$$
&&
------------------------------------------------------
AMOUNT OF DAYLIGHT TODAY  (HOUR:MIN)........ 6:40
GAIN/LOSS SINCE YESTERDAY (HOUR:MIN:SEC)....+0:04:25

$$
