000
CDAK48 PAFC 291251
CLIANC

CLIMATE REPORT
NATIONAL WEATHER SERVICE ANCHORAGE, AK
450 AM AKDT SUN MAY 29 2016


...................................

...THE ANCHORAGE AK CLIMATE SUMMARY FOR MAY 28 2016...

CLIMATE NORMAL PERIOD 1981 TO 2010
CLIMATE RECORD PERIOD 1952 TO 2016


WEATHER ITEM   OBSERVED TIME   RECORD YEAR NORMAL DEPARTURE LAST
                VALUE   (LST)  VALUE       VALUE  FROM      YEAR
                                                  NORMAL
..................................................................
TEMPERATURE (F)
 YESTERDAY
  MAXIMUM         69        MM  74    2013  60      9       63
                                      1979
  MINIMUM         49        MM  33    1958  43      6       43
  AVERAGE         59                        51      8       53

PRECIPITATION (IN)
  YESTERDAY        0.00          0.27 1985   0.03  -0.03
  MONTH TO DATE    0.30                      0.64  -0.34
  SINCE MAR 1      1.55                      1.71  -0.16
  SINCE JAN 1      2.13                      3.16  -1.03

SNOWFALL (IN)
  YESTERDAY        0.0           0.0    MM   0.0    0.0      0.0
  MONTH TO DATE    0.0                       0.3   -0.3      0.0
  SINCE MAR 1     10.7                      14.2   -3.5      4.6
  SINCE JUL 1     38.3                      74.5  -36.2     25.1
  SNOW DEPTH       0

DEGREE DAYS
 HEATING
  YESTERDAY        6                               -8
  MONTH TO DATE  372                             -122
  SINCE MAR 1   1981                             -551
  SINCE JUL 1   8317                            -1544

 COOLING
  YESTERDAY        0                                0
  MONTH TO DATE    0                                0
  SINCE MAR 1      0                                0
  SINCE JAN 1      0                                0
..................................................................


WIND (MPH)
  HIGHEST WIND SPEED    10   HIGHEST WIND DIRECTION    SW (230)
  HIGHEST GUST SPEED    MM   HIGHEST GUST DIRECTION    MM
  AVERAGE WIND SPEED     5.7




RELATIVE HUMIDITY (PERCENT)
 HIGHEST    74
 LOWEST     35
 AVERAGE    55

..........................................................


THE ANCHORAGE AK CLIMATE NORMALS FOR TODAY
                         NORMAL    RECORD    YEAR
 MAXIMUM TEMPERATURE (F)   60        76      2013
 MINIMUM TEMPERATURE (F)   44        35      1982
                                             1966


SUNRISE AND SUNSET
MAY 29 2016...........SUNRISE   441 AM AKDT  SUNSET  1116 PM AKDT
MAY 30 2016...........SUNRISE   439 AM AKDT  SUNSET  1118 PM AKDT

CIVIL TWILIGHT
MAY 29 2016             START   305 AM AKDT     END  1255 AM AKDT
MAY 30 2016             START   301 AM AKDT     END   100 AM AKDT



-  INDICATES NEGATIVE NUMBERS.
R  INDICATES RECORD WAS SET OR TIED.
MM INDICATES DATA IS MISSING.
T  INDICATES TRACE AMOUNT.




$$
&&
------------------------------------------------------
AMOUNT OF DAYLIGHT TODAY  (HOUR:MIN)........18:35
GAIN/LOSS SINCE YESTERDAY (HOUR:MIN:SEC)....+0:03:54

-
