000
CDAK48 PAFC 181257
CLIANC

CLIMATE REPORT
NATIONAL WEATHER SERVICE ANCHORAGE, AK
456 AM AKDT FRI APR 18 2014


...................................

...THE ANCHORAGE AK CLIMATE SUMMARY FOR APRIL 17 2014...

CLIMATE NORMAL PERIOD 1981 TO 2010
CLIMATE RECORD PERIOD 1915 TO 2014


WEATHER ITEM   OBSERVED RECORD YEAR NORMAL DEPARTURE LAST
                VALUE   VALUE       VALUE  FROM      YEAR
                                           NORMAL
...........................................................
TEMPERATURE (F)
 YESTERDAY
  MAXIMUM         51     59    1965  45      6       36
  MINIMUM         30      7    1927  30      0       17
                               1920
  AVERAGE         41                 37      4       27

PRECIPITATION (IN)
  YESTERDAY        0.00   0.89 1937   0.02  -0.02
  MONTH TO DATE    0.04               0.26  -0.22
  SINCE MAR 1      0.74               0.86  -0.12
  SINCE JAN 1      2.76               2.31   0.45

SNOWFALL (IN)
  YESTERDAY        0.0    6.0  1941   0.2   -0.2
  MONTH TO DATE    0.4                2.9   -2.5
  SINCE MAR 1     11.3               12.8   -1.5
  SINCE JUL 1     64.7               73.1   -8.4
  SNOW DEPTH       0

DEGREE DAYS
 HEATING
  YESTERDAY       24                        -4
  MONTH TO DATE  524                         1
  SINCE MAR 1   1690                       -25
  SINCE JUL 1   8439                      -605

 COOLING
  YESTERDAY        0                         0
  MONTH TO DATE    0                         0
  SINCE MAR 1      0                         0
  SINCE JAN 1      0                         0
...........................................................


WIND (MPH)
  HIGHEST WIND SPEED     6   HIGHEST WIND DIRECTION    NW (330)
  HIGHEST GUST SPEED    MM   HIGHEST GUST DIRECTION    MM
  AVERAGE WIND SPEED     3.0




RELATIVE HUMIDITY (PERCENT)
 HIGHEST    82
 LOWEST     38
 AVERAGE    60

..........................................................


THE ANCHORAGE AK CLIMATE NORMALS FOR TODAY
                         NORMAL    RECORD    YEAR
 MAXIMUM TEMPERATURE (F)   46        59      1965
 MINIMUM TEMPERATURE (F)   30         9      1963
                                             1948


SUNRISE AND SUNSET
APRIL 18 2014.........SUNRISE   630 AM AKDT  SUNSET   931 PM AKDT
APRIL 19 2014.........SUNRISE   627 AM AKDT  SUNSET   933 PM AKDT

CIVIL TWILIGHT
APRIL 18 2014           START   540 AM AKDT     END  1021 PM AKDT
APRIL 19 2014           START   537 AM AKDT     END  1024 PM AKDT



-  INDICATES NEGATIVE NUMBERS.
R  INDICATES RECORD WAS SET OR TIED.
MM INDICATES DATA IS MISSING.
T  INDICATES TRACE AMOUNT.




$$
&&
------------------------------------------------------
AMOUNT OF DAYLIGHT TODAY  (HOUR:MIN)........15:01
GAIN/LOSS SINCE YESTERDAY (HOUR:MIN:SEC)....+0:05:41
