000
CDUS43 KAPX 012227
CLIANJ


CLIMATE REPORT
NATIONAL WEATHER SERVICE GAYLORD MI
526 PM EST SUN MAR 1 2015


...................................

...THE SAULT STE MARIE MI CLIMATE SUMMARY FOR MARCH 1 2015...
VALID TODAY AS OF 0500 PM LOCAL TIME.

CLIMATE NORMAL PERIOD 1981 TO 2010
CLIMATE RECORD PERIOD 1888 TO 2015


WEATHER ITEM   OBSERVED TIME   RECORD YEAR NORMAL DEPARTURE LAST
                VALUE   (LST)  VALUE       VALUE  FROM      YEAR
                                                  NORMAL
..................................................................
TEMPERATURE (F)
 TODAY
  MAXIMUM         25    337 PM  45    1998  30     -5       10
  MINIMUM          2    428 AM -18    1967  13    -11       -7
  AVERAGE         14                        21     -7        2

PRECIPITATION (IN)
  TODAY            0.00          0.47 1985   0.05  -0.05      T
  MONTH TO DATE    0.00                      0.05  -0.05      T
  SINCE MAR 1      0.00                      0.05  -0.05      T
  SINCE JAN 1      3.37                      3.58  -0.21     3.36

SNOWFALL (IN)
  TODAY            0.0           4.5  1951   0.6             0.1
  MONTH TO DATE    0.0                       0.6             0.1
  SINCE OCT 1    148.7                     100.8           106.2
  SINCE JUL 1    148.7                     100.8           106.2

DEGREE DAYS
 HEATING
  TODAY           51                        44      7       63
  MONTH TO DATE   51                        44      7       63
  SINCE MAR 1     51                        44      7       63
  SINCE JUL 1   6830                      6170    660     6843
..................................................................


WIND (MPH)
  RESULTANT WIND SPEED   5   RESULTANT WIND DIRECTION   S (190)
  HIGHEST WIND SPEED    17   HIGHEST WIND DIRECTION    SW (210)
  HIGHEST GUST SPEED    22   HIGHEST GUST DIRECTION     S (200)
  AVERAGE WIND SPEED     7.1


SKY COVER
  POSSIBLE SUNSHINE  MM
  AVERAGE SKY COVER 0.6


WEATHER CONDITIONS
 THE FOLLOWING WEATHER WAS RECORDED TODAY.
  NO SIGNIFICANT WEATHER WAS OBSERVED.


RELATIVE HUMIDITY (PERCENT)
 HIGHEST    88          1200 AM
 LOWEST     50           100 PM
 AVERAGE    69

..........................................................


THE SAULT STE MARIE MI CLIMATE NORMALS FOR TOMORROW
                         NORMAL    RECORD    YEAR
 MAXIMUM TEMPERATURE (F)   30        46      1964
 MINIMUM TEMPERATURE (F)   13       -17      1962
                                             1943


SUNRISE AND SUNSET
MARCH  1 2015.........SUNRISE   717 AM EST   SUNSET   623 PM EST
MARCH  2 2015.........SUNRISE   715 AM EST   SUNSET   625 PM EST


-  INDICATES NEGATIVE NUMBERS.
R  INDICATES RECORD WAS SET OR TIED.
MM INDICATES DATA IS MISSING.
T  INDICATES TRACE AMOUNT.




$$
