000
CDUS43 KAPX 310528
CLIANJ


CLIMATE REPORT
NATIONAL WEATHER SERVICE GAYLORD MI
127 AM EDT FRI JUL 31 2015


...................................

...THE SAULT STE MARIE MI CLIMATE SUMMARY FOR JULY 30 2015...

CLIMATE NORMAL PERIOD 1981 TO 2010
CLIMATE RECORD PERIOD 1888 TO 2015


WEATHER ITEM   OBSERVED TIME   RECORD YEAR NORMAL DEPARTURE LAST
                VALUE   (LST)  VALUE       VALUE  FROM      YEAR
                                                  NORMAL
..................................................................
TEMPERATURE (F)
 YESTERDAY
  MAXIMUM         72        MM  98    1916  76     -4       65
  MINIMUM         59        MM  40    1992  56      3       48
                                      1971
  AVERAGE         66                        66      0       57

PRECIPITATION (IN)
  YESTERDAY        0.00          0.98 1897   0.11  -0.11      T
  MONTH TO DATE    3.05                      2.76   0.29     1.48
  SINCE JUN 1      5.78                      5.46   0.32     4.40
  SINCE JAN 1     14.48                     15.90  -1.42    16.44

DEGREE DAYS
 HEATING
  YESTERDAY        0                         2     -2        8
  MONTH TO DATE   51                        70    -19      109
  SINCE JUN 1    239                       250    -11      218
  SINCE JUL 1     51                        70    -19      109

 COOLING
  YESTERDAY        1                         3     -2        0
  MONTH TO DATE   92                        81     11       21
  SINCE JUN 1     99                       111    -12       58
  SINCE JAN 1    101                       116    -15       60
..................................................................


WIND (MPH)
  HIGHEST WIND SPEED    MM   HIGHEST WIND DIRECTION    MM
  HIGHEST GUST SPEED    MM   HIGHEST GUST DIRECTION    MM
  AVERAGE WIND SPEED    MM




RELATIVE HUMIDITY (PERCENT)
 HIGHEST    MM
 LOWEST     MM
 AVERAGE    MM

..........................................................


THE SAULT STE MARIE MI CLIMATE NORMALS FOR TODAY
                         NORMAL    RECORD    YEAR
 MAXIMUM TEMPERATURE (F)   76        97      1975
 MINIMUM TEMPERATURE (F)   56        40      1918


SUNRISE AND SUNSET
JULY 31 2015..........SUNRISE   617 AM EDT   SUNSET   910 PM EDT
AUGUST  1 2015........SUNRISE   618 AM EDT   SUNSET   909 PM EDT


-  INDICATES NEGATIVE NUMBERS.
R  INDICATES RECORD WAS SET OR TIED.
MM INDICATES DATA IS MISSING.
T  INDICATES TRACE AMOUNT.




$$
