000
CDUS43 KAPX 220530
CLIANJ


CLIMATE REPORT
NATIONAL WEATHER SERVICE GAYLORD MI
130 AM EDT FRI AUG 22 2014


...................................

...THE SAULT STE MARIE MI CLIMATE SUMMARY FOR AUGUST 21 2014...

CLIMATE NORMAL PERIOD 1981 TO 2010
CLIMATE RECORD PERIOD 1888 TO 2014


WEATHER ITEM   OBSERVED TIME   RECORD YEAR NORMAL DEPARTURE LAST
                VALUE   (LST)  VALUE       VALUE  FROM      YEAR
                                                  NORMAL
..................................................................
TEMPERATURE (F)
 YESTERDAY
  MAXIMUM         76    243 PM  91    1955  74      2       84
  MINIMUM         59    613 AM  37    1907  54      5       65
  AVERAGE         68                        64      4       75

PRECIPITATION (IN)
  YESTERDAY        T             1.05 1913   0.11  -0.11      T
  MONTH TO DATE    1.76                      2.13  -0.37     2.14
  SINCE JUN 1      6.16                      7.69  -1.53    11.13
  SINCE JAN 1     18.20                     18.13   0.07    25.39

DEGREE DAYS
 HEATING
  YESTERDAY        0                         3     -3        0
  MONTH TO DATE   42                        43     -1       65
  SINCE JUN 1    262                       292    -30      261
  SINCE JUL 1    153                       112     41      115

 COOLING
  YESTERDAY        3                         2      1       10
  MONTH TO DATE   26                        53    -27       31
  SINCE JUN 1     84                       161    -77      186
  SINCE JAN 1     86                       166    -80      195
..................................................................


WIND (MPH)
  HIGHEST WIND SPEED     8   HIGHEST WIND DIRECTION     W (260)
  HIGHEST GUST SPEED    11   HIGHEST GUST DIRECTION     W (270)
  AVERAGE WIND SPEED     2.9




RELATIVE HUMIDITY (PERCENT)
 HIGHEST    97
 LOWEST     60
 AVERAGE    79

..........................................................


THE SAULT STE MARIE MI CLIMATE NORMALS FOR TODAY
                         NORMAL    RECORD    YEAR
 MAXIMUM TEMPERATURE (F)   74        85      1947
 MINIMUM TEMPERATURE (F)   54        32      1950


SUNRISE AND SUNSET
AUGUST 22 2014........SUNRISE   645 AM EDT   SUNSET   835 PM EDT
AUGUST 23 2014........SUNRISE   646 AM EDT   SUNSET   833 PM EDT


-  INDICATES NEGATIVE NUMBERS.
R  INDICATES RECORD WAS SET OR TIED.
MM INDICATES DATA IS MISSING.
T  INDICATES TRACE AMOUNT.




$$
