000
CDUS43 KAPX 220526
CLIANJ


CLIMATE REPORT
NATIONAL WEATHER SERVICE GAYLORD MI
125 AM EDT MON MAY 22 2017


...................................

...THE SAULT STE MARIE MI CLIMATE SUMMARY FOR MAY 21 2017...

CLIMATE NORMAL PERIOD 1981 TO 2010
CLIMATE RECORD PERIOD 1888 TO 2017


WEATHER ITEM   OBSERVED TIME   RECORD YEAR NORMAL DEPARTURE LAST
                VALUE   (LST)  VALUE       VALUE  FROM      YEAR
                                                  NORMAL
..................................................................
TEMPERATURE (F)
 YESTERDAY
  MAXIMUM         56   1252 AM  86    1994  64     -8       74
                                      1992
                                      1975
  MINIMUM         48    831 AM  25    1967  42      6       44
  AVERAGE         52                        53     -1       59

PRECIPITATION (IN)
  YESTERDAY        0.14          1.07 2001   0.09   0.05      T
  MONTH TO DATE    2.20                      1.69   0.51     0.55
  SINCE MAR 1      6.82                      6.03   0.79     5.63
  SINCE JAN 1     12.78                      9.56   3.22     9.34

DEGREE DAYS
 HEATING
  YESTERDAY       13                        12      1        6
  MONTH TO DATE  326                       308     18      326
  SINCE MAR 1   2176                      2251    -75     2180
  SINCE JUL 1   7050                      8377  -1327     7321

 COOLING
  YESTERDAY        0                         0      0        0
  MONTH TO DATE    1                         0      1        0
  SINCE MAR 1      1                         0      1        0
  SINCE JAN 1      1                         0      1        0
..................................................................


WIND (MPH)
  HIGHEST WIND SPEED    21   HIGHEST WIND DIRECTION    SE (120)
  HIGHEST GUST SPEED    29   HIGHEST GUST DIRECTION    SE (130)
  AVERAGE WIND SPEED     9.1




RELATIVE HUMIDITY (PERCENT)
 HIGHEST    96
 LOWEST     71
 AVERAGE    84

..........................................................


THE SAULT STE MARIE MI CLIMATE NORMALS FOR TODAY
                         NORMAL    RECORD    YEAR
 MAXIMUM TEMPERATURE (F)   65        86      1992
 MINIMUM TEMPERATURE (F)   42        27      1967


SUNRISE AND SUNSET
MAY 22 2017...........SUNRISE   556 AM EDT   SUNSET   913 PM EDT
MAY 23 2017...........SUNRISE   555 AM EDT   SUNSET   914 PM EDT


-  INDICATES NEGATIVE NUMBERS.
R  INDICATES RECORD WAS SET OR TIED.
MM INDICATES DATA IS MISSING.
T  INDICATES TRACE AMOUNT.




$$
