996
CDUS43 KAPX 220526
CLIANJ


CLIMATE REPORT
NATIONAL WEATHER SERVICE GAYLORD MI
126 AM EDT FRI SEP 22 2017


...................................

...THE SAULT STE MARIE MI CLIMATE SUMMARY FOR SEPTEMBER 21 2017...

CLIMATE NORMAL PERIOD 1981 TO 2010
CLIMATE RECORD PERIOD 1888 TO 2017


WEATHER ITEM   OBSERVED TIME   RECORD YEAR NORMAL DEPARTURE LAST
                VALUE   (LST)  VALUE       VALUE  FROM      YEAR
                                                  NORMAL
..................................................................
TEMPERATURE (F)
 YESTERDAY
  MAXIMUM         79    326 PM  84    1914  64     15       76
  MINIMUM         66    631 AM  27    1981  46     20       56
  AVERAGE         73                        55     18       66

PRECIPITATION (IN)
  YESTERDAY        0.27          2.14 1970   0.13   0.14     0.00
  MONTH TO DATE    0.92                      2.63  -1.71     3.42
  SINCE SEP 1      0.92                      2.63  -1.71     3.42
  SINCE JAN 1     28.68                     21.80   6.88    23.50

DEGREE DAYS
 HEATING
  YESTERDAY        0                        10    -10        0
  MONTH TO DATE   92                       147    -55       28
  SINCE SEP 1     92                       147    -55       28
  SINCE JUL 1    175                       294   -119       63

 COOLING
  YESTERDAY        8                         0      8        1
  MONTH TO DATE   26                        15     11       35
  SINCE SEP 1     26                        15     11       35
  SINCE JAN 1    154                       193    -39      361
..................................................................


WIND (MPH)
  HIGHEST WIND SPEED    12   HIGHEST WIND DIRECTION    SE (150)
  HIGHEST GUST SPEED    16   HIGHEST GUST DIRECTION    SE (150)
  AVERAGE WIND SPEED     3.8




RELATIVE HUMIDITY (PERCENT)
 HIGHEST   100
 LOWEST     74
 AVERAGE    87

..........................................................


THE SAULT STE MARIE MI CLIMATE NORMALS FOR TODAY
                         NORMAL    RECORD    YEAR
 MAXIMUM TEMPERATURE (F)   64        85      1920
                                             1895
 MINIMUM TEMPERATURE (F)   46        28      1974


SUNRISE AND SUNSET
SEPTEMBER 22 2017.....SUNRISE   725 AM EDT   SUNSET   735 PM EDT
SEPTEMBER 23 2017.....SUNRISE   726 AM EDT   SUNSET   733 PM EDT


-  INDICATES NEGATIVE NUMBERS.
R  INDICATES RECORD WAS SET OR TIED.
MM INDICATES DATA IS MISSING.
T  INDICATES TRACE AMOUNT.




$$
