000
CDUS43 KAPX 270537
CLIANJ


CLIMATE REPORT
NATIONAL WEATHER SERVICE GAYLORD MI
1236 AM EST SAT DEC 27 2014


...................................

...THE SAULT STE MARIE MI CLIMATE SUMMARY FOR DECEMBER 26 2014...

CLIMATE NORMAL PERIOD 1981 TO 2010
CLIMATE RECORD PERIOD 1888 TO 2014


WEATHER ITEM   OBSERVED TIME   RECORD YEAR NORMAL DEPARTURE LAST
                VALUE   (LST)  VALUE       VALUE  FROM      YEAR
                                                  NORMAL
..................................................................
TEMPERATURE (F)
 YESTERDAY
  MAXIMUM         35    651 PM  43    1936  26      9       23
  MINIMUM         32    420 AM -31    1993  12     20        1
  AVERAGE         34                        19     15       12

PRECIPITATION (IN)
  YESTERDAY        0.01          0.68 1959   0.08  -0.07      T
  MONTH TO DATE    2.25                      2.40  -0.15     2.37
  SINCE DEC 1      2.25                      2.40  -0.15     2.37
  SINCE JAN 1     39.43                     32.56   6.87    48.35

SNOWFALL (IN)
  YESTERDAY        0.1           9.9  1977   1.1   -1.0      0.1
  MONTH TO DATE   21.8                      28.0   -6.2     27.4
  SINCE OCT 1     87.2                      44.7   42.5     49.1
  SINCE JUL 1     87.2                      44.7   42.5     49.1
  SNOW DEPTH       9

DEGREE DAYS
 HEATING
  YESTERDAY       31                        46    -15       53
  MONTH TO DATE  998                      1091    -93     1350
  SINCE DEC 1    998                      1091    -93     1350
  SINCE JUL 1   3160                      3023    137     3243
..................................................................


WIND (MPH)
  HIGHEST WIND SPEED     9   HIGHEST WIND DIRECTION    SW (220)
  HIGHEST GUST SPEED    12   HIGHEST GUST DIRECTION    SW (220)
  AVERAGE WIND SPEED     1.4




RELATIVE HUMIDITY (PERCENT)
 HIGHEST   100
 LOWEST     89
 AVERAGE    95

..........................................................


THE SAULT STE MARIE MI CLIMATE NORMALS FOR TODAY
                         NORMAL    RECORD    YEAR
 MAXIMUM TEMPERATURE (F)   25        44      2008
                                             1994
                                             1936
 MINIMUM TEMPERATURE (F)   11       -20      1977


SUNRISE AND SUNSET
DECEMBER 27 2014......SUNRISE   820 AM EST   SUNSET   457 PM EST
DECEMBER 28 2014......SUNRISE   821 AM EST   SUNSET   457 PM EST


-  INDICATES NEGATIVE NUMBERS.
R  INDICATES RECORD WAS SET OR TIED.
MM INDICATES DATA IS MISSING.
T  INDICATES TRACE AMOUNT.




$$
