000
CDUS43 KAPX 040538
CLIANJ


CLIMATE REPORT
NATIONAL WEATHER SERVICE GAYLORD MI
137 AM EDT SAT JUL 4 2015


...................................

...THE SAULT STE MARIE MI CLIMATE SUMMARY FOR JULY 3 2015...

CLIMATE NORMAL PERIOD 1981 TO 2010
CLIMATE RECORD PERIOD 1888 TO 2015


WEATHER ITEM   OBSERVED TIME   RECORD YEAR NORMAL DEPARTURE LAST
                VALUE   (LST)  VALUE       VALUE  FROM      YEAR
                                                  NORMAL
..................................................................
TEMPERATURE (F)
 YESTERDAY
  MAXIMUM         73    126 PM  98    1921  75     -2       69
  MINIMUM         55    526 AM  38    1968  53      2       44
                                      1951
                                      1945
  AVERAGE         64                        64      0       57

PRECIPITATION (IN)
  YESTERDAY        T             0.95 1900   0.09  -0.09     0.00
  MONTH TO DATE    T                         0.25  -0.25     0.39
  SINCE JUN 1      2.73                      2.95  -0.22     3.31
  SINCE JAN 1     11.43                     13.39  -1.96    15.35

DEGREE DAYS
 HEATING
  YESTERDAY        1                         3     -2        8
  MONTH TO DATE   18                         9      9       17
  SINCE JUN 1    206                       189     17      126
  SINCE JUL 1     18                         9      9       17

 COOLING
  YESTERDAY        0                         2     -2        0
  MONTH TO DATE    0                         6     -6        4
  SINCE JUN 1      7                        36    -29       41
  SINCE JAN 1      9                        41    -32       43
..................................................................


WIND (MPH)
  HIGHEST WIND SPEED    17   HIGHEST WIND DIRECTION    SW (210)
  HIGHEST GUST SPEED    23   HIGHEST GUST DIRECTION     S (200)
  AVERAGE WIND SPEED     5.4




RELATIVE HUMIDITY (PERCENT)
 HIGHEST    78
 LOWEST     57
 AVERAGE    68

..........................................................


THE SAULT STE MARIE MI CLIMATE NORMALS FOR TODAY
                         NORMAL    RECORD    YEAR
 MAXIMUM TEMPERATURE (F)   75        94      1921
 MINIMUM TEMPERATURE (F)   53        37      1972


SUNRISE AND SUNSET
JULY  4 2015..........SUNRISE   550 AM EDT   SUNSET   933 PM EDT
JULY  5 2015..........SUNRISE   551 AM EDT   SUNSET   933 PM EDT


-  INDICATES NEGATIVE NUMBERS.
R  INDICATES RECORD WAS SET OR TIED.
MM INDICATES DATA IS MISSING.
T  INDICATES TRACE AMOUNT.




$$
