000
CDUS43 KAPX 300526
CLIANJ


CLIMATE REPORT
NATIONAL WEATHER SERVICE GAYLORD MI
126 AM EDT THU MAR 30 2017


...................................

...THE SAULT STE MARIE MI CLIMATE SUMMARY FOR MARCH 29 2017...

CLIMATE NORMAL PERIOD 1981 TO 2010
CLIMATE RECORD PERIOD 1888 TO 2017


WEATHER ITEM   OBSERVED TIME   RECORD YEAR NORMAL DEPARTURE LAST
                VALUE   (LST)  VALUE       VALUE  FROM      YEAR
                                                  NORMAL
..................................................................
TEMPERATURE (F)
 YESTERDAY
  MAXIMUM         44    509 PM  60    1993  40      4       47
                                      1910
  MINIMUM         29    316 AM  -4    1923  23      6       23
  AVERAGE         37                        32      5       35

PRECIPITATION (IN)
  YESTERDAY        0.00          0.74 1998   0.07  -0.07     0.00
  MONTH TO DATE    1.95                      1.80   0.15     1.90
  SINCE MAR 1      1.95                      1.80   0.15     1.90
  SINCE JAN 1      7.91                      5.33   2.58     5.61

SNOWFALL (IN)
  YESTERDAY        0.0           6.3  1944   0.4   -0.4      0.0
  MONTH TO DATE   13.8                      12.8    1.0      8.2
  SINCE OCT 1    136.9                     113.0   23.9     72.4
  SINCE JUL 1    136.9                     113.0   23.9     72.4
  SNOW DEPTH      10

DEGREE DAYS
 HEATING
  YESTERDAY       28                        33     -5       30
  MONTH TO DATE 1149                      1135     14      952
  SINCE MAR 1   1149                      1135     14      952
  SINCE JUL 1   6023                      7261  -1238     6093

 COOLING
  YESTERDAY        0                         0      0        0
  MONTH TO DATE    0                         0      0        0
  SINCE MAR 1      0                         0      0        0
  SINCE JAN 1      0                         0      0        0
..................................................................


WIND (MPH)
  HIGHEST WIND SPEED    10   HIGHEST WIND DIRECTION    SE (120)
  HIGHEST GUST SPEED    14   HIGHEST GUST DIRECTION    NE (40)
  AVERAGE WIND SPEED     3.7




RELATIVE HUMIDITY (PERCENT)
 HIGHEST    92
 LOWEST     37
 AVERAGE    65

..........................................................


THE SAULT STE MARIE MI CLIMATE NORMALS FOR TODAY
                         NORMAL    RECORD    YEAR
 MAXIMUM TEMPERATURE (F)   41        63      1910
 MINIMUM TEMPERATURE (F)   24         0      1923


SUNRISE AND SUNSET
MARCH 30 2017.........SUNRISE   720 AM EDT   SUNSET   804 PM EDT
MARCH 31 2017.........SUNRISE   718 AM EDT   SUNSET   805 PM EDT


-  INDICATES NEGATIVE NUMBERS.
R  INDICATES RECORD WAS SET OR TIED.
MM INDICATES DATA IS MISSING.
T  INDICATES TRACE AMOUNT.




$$
