000
CDUS43 KAPX 290529
CLIANJ


CLIMATE REPORT
NATIONAL WEATHER SERVICE GAYLORD MI
1229 AM EST SAT NOV 29 2014


...................................

...THE SAULT STE MARIE MI CLIMATE SUMMARY FOR NOVEMBER 28 2014...

CLIMATE NORMAL PERIOD 1981 TO 2010
CLIMATE RECORD PERIOD 1888 TO 2014


WEATHER ITEM   OBSERVED TIME   RECORD YEAR NORMAL DEPARTURE LAST
                VALUE   (LST)  VALUE       VALUE  FROM      YEAR
                                                  NORMAL
..................................................................
TEMPERATURE (F)
 YESTERDAY
  MAXIMUM         MM        MM  55    1990  35     MM       18
  MINIMUM         MM        MM  -9    1929  23     MM        8
  AVERAGE         MM                        29     MM       13

PRECIPITATION (IN)
  YESTERDAY        T             1.35 1964   0.11  -0.11      T
  MONTH TO DATE    6.66                      3.15   3.51     6.23
  SINCE SEP 1     18.25                     10.77   7.48    17.58
  SINCE JAN 1     37.17                     29.94   7.23    45.87

SNOWFALL (IN)
  YESTERDAY        0.1           7.1  1910   0.8   -0.7       T
  MONTH TO DATE   65.3                      13.5   51.8     13.9
  SINCE OCT 1     65.3                      15.1   50.2     20.6
  SINCE JUL 1     65.3                      15.1   50.2     20.6
  SNOW DEPTH      14

DEGREE DAYS
 HEATING
  YESTERDAY       MM                        36     MM       52
  MONTH TO DATE 1000                       853    147      893
  SINCE SEP 1   1857                      1711    146     1695
  SINCE JUL 1   2038                      1858    180     1811
..................................................................


WIND (MPH)
  HIGHEST WIND SPEED     6   HIGHEST WIND DIRECTION     E (100)
  HIGHEST GUST SPEED    MM   HIGHEST GUST DIRECTION    MM
  AVERAGE WIND SPEED     3.5




RELATIVE HUMIDITY (PERCENT)
 HIGHEST    91
 LOWEST     72
 AVERAGE    82

..........................................................


THE SAULT STE MARIE MI CLIMATE NORMALS FOR TODAY
                         NORMAL    RECORD    YEAR
 MAXIMUM TEMPERATURE (F)   34        54      1998
 MINIMUM TEMPERATURE (F)   23       -12      1929


SUNRISE AND SUNSET
NOVEMBER 29 2014......SUNRISE   758 AM EST   SUNSET   453 PM EST
NOVEMBER 30 2014......SUNRISE   759 AM EST   SUNSET   453 PM EST


-  INDICATES NEGATIVE NUMBERS.
R  INDICATES RECORD WAS SET OR TIED.
MM INDICATES DATA IS MISSING.
T  INDICATES TRACE AMOUNT.




$$
