000
CDUS43 KAPX 060532
CLIANJ


CLIMATE REPORT
NATIONAL WEATHER SERVICE GAYLORD MI
1229 AM EST TUE DEC 6 2016


...................................

...THE SAULT STE MARIE MI CLIMATE SUMMARY FOR DECEMBER 5 2016...

CLIMATE NORMAL PERIOD 1981 TO 2010
CLIMATE RECORD PERIOD 1888 TO 2016


WEATHER ITEM   OBSERVED TIME   RECORD YEAR NORMAL DEPARTURE LAST
                VALUE   (LST)  VALUE       VALUE  FROM      YEAR
                                                  NORMAL
..................................................................
TEMPERATURE (F)
 YESTERDAY
  MAXIMUM         38    420 PM  62    2001  32      6       48
  MINIMUM         30    919 PM  -4    1940  20     10       29
                                      1926
  AVERAGE         34                        26      8       39

PRECIPITATION (IN)
  YESTERDAY        0.14          0.81 1982   0.10   0.04     0.00
  MONTH TO DATE    1.01                      0.52   0.49     0.19
  SINCE DEC 1      1.01                      0.52   0.49     0.19
  SINCE JAN 1     31.76                     30.68   1.08    27.66

SNOWFALL (IN)
  YESTERDAY        2.0           6.8  1995   1.0    1.0      0.0
  MONTH TO DATE    7.9                       4.9    3.0       T
  SINCE OCT 1     14.8                      21.6   -6.8      9.0
  SINCE JUL 1     14.8                      21.6   -6.8      9.0
  SNOW DEPTH       7

DEGREE DAYS
 HEATING
  YESTERDAY       31                        39     -8       26
  MONTH TO DATE  151                       190    -39      140
  SINCE DEC 1    151                       190    -39      140
  SINCE JUL 1   1421                      2122   -701     1631
..................................................................


WIND (MPH)
  HIGHEST WIND SPEED    13   HIGHEST WIND DIRECTION     W (260)
  HIGHEST GUST SPEED    19   HIGHEST GUST DIRECTION     W (260)
  AVERAGE WIND SPEED     5.7




RELATIVE HUMIDITY (PERCENT)
 HIGHEST    96
 LOWEST     82
 AVERAGE    89

..........................................................


THE SAULT STE MARIE MI CLIMATE NORMALS FOR TODAY
                         NORMAL    RECORD    YEAR
 MAXIMUM TEMPERATURE (F)   32        58      2001
 MINIMUM TEMPERATURE (F)   20       -10      1906


SUNRISE AND SUNSET
DECEMBER  6 2016......SUNRISE   807 AM EST   SUNSET   451 PM EST
DECEMBER  7 2016......SUNRISE   808 AM EST   SUNSET   450 PM EST


-  INDICATES NEGATIVE NUMBERS.
R  INDICATES RECORD WAS SET OR TIED.
MM INDICATES DATA IS MISSING.
T  INDICATES TRACE AMOUNT.




$$
