000
CDUS43 KAPX 010532
CLIANJ


CLIMATE REPORT
NATIONAL WEATHER SERVICE GAYLORD MI
132 AM EDT MON SEP 1 2014


...................................

...THE SAULT STE MARIE MI CLIMATE SUMMARY FOR AUGUST 31 2014...

CLIMATE NORMAL PERIOD 1981 TO 2010
CLIMATE RECORD PERIOD 1888 TO 2014


WEATHER ITEM   OBSERVED TIME   RECORD YEAR NORMAL DEPARTURE LAST
                VALUE   (LST)  VALUE       VALUE  FROM      YEAR
                                                  NORMAL
..................................................................
TEMPERATURE (F)
 YESTERDAY
  MAXIMUM         72    427 PM  89    2000  72      0       76
  MINIMUM         59   1159 PM  37    1978  52      7       59
                                      1967
  AVERAGE         66                        62      4       68

PRECIPITATION (IN)
  YESTERDAY        0.00          1.06 1938   0.11  -0.11     0.00
  MONTH TO DATE    2.48                      3.17  -0.69     5.04
  SINCE JUN 1      6.88                      8.73  -1.85    14.03
  SINCE JAN 1     18.92                     19.17  -0.25    28.29

DEGREE DAYS
 HEATING
  YESTERDAY        0                         4     -4        0
  MONTH TO DATE   70                        77     -7       66
  SINCE JUN 1    290                       327    -37      262
  SINCE JUL 1    181                       147     34      116

 COOLING
  YESTERDAY        1                         1      0        3
  MONTH TO DATE   48                        65    -17       88
  SINCE JUN 1    106                       173    -67      243
  SINCE JAN 1    108                       178    -70      252
..................................................................


WIND (MPH)
  HIGHEST WIND SPEED    10   HIGHEST WIND DIRECTION     W (260)
  HIGHEST GUST SPEED    13   HIGHEST GUST DIRECTION     W (270)
  AVERAGE WIND SPEED     3.8




RELATIVE HUMIDITY (PERCENT)
 HIGHEST   100
 LOWEST     61
 AVERAGE    81

..........................................................


THE SAULT STE MARIE MI CLIMATE NORMALS FOR TODAY
                         NORMAL    RECORD    YEAR
 MAXIMUM TEMPERATURE (F)   72        93      1953
 MINIMUM TEMPERATURE (F)   52        36      1974


SUNRISE AND SUNSET
SEPTEMBER  1 2014.....SUNRISE   657 AM EDT   SUNSET   816 PM EDT
SEPTEMBER  2 2014.....SUNRISE   659 AM EDT   SUNSET   814 PM EDT


-  INDICATES NEGATIVE NUMBERS.
R  INDICATES RECORD WAS SET OR TIED.
MM INDICATES DATA IS MISSING.
T  INDICATES TRACE AMOUNT.




$$
