000
CDAK47 PANT 230001
CLIANN

CLIMATE REPORT
NATIONAL WEATHER SERVICE ANNETTE, AK
401 PM AKDT FRI AUG 22 2014

...................................
...THE ANNETTE WSO AP CLIMATE SUMMARY FOR AUGUST 22 2014...
VALID TODAY AS OF 2:00 PM LOCAL TIME

CLIMATE NORMAL PERIOD  1981 TO  2010
CLIMATE RECORD PERIOD  1948 TO  2014

WEATHER ITEM   OBSERVED TIME    RECORD YEAR NORMAL DEPARTURE LAST
               VALUE    (LST)   VALUE       VALUE  FROM      YEAR
                                                   NORMAL
...................................................................
TEMPERATURE
TODAY
 MAXIMUM            78  0126 PM    77  1945     64      14     64
 MINIMUM            54  0421 AM    45  1986     53       1     52
 AVERAGE            66                          58       8     58

PRECIPITATION
(INCHES)
 TODAY            0.00           1.85  2002   0.25   -0.25   0.03
 MONTH TO DATE    3.05                        4.55   -1.50   2.88
 SINCE JUN 1     18.40                       14.08    4.32  10.46
 SINCE JAN 1     59.20                       52.50    6.70  49.77

SNOWFALL
(INCHES)
 TODAY             0.0            0.0  2014    0.0     0.0    0.0
 MONTH TO DATE     0.0                         0.0     0.0    0.0
 SINCE JUN 1       0.0                         0.0     0.0    0.0
 SINCE JUL 1       0.0                         0.0     0.0    0.0
 SNOW DEPTH (IN)     0                                          0

DEGREE DAYS
 HEATING
  TODAY              0                           7      -7      7
  MONTH TO DATE     MM                         128      MM    107
  SINCE JUN 1      835                         632     203    478
  SINCE JUL 1      508                         334     174    258

 COOLING
  TODAY              1                           0       1      0
  MONTH TO DATE     MM                           0      MM      2
  SINCE JUN 1       14                           0      14     22
  SINCE JAN 1       MM                           0      MM     22
...................................................................

WIND (MPH)
 HIGHEST WIND SPEED     8     HIGHEST WIND DIRECTION    210
 HIGHEST GUST SPEED    13     HIGHEST GUST DIRECTION    190
 AVERAGE WIND SPEED   0.0

WEATHER CONDITIONS
 THE FOLLOWING WEATHER WAS RECORDED TODAY.
NO SIGNIFICANT WEATHER WAS OBSERVED.

...................................................................

THE ANNETTE CLIMATE NORMALS FOR TOMORROW
                        NORMAL    RECORD   YEAR
 MAXIMUM TEMPERATURE      64        78     1987
 MINIMUM TEMPERATURE      52        45     1976

SUNRISE AND SUNSET
 AUG 22 2014..........SUNRISE  5:35 AM      SUNSET  8:03 PM
 AUG 23 2014..........SUNRISE  5:36 AM      SUNSET  8:01 PM

-  INDICATES NEGATIVE NUMBERS.
R  INDICATES RECORD HAS BEEN SET OR TIED.
MM INDICATES DATA IS MISSING.
T  INDICATES TRACE OF PRECIPITATION.

&&
-------------------------------------------------------------------

AMOUNT OF DAYLIGHT TODAY  (HOUR:MIN)........14 HOURS 28 MINUTES
GAIN/LOSS SINCE YESTERDAY (HOUR:MIN:SEC)....-0:04:15

$$
TR AUG 14
