000
CDAK47 PANT 020018
CLIANN

CLIMATE REPORT
NATIONAL WEATHER SERVICE ANNETTE, AK
418 PM AKDT WED JUL 1 2015

...................................
...THE ANNETTE WSO AP CLIMATE SUMMARY FOR JULY 1 2015...
VALID TODAY AS OF 2:00 PM LOCAL TIME

CLIMATE NORMAL PERIOD  1981 TO  2010
CLIMATE RECORD PERIOD  1948 TO  2015

WEATHER ITEM   OBSERVED TIME    RECORD YEAR NORMAL DEPARTURE LAST
               VALUE    (LST)   VALUE       VALUE  FROM      YEAR
                                                   NORMAL
...................................................................
TEMPERATURE
TODAY
 MAXIMUM            69  1139 AM    79  1951     63       6     72
 MINIMUM            52  0400 AM    43  1972     51       1     51
 AVERAGE            61                          57       4     62

PRECIPITATION
(INCHES)
 TODAY            0.00           1.52  2011   0.15   -0.15   0.12
 MONTH TO DATE    0.00                        0.15   -0.15   0.12
 SINCE JUN 1      3.99                        5.03   -1.04   7.87
 SINCE JAN 1     47.47                       43.45    4.02  48.67

SNOWFALL
(INCHES)
 TODAY             0.0            0.0  2015    0.0     0.0    0.0
 MONTH TO DATE     0.0                         0.0     0.0    0.0
 SINCE JUN 1       0.0                         0.0     0.0    0.0
 SINCE JUL 1       0.0                         0.0     0.0    0.0
 SNOW DEPTH (IN)     0                                          0

DEGREE DAYS
 HEATING
  TODAY              4                           8      -4      3
  MONTH TO DATE      4                           8      -4      3
  SINCE JUN 1      192                         306    -114    330
  SINCE JUL 1        4                           8      -4      3

 COOLING
  TODAY              0                           0       0      0
  MONTH TO DATE      0                           0       0      0
  SINCE JUN 1        2                           0       2      0
  SINCE JAN 1        2                           0       2      0
...................................................................

WIND (MPH)
 HIGHEST WIND SPEED     9     HIGHEST WIND DIRECTION    320
 HIGHEST GUST SPEED    12     HIGHEST GUST DIRECTION    210
 AVERAGE WIND SPEED    MM

SKY COVER
  POSSIBLE SUNSHINE  MM            AVERAGE SKY COVER MM

WEATHER CONDITIONS
 THE FOLLOWING WEATHER WAS RECORDED TODAY.
NO SIGNIFICANT WEATHER WAS OBSERVED.

RELATIVE HUMIDITY
 HIGHEST RH     MM PERCENT       MM
 LOWEST  RH     MM PERCENT       MM
 AVERAGE RH     MM PERCENT       MM
...................................................................

THE ANNETTE CLIMATE NORMALS FOR TOMORROW
                        NORMAL    RECORD   YEAR
 MAXIMUM TEMPERATURE      63        79     1998
 MINIMUM TEMPERATURE      51        44     1978

SUNRISE AND SUNSET
 JUL 1 2015..........SUNRISE  4:12 AM      SUNSET  9:29 PM
 JUL 2 2015..........SUNRISE  4:13 AM      SUNSET  9:28 PM

-  INDICATES NEGATIVE NUMBERS.
R  INDICATES RECORD HAS BEEN SET OR TIED.
MM INDICATES DATA IS MISSING.
T  INDICATES TRACE OF PRECIPITATION.

&&
-------------------------------------------------------------------

AMOUNT OF DAYLIGHT TODAY  (HOUR:MIN)........17 HOURS 17 MINUTES
GAIN/LOSS SINCE YESTERDAY (HOUR:MIN:SEC)....-0:01:10

$$
JH JUL 15
