000
CDAK47 PANT 240930
CLIANN

CLIMATE REPORT
NATIONAL WEATHER SERVICE ANNETTE, AK
130 AM AKDT SUN MAY 24 2015

...................................
...THE ANNETTE WSO AP CLIMATE SUMMARY FOR MAY 23 2015...

CLIMATE NORMAL PERIOD  1981 TO  2010
CLIMATE RECORD PERIOD  1948 TO  2015

WEATHER ITEM   OBSERVED TIME    RECORD YEAR NORMAL DEPARTURE LAST
               VALUE    (LST)   VALUE       VALUE  FROM      YEAR
                                                   NORMAL
...................................................................
TEMPERATURE
YESTERDAY
 MAXIMUM            61  0149 PM    87  1969     58       3     57
 MINIMUM            51  0753 AM    34  1972     46       5     45
 AVERAGE            56                          52       4     51

PRECIPITATION
(INCHES)
 YESTERDAY        0.11           2.54  1999   0.17   -0.06   0.29
 MONTH TO DATE    0.50                        4.22   -3.72   4.84
 SINCE MAR 1     22.42                       19.04    3.38  28.58
 SINCE JAN 1     43.48                       37.08    6.40  40.68

SNOWFALL
(INCHES)
 YESTERDAY         0.0            0.0  2015    0.0     0.0    0.0
 MONTH TO DATE     0.0                         0.1    -0.1    0.0
 SINCE MAR 1         T                         8.4    -8.4    0.3
 SINCE JUL 1      10.2                        34.9   -24.7   25.4
 SNOW DEPTH (IN)     0                                          0

DEGREE DAYS
 HEATING
  YESTERDAY          9                          13      -4     14
  MONTH TO DATE    251                         361    -110    315
  SINCE MAR 1     1487                        1768    -281   1821
  SINCE JUL 1     5571                        6306    -735   6310

 COOLING
  YESTERDAY          0                           0       0      0
  MONTH TO DATE      0                           0       0      0
  SINCE MAR 1        0                           0       0      0
  SINCE JAN 1        0                           0       0      0
...................................................................

WIND (MPH)
 HIGHEST WIND SPEED    14     HIGHEST WIND DIRECTION    140
 HIGHEST GUST SPEED    20     HIGHEST GUST DIRECTION    120
 AVERAGE WIND SPEED   6.6

SKY COVER
  POSSIBLE SUNSHINE    MM          AVERAGE SKY COVER     MM

WEATHER CONDITIONS
 THE FOLLOWING WEATHER WAS RECORDED YESTERDAY.
  FOG
RAIN


RELATIVE HUMIDITY
 HIGHEST RH     MM PERCENT       MM
 LOWEST  RH     MM PERCENT       MM
 AVERAGE RH     MM PERCENT       MM
...................................................................

THE ANNETTE CLIMATE NORMALS FOR TODAY
                           NORMAL    RECORD   YEAR
 MAXIMUM TEMPERATURE (F)     58        78     2008
 MINIMUM TEMPERATURE (F)     46        36     1972

SUNRISE AND SUNSET
 MAY 24 2015..........SUNRISE  4:25 AM      SUNSET  9:03 PM
 MAY 25 2015..........SUNRISE  4:23 AM      SUNSET  9:05 PM

-  INDICATES NEGATIVE NUMBERS.
R  INDICATES RECORD HAS BEEN SET OR TIED.
MM INDICATES DATA IS MISSING.
T  INDICATES TRACE OF PRECIPITATION.

&&
-------------------------------------------------------------------

AMOUNT OF DAYLIGHT TODAY  (HOUR:MIN)........16 HOURS 38 MINUTES
GAIN/LOSS SINCE YESTERDAY (HOUR:MIN:SEC)....+0:02:59

$$
JH MAY 15
