000
CDAK47 PANT 010930
CLIANN

CLIMATE REPORT
NATIONAL WEATHER SERVICE ANNETTE, AK
130 AM AKDT TUE SEP 1 2015

...................................
...THE ANNETTE WSO AP CLIMATE SUMMARY FOR AUGUST 31 2015...

CLIMATE NORMAL PERIOD  1981 TO  2010
CLIMATE RECORD PERIOD  1948 TO  2015

WEATHER ITEM   OBSERVED TIME    RECORD YEAR NORMAL DEPARTURE LAST
               VALUE    (LST)   VALUE       VALUE  FROM      YEAR
                                                   NORMAL
...................................................................
TEMPERATURE
YESTERDAY
 MAXIMUM            57  0252 PM    79  1974     63      -6     57
 MINIMUM            47  0458 AM    40  1973     51      -4     54
 AVERAGE            52                          57      -5     56

PRECIPITATION
(INCHES)
 YESTERDAY        0.03           2.97  1957   0.28   -0.25   0.71
 MONTH TO DATE    9.61                        6.96    2.65   5.93
 SINCE JUN 1     21.24                       16.49    4.75  21.28
 SINCE JAN 1     64.72                       54.91    9.81  62.08

SNOWFALL
(INCHES)
 YESTERDAY         0.0            0.0  2015    0.0     0.0    0.0
 MONTH TO DATE     0.0                         0.0     0.0    0.0
 SINCE JUN 1       0.0                         0.0     0.0    0.0
 SINCE JUL 1       0.0                         0.0     0.0    0.0
 SNOW DEPTH (IN)     0                                          0

DEGREE DAYS
 HEATING
  YESTERDAY         13                           8       5      9
  MONTH TO DATE    173                         195     -22     MM
  SINCE JUN 1      480                         699    -219    896
  SINCE JUL 1      292                         401    -109     MM

 COOLING
  YESTERDAY          0                           0       0      0
  MONTH TO DATE      0                           0       0     MM
  SINCE JUN 1       37                           0      37     14
  SINCE JAN 1       37                           0      37     MM
...................................................................

WIND (MPH)
 HIGHEST WIND SPEED    14     HIGHEST WIND DIRECTION    160
 HIGHEST GUST SPEED    19     HIGHEST GUST DIRECTION    150
 AVERAGE WIND SPEED   6.1

SKY COVER
  POSSIBLE SUNSHINE    MM          AVERAGE SKY COVER     MM

WEATHER CONDITIONS
 THE FOLLOWING WEATHER WAS RECORDED YESTERDAY.
  FOG
RAIN


RELATIVE HUMIDITY
 HIGHEST RH     MM PERCENT       MM
 LOWEST  RH     MM PERCENT       MM
 AVERAGE RH     MM PERCENT       MM
...................................................................

THE ANNETTE CLIMATE NORMALS FOR TODAY
                           NORMAL    RECORD   YEAR
 MAXIMUM TEMPERATURE (F)     62        80     1974
 MINIMUM TEMPERATURE (F)     51        44     1999

SUNRISE AND SUNSET
 SEP 1 2015..........SUNRISE  5:53 AM      SUNSET  7:39 PM
 SEP 2 2015..........SUNRISE  5:55 AM      SUNSET  7:37 PM

-  INDICATES NEGATIVE NUMBERS.
R  INDICATES RECORD HAS BEEN SET OR TIED.
MM INDICATES DATA IS MISSING.
T  INDICATES TRACE OF PRECIPITATION.

&&
-------------------------------------------------------------------

AMOUNT OF DAYLIGHT TODAY  (HOUR:MIN)........13 HOURS 46 MINUTES
GAIN/LOSS SINCE YESTERDAY (HOUR:MIN:SEC)....-0:04:21

$$
JH SEP 15
