000
CDAK47 PANT 220944
CLIANN

CLIMATE REPORT
NATIONAL WEATHER SERVICE ANNETTE, AK
1244 AM AKST MON DEC 22 2014

...................................
...THE ANNETTE WSO AP CLIMATE SUMMARY FOR DECEMBER 21 2014...

CLIMATE NORMAL PERIOD  1981 TO  2010
CLIMATE RECORD PERIOD  1948 TO  2014

WEATHER ITEM   OBSERVED TIME    RECORD YEAR NORMAL DEPARTURE LAST
               VALUE    (LST)   VALUE       VALUE  FROM      YEAR
                                                   NORMAL
...................................................................
TEMPERATURE
YESTERDAY
 MAXIMUM            47  1246 PM    52  2005     41       6     40
 MINIMUM            41  0902 PM    11  1970     33       8     31
 AVERAGE            44                          37       7     36

PRECIPITATION
(INCHES)
 YESTERDAY        0.34           3.22  1959   0.33    0.01   0.21
 MONTH TO DATE   10.26                        7.41    2.85  10.44
 SINCE DEC 1     10.26                        7.41    2.85  10.44
 SINCE JAN 1    106.24                       98.32    7.92  91.65

SNOWFALL
(INCHES)
 YESTERDAY         0.0            3.1  1957    0.3    -0.3    0.0
 MONTH TO DATE     0.4                         5.1    -4.7    3.4
 SINCE DEC 1       0.4                         5.1    -4.7    3.4
 SINCE JUL 1       4.6                         8.7    -4.1    9.1
 SNOW DEPTH (IN)     0                                          0

DEGREE DAYS
 HEATING
  YESTERDAY         21                          28      -7     29
  MONTH TO DATE    450                         581    -131    650
  SINCE DEC 1      450                         581    -131    650
  SINCE JUL 1     2455                        2631    -176   2464

 COOLING
  YESTERDAY          0                           0       0      0
  MONTH TO DATE      0                           0       0      0
  SINCE DEC 1        0                           0       0      0
  SINCE JAN 1       MM                           0      MM     22
...................................................................

WIND (MPH)
 HIGHEST WIND SPEED    15     HIGHEST WIND DIRECTION    210
 HIGHEST GUST SPEED    23     HIGHEST GUST DIRECTION    200
 AVERAGE WIND SPEED   6.7

WEATHER CONDITIONS
 THE FOLLOWING WEATHER WAS RECORDED YESTERDAY.
  FOG
RAIN
...................................................................

THE ANNETTE CLIMATE NORMALS FOR TODAY
                           NORMAL    RECORD   YEAR
 MAXIMUM TEMPERATURE (F)     41        52     1960
 MINIMUM TEMPERATURE (F)     33         7     1964

SUNRISE AND SUNSET
 DEC 22 2014..........SUNRISE  8:11 AM      SUNSET  3:20 PM
 DEC 23 2014..........SUNRISE  8:11 AM      SUNSET  3:21 PM

-  INDICATES NEGATIVE NUMBERS.
R  INDICATES RECORD HAS BEEN SET OR TIED.
MM INDICATES DATA IS MISSING.
T  INDICATES TRACE OF PRECIPITATION.

&&
-------------------------------------------------------------------

AMOUNT OF DAYLIGHT TODAY  (HOUR:MIN)........7 HOURS 9 MINUTES
GAIN SINCE YESTERDAY (HOUR:MIN:SEC)....+0:00:03

$$
