000
CDAK47 PANT 260930
CLIANN

CLIMATE REPORT
NATIONAL WEATHER SERVICE ANNETTE, AK
1230 AM AKST THU FEB 26 2015

...................................
...THE ANNETTE WSO AP CLIMATE SUMMARY FOR FEBRUARY 25 2015...

CLIMATE NORMAL PERIOD  1981 TO  2010
CLIMATE RECORD PERIOD  1948 TO  2015

WEATHER ITEM   OBSERVED TIME    RECORD YEAR NORMAL DEPARTURE LAST
               VALUE    (LST)   VALUE       VALUE  FROM      YEAR
                                                   NORMAL
...................................................................
TEMPERATURE
YESTERDAY
 MAXIMUM            45  0142 PM    55  1992     43       2     47
 MINIMUM            34  1223 AM    16  2009     33       1     25
 AVERAGE            40                          38       2     36

PRECIPITATION
(INCHES)
 YESTERDAY        0.07           1.51  1963   0.24   -0.17   0.00
 MONTH TO DATE    6.29                        6.58   -0.29   3.97
 SINCE DEC 1     33.96                       28.03    5.93  30.48
 SINCE JAN 1     21.00                       17.31    3.69  12.10

SNOWFALL
(INCHES)
 YESTERDAY         0.0            4.7  1993    0.2    -0.2    0.0
 MONTH TO DATE     2.3                         6.4    -4.1   15.0
 SINCE DEC 1       6.0                        22.1   -16.1   19.4
 SINCE JUL 1      10.2                        25.7   -15.5   25.1
 SNOW DEPTH (IN)     0                                          1

DEGREE DAYS
 HEATING
  YESTERDAY         25                          27      -2     29
  MONTH TO DATE    597                         678     -81    875
  SINCE DEC 1     2016                        2407    -391   2591
  SINCE JUL 1     4021                        4457    -436   4405

 COOLING
  YESTERDAY          0                           0       0      0
  MONTH TO DATE      0                           0       0      0
  SINCE DEC 1        0                           0       0      0
  SINCE JAN 1        0                           0       0      0
...................................................................

WIND (MPH)
 HIGHEST WIND SPEED    12     HIGHEST WIND DIRECTION    130
 HIGHEST GUST SPEED    15     HIGHEST GUST DIRECTION    140
 AVERAGE WIND SPEED   4.8

SKY COVER
  POSSIBLE SUNSHINE    MM          AVERAGE SKY COVER     MM

WEATHER CONDITIONS
 THE FOLLOWING WEATHER WAS RECORDED YESTERDAY.
  RAIN


RELATIVE HUMIDITY
 HIGHEST RH     MM PERCENT       MM
 LOWEST  RH     MM PERCENT       MM
 AVERAGE RH     MM PERCENT       MM
...................................................................

THE ANNETTE CLIMATE NORMALS FOR TODAY
                           NORMAL    RECORD   YEAR
 MAXIMUM TEMPERATURE (F)     43        60     1992
 MINIMUM TEMPERATURE (F)     33        11     1972

SUNRISE AND SUNSET
 FEB 26 2015..........SUNRISE  6:44 AM      SUNSET  5:16 PM
 FEB 27 2015..........SUNRISE  6:42 AM      SUNSET  5:18 PM

-  INDICATES NEGATIVE NUMBERS.
R  INDICATES RECORD HAS BEEN SET OR TIED.
MM INDICATES DATA IS MISSING.
T  INDICATES TRACE OF PRECIPITATION.

&&
-------------------------------------------------------------------

AMOUNT OF DAYLIGHT TODAY  (HOUR:MIN)........10 HOURS 32 MINUTES
GAIN/LOSS SINCE YESTERDAY (HOUR:MIN:SEC)....+0:04:26

$$
JH FEB 15
