140
CDAK47 PAJK 191239
CLIANN
CLIMATE REPORT
NATIONAL WEATHER SERVICE JUNEAU, AK
333 AM AKST MON FEB 19 2018


...................................

...THE ANNETTE ISLAND CLIMATE SUMMARY FOR FEBRUARY 18 2018...

CLIMATE NORMAL PERIOD 1981 TO 2010
CLIMATE RECORD PERIOD 1941 TO 2018


WEATHER ITEM   OBSERVED RECORD YEAR NORMAL DEPARTURE LAST
                VALUE   VALUE       VALUE  FROM      YEAR
                                           NORMAL
...........................................................
TEMPERATURE (F)
 YESTERDAY
  MAXIMUM         35     55    1958  43     -8       44
  MINIMUM         24      8    1986  33     -9       28
  AVERAGE         30                 38     -8       36

PRECIPITATION (IN)
  YESTERDAY        0.00   3.87 1965   0.25  -0.25     0.00
  MONTH TO DATE    2.86               4.87  -2.01     4.30
  SINCE JAN 1      6.78              15.60  -8.82    12.54

DEGREE DAYS
 HEATING
  YESTERDAY       35                 27      8       29
  MONTH TO DATE  502                489     13      506
...........................................................


WIND (MPH)
  HIGHEST WIND SPEED    12   HIGHEST WIND DIRECTION    NW (320)
  HIGHEST GUST SPEED    17   HIGHEST GUST DIRECTION     N (350)
  AVERAGE WIND SPEED     6.6


SKY COVER
  AVERAGE SKY COVER 0.0


WEATHER CONDITIONS
 THE FOLLOWING WEATHER WAS RECORDED YESTERDAY.
  NO SIGNIFICANT WEATHER WAS OBSERVED.


..........................................................


THE ANNETTE ISLAND CLIMATE NORMALS FOR TODAY
                         NORMAL    RECORD    YEAR
 MAXIMUM TEMPERATURE (F)   43        58      1977
 MINIMUM TEMPERATURE (F)   33         9      1986


SUNRISE AND SUNSET
FEBRUARY 19 2018......SUNRISE   659 AM AKST  SUNSET   502 PM AKST
FEBRUARY 20 2018......SUNRISE   657 AM AKST  SUNSET   504 PM AKST


-  INDICATES NEGATIVE NUMBERS.
R  INDICATES RECORD WAS SET OR TIED.
MM INDICATES DATA IS MISSING.
T  INDICATES TRACE AMOUNT.




$$
--------------------------------------------------------------

AMOUNT OF DAYLIGHT TODAY (HOUR:MIN)......... 10 HOURS 02 MINUTES
GAIN/LOSS SINCE YESTERDAY (HOUR:MIN:SEC).... +0:04:22

$$
