000
CDUS41 KCTP 100630
CLIAOO


CLIMATE REPORT
NATIONAL WEATHER SERVICE STATE COLLEGE PA
129 AM EST WED FEB 10 2016


...................................

...THE ALTOONA CLIMATE SUMMARY FOR FEBRUARY 9 2016...

CLIMATE NORMAL PERIOD 1981 TO 2010
CLIMATE RECORD PERIOD 1948 TO 2016


WEATHER ITEM   OBSERVED TIME   RECORD YEAR NORMAL DEPARTURE LAST
                VALUE   (LST)  VALUE       VALUE  FROM      YEAR
                                                  NORMAL
..................................................................
TEMPERATURE (F)
 YESTERDAY
  MAXIMUM         33   1253 PM  55    1990  36     -3       42
  MINIMUM         24   1102 PM   1    1979  20      4       30
  AVERAGE         29                        28      1       36

PRECIPITATION (IN)
  YESTERDAY        0.13          0.49 2005   0.08   0.05     0.12
  MONTH TO DATE    0.68                      0.65   0.03     0.70
  SINCE DEC 1      6.06                      5.24   0.82     4.16
  SINCE JAN 1      2.32                      2.82  -0.50     2.30

DEGREE DAYS
 HEATING
  YESTERDAY       36                        37     -1       29
  MONTH TO DATE  271                       335    -64      337
  SINCE DEC 1   2126                      2582   -456     2533
  SINCE JUL 1   3119                      3888   -769     3835

 COOLING
  YESTERDAY        0                         0      0        0
  MONTH TO DATE    0                         0      0        0
  SINCE DEC 1      0                         0      0        0
  SINCE JAN 1      0                         0      0        0
..................................................................


WIND (MPH)
  HIGHEST WIND SPEED    16   HIGHEST WIND DIRECTION     W (280)
  HIGHEST GUST SPEED    20   HIGHEST GUST DIRECTION     W (270)
  AVERAGE WIND SPEED     5.8


SKY COVER
  POSSIBLE SUNSHINE  MM
  AVERAGE SKY COVER 1.0


WEATHER CONDITIONS
 THE FOLLOWING WEATHER WAS RECORDED YESTERDAY.
  SNOW
  LIGHT SNOW
  FOG
  FOG W/VISIBILITY <= 1/4 MILE


RELATIVE HUMIDITY (PERCENT)
 HIGHEST    92           300 AM
 LOWEST     68           900 PM
 AVERAGE    80

..........................................................


THE ALTOONA CLIMATE NORMALS FOR TODAY
                         NORMAL    RECORD    YEAR
 MAXIMUM TEMPERATURE (F)   36        60      1959
 MINIMUM TEMPERATURE (F)   20        -3      1975


SUNRISE AND SUNSET
FEBRUARY 10 2016......SUNRISE   713 AM EST   SUNSET   542 PM EST
FEBRUARY 11 2016......SUNRISE   712 AM EST   SUNSET   543 PM EST


-  INDICATES NEGATIVE NUMBERS.
R  INDICATES RECORD WAS SET OR TIED.
MM INDICATES DATA IS MISSING.
T  INDICATES TRACE AMOUNT.




$$
