000
CDUS41 KCTP 230903
CLIAOO


CLIMATE REPORT
NATIONAL WEATHER SERVICE STATE COLLEGE PA
403 AM EST THU NOV 23 2017


...................................

...THE ALTOONA CLIMATE SUMMARY FOR NOVEMBER 22 2017...

CLIMATE NORMAL PERIOD 1981 TO 2010
CLIMATE RECORD PERIOD 1948 TO 2017


WEATHER ITEM   OBSERVED TIME   RECORD YEAR NORMAL DEPARTURE LAST
                VALUE   (LST)  VALUE       VALUE  FROM      YEAR
                                                  NORMAL
..................................................................
TEMPERATURE (F)
 YESTERDAY
  MAXIMUM         50    350 AM  67    1979  47      3       39
  MINIMUM         32   1159 PM  13    1964  32      0       26
  AVERAGE         41                        39      2       33

PRECIPITATION (IN)
  YESTERDAY        T             2.01 1991   0.11  -0.11     0.00
  MONTH TO DATE    1.84                      2.38  -0.54     0.61
  SINCE SEP 1      8.38                      8.44  -0.06     5.46
  SINCE JAN 1     38.80                     32.37   6.43    23.12

DEGREE DAYS
 HEATING
  YESTERDAY       24                        26     -2       32
  MONTH TO DATE  507                       482     25      406
  SINCE SEP 1    854                      1065   -211      795
  SINCE JUL 1    888                      1097   -209      799

 COOLING
  YESTERDAY        0                         0      0        0
  MONTH TO DATE    0                         0      0        0
  SINCE SEP 1    113                        52     61      129
  SINCE JAN 1    655                       531    124      873
..................................................................


WIND (MPH)
  HIGHEST WIND SPEED    23   HIGHEST WIND DIRECTION    NW (310)
  HIGHEST GUST SPEED    28   HIGHEST GUST DIRECTION    NW (330)
  AVERAGE WIND SPEED    11.3


SKY COVER
  POSSIBLE SUNSHINE  MM
  AVERAGE SKY COVER 0.9


WEATHER CONDITIONS
 THE FOLLOWING WEATHER WAS RECORDED YESTERDAY.
  LIGHT RAIN


RELATIVE HUMIDITY (PERCENT)
 HIGHEST    76           700 AM
 LOWEST     50           400 AM
 AVERAGE    63

..........................................................


THE ALTOONA CLIMATE NORMALS FOR TODAY
                         NORMAL    RECORD    YEAR
 MAXIMUM TEMPERATURE (F)   46        70      1979
 MINIMUM TEMPERATURE (F)   31        12      2000


SUNRISE AND SUNSET
NOVEMBER 23 2017......SUNRISE   708 AM EST   SUNSET   451 PM EST
NOVEMBER 24 2017......SUNRISE   710 AM EST   SUNSET   450 PM EST


-  INDICATES NEGATIVE NUMBERS.
R  INDICATES RECORD WAS SET OR TIED.
MM INDICATES DATA IS MISSING.
T  INDICATES TRACE AMOUNT.




$$
