000
CDUS41 KCTP 172217
CLIAOO


CLIMATE REPORT
NATIONAL WEATHER SERVICE STATE COLLEGE PA
516 PM EST SAT FEB 17 2018


...................................

...THE ALTOONA CLIMATE SUMMARY FOR FEBRUARY 17 2018...
VALID TODAY AS OF 0500 PM LOCAL TIME.

CLIMATE NORMAL PERIOD 1981 TO 2010
CLIMATE RECORD PERIOD 1948 TO 2018


WEATHER ITEM   OBSERVED TIME   RECORD YEAR NORMAL DEPARTURE LAST
                VALUE   (LST)  VALUE       VALUE  FROM      YEAR
                                                  NORMAL
..................................................................
TEMPERATURE (F)
 TODAY
  MAXIMUM         32    118 PM  62    2011  38     -6       48
  MINIMUM         21    731 AM  -8    1979  21      0       17
  AVERAGE         27                        29     -2       33

PRECIPITATION (IN)
  TODAY            0.15          0.47 1982   0.07   0.08     0.00
  MONTH TO DATE    3.13                      1.21   1.92     1.15
  SINCE DEC 1      5.38                      5.80  -0.42     6.66
  SINCE JAN 1      4.43                      3.38   1.05     4.34

DEGREE DAYS
 HEATING
  TODAY           38                        36      2       32
  MONTH TO DATE  557                       625    -68      530
  SINCE DEC 1   2803                      2872    -69     2498
  SINCE JUL 1   3868                      4191   -323     3489

 COOLING
  TODAY            0                         0      0        0
  MONTH TO DATE    0                         0      0        0
  SINCE DEC 1      0                         0      0        0
  SINCE JAN 1      0                         0      0        0
..................................................................


WIND (MPH)
  HIGHEST WIND SPEED    21   HIGHEST WIND DIRECTION     S (170)
  HIGHEST GUST SPEED    26   HIGHEST GUST DIRECTION     S (170)
  AVERAGE WIND SPEED     7.1


SKY COVER
  POSSIBLE SUNSHINE  MM
  AVERAGE SKY COVER 0.4


WEATHER CONDITIONS
 THE FOLLOWING WEATHER WAS RECORDED TODAY.
  HEAVY SNOW
  SNOW
  LIGHT SNOW
  FOG
  FOG W/VISIBILITY <= 1/4 MILE


RELATIVE HUMIDITY (PERCENT)
 HIGHEST    92           400 PM
 LOWEST     63           100 AM
 AVERAGE    78

..........................................................


THE ALTOONA CLIMATE NORMALS FOR TOMORROW
                         NORMAL    RECORD    YEAR
 MAXIMUM TEMPERATURE (F)   38        66      2017
                                             1981
 MINIMUM TEMPERATURE (F)   21       -10      1979


SUNRISE AND SUNSET
FEBRUARY 17 2018......SUNRISE   704 AM EST   SUNSET   551 PM EST
FEBRUARY 18 2018......SUNRISE   703 AM EST   SUNSET   552 PM EST


-  INDICATES NEGATIVE NUMBERS.
R  INDICATES RECORD WAS SET OR TIED.
MM INDICATES DATA IS MISSING.
T  INDICATES TRACE AMOUNT.




$$
