000
CDUS41 KCTP 200704
CLIAOO


CLIMATE REPORT
NATIONAL WEATHER SERVICE STATE COLLEGE PA
304 AM EDT WED AUG 20 2014


...................................

...THE ALTOONA CLIMATE SUMMARY FOR AUGUST 19 2014...

CLIMATE NORMAL PERIOD 1981 TO 2010
CLIMATE RECORD PERIOD 1948 TO 2014


WEATHER ITEM   OBSERVED TIME   RECORD YEAR NORMAL DEPARTURE LAST
                VALUE   (LST)  VALUE       VALUE  FROM      YEAR
                                                  NORMAL
..................................................................
TEMPERATURE (F)
 YESTERDAY
  MAXIMUM         78    430 PM  91    1983  80     -2       76
  MINIMUM         64    528 AM  45    1977  58      6       59
  AVERAGE         71                        69      2       68

PRECIPITATION (IN)
  YESTERDAY        T             1.84 1970   0.10  -0.10     0.17
  MONTH TO DATE    2.95                      1.81   1.14     2.38
  SINCE JUN 1     13.12                      8.55   4.57     7.78
  SINCE JAN 1     26.62                     22.73   3.89    18.63

DEGREE DAYS
 HEATING
  YESTERDAY        0                         1     -1        0
  MONTH TO DATE   16                        11      5       16
  SINCE JUN 1     45                        79    -34       41
  SINCE JUL 1     30                        21      9       21

 COOLING
  YESTERDAY        6                         5      1        3
  MONTH TO DATE   54                       106    -52       62
  SINCE JUN 1    358                       400    -42      450
  SINCE JAN 1    405                       433    -28      524
..................................................................


WIND (MPH)
  HIGHEST WIND SPEED     9   HIGHEST WIND DIRECTION     S (160)
  HIGHEST GUST SPEED    12   HIGHEST GUST DIRECTION     S (160)
  AVERAGE WIND SPEED     2.7


SKY COVER
  POSSIBLE SUNSHINE  MM
  AVERAGE SKY COVER 0.7


WEATHER CONDITIONS
 THE FOLLOWING WEATHER WAS RECORDED YESTERDAY.
  FOG


RELATIVE HUMIDITY (PERCENT)
 HIGHEST   100           400 AM
 LOWEST     69           400 PM
 AVERAGE    85

..........................................................


THE ALTOONA CLIMATE NORMALS FOR TODAY
                         NORMAL    RECORD    YEAR
 MAXIMUM TEMPERATURE (F)   80        97      1962
 MINIMUM TEMPERATURE (F)   58        45      1949


SUNRISE AND SUNSET
AUGUST 20 2014........SUNRISE   629 AM EDT   SUNSET   803 PM EDT
AUGUST 21 2014........SUNRISE   630 AM EDT   SUNSET   802 PM EDT


-  INDICATES NEGATIVE NUMBERS.
R  INDICATES RECORD WAS SET OR TIED.
MM INDICATES DATA IS MISSING.
T  INDICATES TRACE AMOUNT.




$$
