000
CDUS41 KCTP 222217
CLIAOO


CLIMATE REPORT
NATIONAL WEATHER SERVICE STATE COLLEGE PA
517 PM EST SAT NOV 22 2014


...................................

...THE ALTOONA CLIMATE SUMMARY FOR NOVEMBER 22 2014...
VALID TODAY AS OF 0500 PM LOCAL TIME.

CLIMATE NORMAL PERIOD 1981 TO 2010
CLIMATE RECORD PERIOD 1948 TO 2014


WEATHER ITEM   OBSERVED TIME   RECORD YEAR NORMAL DEPARTURE LAST
                VALUE   (LST)  VALUE       VALUE  FROM      YEAR
                                                  NORMAL
..................................................................
TEMPERATURE (F)
 TODAY
  MAXIMUM         45    400 PM  67    1979  47     -2       54
  MINIMUM         16    538 AM  13    1964  32    -16       40
  AVERAGE         31                        39     -8       47

PRECIPITATION (IN)
  TODAY            T             2.01 1991   0.11  -0.11     0.02
  MONTH TO DATE    0.82                      2.38  -1.56     0.93
  SINCE SEP 1      4.61                      8.44  -3.83     6.90
  SINCE JAN 1     33.23                     29.36   3.87    25.91

DEGREE DAYS
 HEATING
  TODAY           34                        26      8       18
  MONTH TO DATE  604                       482    122      489
  SINCE SEP 1   1066                      1065      1      975
  SINCE JUL 1   1100                      1089     11      996

 COOLING
  TODAY            0                         0      0        0
  MONTH TO DATE    0                         0      0        0
  SINCE SEP 1     69                        52     17       87
  SINCE JAN 1    521                       522     -1      695
..................................................................


WIND (MPH)
  HIGHEST WIND SPEED    13   HIGHEST WIND DIRECTION    SW (230)
  HIGHEST GUST SPEED    14   HIGHEST GUST DIRECTION    SW (230)
  AVERAGE WIND SPEED     3.4


SKY COVER
  POSSIBLE SUNSHINE  MM
  AVERAGE SKY COVER 0.4


WEATHER CONDITIONS
 THE FOLLOWING WEATHER WAS RECORDED TODAY.
  LIGHT RAIN


RELATIVE HUMIDITY (PERCENT)
 HIGHEST    80          1200 AM
 LOWEST     25          1200 PM
 AVERAGE    53

..........................................................


THE ALTOONA CLIMATE NORMALS FOR TOMORROW
                         NORMAL    RECORD    YEAR
 MAXIMUM TEMPERATURE (F)   46        70      1979
 MINIMUM TEMPERATURE (F)   31        12      2000


SUNRISE AND SUNSET
NOVEMBER 22 2014......SUNRISE   707 AM EST   SUNSET   451 PM EST
NOVEMBER 23 2014......SUNRISE   708 AM EST   SUNSET   451 PM EST


-  INDICATES NEGATIVE NUMBERS.
R  INDICATES RECORD WAS SET OR TIED.
MM INDICATES DATA IS MISSING.
T  INDICATES TRACE AMOUNT.




$$
