000
CDUS41 KCTP 310647
CLIAOO


CLIMATE REPORT
NATIONAL WEATHER SERVICE STATE COLLEGE PA
247 AM EDT FRI JUL 31 2015


...................................

...THE ALTOONA CLIMATE SUMMARY FOR JULY 30 2015...

CLIMATE NORMAL PERIOD 1981 TO 2010
CLIMATE RECORD PERIOD 1948 TO 2015


WEATHER ITEM   OBSERVED TIME   RECORD YEAR NORMAL DEPARTURE LAST
                VALUE   (LST)  VALUE       VALUE  FROM      YEAR
                                                  NORMAL
..................................................................
TEMPERATURE (F)
 YESTERDAY
  MAXIMUM         85    325 PM  92    1983  81      4       73
  MINIMUM         64   1159 PM  48    1956  60      4       49
  AVERAGE         75                        71      4       61

PRECIPITATION (IN)
  YESTERDAY        0.31          1.20 1949   0.10   0.21     0.07
  MONTH TO DATE    5.66                      3.16   2.50     3.40
  SINCE JUN 1     13.27                      6.64   6.63    10.17
  SINCE JAN 1     22.77                     20.82   1.95    23.67

DEGREE DAYS
 HEATING
  YESTERDAY        0                         0      0        4
  MONTH TO DATE    3                         1      2       14
  SINCE JUN 1     42                        59    -17       29
  SINCE JUL 1      3                         1      2       14

 COOLING
  YESTERDAY       10                         6      4        0
  MONTH TO DATE  179                       179      0      167
  SINCE JUN 1    327                       288     39      304
  SINCE JAN 1    431                       321    110      351
..................................................................


WIND (MPH)
  HIGHEST WIND SPEED    17   HIGHEST WIND DIRECTION    NW (310)
  HIGHEST GUST SPEED    23   HIGHEST GUST DIRECTION    NW (300)
  AVERAGE WIND SPEED     5.4


SKY COVER
  POSSIBLE SUNSHINE  MM
  AVERAGE SKY COVER 0.2


WEATHER CONDITIONS
 THE FOLLOWING WEATHER WAS RECORDED YESTERDAY.
  HEAVY RAIN
  RAIN
  LIGHT RAIN
  FOG
  HAZE


RELATIVE HUMIDITY (PERCENT)
 HIGHEST    93           100 AM
 LOWEST     40           400 PM
 AVERAGE    67

..........................................................


THE ALTOONA CLIMATE NORMALS FOR TODAY
                         NORMAL    RECORD    YEAR
 MAXIMUM TEMPERATURE (F)   81        97      1999
 MINIMUM TEMPERATURE (F)   60        47      1966


SUNRISE AND SUNSET
JULY 31 2015..........SUNRISE   610 AM EDT   SUNSET   829 PM EDT
AUGUST  1 2015........SUNRISE   611 AM EDT   SUNSET   828 PM EDT


-  INDICATES NEGATIVE NUMBERS.
R  INDICATES RECORD WAS SET OR TIED.
MM INDICATES DATA IS MISSING.
T  INDICATES TRACE AMOUNT.




$$
