000
CDUS41 KCTP 160643
CLIAOO


CLIMATE REPORT
NATIONAL WEATHER SERVICE STATE COLLEGE PA
243 AM EDT WED APR 16 2014


...................................

...THE ALTOONA CLIMATE SUMMARY FOR APRIL 15 2014...

CLIMATE NORMAL PERIOD 1981 TO 2010
CLIMATE RECORD PERIOD 1948 TO 2014


WEATHER ITEM   OBSERVED TIME   RECORD YEAR NORMAL DEPARTURE LAST
                VALUE   (LST)  VALUE       VALUE  FROM      YEAR
                                                  NORMAL
..................................................................
TEMPERATURE (F)
 YESTERDAY
  MAXIMUM         63   1213 AM  84    1994  60      3       63
  MINIMUM         27   1159 PM  23    1957  38    -11       49
  AVERAGE         45                        49     -4       56

PRECIPITATION (IN)
  YESTERDAY        0.30          1.03 2001   0.11   0.19     0.00
  MONTH TO DATE    2.05                      1.61   0.44     1.10
  SINCE MAR 1      4.10                      4.68  -0.58     3.29
  SINCE JAN 1      7.46                      8.89  -1.43     6.96

DEGREE DAYS
 HEATING
  YESTERDAY       20                        16      4        9
  MONTH TO DATE  216                       283    -67      249
  SINCE MAR 1   1163                      1142     21     1222
  SINCE JUL 1   5907                      5697    210     5544

 COOLING
  YESTERDAY        0                         0      0        0
  MONTH TO DATE    6                         0      6       11
  SINCE MAR 1      6                         1      5       11
  SINCE JAN 1      6                         1      5       11
..................................................................


WIND (MPH)
  HIGHEST WIND SPEED    29   HIGHEST WIND DIRECTION    NW (310)
  HIGHEST GUST SPEED    38   HIGHEST GUST DIRECTION    NW (310)
  AVERAGE WIND SPEED    16.2


SKY COVER
  POSSIBLE SUNSHINE  MM
  AVERAGE SKY COVER 1.0


WEATHER CONDITIONS
 THE FOLLOWING WEATHER WAS RECORDED YESTERDAY.
  HEAVY RAIN
  RAIN
  LIGHT RAIN
  LIGHT SNOW
  FOG


RELATIVE HUMIDITY (PERCENT)
 HIGHEST    97           800 AM
 LOWEST     58          1100 PM
 AVERAGE    78

..........................................................


THE ALTOONA CLIMATE NORMALS FOR TODAY
                         NORMAL    RECORD    YEAR
 MAXIMUM TEMPERATURE (F)   60        88      2012
 MINIMUM TEMPERATURE (F)   39        24      1950


SUNRISE AND SUNSET
APRIL 16 2014.........SUNRISE   634 AM EDT   SUNSET   753 PM EDT
APRIL 17 2014.........SUNRISE   632 AM EDT   SUNSET   754 PM EDT


-  INDICATES NEGATIVE NUMBERS.
R  INDICATES RECORD WAS SET OR TIED.
MM INDICATES DATA IS MISSING.
T  INDICATES TRACE AMOUNT.




$$
