000
CDUS41 KCTP 250613
CLIAOO


CLIMATE REPORT
NATIONAL WEATHER SERVICE STATE COLLEGE PA
112 AM EST SAT FEB 25 2017


...................................

...THE ALTOONA CLIMATE SUMMARY FOR FEBRUARY 24 2017...

CLIMATE NORMAL PERIOD 1981 TO 2010
CLIMATE RECORD PERIOD 1948 TO 2017


WEATHER ITEM   OBSERVED TIME   RECORD YEAR NORMAL DEPARTURE LAST
                VALUE   (LST)  VALUE       VALUE  FROM      YEAR
                                                  NORMAL
..................................................................
TEMPERATURE (F)
 YESTERDAY
  MAXIMUM         75R   322 PM  69    1985  39     36       49
  MINIMUM         51    712 AM  -8    2015  22     29       34
  AVERAGE         63                        31     32       42

PRECIPITATION (IN)
  YESTERDAY        0.00          0.54 2016   0.07  -0.07     0.54
  MONTH TO DATE    1.15                      1.73  -0.58     2.14
  SINCE DEC 1      6.66                      6.32   0.34     7.52
  SINCE JAN 1      4.34                      3.90   0.44     3.78

DEGREE DAYS
 HEATING
  YESTERDAY        2                        34    -32       23
  MONTH TO DATE  610                       868   -258      838
  SINCE DEC 1   2578                      3115   -537     2693
  SINCE JUL 1   3569                      4421   -852     3686

 COOLING
  YESTERDAY        0                         0      0        0
  MONTH TO DATE    0                         0      0        0
  SINCE DEC 1      0                         0      0        0
  SINCE JAN 1      0                         0      0        0
..................................................................


WIND (MPH)
  HIGHEST WIND SPEED    24   HIGHEST WIND DIRECTION     S (160)
  HIGHEST GUST SPEED    31   HIGHEST GUST DIRECTION     S (160)
  AVERAGE WIND SPEED     9.7


SKY COVER
  POSSIBLE SUNSHINE  MM
  AVERAGE SKY COVER 0.4


WEATHER CONDITIONS
 THE FOLLOWING WEATHER WAS RECORDED YESTERDAY.
  NO SIGNIFICANT WEATHER WAS OBSERVED.


RELATIVE HUMIDITY (PERCENT)
 HIGHEST    89           300 AM
 LOWEST     44           400 PM
 AVERAGE    67

..........................................................


THE ALTOONA CLIMATE NORMALS FOR TODAY
                         NORMAL    RECORD    YEAR
 MAXIMUM TEMPERATURE (F)   40        70      2000
 MINIMUM TEMPERATURE (F)   23         2      1964


SUNRISE AND SUNSET
FEBRUARY 25 2017......SUNRISE   652 AM EST   SUNSET   601 PM EST
FEBRUARY 26 2017......SUNRISE   651 AM EST   SUNSET   602 PM EST


-  INDICATES NEGATIVE NUMBERS.
R  INDICATES RECORD WAS SET OR TIED.
MM INDICATES DATA IS MISSING.
T  INDICATES TRACE AMOUNT.




$$
