835
CDUS41 KCTP 270618
CLIAOO


CLIMATE REPORT
NATIONAL WEATHER SERVICE STATE COLLEGE PA
218 AM EDT THU APR 27 2017


...................................

...THE ALTOONA CLIMATE SUMMARY FOR APRIL 26 2017...

CLIMATE NORMAL PERIOD 1981 TO 2010
CLIMATE RECORD PERIOD 1948 TO 2017


WEATHER ITEM   OBSERVED TIME   RECORD YEAR NORMAL DEPARTURE LAST
                VALUE   (LST)  VALUE       VALUE  FROM      YEAR
                                                  NORMAL
..................................................................
TEMPERATURE (F)
 YESTERDAY
  MAXIMUM         75    527 PM  88    1962  64     11       76
  MINIMUM         54    716 AM  29    2006  41     13       53
  AVERAGE         65                        52     13       65

PRECIPITATION (IN)
  YESTERDAY        0.00          1.66 2010   0.11  -0.11     0.16
  MONTH TO DATE    1.88                      2.76  -0.88     1.17
  SINCE MAR 1      6.21                      5.83   0.38     2.42
  SINCE JAN 1     10.84                     10.04   0.80     6.26

DEGREE DAYS
 HEATING
  YESTERDAY        0                        13    -13        0
  MONTH TO DATE  254                       441   -187      425
  SINCE MAR 1   1090                      1300   -210     1025
  SINCE JUL 1   4757                      5855  -1098     4849

 COOLING
  YESTERDAY        0                         0      0        0
  MONTH TO DATE    8                         0      8        0
  SINCE MAR 1      8                         1      7        0
  SINCE JAN 1      8                         1      7        0
..................................................................


WIND (MPH)
  HIGHEST WIND SPEED    13   HIGHEST WIND DIRECTION     S (180)
  HIGHEST GUST SPEED    16   HIGHEST GUST DIRECTION     S (170)
  AVERAGE WIND SPEED     4.2


SKY COVER
  POSSIBLE SUNSHINE  MM
  AVERAGE SKY COVER 0.6


WEATHER CONDITIONS
 THE FOLLOWING WEATHER WAS RECORDED YESTERDAY.
  FOG
  FOG W/VISIBILITY <= 1/4 MILE


RELATIVE HUMIDITY (PERCENT)
 HIGHEST   100           200 AM
 LOWEST     57           500 PM
 AVERAGE    79

..........................................................


THE ALTOONA CLIMATE NORMALS FOR TODAY
                         NORMAL    RECORD    YEAR
 MAXIMUM TEMPERATURE (F)   64        89      1962
 MINIMUM TEMPERATURE (F)   42        27      1993


SUNRISE AND SUNSET
APRIL 27 2017.........SUNRISE   618 AM EDT   SUNSET   805 PM EDT
APRIL 28 2017.........SUNRISE   616 AM EDT   SUNSET   806 PM EDT


-  INDICATES NEGATIVE NUMBERS.
R  INDICATES RECORD WAS SET OR TIED.
MM INDICATES DATA IS MISSING.
T  INDICATES TRACE AMOUNT.




$$
