000
CDUS41 KCTP 260616
CLIAOO


CLIMATE REPORT
NATIONAL WEATHER SERVICE STATE COLLEGE PA
216 AM EDT TUE SEP 26 2017


...................................

...THE ALTOONA CLIMATE SUMMARY FOR SEPTEMBER 25 2017...

CLIMATE NORMAL PERIOD 1981 TO 2010
CLIMATE RECORD PERIOD 1948 TO 2017


WEATHER ITEM   OBSERVED TIME   RECORD YEAR NORMAL DEPARTURE LAST
                VALUE   (LST)  VALUE       VALUE  FROM      YEAR
                                                  NORMAL
..................................................................
TEMPERATURE (F)
 YESTERDAY
  MAXIMUM         87    335 PM  90    1970  69     18       72
  MINIMUM         59    635 AM  33    1963  48     11       43
  AVERAGE         73                        58     15       58

PRECIPITATION (IN)
  YESTERDAY        0.00          2.90 1975   0.11  -0.11     0.00
  MONTH TO DATE    1.47                      2.92  -1.45     0.72
  SINCE SEP 1      1.47                      2.92  -1.45     0.72
  SINCE JAN 1     31.89                     23.84   8.05    18.38

DEGREE DAYS
 HEATING
  YESTERDAY        0                         8     -8        7
  MONTH TO DATE   87                       104    -17       18
  SINCE SEP 1     87                       104    -17       18
  SINCE JUL 1    121                       128     -7       22

 COOLING
  YESTERDAY        8                         1      7        0
  MONTH TO DATE   49                        44      5      118
  SINCE SEP 1     49                        44      5      118
  SINCE JAN 1    591                       517     74      862
..................................................................


WIND (MPH)
  HIGHEST WIND SPEED     7   HIGHEST WIND DIRECTION     E (110)
  HIGHEST GUST SPEED    11   HIGHEST GUST DIRECTION    SE (130)
  AVERAGE WIND SPEED     1.4


SKY COVER
  POSSIBLE SUNSHINE  MM
  AVERAGE SKY COVER 0.0


WEATHER CONDITIONS
 THE FOLLOWING WEATHER WAS RECORDED YESTERDAY.
  FOG
  FOG W/VISIBILITY <= 1/4 MILE
  HAZE


RELATIVE HUMIDITY (PERCENT)
 HIGHEST   100          1200 AM
 LOWEST     51           300 PM
 AVERAGE    76

..........................................................


THE ALTOONA CLIMATE NORMALS FOR TODAY
                         NORMAL    RECORD    YEAR
 MAXIMUM TEMPERATURE (F)   68        88      1998
 MINIMUM TEMPERATURE (F)   47        33      1966


SUNRISE AND SUNSET
SEPTEMBER 26 2017.....SUNRISE   705 AM EDT   SUNSET   703 PM EDT
SEPTEMBER 27 2017.....SUNRISE   706 AM EDT   SUNSET   702 PM EDT


-  INDICATES NEGATIVE NUMBERS.
R  INDICATES RECORD WAS SET OR TIED.
MM INDICATES DATA IS MISSING.
T  INDICATES TRACE AMOUNT.




$$
