000
CDUS41 KCTP 022217
CLIAOO


CLIMATE REPORT
NATIONAL WEATHER SERVICE STATE COLLEGE PA
517 PM EST MON MAR 2 2015


...................................

...THE ALTOONA CLIMATE SUMMARY FOR MARCH 2 2015...
VALID TODAY AS OF 0500 PM LOCAL TIME.

CLIMATE NORMAL PERIOD 1981 TO 2010
CLIMATE RECORD PERIOD 1948 TO 2015


WEATHER ITEM   OBSERVED TIME   RECORD YEAR NORMAL DEPARTURE LAST
                VALUE   (LST)  VALUE       VALUE  FROM      YEAR
                                                  NORMAL
..................................................................
TEMPERATURE (F)
 TODAY
  MAXIMUM         37    205 AM  72    1991  41     -4       40
  MINIMUM         24    930 AM   1    1980  24      0       22
  AVERAGE         31                        32     -1       31

PRECIPITATION (IN)
  TODAY            T             0.74 1994   0.08  -0.08     0.04
  MONTH TO DATE    0.24                      0.16   0.08     0.04
  SINCE MAR 1      0.24                      0.16   0.08     0.04
  SINCE JAN 1      2.76                      4.37  -1.61     3.40

DEGREE DAYS
 HEATING
  TODAY           34                        33      1       34
  MONTH TO DATE   74                        66      8       74
  SINCE MAR 1     74                        66      8       74
  SINCE JUL 1   4867                      4621    246     4818

 COOLING
  TODAY            0                         0      0        0
  MONTH TO DATE    0                         0      0        0
  SINCE MAR 1      0                         0      0        0
  SINCE JAN 1      0                         0      0        0
..................................................................


WIND (MPH)
  HIGHEST WIND SPEED    31   HIGHEST WIND DIRECTION    NW (310)
  HIGHEST GUST SPEED    37   HIGHEST GUST DIRECTION    NW (300)
  AVERAGE WIND SPEED    13.9


SKY COVER
  POSSIBLE SUNSHINE  MM
  AVERAGE SKY COVER 0.9


WEATHER CONDITIONS
 THE FOLLOWING WEATHER WAS RECORDED TODAY.
  LIGHT SNOW
  FOG
  HAZE


RELATIVE HUMIDITY (PERCENT)
 HIGHEST   100          1200 AM
 LOWEST     53           200 PM
 AVERAGE    77

..........................................................


THE ALTOONA CLIMATE NORMALS FOR TOMORROW
                         NORMAL    RECORD    YEAR
 MAXIMUM TEMPERATURE (F)   41        63      1974
 MINIMUM TEMPERATURE (F)   24         2      2003


SUNRISE AND SUNSET
MARCH  2 2015.........SUNRISE   646 AM EST   SUNSET   606 PM EST
MARCH  3 2015.........SUNRISE   644 AM EST   SUNSET   607 PM EST


-  INDICATES NEGATIVE NUMBERS.
R  INDICATES RECORD WAS SET OR TIED.
MM INDICATES DATA IS MISSING.
T  INDICATES TRACE AMOUNT.




$$
