000
CDUS45 KBOU 031226
CLIAPA


CLIMATE REPORT
NATIONAL WEATHER SERVICE BOULDER, CO
626 AM MDT MON AUG 3 2015


...................................

...THE CENTENNIAL CO CLIMATE SUMMARY FOR AUGUST 2 2015...

CLIMATE NORMAL PERIOD 1981 TO 2010
CLIMATE RECORD PERIOD 9999 TO 9999


WEATHER ITEM   OBSERVED RECORD YEAR NORMAL DEPARTURE LAST
                VALUE   VALUE       VALUE  FROM      YEAR
                                           NORMAL
...........................................................
TEMPERATURE (F)
 YESTERDAY
  MAXIMUM         91     MM      MM  86      5       81
  MINIMUM         63     MM      MM  59      4       51
  AVERAGE         77                 72      5       66

PRECIPITATION (IN)
  YESTERDAY        0.14  MM      MM   0.09   0.05     0.00
  MONTH TO DATE    0.14               0.16  -0.02     0.00
  SINCE JUN 1      6.38               4.32   2.06     5.03
  SINCE JAN 1     15.91              10.90   5.01     9.51

DEGREE DAYS
 HEATING
  YESTERDAY        0
  MONTH TO DATE    0

 COOLING
  YESTERDAY       12
  MONTH TO DATE   26
...........................................................


WIND (MPH)
  RESULTANT WIND SPEED   6   RESULTANT WIND DIRECTION   S (180)
  HIGHEST WIND SPEED    28   HIGHEST WIND DIRECTION     S (200)
  HIGHEST GUST SPEED    39   HIGHEST GUST DIRECTION     S (200)


SKY COVER
  POSSIBLE SUNSHINE  MM
  AVERAGE SKY COVER 0.8


WEATHER CONDITIONS
 THE FOLLOWING WEATHER WAS RECORDED YESTERDAY.
  THUNDERSTORM
  LIGHT RAIN


RELATIVE HUMIDITY (PERCENT)
 HIGHEST    60
 LOWEST     17
 AVERAGE    39

..........................................................


THE CENTENNIAL CO CLIMATE NORMALS FOR TODAY
                         NORMAL    RECORD    YEAR
 MAXIMUM TEMPERATURE (F)   85        MM        MM
 MINIMUM TEMPERATURE (F)   59        MM        MM


SUNRISE AND SUNSET
AUGUST  3 2015........SUNRISE   600 AM MDT   SUNSET   810 PM MDT
AUGUST  4 2015........SUNRISE   601 AM MDT   SUNSET   809 PM MDT


-  INDICATES NEGATIVE NUMBERS.
R  INDICATES RECORD WAS SET OR TIED.
MM INDICATES DATA IS MISSING.
T  INDICATES TRACE AMOUNT.




$$
