000
CDUS42 KMFL 010821
CLIAPF


CLIMATE REPORT
NATIONAL WEATHER SERVICE MIAMI, FL
421 AM EDT MON SEP 1 2014


...................................

...THE NAPLES CLIMATE SUMMARY FOR AUGUST 31 2014...

CLIMATE NORMAL PERIOD 1981 TO 2010
CLIMATE RECORD PERIOD 1942 TO 2014


WEATHER ITEM   OBSERVED TIME   RECORD YEAR NORMAL DEPARTURE LAST
                VALUE   (LST)  VALUE       VALUE  FROM      YEAR
                                                  NORMAL
..................................................................
TEMPERATURE (F)
 YESTERDAY
  MAXIMUM         95    127 PM  97    2001  91      4       89
  MINIMUM         76    325 PM  70    1991  76      0       75
                                      1980
                                      1956
  AVERAGE         86                        83      3       82

PRECIPITATION (IN)
  YESTERDAY        0.92          2.89 1979   0.28   0.64     0.00
  MONTH TO DATE   13.89                      8.58   5.31     7.85
  SINCE JUN 1     29.02                     24.67   4.35    25.67
  SINCE JAN 1     37.85                     36.52   1.33    36.01

SNOWFALL (IN)
  YESTERDAY        0.0
  MONTH TO DATE    0.0
  SINCE JUN 1      0.0
  SINCE JUL 1      0.0
  SNOW DEPTH       0

DEGREE DAYS
 HEATING
  YESTERDAY        0                         0      0
  MONTH TO DATE    0                         0      0
  SINCE JUN 1      0                         0      0
  SINCE JUL 1      0                         0      0

 COOLING
  YESTERDAY       21                        18      3
  MONTH TO DATE  605                       563     42
  SINCE JUN 1   1681                      1629     52
  SINCE JAN 1   2870                      2657    213
..................................................................


WIND (MPH)
  HIGHEST WIND SPEED    26   HIGHEST WIND DIRECTION    NE (50)
  HIGHEST GUST SPEED    39   HIGHEST GUST DIRECTION    NE (40)
  AVERAGE WIND SPEED     6.9


SKY COVER
  AVERAGE SKY COVER 0.1


WEATHER CONDITIONS
 THE FOLLOWING WEATHER WAS RECORDED YESTERDAY.
  THUNDERSTORM
  HEAVY RAIN
  LIGHT RAIN
  FOG
  HAZE


RELATIVE HUMIDITY (PERCENT)
 HIGHEST   100
 LOWEST     52
 AVERAGE    76

..........................................................


THE NAPLES CLIMATE NORMALS FOR TODAY
                         NORMAL    RECORD    YEAR
 MAXIMUM TEMPERATURE (F)   91        99      1986
 MINIMUM TEMPERATURE (F)   76        70      1986
                                             1955
                                             1942


SUNRISE AND SUNSET
SEPTEMBER  1 2014.....SUNRISE   707 AM EDT   SUNSET   747 PM EDT
SEPTEMBER  2 2014.....SUNRISE   707 AM EDT   SUNSET   745 PM EDT


-  INDICATES NEGATIVE NUMBERS.
R  INDICATES RECORD WAS SET OR TIED.
MM INDICATES DATA IS MISSING.
T  INDICATES TRACE AMOUNT.




$$
