000
CDUS42 KMFL 282016
CLIAPF


CLIMATE REPORT
NATIONAL WEATHER SERVICE MIAMI, FL
415 PM EDT THU JUL 28 2016


...................................

...THE NAPLES CLIMATE SUMMARY FOR JULY 28 2016...
VALID TODAY AS OF 0400 PM LOCAL TIME.

CLIMATE NORMAL PERIOD 1981 TO 2010
CLIMATE RECORD PERIOD 1942 TO 2016


WEATHER ITEM   OBSERVED TIME   RECORD YEAR NORMAL DEPARTURE LAST
                VALUE   (LST)  VALUE       VALUE  FROM      YEAR
                                                  NORMAL
..................................................................
TEMPERATURE (F)
 TODAY
  MAXIMUM         93    100 PM  98    1996  91      2       91
  MINIMUM         77    633 AM  68    1976  75      2       79
  AVERAGE         85                        83      2       85

PRECIPITATION (IN)
  TODAY            0.04          2.11 1945   0.20  -0.16     0.00
  MONTH TO DATE    6.17                      6.66  -0.49     9.59
  SINCE JUN 1     11.08                     15.48  -4.40    15.91
  SINCE JAN 1     23.18                     27.33  -4.15    23.93

SNOWFALL (IN)
  TODAY            0.0
  MONTH TO DATE    0.0
  SINCE JUN 1      0.0
  SINCE JUL 1      0.0
  SNOW DEPTH       0

DEGREE DAYS
 HEATING
  TODAY            0                         0      0        0
  MONTH TO DATE    0                         0      0        0
  SINCE JUN 1      0                         0      0        0
  SINCE JUL 1      0                         0      0        0

 COOLING
  TODAY           20                        18      2       20
  MONTH TO DATE  546                       504     42      506
  SINCE JUN 1   1085                      1011     74     1016
  SINCE JAN 1   2269                      2039    230     2371
..................................................................


WIND (MPH)
  HIGHEST WIND SPEED    22   HIGHEST WIND DIRECTION     E (110)
  HIGHEST GUST SPEED    25   HIGHEST GUST DIRECTION     E (110)
  AVERAGE WIND SPEED     6.2


SKY COVER
  AVERAGE SKY COVER 0.2


WEATHER CONDITIONS
 THE FOLLOWING WEATHER WAS RECORDED TODAY.
  THUNDERSTORM
  LIGHT RAIN


RELATIVE HUMIDITY (PERCENT)
 HIGHEST    94
 LOWEST     56
 AVERAGE    75

..........................................................


THE NAPLES CLIMATE NORMALS FOR TOMORROW
                         NORMAL    RECORD    YEAR
 MAXIMUM TEMPERATURE (F)   91        97      1944
 MINIMUM TEMPERATURE (F)   75        69      1983
                                             1976
                                             1956


SUNRISE AND SUNSET
JULY 28 2016..........SUNRISE   651 AM EDT   SUNSET   816 PM EDT
JULY 29 2016..........SUNRISE   652 AM EDT   SUNSET   815 PM EDT


-  INDICATES NEGATIVE NUMBERS.
R  INDICATES RECORD WAS SET OR TIED.
MM INDICATES DATA IS MISSING.
T  INDICATES TRACE AMOUNT.




$$
