000
CDUS42 KMFL 280825
CLIAPF


CLIMATE REPORT
NATIONAL WEATHER SERVICE MIAMI, FL
424 AM EDT SUN AUG 28 2016


...................................

...THE NAPLES CLIMATE SUMMARY FOR AUGUST 27 2016...

CLIMATE NORMAL PERIOD 1981 TO 2010
CLIMATE RECORD PERIOD 1942 TO 2016


WEATHER ITEM   OBSERVED TIME   RECORD YEAR NORMAL DEPARTURE LAST
                VALUE   (LST)  VALUE       VALUE  FROM      YEAR
                                                  NORMAL
..................................................................
TEMPERATURE (F)
 YESTERDAY
  MAXIMUM         93    140 PM  96    1987  91      2       89
  MINIMUM         77    220 PM  70    1972  76      1       74
                                      1968
                                      1965
  AVERAGE         85                        83      2       82

PRECIPITATION (IN)
  YESTERDAY        0.76          1.98 1968   0.29   0.47     0.03
  MONTH TO DATE    8.82                      7.43   1.39     1.32
  SINCE JUN 1     20.03                     23.52  -3.49    17.79
  SINCE JAN 1     32.13                     35.37  -3.24    25.81

SNOWFALL (IN)
  YESTERDAY        0.0
  MONTH TO DATE    0.0
  SINCE JUN 1      0.0
  SINCE JUL 1      0.0
  SNOW DEPTH       0

DEGREE DAYS
 HEATING
  YESTERDAY        0                         0      0        0
  MONTH TO DATE    0                         0      0        0
  SINCE JUN 1      0                         0      0        0
  SINCE JUL 1      0                         0      0        0

 COOLING
  YESTERDAY       20                        18      2       17
  MONTH TO DATE  524                       486     38      545
  SINCE JUN 1   1664                      1552    112     1621
  SINCE JAN 1   2848                      2580    268     2976
..................................................................


WIND (MPH)
  HIGHEST WIND SPEED    30   HIGHEST WIND DIRECTION    SE (130)
  HIGHEST GUST SPEED    38   HIGHEST GUST DIRECTION     E (100)
  AVERAGE WIND SPEED     7.7


SKY COVER
  AVERAGE SKY COVER 0.2


WEATHER CONDITIONS
 THE FOLLOWING WEATHER WAS RECORDED YESTERDAY.
  THUNDERSTORM
  HEAVY RAIN
  LIGHT RAIN
  FOG
  FOG W/VISIBILITY <= 1/4 MILE
  HAZE


RELATIVE HUMIDITY (PERCENT)
 HIGHEST   100
 LOWEST     64
 AVERAGE    82

..........................................................


THE NAPLES CLIMATE NORMALS FOR TODAY
                         NORMAL    RECORD    YEAR
 MAXIMUM TEMPERATURE (F)   91        97      2007
                                             1987
 MINIMUM TEMPERATURE (F)   76        69      1984
                                             1972


SUNRISE AND SUNSET
AUGUST 28 2016........SUNRISE   706 AM EDT   SUNSET   750 PM EDT
AUGUST 29 2016........SUNRISE   706 AM EDT   SUNSET   749 PM EDT


-  INDICATES NEGATIVE NUMBERS.
R  INDICATES RECORD WAS SET OR TIED.
MM INDICATES DATA IS MISSING.
T  INDICATES TRACE AMOUNT.




$$
