000
CDUS42 KMFL 060923
CLIAPF


CLIMATE REPORT
NATIONAL WEATHER SERVICE MIAMI, FL
422 AM EST FRI MAR 6 2015


...................................

...THE NAPLES CLIMATE SUMMARY FOR MARCH 5 2015...

CLIMATE NORMAL PERIOD 1981 TO 2010
CLIMATE RECORD PERIOD 1942 TO 2015


WEATHER ITEM   OBSERVED TIME   RECORD YEAR NORMAL DEPARTURE LAST
                VALUE   (LST)  VALUE       VALUE  FROM      YEAR
                                                  NORMAL
..................................................................
TEMPERATURE (F)
 YESTERDAY
  MAXIMUM         84   1214 PM  87    2003  79      5       82
                                      1989
  MINIMUM         68    712 AM  36    1971  59      9       65
  AVERAGE         76                        69      7       74

PRECIPITATION (IN)
  YESTERDAY        0.00          1.80 1957   0.07  -0.07     0.00
  MONTH TO DATE    0.17                      0.32  -0.15     0.00
  SINCE NOV 1      3.11                      7.76  -4.65     4.26
  SINCE JAN 1      1.81                      4.27  -2.46     3.16

SNOWFALL (IN)
  YESTERDAY        0.0
  MONTH TO DATE    0.0
  SINCE MAR 1      0.0
  SINCE JUL 1      0.0
  SNOW DEPTH       0

DEGREE DAYS
 HEATING
  YESTERDAY        0                         1     -1        0
  MONTH TO DATE    0                         5     -5        1
  SINCE MAR 1      0                         5     -5        1
  SINCE JUL 1    197                       238    -41      143

 COOLING
  YESTERDAY       11                         5      6        9
  MONTH TO DATE   57                        25     32       27
  SINCE MAR 1     57                        25     32       27
  SINCE JAN 1    233                       216     17      300
..................................................................


WIND (MPH)
  HIGHEST WIND SPEED    20   HIGHEST WIND DIRECTION     S (200)
  HIGHEST GUST SPEED    25   HIGHEST GUST DIRECTION     S (160)
  AVERAGE WIND SPEED     9.2


SKY COVER
  AVERAGE SKY COVER 0.2


WEATHER CONDITIONS
 THE FOLLOWING WEATHER WAS RECORDED YESTERDAY.
  FOG


RELATIVE HUMIDITY (PERCENT)
 HIGHEST   100
 LOWEST     65
 AVERAGE    83

..........................................................


THE NAPLES CLIMATE NORMALS FOR TODAY
                         NORMAL    RECORD    YEAR
 MAXIMUM TEMPERATURE (F)   79        89      1961
 MINIMUM TEMPERATURE (F)   59        41      1978


SUNRISE AND SUNSET
MARCH  6 2015.........SUNRISE   646 AM EST   SUNSET   631 PM EST
MARCH  7 2015.........SUNRISE   645 AM EST   SUNSET   632 PM EST


-  INDICATES NEGATIVE NUMBERS.
R  INDICATES RECORD WAS SET OR TIED.
MM INDICATES DATA IS MISSING.
T  INDICATES TRACE AMOUNT.




$$
