000
CDUS42 KMFL 010823
CLIAPF


CLIMATE REPORT
NATIONAL WEATHER SERVICE MIAMI, FL
423 AM EDT SAT OCT 1 2016


...................................

...THE NAPLES CLIMATE SUMMARY FOR SEPTEMBER 30 2016...

CLIMATE NORMAL PERIOD 1981 TO 2010
CLIMATE RECORD PERIOD 1942 TO 2016


WEATHER ITEM   OBSERVED TIME   RECORD YEAR NORMAL DEPARTURE LAST
                VALUE   (LST)  VALUE       VALUE  FROM      YEAR
                                                  NORMAL
..................................................................
TEMPERATURE (F)
 YESTERDAY
  MAXIMUM         89    129 PM  95    1988  89      0       89
  MINIMUM         76    529 AM  67    1983  73      3       79
  AVERAGE         83                        81      2       84

PRECIPITATION (IN)
  YESTERDAY        0.00          2.70 1951   0.23  -0.23     0.00
  MONTH TO DATE    5.57                      7.69  -2.12     6.75
  SINCE JUN 1     27.50                     32.36  -4.86    26.00
  SINCE JAN 1     39.60                     44.21  -4.61    34.02

SNOWFALL (IN)
  YESTERDAY        0.0
  MONTH TO DATE    0.0
  SINCE SEP 1      0.0
  SINCE JUL 1      0.0
  SNOW DEPTH       0

DEGREE DAYS
 HEATING
  YESTERDAY        0                         0      0        0
  MONTH TO DATE    0                         0      0        0
  SINCE SEP 1      0                         0      0        0
  SINCE JUL 1      0                         0      0        0

 COOLING
  YESTERDAY       18                        16      2       19
  MONTH TO DATE  551                       520     31      558
  SINCE SEP 1    551                       520     31      558
  SINCE JAN 1   3467                      3177    290     3608
..................................................................


WIND (MPH)
  HIGHEST WIND SPEED    15   HIGHEST WIND DIRECTION    SE (120)
  HIGHEST GUST SPEED    19   HIGHEST GUST DIRECTION    SE (120)
  AVERAGE WIND SPEED     5.5


SKY COVER
  AVERAGE SKY COVER 0.2


WEATHER CONDITIONS
 THE FOLLOWING WEATHER WAS RECORDED YESTERDAY.
  THUNDERSTORM
  TORNADO


RELATIVE HUMIDITY (PERCENT)
 HIGHEST    94
 LOWEST     59
 AVERAGE    77

..........................................................


THE NAPLES CLIMATE NORMALS FOR TODAY
                         NORMAL    RECORD    YEAR
 MAXIMUM TEMPERATURE (F)   89        95      1988
 MINIMUM TEMPERATURE (F)   73        68      2008
                                             1993
                                             1983


SUNRISE AND SUNSET
OCTOBER  1 2016.......SUNRISE   720 AM EDT   SUNSET   713 PM EDT
OCTOBER  2 2016.......SUNRISE   720 AM EDT   SUNSET   712 PM EDT


-  INDICATES NEGATIVE NUMBERS.
R  INDICATES RECORD WAS SET OR TIED.
MM INDICATES DATA IS MISSING.
T  INDICATES TRACE AMOUNT.




$$
