000
CDUS42 KMFL 252126
CLIAPF


CLIMATE REPORT
NATIONAL WEATHER SERVICE MIAMI, FL
425 PM EST SAT FEB 25 2017


...................................

...THE NAPLES CLIMATE SUMMARY FOR FEBRUARY 25 2017...
VALID TODAY AS OF 0400 PM LOCAL TIME.

CLIMATE NORMAL PERIOD 1981 TO 2010
CLIMATE RECORD PERIOD 1942 TO 2017


WEATHER ITEM   OBSERVED TIME   RECORD YEAR NORMAL DEPARTURE LAST
                VALUE   (LST)  VALUE       VALUE  FROM      YEAR
                                                  NORMAL
..................................................................
TEMPERATURE (F)
 TODAY
  MAXIMUM         76    309 PM  86    1971  78     -2       66
                                      1962
  MINIMUM         64    722 AM  35    1989  58      6       55
  AVERAGE         70                        68      2       61

PRECIPITATION (IN)
  TODAY            0.00          2.56 2004   0.08  -0.08     0.00
  MONTH TO DATE    1.13                      1.88  -0.75     1.16
  SINCE NOV 1      2.27                      7.22  -4.95    13.32
  SINCE JAN 1      1.92                      3.73  -1.81     8.70

SNOWFALL (IN)
  TODAY            0.0
  MONTH TO DATE    0.0
  SINCE DEC 1      0.0
  SINCE JUL 1      0.0
  SNOW DEPTH       0

DEGREE DAYS
 HEATING
  TODAY            0                         1     -1        4
  MONTH TO DATE    3                        46    -43       55
  SINCE DEC 1     52                       212   -160      122
  SINCE JUL 1     56                       226   -170      122

 COOLING
  TODAY            5                         5      0        0
  MONTH TO DATE  134                        92     42       79
  SINCE DEC 1    555                       298    257      515
  SINCE JAN 1    288                       178    110      159
..................................................................


WIND (MPH)
  HIGHEST WIND SPEED    18   HIGHEST WIND DIRECTION     W (280)
  HIGHEST GUST SPEED    22   HIGHEST GUST DIRECTION     W (290)
  AVERAGE WIND SPEED     6.1


SKY COVER
  AVERAGE SKY COVER 0.5


WEATHER CONDITIONS
 THE FOLLOWING WEATHER WAS RECORDED TODAY.
  FOG
  FOG W/VISIBILITY <= 1/4 MILE


RELATIVE HUMIDITY (PERCENT)
 HIGHEST   100
 LOWEST     69
 AVERAGE    85

..........................................................


THE NAPLES CLIMATE NORMALS FOR TOMORROW
                         NORMAL    RECORD    YEAR
 MAXIMUM TEMPERATURE (F)   78        89      1962
 MINIMUM TEMPERATURE (F)   58        31      1967


SUNRISE AND SUNSET
FEBRUARY 25 2017......SUNRISE   654 AM EST   SUNSET   626 PM EST
FEBRUARY 26 2017......SUNRISE   653 AM EST   SUNSET   627 PM EST


-  INDICATES NEGATIVE NUMBERS.
R  INDICATES RECORD WAS SET OR TIED.
MM INDICATES DATA IS MISSING.
T  INDICATES TRACE AMOUNT.




$$
