000
CDUS42 KMFL 120921
CLIAPF


CLIMATE REPORT
NATIONAL WEATHER SERVICE MIAMI, FL
421 AM EST FRI FEB 12 2016


...................................

...THE NAPLES CLIMATE SUMMARY FOR FEBRUARY 11 2016...

CLIMATE NORMAL PERIOD 1981 TO 2010
CLIMATE RECORD PERIOD 1942 TO 2016


WEATHER ITEM   OBSERVED TIME   RECORD YEAR NORMAL DEPARTURE LAST
                VALUE   (LST)  VALUE       VALUE  FROM      YEAR
                                                  NORMAL
..................................................................
TEMPERATURE (F)
 YESTERDAY
  MAXIMUM         70    439 PM  85    1999  76     -6       67
                                      1994
                                      1948
  MINIMUM         43    701 AM  33    1973  56    -13       51
                                      1971
  AVERAGE         57                        66     -9       59

PRECIPITATION (IN)
  YESTERDAY        0.00          0.35 2012   0.09  -0.09     0.00
  MONTH TO DATE    0.20                      0.80  -0.60     1.22
  SINCE NOV 1     12.36                      6.14   6.22     2.62
  SINCE JAN 1      7.74                      2.65   5.09     1.32

SNOWFALL (IN)
  YESTERDAY        0.0
  MONTH TO DATE    0.0
  SINCE DEC 1      0.0
  SINCE JUL 1      0.0
  SNOW DEPTH       0

DEGREE DAYS
 HEATING
  YESTERDAY        8                         2      6        6
  MONTH TO DATE   41                        22     19       10
  SINCE DEC 1    108                       188    -80       98
  SINCE JUL 1    108                       202    -94      127

 COOLING
  YESTERDAY        0                         4     -4        0
  MONTH TO DATE   41                        34      7       15
  SINCE DEC 1    477                       240    237      282
  SINCE JAN 1    121                       120      1      132
..................................................................


WIND (MPH)
  HIGHEST WIND SPEED    14   HIGHEST WIND DIRECTION    NE (50)
  HIGHEST GUST SPEED    17   HIGHEST GUST DIRECTION    NE (30)
  AVERAGE WIND SPEED     3.5


SKY COVER
  AVERAGE SKY COVER 0.0


WEATHER CONDITIONS
 THE FOLLOWING WEATHER WAS RECORDED YESTERDAY.
  NO SIGNIFICANT WEATHER WAS OBSERVED.


RELATIVE HUMIDITY (PERCENT)
 HIGHEST    93
 LOWEST     31
 AVERAGE    62

..........................................................


THE NAPLES CLIMATE NORMALS FOR TODAY
                         NORMAL    RECORD    YEAR
 MAXIMUM TEMPERATURE (F)   77        86      1960
 MINIMUM TEMPERATURE (F)   57        35      1973


SUNRISE AND SUNSET
FEBRUARY 12 2016......SUNRISE   705 AM EST   SUNSET   618 PM EST
FEBRUARY 13 2016......SUNRISE   704 AM EST   SUNSET   618 PM EST


-  INDICATES NEGATIVE NUMBERS.
R  INDICATES RECORD WAS SET OR TIED.
MM INDICATES DATA IS MISSING.
T  INDICATES TRACE AMOUNT.




$$
