000
CDUS43 KAPX 260536
CLIAPN


CLIMATE REPORT
NATIONAL WEATHER SERVICE GAYLORD MI
134 AM EDT SUN MAR 26 2017


...................................

...THE ALPENA MI CLIMATE SUMMARY FOR MARCH 25 2017...

CLIMATE NORMAL PERIOD 1981 TO 2010
CLIMATE RECORD PERIOD 1916 TO 2017


WEATHER ITEM   OBSERVED TIME   RECORD YEAR NORMAL DEPARTURE LAST
                VALUE   (LST)  VALUE       VALUE  FROM      YEAR
                                                  NORMAL
..................................................................
TEMPERATURE (F)
 YESTERDAY
  MAXIMUM         37    121 PM  69    1986  42     -5       42
                                      1945
  MINIMUM         32    625 PM -14    1960  23      9       24
  AVERAGE         35                        32      3       33

PRECIPITATION (IN)
  YESTERDAY        0.03          1.15 1947   0.06  -0.03     0.03
  MONTH TO DATE    1.75                      1.47   0.28     3.24
  SINCE MAR 1      1.75                      1.47   0.28     3.24
  SINCE JAN 1      7.24                      4.45   2.79     7.72

SNOWFALL (IN)
  YESTERDAY        0.0          14.0  1947   0.3   -0.3      0.4
  MONTH TO DATE   10.0                      10.4   -0.4     19.6
  SINCE OCT 1     63.5                      76.5  -13.0     67.0
  SINCE JUL 1     63.5                      76.5  -13.0     67.0
  SNOW DEPTH       0

DEGREE DAYS
 HEATING
  YESTERDAY       30                        33     -3       32
  MONTH TO DATE  964                       936     28      814
  SINCE MAR 1    964                       936     28      814
  SINCE JUL 1   5595                      6668  -1073     5596

 COOLING
  YESTERDAY        0                         0      0        0
  MONTH TO DATE    0                         0      0        0
  SINCE MAR 1      0                         0      0        0
  SINCE JAN 1      0                         0      0        0
..................................................................


WIND (MPH)
  HIGHEST WIND SPEED    18   HIGHEST WIND DIRECTION     E (90)
  HIGHEST GUST SPEED    23   HIGHEST GUST DIRECTION    NE (50)
  AVERAGE WIND SPEED    11.0




RELATIVE HUMIDITY (PERCENT)
 HIGHEST   100
 LOWEST     75
 AVERAGE    88

..........................................................


THE ALPENA MI CLIMATE NORMALS FOR TODAY
                         NORMAL    RECORD    YEAR
 MAXIMUM TEMPERATURE (F)   42        76      1945
 MINIMUM TEMPERATURE (F)   23        -9      1923


SUNRISE AND SUNSET
MARCH 26 2017.........SUNRISE   726 AM EDT   SUNSET   755 PM EDT
MARCH 27 2017.........SUNRISE   724 AM EDT   SUNSET   756 PM EDT


-  INDICATES NEGATIVE NUMBERS.
R  INDICATES RECORD WAS SET OR TIED.
MM INDICATES DATA IS MISSING.
T  INDICATES TRACE AMOUNT.




$$
