000
CDUS43 KAPX 240531
CLIAPN


CLIMATE REPORT
NATIONAL WEATHER SERVICE GAYLORD MI
1230 AM EST TUE JAN 24 2017


...................................

...THE ALPENA MI CLIMATE SUMMARY FOR JANUARY 23 2017...

CLIMATE NORMAL PERIOD 1981 TO 2010
CLIMATE RECORD PERIOD 1916 TO 2017


WEATHER ITEM   OBSERVED TIME   RECORD YEAR NORMAL DEPARTURE LAST
                VALUE   (LST)  VALUE       VALUE  FROM      YEAR
                                                  NORMAL
..................................................................
TEMPERATURE (F)
 YESTERDAY
  MAXIMUM         38    558 AM  49    1989  27     11       26
  MINIMUM         35   1159 PM -23    1948  11     24        9
  AVERAGE         37                        18     19       18

PRECIPITATION (IN)
  YESTERDAY        0.18          0.41 1965   0.05   0.13     0.00
  MONTH TO DATE    1.80                      1.29   0.51     1.35
  SINCE DEC 1      3.84                      3.04   0.80     5.14
  SINCE JAN 1      1.80                      1.29   0.51     1.35

SNOWFALL (IN)
  YESTERDAY        0.0           4.6  1965   0.7   -0.7      0.0
  MONTH TO DATE   10.0                      16.0   -6.0      9.7
  SINCE OCT 1     37.7                      43.3   -5.6     21.7
  SINCE JUL 1     37.7                      43.3   -5.6     21.7
  SNOW DEPTH       3

DEGREE DAYS
 HEATING
  YESTERDAY       28                        46    -18       47
  MONTH TO DATE  928                      1047   -119     1018
  SINCE DEC 1   2094                      2285   -191     1893
  SINCE JUL 1   3303                      4108   -805     3266
..................................................................


WIND (MPH)
  HIGHEST WIND SPEED    10   HIGHEST WIND DIRECTION    SE (120)
  HIGHEST GUST SPEED    15   HIGHEST GUST DIRECTION    SE (120)
  AVERAGE WIND SPEED     5.4




RELATIVE HUMIDITY (PERCENT)
 HIGHEST   100
 LOWEST     92
 AVERAGE    96

..........................................................


THE ALPENA MI CLIMATE NORMALS FOR TODAY
                         NORMAL    RECORD    YEAR
 MAXIMUM TEMPERATURE (F)   27        44      1938
 MINIMUM TEMPERATURE (F)   11       -17      1970
                                             1948


SUNRISE AND SUNSET
JANUARY 24 2017.......SUNRISE   802 AM EST   SUNSET   531 PM EST
JANUARY 25 2017.......SUNRISE   801 AM EST   SUNSET   533 PM EST


-  INDICATES NEGATIVE NUMBERS.
R  INDICATES RECORD WAS SET OR TIED.
MM INDICATES DATA IS MISSING.
T  INDICATES TRACE AMOUNT.




$$
