000
CDUS43 KAPX 010626
CLIAPN


CLIMATE REPORT
NATIONAL WEATHER SERVICE GAYLORD MI
226 AM EDT TUE SEP 1 2015


...................................

...THE ALPENA MI CLIMATE SUMMARY FOR AUGUST 31 2015...

CLIMATE NORMAL PERIOD 1981 TO 2010
CLIMATE RECORD PERIOD 1916 TO 2015


WEATHER ITEM   OBSERVED TIME   RECORD YEAR NORMAL DEPARTURE LAST
                VALUE   (LST)  VALUE       VALUE  FROM      YEAR
                                                  NORMAL
..................................................................
TEMPERATURE (F)
 YESTERDAY
  MAXIMUM         82    145 PM  94    1953  74      8       75
                                      1932
  MINIMUM         58    614 AM  31    1931  51      7       58
  AVERAGE         70                        63      7       67

PRECIPITATION (IN)
  YESTERDAY        0.00          2.96 1941   0.11  -0.11      T
  MONTH TO DATE    2.29                      3.23  -0.94     5.31
  SINCE JUN 1      6.10                      8.88  -2.78    10.40
  SINCE JAN 1     14.65                     18.78  -4.13    21.90

DEGREE DAYS
 HEATING
  YESTERDAY        0                         4     -4        0
  MONTH TO DATE   39                        72    -33       55
  SINCE JUN 1    217                       258    -41      236
  SINCE JUL 1     74                       115    -41      124

 COOLING
  YESTERDAY        5                         2      3        2
  MONTH TO DATE  122                        81     41       39
  SINCE JUN 1    272                       253     19      145
  SINCE JAN 1    296                       266     30      150
..................................................................


WIND (MPH)
  HIGHEST WIND SPEED    13   HIGHEST WIND DIRECTION     E (100)
  HIGHEST GUST SPEED    16   HIGHEST GUST DIRECTION     E (100)
  AVERAGE WIND SPEED     4.1




RELATIVE HUMIDITY (PERCENT)
 HIGHEST   100
 LOWEST     58
 AVERAGE    79

..........................................................


THE ALPENA MI CLIMATE NORMALS FOR TODAY
                         NORMAL    RECORD    YEAR
 MAXIMUM TEMPERATURE (F)   74        99      1953
 MINIMUM TEMPERATURE (F)   51        36      1936


SUNRISE AND SUNSET
SEPTEMBER  1 2015.....SUNRISE   656 AM EDT   SUNSET   812 PM EDT
SEPTEMBER  2 2015.....SUNRISE   657 AM EDT   SUNSET   810 PM EDT


-  INDICATES NEGATIVE NUMBERS.
R  INDICATES RECORD WAS SET OR TIED.
MM INDICATES DATA IS MISSING.
T  INDICATES TRACE AMOUNT.




$$
