000
CDUS43 KAPX 200531
CLIAPN


CLIMATE REPORT
NATIONAL WEATHER SERVICE GAYLORD MI
130 AM EDT SUN AUG 20 2017


...................................

...THE ALPENA MI CLIMATE SUMMARY FOR AUGUST 19 2017...

CLIMATE NORMAL PERIOD 1981 TO 2010
CLIMATE RECORD PERIOD 1916 TO 2017


WEATHER ITEM   OBSERVED TIME   RECORD YEAR NORMAL DEPARTURE LAST
                VALUE   (LST)  VALUE       VALUE  FROM      YEAR
                                                  NORMAL
..................................................................
TEMPERATURE (F)
 YESTERDAY
  MAXIMUM         79    535 PM  98    1955  77      2       86
  MINIMUM         59   1159 PM  35    1933  54      5       61
  AVERAGE         69                        65      4       74

PRECIPITATION (IN)
  YESTERDAY        0.00          1.56 2005   0.11  -0.11     0.07
  MONTH TO DATE    3.57                      1.93   1.64     0.93
  SINCE JUN 1     11.98                      7.58   4.40     4.91
  SINCE JAN 1     27.29                     17.48   9.81    19.64

DEGREE DAYS
 HEATING
  YESTERDAY        0                         2     -2        0
  MONTH TO DATE    5                        34    -29        0
  SINCE JUN 1     95                       221   -126      125
  SINCE JUL 1     12                        78    -66       17

 COOLING
  YESTERDAY        4                         2      2        9
  MONTH TO DATE   53                        56     -3      151
  SINCE JUN 1    236                       228      8      407
  SINCE JAN 1    242                       241      1      439
..................................................................


WIND (MPH)
  HIGHEST WIND SPEED    15   HIGHEST WIND DIRECTION    NW (330)
  HIGHEST GUST SPEED    22   HIGHEST GUST DIRECTION    NW (330)
  AVERAGE WIND SPEED     5.8




RELATIVE HUMIDITY (PERCENT)
 HIGHEST   100
 LOWEST     50
 AVERAGE    75

..........................................................


THE ALPENA MI CLIMATE NORMALS FOR TODAY
                         NORMAL    RECORD    YEAR
 MAXIMUM TEMPERATURE (F)   77        95      1955
 MINIMUM TEMPERATURE (F)   53        34      1929


SUNRISE AND SUNSET
AUGUST 20 2017........SUNRISE   642 AM EDT   SUNSET   832 PM EDT
AUGUST 21 2017........SUNRISE   643 AM EDT   SUNSET   830 PM EDT


-  INDICATES NEGATIVE NUMBERS.
R  INDICATES RECORD WAS SET OR TIED.
MM INDICATES DATA IS MISSING.
T  INDICATES TRACE AMOUNT.




$$
