000
CDUS43 KAPX 280529
CLIAPN


CLIMATE REPORT
NATIONAL WEATHER SERVICE GAYLORD MI
129 AM EDT THU AUG 28 2014


...................................

...THE ALPENA MI CLIMATE SUMMARY FOR AUGUST 27 2014...

CLIMATE NORMAL PERIOD 1981 TO 2010
CLIMATE RECORD PERIOD 1916 TO 2014


WEATHER ITEM   OBSERVED TIME   RECORD YEAR NORMAL DEPARTURE LAST
                VALUE   (LST)  VALUE       VALUE  FROM      YEAR
                                                  NORMAL
..................................................................
TEMPERATURE (F)
 YESTERDAY
  MAXIMUM         71    343 PM  94    1953  75     -4       78
                                      1948
  MINIMUM         50   1159 PM  36    1934  52     -2       62
  AVERAGE         61                        64     -3       70

PRECIPITATION (IN)
  YESTERDAY        T             1.63 1993   0.11  -0.11     0.02
  MONTH TO DATE    4.17                      2.80   1.37     1.05
  SINCE JUN 1      9.26                      8.45   0.81     6.61
  SINCE JAN 1     20.76                     18.35   2.41    21.54

DEGREE DAYS
 HEATING
  YESTERDAY        4                         3      1        0
  MONTH TO DATE   41                        57    -16       58
  SINCE JUN 1    222                       244    -22      247
  SINCE JUL 1    110                       101      9      111

 COOLING
  YESTERDAY        0                         2     -2        5
  MONTH TO DATE   30                        72    -42       73
  SINCE JUN 1    136                       244   -108      266
  SINCE JAN 1    141                       257   -116      279
..................................................................


WIND (MPH)
  HIGHEST WIND SPEED    17   HIGHEST WIND DIRECTION     N (340)
  HIGHEST GUST SPEED    23   HIGHEST GUST DIRECTION    NW (330)
  AVERAGE WIND SPEED     7.1




RELATIVE HUMIDITY (PERCENT)
 HIGHEST    96
 LOWEST     44
 AVERAGE    70

..........................................................


THE ALPENA MI CLIMATE NORMALS FOR TODAY
                         NORMAL    RECORD    YEAR
 MAXIMUM TEMPERATURE (F)   75        96      1953
 MINIMUM TEMPERATURE (F)   52        31      1925


SUNRISE AND SUNSET
AUGUST 28 2014........SUNRISE   651 AM EDT   SUNSET   819 PM EDT
AUGUST 29 2014........SUNRISE   653 AM EDT   SUNSET   817 PM EDT


-  INDICATES NEGATIVE NUMBERS.
R  INDICATES RECORD WAS SET OR TIED.
MM INDICATES DATA IS MISSING.
T  INDICATES TRACE AMOUNT.




$$
