000
CDUS43 KAPX 232127
CLIAPN


CLIMATE REPORT
NATIONAL WEATHER SERVICE GAYLORD MI
527 PM EDT SUN APR 23 2017


...................................

...THE ALPENA MI CLIMATE SUMMARY FOR APRIL 23 2017...
VALID TODAY AS OF 0500 PM LOCAL TIME.

CLIMATE NORMAL PERIOD 1981 TO 2010
CLIMATE RECORD PERIOD 1916 TO 2017


WEATHER ITEM   OBSERVED TIME   RECORD YEAR NORMAL DEPARTURE LAST
                VALUE   (LST)  VALUE       VALUE  FROM      YEAR
                                                  NORMAL
..................................................................
TEMPERATURE (F)
 TODAY
  MAXIMUM         56   1252 PM  87    1985  56      0       47
  MINIMUM         34   1259 AM  18    1989  34      0       29
                                      1986
  AVERAGE         45                        45      0       38

PRECIPITATION (IN)
  TODAY            0.00          0.95 1981   0.08  -0.08     0.00
  MONTH TO DATE    4.00                      1.85   2.15     2.20
  SINCE MAR 1      6.83                      3.71   3.12     7.72
  SINCE JAN 1     12.32                      6.69   5.63    12.20

SNOWFALL (IN)
  TODAY            0.0           5.0  2005   0.1             0.0
  MONTH TO DATE    T                         5.3            21.8
  SINCE OCT 1     66.4                      83.6            88.8
  SINCE JUL 1     66.4                      83.6            88.8

DEGREE DAYS
 HEATING
  TODAY           20                        20      0       27
  MONTH TO DATE  473                       570    -97      675
  SINCE MAR 1   1604                      1694    -90     1653
  SINCE JUL 1   6235                      7426  -1191     6435

 COOLING
  TODAY            0                         0      0        0
  MONTH TO DATE    0                         0      0        0
  SINCE MAR 1      0                         0      0        0
  SINCE JAN 1      0                         0      0        0
..................................................................


WIND (MPH)
  RESULTANT WIND SPEED   6   RESULTANT WIND DIRECTION  NW (330)
  HIGHEST WIND SPEED    22   HIGHEST WIND DIRECTION     N (350)
  HIGHEST GUST SPEED    28   HIGHEST GUST DIRECTION     N (340)
  AVERAGE WIND SPEED    10.2


SKY COVER
  POSSIBLE SUNSHINE  MM
  AVERAGE SKY COVER 0.0


WEATHER CONDITIONS
 THE FOLLOWING WEATHER WAS RECORDED TODAY.
  NO SIGNIFICANT WEATHER WAS OBSERVED.


RELATIVE HUMIDITY (PERCENT)
 HIGHEST    82
 LOWEST     41
 AVERAGE    62

..........................................................


THE ALPENA MI CLIMATE NORMALS FOR TOMORROW
                         NORMAL    RECORD    YEAR
 MAXIMUM TEMPERATURE (F)   56        85      1990
                                             1925
 MINIMUM TEMPERATURE (F)   34        20      1956
                                             1930


SUNRISE AND SUNSET
APRIL 23 2017.........SUNRISE   636 AM EDT   SUNSET   830 PM EDT
APRIL 24 2017.........SUNRISE   634 AM EDT   SUNSET   832 PM EDT


-  INDICATES NEGATIVE NUMBERS.
R  INDICATES RECORD WAS SET OR TIED.
MM INDICATES DATA IS MISSING.
T  INDICATES TRACE AMOUNT.




$$
