000
CDUS43 KAPX 290537
CLIAPN


CLIMATE REPORT
NATIONAL WEATHER SERVICE GAYLORD MI
137 AM EDT SUN MAR 29 2015


...................................

...THE ALPENA MI CLIMATE SUMMARY FOR MARCH 28 2015...

CLIMATE NORMAL PERIOD 1981 TO 2010
CLIMATE RECORD PERIOD 1916 TO 2015


WEATHER ITEM   OBSERVED TIME   RECORD YEAR NORMAL DEPARTURE LAST
                VALUE   (LST)  VALUE       VALUE  FROM      YEAR
                                                  NORMAL
..................................................................
TEMPERATURE (F)
 YESTERDAY
  MAXIMUM         37    452 PM  82    1946  43     -6       40
  MINIMUM          9    656 AM  -7    1934  24    -15       27
  AVERAGE         23                        34    -11       34

PRECIPITATION (IN)
  YESTERDAY        0.00          0.50 1977   0.06  -0.06     0.27
  MONTH TO DATE    0.91                      1.66  -0.75     1.17
  SINCE MAR 1      0.91                      1.66  -0.75     1.17
  SINCE JAN 1      2.70                      4.64  -1.94     3.70

SNOWFALL (IN)
  YESTERDAY        0.0           3.0  1947   0.3   -0.3       T
  MONTH TO DATE    4.5                      11.3   -6.8      7.3
  SINCE OCT 1     46.6                      77.4  -30.8     62.8
  SINCE JUL 1     46.6                      77.4  -30.8     62.8
  SNOW DEPTH       0

DEGREE DAYS
 HEATING
  YESTERDAY       42                        31     11       31
  MONTH TO DATE 1077                      1031     46     1295
  SINCE MAR 1   1077                      1031     46     1295
  SINCE JUL 1   7340                      6763    577     7784

 COOLING
  YESTERDAY        0                         0      0        0
  MONTH TO DATE    0                         0      0        0
  SINCE MAR 1      0                         0      0        0
  SINCE JAN 1      0                         0      0        0
..................................................................


WIND (MPH)
  HIGHEST WIND SPEED    14   HIGHEST WIND DIRECTION    SE (140)
  HIGHEST GUST SPEED    16   HIGHEST GUST DIRECTION    SE (120)
  AVERAGE WIND SPEED     4.0




RELATIVE HUMIDITY (PERCENT)
 HIGHEST    84
 LOWEST     29
 AVERAGE    57

..........................................................


THE ALPENA MI CLIMATE NORMALS FOR TODAY
                         NORMAL    RECORD    YEAR
 MAXIMUM TEMPERATURE (F)   44        75      1946
 MINIMUM TEMPERATURE (F)   24        -8      1970


SUNRISE AND SUNSET
MARCH 29 2015.........SUNRISE   721 AM EDT   SUNSET   758 PM EDT
MARCH 30 2015.........SUNRISE   719 AM EDT   SUNSET   759 PM EDT


-  INDICATES NEGATIVE NUMBERS.
R  INDICATES RECORD WAS SET OR TIED.
MM INDICATES DATA IS MISSING.
T  INDICATES TRACE AMOUNT.




$$
