000
CDUS43 KAPX 270536
CLIAPN


CLIMATE REPORT
NATIONAL WEATHER SERVICE GAYLORD MI
135 AM EDT SAT AUG 27 2016


...................................

...THE ALPENA MI CLIMATE SUMMARY FOR AUGUST 26 2016...

CLIMATE NORMAL PERIOD 1981 TO 2010
CLIMATE RECORD PERIOD 1916 TO 2016


WEATHER ITEM   OBSERVED TIME   RECORD YEAR NORMAL DEPARTURE LAST
                VALUE   (LST)  VALUE       VALUE  FROM      YEAR
                                                  NORMAL
..................................................................
TEMPERATURE (F)
 YESTERDAY
  MAXIMUM         82    134 PM  94    1953  76      6       62
                                      1948
  MINIMUM         60    632 AM  32    1923  52      8       54
  AVERAGE         71                        64      7       58

PRECIPITATION (IN)
  YESTERDAY        0.00          1.15 2006   0.11  -0.11     0.00
  MONTH TO DATE    1.13                      2.69  -1.56     2.15
  SINCE JUN 1      5.11                      8.34  -3.23     5.96
  SINCE JAN 1     19.84                     18.24   1.60    14.51

DEGREE DAYS
 HEATING
  YESTERDAY        0                         3     -3        7
  MONTH TO DATE    4                        54    -50       28
  SINCE JUN 1    129                       241   -112      206
  SINCE JUL 1     21                        98    -77       63

 COOLING
  YESTERDAY        6                         2      4        0
  MONTH TO DATE  187                        70    117      116
  SINCE JUN 1    443                       242    201      266
  SINCE JAN 1    475                       255    220      290
..................................................................


WIND (MPH)
  HIGHEST WIND SPEED    14   HIGHEST WIND DIRECTION     E (110)
  HIGHEST GUST SPEED    19   HIGHEST GUST DIRECTION     W (270)
  AVERAGE WIND SPEED     4.5




RELATIVE HUMIDITY (PERCENT)
 HIGHEST    90
 LOWEST     39
 AVERAGE    65

..........................................................


THE ALPENA MI CLIMATE NORMALS FOR TODAY
                         NORMAL    RECORD    YEAR
 MAXIMUM TEMPERATURE (F)   75        94      1953
                                             1948
 MINIMUM TEMPERATURE (F)   52        36      1934


SUNRISE AND SUNSET
AUGUST 27 2016........SUNRISE   651 AM EDT   SUNSET   820 PM EDT
AUGUST 28 2016........SUNRISE   652 AM EDT   SUNSET   818 PM EDT


-  INDICATES NEGATIVE NUMBERS.
R  INDICATES RECORD WAS SET OR TIED.
MM INDICATES DATA IS MISSING.
T  INDICATES TRACE AMOUNT.




$$
