000
CDUS43 KAPX 160535
CLIAPN


CLIMATE REPORT
NATIONAL WEATHER SERVICE GAYLORD MI
135 AM EDT WED APR 16 2014


...................................

...THE ALPENA MI CLIMATE SUMMARY FOR APRIL 15 2014...

CLIMATE NORMAL PERIOD 1981 TO 2010
CLIMATE RECORD PERIOD 1916 TO 2014


WEATHER ITEM   OBSERVED TIME   RECORD YEAR NORMAL DEPARTURE LAST
                VALUE   (LST)  VALUE       VALUE  FROM      YEAR
                                                  NORMAL
..................................................................
TEMPERATURE (F)
 YESTERDAY
  MAXIMUM         26    537 PM  84    2010  52    -26       62
  MINIMUM         15   1106 PM  11    1926  31    -16       34
  AVERAGE         21                        42    -21       48

PRECIPITATION (IN)
  YESTERDAY        0.04          0.88 1993   0.09  -0.05     0.28
  MONTH TO DATE    3.22                      1.22   2.00     2.56
  SINCE MAR 1      4.39                      3.08   1.31     3.94
  SINCE JAN 1      6.92                      6.06   0.86     8.42

SNOWFALL (IN)
  YESTERDAY        0.4           8.0  1949   0.3    0.1      0.0
  MONTH TO DATE    1.2                       4.1   -2.9      2.8
  SINCE OCT 1     64.0                      82.4  -18.4     48.3
  SINCE JUL 1     64.0                      82.4  -18.4     48.3
  SNOW DEPTH       1

DEGREE DAYS
 HEATING
  YESTERDAY       44                        23     21       17
  MONTH TO DATE  415                       397     18      468
  SINCE MAR 1   1813                      1521    292     1609
  SINCE JUL 1   8302                      7253   1049     6919

 COOLING
  YESTERDAY        0                         0      0        0
  MONTH TO DATE    0                         0      0        0
  SINCE MAR 1      0                         0      0        0
  SINCE JAN 1      0                         0      0        0
..................................................................


WIND (MPH)
  HIGHEST WIND SPEED    23   HIGHEST WIND DIRECTION    NW (320)
  HIGHEST GUST SPEED    31   HIGHEST GUST DIRECTION    NW (310)
  AVERAGE WIND SPEED    11.3




RELATIVE HUMIDITY (PERCENT)
 HIGHEST    96
 LOWEST     46
 AVERAGE    71

..........................................................


THE ALPENA MI CLIMATE NORMALS FOR TODAY
                         NORMAL    RECORD    YEAR
 MAXIMUM TEMPERATURE (F)   53        90      2002
 MINIMUM TEMPERATURE (F)   31        18      1939
                                             1937
                                             1928


SUNRISE AND SUNSET
APRIL 16 2014.........SUNRISE   648 AM EDT   SUNSET   821 PM EDT
APRIL 17 2014.........SUNRISE   646 AM EDT   SUNSET   822 PM EDT


-  INDICATES NEGATIVE NUMBERS.
R  INDICATES RECORD WAS SET OR TIED.
MM INDICATES DATA IS MISSING.
T  INDICATES TRACE AMOUNT.




$$
