000
CDUS43 KAPX 310546
CLIAPN


CLIMATE REPORT
NATIONAL WEATHER SERVICE GAYLORD MI
1245 AM EST SAT JAN 31 2015


...................................

...THE ALPENA MI CLIMATE SUMMARY FOR JANUARY 30 2015...

CLIMATE NORMAL PERIOD 1981 TO 2010
CLIMATE RECORD PERIOD 1916 TO 2015


WEATHER ITEM   OBSERVED TIME   RECORD YEAR NORMAL DEPARTURE LAST
                VALUE   (LST)  VALUE       VALUE  FROM      YEAR
                                                  NORMAL
..................................................................
TEMPERATURE (F)
 YESTERDAY
  MAXIMUM         15    444 PM  47    1974  27    -12       26
  MINIMUM          2    716 PM -26    1951  10     -8       14
  AVERAGE          9                        19    -10       20

PRECIPITATION (IN)
  YESTERDAY        0.02          1.00 1947   0.04  -0.02     0.02
  MONTH TO DATE    1.16                      1.61  -0.45     1.45
  SINCE DEC 1      2.85                      3.36  -0.51     3.59
  SINCE JAN 1      1.16                      1.61  -0.45     1.45

SNOWFALL (IN)
  YESTERDAY        T            10.0  1947   0.6   -0.6      0.7
  MONTH TO DATE   15.3                      20.6   -5.3     15.3
  SINCE OCT 1     31.4                      47.9  -16.5     42.3
  SINCE JUL 1     31.4                      47.9  -16.5     42.3
  SNOW DEPTH       6

DEGREE DAYS
 HEATING
  YESTERDAY       56                        46     10       45
  MONTH TO DATE 1517                      1369    148     1581
  SINCE DEC 1   2655                      2607     48     3055
  SINCE JUL 1   4588                      4430    158     4923
..................................................................


WIND (MPH)
  HIGHEST WIND SPEED    26   HIGHEST WIND DIRECTION    NW (320)
  HIGHEST GUST SPEED    35   HIGHEST GUST DIRECTION    NW (330)
  AVERAGE WIND SPEED    10.3




RELATIVE HUMIDITY (PERCENT)
 HIGHEST    88
 LOWEST     55
 AVERAGE    72

..........................................................


THE ALPENA MI CLIMATE NORMALS FOR TODAY
                         NORMAL    RECORD    YEAR
 MAXIMUM TEMPERATURE (F)   27        50      1989
 MINIMUM TEMPERATURE (F)   10       -25      1994


SUNRISE AND SUNSET
JANUARY 31 2015.......SUNRISE   756 AM EST   SUNSET   540 PM EST
FEBRUARY  1 2015......SUNRISE   754 AM EST   SUNSET   542 PM EST


-  INDICATES NEGATIVE NUMBERS.
R  INDICATES RECORD WAS SET OR TIED.
MM INDICATES DATA IS MISSING.
T  INDICATES TRACE AMOUNT.




$$
