187
CDUS43 KAPX 270532
CLIAPN


CLIMATE REPORT
NATIONAL WEATHER SERVICE GAYLORD MI
132 AM EDT TUE SEP 27 2016


...................................

...THE ALPENA MI CLIMATE SUMMARY FOR SEPTEMBER 26 2016...

CLIMATE NORMAL PERIOD 1981 TO 2010
CLIMATE RECORD PERIOD 1916 TO 2016


WEATHER ITEM   OBSERVED TIME   RECORD YEAR NORMAL DEPARTURE LAST
                VALUE   (LST)  VALUE       VALUE  FROM      YEAR
                                                  NORMAL
..................................................................
TEMPERATURE (F)
 YESTERDAY
  MAXIMUM         64   1228 AM  88    1920  65     -1       72
  MINIMUM         53   1159 PM  25    1926  43     10       48
  AVERAGE         59                        54      5       60

PRECIPITATION (IN)
  YESTERDAY        0.75          1.54 1986   0.10   0.65     0.00
  MONTH TO DATE    2.81                      2.55   0.26     1.04
  SINCE SEP 1      2.81                      2.55   0.26     1.04
  SINCE JAN 1     23.44                     21.33   2.11    15.69

DEGREE DAYS
 HEATING
  YESTERDAY        6                        11     -5        5
  MONTH TO DATE   78                       191   -113       78
  SINCE SEP 1     78                       191   -113       78
  SINCE JUL 1    101                       306   -205      152

 COOLING
  YESTERDAY        0                         0      0        0
  MONTH TO DATE   56                        21     35       80
  SINCE SEP 1     56                        21     35       80
  SINCE JAN 1    547                       287    260      376
..................................................................


WIND (MPH)
  HIGHEST WIND SPEED    20   HIGHEST WIND DIRECTION     S (160)
  HIGHEST GUST SPEED    28   HIGHEST GUST DIRECTION    SW (230)
  AVERAGE WIND SPEED     9.2




RELATIVE HUMIDITY (PERCENT)
 HIGHEST    93
 LOWEST     55
 AVERAGE    74

..........................................................


THE ALPENA MI CLIMATE NORMALS FOR TODAY
                         NORMAL    RECORD    YEAR
 MAXIMUM TEMPERATURE (F)   64        83      1979
                                             1946
 MINIMUM TEMPERATURE (F)   43        25      1989


SUNRISE AND SUNSET
SEPTEMBER 27 2016.....SUNRISE   728 AM EDT   SUNSET   721 PM EDT
SEPTEMBER 28 2016.....SUNRISE   729 AM EDT   SUNSET   719 PM EDT


-  INDICATES NEGATIVE NUMBERS.
R  INDICATES RECORD WAS SET OR TIED.
MM INDICATES DATA IS MISSING.
T  INDICATES TRACE AMOUNT.




$$
