000
CDUS43 KAPX 090529
CLIAPN


CLIMATE REPORT
NATIONAL WEATHER SERVICE GAYLORD MI
1228 AM EST FRI DEC 9 2016


...................................

...THE ALPENA MI CLIMATE SUMMARY FOR DECEMBER 8 2016...

CLIMATE NORMAL PERIOD 1981 TO 2010
CLIMATE RECORD PERIOD 1916 TO 2016


WEATHER ITEM   OBSERVED TIME   RECORD YEAR NORMAL DEPARTURE LAST
                VALUE   (LST)  VALUE       VALUE  FROM      YEAR
                                                  NORMAL
..................................................................
TEMPERATURE (F)
 YESTERDAY
  MAXIMUM         32    312 PM  57    1946  34     -2       39
  MINIMUM         25   1159 PM  -8    1976  21      4       34
  AVERAGE         29                        28      1       37

PRECIPITATION (IN)
  YESTERDAY        0.03          0.78 1924   0.06  -0.03     0.00
                                      1917
  MONTH TO DATE    0.43                      0.50  -0.07     0.08
  SINCE DEC 1      0.43                      0.50  -0.07     0.08
  SINCE JAN 1     28.27                     26.91   1.36    20.37

SNOWFALL (IN)
  YESTERDAY        1.4           7.0  1977   0.5    0.9      0.0
  MONTH TO DATE    5.6                       4.5    1.1      0.0
  SINCE OCT 1      7.4                      12.6   -5.2      1.7
  SINCE JUL 1      7.4                      12.6   -5.2      1.7
  SNOW DEPTH       0

DEGREE DAYS
 HEATING
  YESTERDAY       36                        38     -2       28
  MONTH TO DATE  238                       290    -52      225
  SINCE DEC 1    238                       290    -52      225
  SINCE JUL 1   1447                      2113   -666     1598
..................................................................


WIND (MPH)
  HIGHEST WIND SPEED    20   HIGHEST WIND DIRECTION    NW (310)
  HIGHEST GUST SPEED    31   HIGHEST GUST DIRECTION    NW (300)
  AVERAGE WIND SPEED    11.0




RELATIVE HUMIDITY (PERCENT)
 HIGHEST    88
 LOWEST     54
 AVERAGE    71

..........................................................


THE ALPENA MI CLIMATE NORMALS FOR TODAY
                         NORMAL    RECORD    YEAR
 MAXIMUM TEMPERATURE (F)   34        59      1946
 MINIMUM TEMPERATURE (F)   21        -4      1976


SUNRISE AND SUNSET
DECEMBER  9 2016......SUNRISE   801 AM EST   SUNSET   452 PM EST
DECEMBER 10 2016......SUNRISE   802 AM EST   SUNSET   452 PM EST


-  INDICATES NEGATIVE NUMBERS.
R  INDICATES RECORD WAS SET OR TIED.
MM INDICATES DATA IS MISSING.
T  INDICATES TRACE AMOUNT.




$$
