000
CDUS44 KLCH 232256
CLIARA


CLIMATE REPORT
NATIONAL WEATHER SERVICE LAKE CHARLES, LA
456 PM CST THU FEB 23 2017


...................................

...THE NEW IBERIA CLIMATE SUMMARY FOR FEBRUARY 23 2017...
VALID TODAY AS OF 0400 PM LOCAL TIME.

CLIMATE NORMAL PERIOD 1981 TO 2010
CLIMATE RECORD PERIOD 1948 TO 2017


WEATHER ITEM   OBSERVED TIME   RECORD YEAR NORMAL DEPARTURE LAST
                VALUE   (LST)  VALUE       VALUE  FROM      YEAR
                                                  NORMAL
..................................................................
TEMPERATURE (F)
 TODAY
  MAXIMUM         77    156 PM  81    2011  68      9       71
  MINIMUM         51    647 AM  28    1989  47      4       51
  AVERAGE         64                        57      7       61

PRECIPITATION (IN)
  TODAY            0.00          2.04 1958   0.16  -0.16     0.92
  MONTH TO DATE    0.30                      3.44  -3.14     3.96
  SINCE DEC 1     11.44                     13.66  -2.22    13.25
  SINCE JAN 1      2.74                      8.66  -5.92    10.23

SNOWFALL (IN)
  TODAY            0.0           T    1968  MM               0.0
  MONTH TO DATE    0.0                      MM               0.0
  SINCE DEC 1      0.0                      MM               0.0
  SINCE JUL 1      0.0                      MM               0.0

DEGREE DAYS
 HEATING
  TODAY            1                         8     -7        4
  MONTH TO DATE   74                       240   -166      197
  SINCE DEC 1    522                       982   -460      783
  SINCE JUL 1    617                      1177   -560      854

 COOLING
  TODAY            0                         1     -1        0
  MONTH TO DATE   51                        19     32        9
  SINCE DEC 1    182                        53    129       93
  SINCE JAN 1    115                        31     84       10
..................................................................


WIND (MPH)
  RESULTANT WIND SPEED   5   RESULTANT WIND DIRECTION   S (170)
  HIGHEST WIND SPEED    15   HIGHEST WIND DIRECTION     S (180)
  HIGHEST GUST SPEED    21   HIGHEST GUST DIRECTION     S (180)
  AVERAGE WIND SPEED     5.3


SKY COVER
  POSSIBLE SUNSHINE  MM
  AVERAGE SKY COVER 0.0


WEATHER CONDITIONS
 THE FOLLOWING WEATHER WAS RECORDED TODAY.
  FOG


RELATIVE HUMIDITY (PERCENT)
 HIGHEST    93           100 AM
 LOWEST     50          1200 PM
 AVERAGE    72

..........................................................


THE NEW IBERIA CLIMATE NORMALS FOR TOMORROW
                         NORMAL    RECORD    YEAR
 MAXIMUM TEMPERATURE (F)   68        80      2011
                                             2001
                                             2000
 MINIMUM TEMPERATURE (F)   47        25      1968


SUNRISE AND SUNSET
FEBRUARY 23 2017......SUNRISE   639 AM CST   SUNSET   603 PM CST
FEBRUARY 24 2017......SUNRISE   638 AM CST   SUNSET   603 PM CST


-  INDICATES NEGATIVE NUMBERS.
R  INDICATES RECORD WAS SET OR TIED.
MM INDICATES DATA IS MISSING.
T  INDICATES TRACE AMOUNT.




$$
