000
CDUS44 KLCH 260817
CLIARA


CLIMATE REPORT
NATIONAL WEATHER SERVICE LAKE CHARLES, LA
316 AM CDT SAT JUL 26 2014


...................................

...THE NEW IBERIA CLIMATE SUMMARY FOR JULY 25 2014...

CLIMATE NORMAL PERIOD 1981 TO 2010
CLIMATE RECORD PERIOD 1948 TO 2014


WEATHER ITEM   OBSERVED TIME   RECORD YEAR NORMAL DEPARTURE LAST
                VALUE   (LST)  VALUE       VALUE  FROM      YEAR
                                                  NORMAL
..................................................................
TEMPERATURE (F)
 YESTERDAY
  MAXIMUM         93    320 PM  98    1981  92      1       93
  MINIMUM         74    519 AM  69    2007  74      0       76
                                      2000
                                      1963
  AVERAGE         84                        83      1       85

PRECIPITATION (IN)
  YESTERDAY        0.03          1.67 2011   0.22  -0.19     0.36
  MONTH TO DATE    9.12                      5.36   3.76     6.63
  SINCE JUN 1     16.81                     12.26   4.55    12.82
  SINCE JAN 1     33.15                     34.49  -1.34    48.19

SNOWFALL (IN)
  YESTERDAY        0.0           0.0    MM  MM               0.0
  MONTH TO DATE    0.0                      MM               0.0
  SINCE JUN 1      0.0                      MM               0.0
  SINCE JUL 1      0.0                      MM               0.0

DEGREE DAYS
 HEATING
  YESTERDAY        0                         0      0        0
  MONTH TO DATE    0                         0      0        0
  SINCE JUN 1      0                         0      0        0
  SINCE JUL 1      0                         0      0        0

 COOLING
  YESTERDAY       19                        18      1       20
  MONTH TO DATE  426                       439    -13      449
  SINCE JUN 1    933                       910     23     1012
  SINCE JAN 1   1419                      1480    -61     1593
..................................................................


WIND (MPH)
  RESULTANT WIND SPEED   3   RESULTANT WIND DIRECTION  SW (230)
  HIGHEST WIND SPEED    14   HIGHEST WIND DIRECTION     N (10)
  HIGHEST GUST SPEED    20   HIGHEST GUST DIRECTION     N (10)
  AVERAGE WIND SPEED     3.5


SKY COVER
  POSSIBLE SUNSHINE  MM
  AVERAGE SKY COVER 0.3


WEATHER CONDITIONS
 THE FOLLOWING WEATHER WAS RECORDED YESTERDAY.
  THUNDERSTORM
  LIGHT RAIN
  FOG
  HAZE


RELATIVE HUMIDITY (PERCENT)
 HIGHEST    94           100 AM
 LOWEST     56           200 PM
 AVERAGE    75

..........................................................


THE NEW IBERIA CLIMATE NORMALS FOR TODAY
                         NORMAL    RECORD    YEAR
 MAXIMUM TEMPERATURE (F)   92        97      1954
 MINIMUM TEMPERATURE (F)   74        69      2000
                                             1952


SUNRISE AND SUNSET
JULY 26 2014..........SUNRISE   623 AM CDT   SUNSET   805 PM CDT
JULY 27 2014..........SUNRISE   624 AM CDT   SUNSET   804 PM CDT


-  INDICATES NEGATIVE NUMBERS.
R  INDICATES RECORD WAS SET OR TIED.
MM INDICATES DATA IS MISSING.
T  INDICATES TRACE AMOUNT.




$$
