482
CDUS44 KLCH 210846
CLIARA


CLIMATE REPORT
NATIONAL WEATHER SERVICE LAKE CHARLES, LA
345 AM CDT FRI JUL 21 2017


...................................

...THE NEW IBERIA CLIMATE SUMMARY FOR JULY 20 2017...

CLIMATE NORMAL PERIOD 1981 TO 2010
CLIMATE RECORD PERIOD 1948 TO 2017


WEATHER ITEM   OBSERVED TIME   RECORD YEAR NORMAL DEPARTURE LAST
                VALUE   (LST)  VALUE       VALUE  FROM      YEAR
                                                  NORMAL
..................................................................
TEMPERATURE (F)
 YESTERDAY
  MAXIMUM         97    348 PM  99    1951  92      5       95
  MINIMUM         75    544 AM  69    2009  74      1       76
                                      2004
                                      1989
  AVERAGE         86                        83      3       86

PRECIPITATION (IN)
  YESTERDAY        T             2.08 2001   0.23  -0.23      T
  MONTH TO DATE    7.09                      4.28   2.81     0.48
  SINCE JUN 1     16.90                     11.18   5.72     9.21
  SINCE JAN 1     35.14                     33.41   1.73    34.74

SNOWFALL (IN)
  YESTERDAY        0.0           0.0    MM  MM              MM
  MONTH TO DATE    0.0                      MM               0.0
  SINCE JUN 1      0.0                      MM               0.0
  SINCE JUL 1      0.0                      MM               0.0

DEGREE DAYS
 HEATING
  YESTERDAY        0                         0      0        0
  MONTH TO DATE    0                         0      0        0
  SINCE JUN 1      0                         0      0        0
  SINCE JUL 1      0                         0      0        0

 COOLING
  YESTERDAY       21                        18      3       21
  MONTH TO DATE  340                       349     -9      378
  SINCE JUN 1    797                       820    -23      893
  SINCE JAN 1   1544                      1390    154     1519
..................................................................


WIND (MPH)
  RESULTANT WIND SPEED   1   RESULTANT WIND DIRECTION  NW (320)
  HIGHEST WIND SPEED    13   HIGHEST WIND DIRECTION    SW (220)
  HIGHEST GUST SPEED    15   HIGHEST GUST DIRECTION    SW (220)
  AVERAGE WIND SPEED     2.8


SKY COVER
  POSSIBLE SUNSHINE  MM
  AVERAGE SKY COVER 0.3


WEATHER CONDITIONS
 THE FOLLOWING WEATHER WAS RECORDED YESTERDAY.
  THUNDERSTORM
  LIGHT RAIN
  FOG


RELATIVE HUMIDITY (PERCENT)
 HIGHEST    94           300 AM
 LOWEST     43           400 PM
 AVERAGE    69

..........................................................


THE NEW IBERIA CLIMATE NORMALS FOR TODAY
                         NORMAL    RECORD    YEAR
 MAXIMUM TEMPERATURE (F)   92        98      2000
 MINIMUM TEMPERATURE (F)   74        66      1956


SUNRISE AND SUNSET
JULY 21 2017..........SUNRISE   620 AM CDT   SUNSET   807 PM CDT
JULY 22 2017..........SUNRISE   621 AM CDT   SUNSET   807 PM CDT


-  INDICATES NEGATIVE NUMBERS.
R  INDICATES RECORD WAS SET OR TIED.
MM INDICATES DATA IS MISSING.
T  INDICATES TRACE AMOUNT.




$$
