000
CDUS44 KLCH 280826
CLIARA


CLIMATE REPORT
NATIONAL WEATHER SERVICE LAKE CHARLES, LA
325 AM CDT THU AUG 28 2014


...................................

...THE NEW IBERIA CLIMATE SUMMARY FOR AUGUST 27 2014...

CLIMATE NORMAL PERIOD 1981 TO 2010
CLIMATE RECORD PERIOD 1948 TO 2014


WEATHER ITEM   OBSERVED TIME   RECORD YEAR NORMAL DEPARTURE LAST
                VALUE   (LST)  VALUE       VALUE  FROM      YEAR
                                                  NORMAL
..................................................................
TEMPERATURE (F)
 YESTERDAY
  MAXIMUM         91    249 PM  98    1998  92     -1       93
  MINIMUM         76    759 PM  63    1958  73      3       76
  AVERAGE         84                        82      2       85

PRECIPITATION (IN)
  YESTERDAY        0.22          2.85 1967   0.18   0.04     0.00
  MONTH TO DATE    3.47                      4.35  -0.88     3.99
  SINCE JUN 1     20.48                     17.89   2.59    17.70
  SINCE JAN 1     36.82                     40.12  -3.30    53.07

SNOWFALL (IN)
  YESTERDAY        0.0           0.0    MM  MM               0.0
  MONTH TO DATE    0.0                      MM               0.0
  SINCE JUN 1      0.0                      MM               0.0
  SINCE JUL 1      0.0                      MM               0.0

DEGREE DAYS
 HEATING
  YESTERDAY        0                         0      0        0
  MONTH TO DATE    0                         0      0        0
  SINCE JUN 1      0                         0      0        0
  SINCE JUL 1      0                         0      0        0

 COOLING
  YESTERDAY       19                        17      2       20
  MONTH TO DATE  508                       484     24      534
  SINCE JUN 1   1551                      1502     49     1664
  SINCE JAN 1   2037                      2072    -35     2245
..................................................................


WIND (MPH)
  RESULTANT WIND SPEED   6   RESULTANT WIND DIRECTION  NE (60)
  HIGHEST WIND SPEED    23   HIGHEST WIND DIRECTION    SE (140)
  HIGHEST GUST SPEED    30   HIGHEST GUST DIRECTION     E (110)
  AVERAGE WIND SPEED     6.9


SKY COVER
  POSSIBLE SUNSHINE  MM
  AVERAGE SKY COVER 0.2


WEATHER CONDITIONS
 THE FOLLOWING WEATHER WAS RECORDED YESTERDAY.
  THUNDERSTORM
  HEAVY RAIN
  LIGHT RAIN


RELATIVE HUMIDITY (PERCENT)
 HIGHEST    94          1200 AM
 LOWEST     59          1200 PM
 AVERAGE    77

..........................................................


THE NEW IBERIA CLIMATE NORMALS FOR TODAY
                         NORMAL    RECORD    YEAR
 MAXIMUM TEMPERATURE (F)   92        99      2011
 MINIMUM TEMPERATURE (F)   73        62      1958


SUNRISE AND SUNSET
AUGUST 28 2014........SUNRISE   642 AM CDT   SUNSET   735 PM CDT
AUGUST 29 2014........SUNRISE   643 AM CDT   SUNSET   733 PM CDT


-  INDICATES NEGATIVE NUMBERS.
R  INDICATES RECORD WAS SET OR TIED.
MM INDICATES DATA IS MISSING.
T  INDICATES TRACE AMOUNT.




$$
