000
CDUS43 KLOT 250634
CLIARR


CLIMATE REPORT
NATIONAL WEATHER SERVICE CHICAGO IL
134 AM CDT THU AUG 25 2016


...................................

...THE AURORA MUNICIPAL AIRPORT CLIMATE SUMMARY FOR AUGUST 24 2016...

CLIMATE NORMAL PERIOD 1981 TO 2010
CLIMATE RECORD PERIOD 1998 TO 2016


WEATHER ITEM   OBSERVED TIME   RECORD YEAR NORMAL DEPARTURE LAST
                VALUE   (LST)  VALUE       VALUE  FROM      YEAR
                                                  NORMAL
..................................................................
TEMPERATURE (F)
 YESTERDAY
  MAXIMUM         84    510 PM  93    2012  81      3       73
  MINIMUM         69    457 AM  49    2009  59     10       50
                                      2005
  AVERAGE         77                        70      7       62

PRECIPITATION (IN)
  YESTERDAY        0.45          1.94 1999   0.12   0.33     0.00
  MONTH TO DATE    2.17                      3.37  -1.20     2.34
  SINCE JUN 1     11.49                     11.57  -0.08    16.07
  SINCE JAN 1     25.12                     24.45   0.67    25.42

DEGREE DAYS
 HEATING
  YESTERDAY        0                         0      0        3
  MONTH TO DATE    1                         0      1        4
  SINCE JUN 1     11                        50    -39       34
  SINCE JUL 1      3                         9     -6       16

 COOLING
  YESTERDAY       12                         5      7        0
  MONTH TO DATE  216                       139     77      149
  SINCE JUN 1    705                       509    196      514
  SINCE JAN 1    787                       550    237      583
..................................................................


WIND (MPH)
  RESULTANT WIND SPEED   7   RESULTANT WIND DIRECTION  SW (210)
  HIGHEST WIND SPEED    21   HIGHEST WIND DIRECTION     S (160)
  HIGHEST GUST SPEED    25   HIGHEST GUST DIRECTION     S (170)
  AVERAGE WIND SPEED     9.5


SKY COVER
  POSSIBLE SUNSHINE  MM
  AVERAGE SKY COVER 0.6


WEATHER CONDITIONS
 THE FOLLOWING WEATHER WAS RECORDED YESTERDAY.
  THUNDERSTORM
  HEAVY RAIN
  RAIN
  LIGHT RAIN
  FOG


RELATIVE HUMIDITY (PERCENT)
 HIGHEST    97           700 AM
 LOWEST     65           200 PM
 AVERAGE    81

..........................................................


THE AURORA MUNICIPAL AIRPORT CLIMATE NORMALS FOR TODAY
                         NORMAL    RECORD    YEAR
 MAXIMUM TEMPERATURE (F)   81        94      2003
 MINIMUM TEMPERATURE (F)   58        51      2015


SUNRISE AND SUNSET
AUGUST 25 2016........SUNRISE   613 AM CDT   SUNSET   738 PM CDT
AUGUST 26 2016........SUNRISE   614 AM CDT   SUNSET   736 PM CDT


-  INDICATES NEGATIVE NUMBERS.
R  INDICATES RECORD WAS SET OR TIED.
MM INDICATES DATA IS MISSING.
T  INDICATES TRACE AMOUNT.




$$
