000
CDUS43 KLOT 261217
CLIARR

CLIMATE REPORT
NATIONAL WEATHER SERVICE CHICAGO IL
1232 AM CST WED NOV 26 2014

...................................
...THE AURORA MUNICIPAL AIRPORT CLIMATE SUMMARY FOR NOVEMBER 25 2014...


CLIMATE NORMAL PERIOD 1981 TO 2010
CLIMATE RECORD PERIOD 1998 TO 2014


WEATHER ITEM   OBSERVED TIME   RECORD YEAR NORMAL DEPARTURE LAST
                VALUE   (LST)  VALUE       VALUE  FROM      YEAR
                                                  NORMAL
..................................................................
TEMPERATURE (F)
 YESTERDAY
  MAXIMUM         26   1238 AM  58    2006  42    -17       32
  MINIMUM         12    922 PM   8    2004  24    -12       21
  AVERAGE         19                        33    -14       27

PRECIPITATION (IN)
  YESTERDAY        T             0.34 2000   0.09  -0.09    MM
  MONTH TO DATE    1.15                      2.66  -1.51     2.30
  SINCE SEP 1      6.04                      9.22  -3.18     6.60
  SINCE JAN 1     28.91                     34.42  -5.51    32.83

DEGREE DAYS
 HEATING
  YESTERDAY       46                        32     14       38
  MONTH TO DATE  786                       641    145      679
  SINCE SEP 1   1370                      1224    146     1224
  SINCE JUL 1   1391                      1248    143     1252

 COOLING
  YESTERDAY        0                         0      0        0
  MONTH TO DATE    0                         0      0        0
  SINCE SEP 1     63                        71     -8      118
  SINCE JAN 1    693                       655     38      745
..................................................................


WIND (MPH)
  RESULTANT WIND SPEED  10   RESULTANT WIND DIRECTION   W (270)
  HIGHEST WIND SPEED    25   HIGHEST WIND DIRECTION     W (270)
  HIGHEST GUST SPEED    32   HIGHEST GUST DIRECTION     W (260)
  AVERAGE WIND SPEED    11.5


SKY COVER
  POSSIBLE SUNSHINE  MM
  AVERAGE SKY COVER 0.5


WEATHER CONDITIONS
 THE FOLLOWING WEATHER WAS RECORDED YESTERDAY.

  LIGHT SNOW
  FOG
  HAZE


RELATIVE HUMIDITY (PERCENT)
 HIGHEST    88           700 PM
 LOWEST     68           200 PM
 AVERAGE    78

..........................................................


THE AURORA MUNICIPAL AIRPORT CLIMATE NORMALS FOR TODAY
                         NORMAL    RECORD    YEAR
 MAXIMUM TEMPERATURE (F)   42        63      2006
 MINIMUM TEMPERATURE (F)   24        14      2002


SUNRISE AND SUNSET
NOVEMBER 26 2014......SUNRISE   656 AM CST   SUNSET   426 PM CST
NOVEMBER 27 2014......SUNRISE   657 AM CST   SUNSET   426 PM CST


-  INDICATES NEGATIVE NUMBERS.
R  INDICATES RECORD WAS SET OR TIED.
MM INDICATES DATA IS MISSING.
T  INDICATES TRACE AMOUNT.




$$
