000
CDUS43 KLOT 010632
CLIARR


CLIMATE REPORT
NATIONAL WEATHER SERVICE CHICAGO IL
131 AM CDT SUN MAY 1 2016


...................................

...THE AURORA MUNICIPAL AIRPORT CLIMATE SUMMARY FOR APRIL 30 2016...

CLIMATE NORMAL PERIOD 1981 TO 2010
CLIMATE RECORD PERIOD 1998 TO 2016


WEATHER ITEM   OBSERVED TIME   RECORD YEAR NORMAL DEPARTURE LAST
                VALUE   (LST)  VALUE       VALUE  FROM      YEAR
                                                  NORMAL
..................................................................
TEMPERATURE (F)
 YESTERDAY
  MAXIMUM         51    835 AM  84    2013  65    -14       57
                                      2001
  MINIMUM         44    220 AM  30    2008  42      2       34
                                      2005
  AVERAGE         48                        54     -6       46

PRECIPITATION (IN)
  YESTERDAY        0.69          1.63 2003   0.16   0.53     0.00
  MONTH TO DATE    2.33                      3.30  -0.97     4.25
  SINCE MAR 1      5.33                      5.53  -0.20     4.63
  SINCE JAN 1      6.82                      8.62  -1.80     5.31

DEGREE DAYS
 HEATING
  YESTERDAY       17                        12      5       19
  MONTH TO DATE  483                       497    -14      449
  SINCE MAR 1   1128                      1368   -240     1394
  SINCE JUL 1   5249                      6506  -1257     6849

 COOLING
  YESTERDAY        0                         0      0        0
  MONTH TO DATE    5                         3      2        0
  SINCE MAR 1      5                         3      2        0
  SINCE JAN 1      5                         3      2        0
..................................................................


WIND (MPH)
  RESULTANT WIND SPEED  14   RESULTANT WIND DIRECTION   E (70)
  HIGHEST WIND SPEED    26   HIGHEST WIND DIRECTION    NE (60)
  HIGHEST GUST SPEED    31   HIGHEST GUST DIRECTION    NE (60)
  AVERAGE WIND SPEED    15.6


SKY COVER
  POSSIBLE SUNSHINE  MM
  AVERAGE SKY COVER 0.9


WEATHER CONDITIONS
 THE FOLLOWING WEATHER WAS RECORDED YESTERDAY.
  RAIN
  LIGHT RAIN
  FOG
  HAZE


RELATIVE HUMIDITY (PERCENT)
 HIGHEST    93           300 PM
 LOWEST     71           800 AM
 AVERAGE    82

..........................................................


THE AURORA MUNICIPAL AIRPORT CLIMATE NORMALS FOR TODAY
                         NORMAL    RECORD    YEAR
 MAXIMUM TEMPERATURE (F)   66        83      2007
                                             2001
 MINIMUM TEMPERATURE (F)   42        27      2005


SUNRISE AND SUNSET
MAY  1 2016...........SUNRISE   550 AM CDT   SUNSET   753 PM CDT
MAY  2 2016...........SUNRISE   548 AM CDT   SUNSET   754 PM CDT


-  INDICATES NEGATIVE NUMBERS.
R  INDICATES RECORD WAS SET OR TIED.
MM INDICATES DATA IS MISSING.
T  INDICATES TRACE AMOUNT.




$$
