000
CDUS43 KLOT 270634
CLIARR


CLIMATE REPORT
NATIONAL WEATHER SERVICE CHICAGO IL
1233 AM CST TUE JAN 27 2015


...................................

...THE AURORA MUNICIPAL AIRPORT CLIMATE SUMMARY FOR JANUARY 26 2015...

CLIMATE NORMAL PERIOD 1981 TO 2010
CLIMATE RECORD PERIOD 1998 TO 2015


WEATHER ITEM   OBSERVED TIME   RECORD YEAR NORMAL DEPARTURE LAST
                VALUE   (LST)  VALUE       VALUE  FROM      YEAR
                                                  NORMAL
..................................................................
TEMPERATURE (F)
 YESTERDAY
  MAXIMUM         28   1159 PM  MM      MM  29     -1       30
  MINIMUM         13    450 AM  MM      MM  12      1        3
  AVERAGE         21                        21      0       17

PRECIPITATION (IN)
  YESTERDAY        T            MM      MM   0.06  -0.06    MM
  MONTH TO DATE    0.59                      1.17  -0.58     0.80
  SINCE DEC 1      1.30                      3.13  -1.83     1.45
  SINCE JAN 1      0.59                      1.17  -0.58     0.80

DEGREE DAYS
 HEATING
  YESTERDAY       44                        44      0       48
  MONTH TO DATE 1168                      1146     22      993
  SINCE DEC 1   2198                      2381   -183     2372
  SINCE JUL 1   3777                      3795    -18     3822

 COOLING
  YESTERDAY        0                         0      0        0
  MONTH TO DATE    0                         0      0        0
  SINCE DEC 1      0                         0      0        0
  SINCE JAN 1      0                         0      0        0
..................................................................


WIND (MPH)
  RESULTANT WIND SPEED   1   RESULTANT WIND DIRECTION   S (160)
  HIGHEST WIND SPEED    10   HIGHEST WIND DIRECTION     S (160)
  HIGHEST GUST SPEED    13   HIGHEST GUST DIRECTION    SE (140)
  AVERAGE WIND SPEED     5.8


SKY COVER
  POSSIBLE SUNSHINE  MM
  AVERAGE SKY COVER 0.7


WEATHER CONDITIONS
 THE FOLLOWING WEATHER WAS RECORDED YESTERDAY.
  LIGHT SNOW
  FOG
  HAZE


RELATIVE HUMIDITY (PERCENT)
 HIGHEST    92           800 PM
 LOWEST     68           100 PM
 AVERAGE    80

..........................................................


THE AURORA MUNICIPAL AIRPORT CLIMATE NORMALS FOR TODAY
                         NORMAL    RECORD    YEAR
 MAXIMUM TEMPERATURE (F)   29        MM        MM
 MINIMUM TEMPERATURE (F)   12        MM        MM


SUNRISE AND SUNSET
JANUARY 27 2015.......SUNRISE   711 AM CST   SUNSET   503 PM CST
JANUARY 28 2015.......SUNRISE   710 AM CST   SUNSET   504 PM CST


-  INDICATES NEGATIVE NUMBERS.
R  INDICATES RECORD WAS SET OR TIED.
MM INDICATES DATA IS MISSING.
T  INDICATES TRACE AMOUNT.




$$
