000
CDUS43 KLOT 300636
CLIARR


CLIMATE REPORT
NATIONAL WEATHER SERVICE CHICAGO IL
135 AM CDT WED JUL 30 2014


...................................

...THE AURORA MUNICIPAL AIRPORT CLIMATE SUMMARY FOR JULY 29 2014...

CLIMATE NORMAL PERIOD 1981 TO 2010
CLIMATE RECORD PERIOD 1998 TO 2014


WEATHER ITEM   OBSERVED TIME   RECORD YEAR NORMAL DEPARTURE LAST
                VALUE   (LST)  VALUE       VALUE  FROM      YEAR
                                                  NORMAL
..................................................................
TEMPERATURE (F)
 YESTERDAY
  MAXIMUM         80    200 PM  93    2006  82     -2       77
  MINIMUM         52    525 AM  49    2013  59     -7       49
  AVERAGE         66                        71     -5       63

PRECIPITATION (IN)
  YESTERDAY        0.32          0.47 2008   0.13   0.19     0.00
  MONTH TO DATE    2.12                      3.90  -1.78     2.20
  SINCE JUN 1     11.08                      7.91   3.17     5.80
  SINCE JAN 1     19.07                     20.79  -1.72    22.66

DEGREE DAYS
 HEATING
  YESTERDAY        0                         0      0        2
  MONTH TO DATE   15                         0     15       15
  SINCE JUN 1     31                        41    -10       59
  SINCE JUL 1     15                         0     15       15

 COOLING
  YESTERDAY        1                         6     -5        0
  MONTH TO DATE  115                       199    -84      218
  SINCE JUN 1    311                       354    -43      363
  SINCE JAN 1    397                       395      2      443
..................................................................


WIND (MPH)
  RESULTANT WIND SPEED   6   RESULTANT WIND DIRECTION   W (290)
  HIGHEST WIND SPEED    24   HIGHEST WIND DIRECTION     W (280)
  HIGHEST GUST SPEED    30   HIGHEST GUST DIRECTION     W (270)
  AVERAGE WIND SPEED     6.9


SKY COVER
  POSSIBLE SUNSHINE  MM
  AVERAGE SKY COVER 0.4


WEATHER CONDITIONS
 THE FOLLOWING WEATHER WAS RECORDED YESTERDAY.
  THUNDERSTORM
  HEAVY RAIN
  RAIN
  LIGHT RAIN
  HAZE


RELATIVE HUMIDITY (PERCENT)
 HIGHEST    90          1100 PM
 LOWEST     45          1200 PM
 AVERAGE    68

..........................................................


THE AURORA MUNICIPAL AIRPORT CLIMATE NORMALS FOR TODAY
                         NORMAL    RECORD    YEAR
 MAXIMUM TEMPERATURE (F)   82        99      1999
 MINIMUM TEMPERATURE (F)   59        53      2009
                                             2003


SUNRISE AND SUNSET
JULY 30 2014..........SUNRISE   546 AM CDT   SUNSET   814 PM CDT
JULY 31 2014..........SUNRISE   547 AM CDT   SUNSET   813 PM CDT


-  INDICATES NEGATIVE NUMBERS.
R  INDICATES RECORD WAS SET OR TIED.
MM INDICATES DATA IS MISSING.
T  INDICATES TRACE AMOUNT.




$$
