000
CDUS43 KLOT 180645
CLIARR


CLIMATE REPORT
NATIONAL WEATHER SERVICE CHICAGO IL
1244 AM CST THU DEC 18 2014


...................................

...THE AURORA MUNICIPAL AIRPORT CLIMATE SUMMARY FOR DECEMBER 17 2014...

CLIMATE NORMAL PERIOD 1981 TO 2010
CLIMATE RECORD PERIOD 1998 TO 2014


WEATHER ITEM   OBSERVED TIME   RECORD YEAR NORMAL DEPARTURE LAST
                VALUE   (LST)  VALUE       VALUE  FROM      YEAR
                                                  NORMAL
..................................................................
TEMPERATURE (F)
 YESTERDAY
  MAXIMUM         29   1206 AM  52    2006  32     -3       31
  MINIMUM         24   1159 PM  -4    2000  17      7       14
  AVERAGE         27                        24      3       23

PRECIPITATION (IN)
  YESTERDAY        0.00          0.07 2011   0.05  -0.05     0.01
  MONTH TO DATE    0.31                      1.29  -0.98     0.20
  SINCE DEC 1      0.31                      1.29  -0.98     0.20
  SINCE JAN 1     29.22                     36.19  -6.97    33.03

DEGREE DAYS
 HEATING
  YESTERDAY       38                        41     -3       42
  MONTH TO DATE  552                       645    -93      766
  SINCE DEC 1    552                       645    -93      766
  SINCE JUL 1   2131                      2059     72     2216

 COOLING
  YESTERDAY        0                         0      0        0
  MONTH TO DATE    0                         0      0        0
  SINCE DEC 1      0                         0      0        0
  SINCE JAN 1    693                       655     38      745
..................................................................


WIND (MPH)
  RESULTANT WIND SPEED  13   RESULTANT WIND DIRECTION   W (290)
  HIGHEST WIND SPEED    22   HIGHEST WIND DIRECTION     W (280)
  HIGHEST GUST SPEED    26   HIGHEST GUST DIRECTION    NW (300)
  AVERAGE WIND SPEED    12.7


SKY COVER
  POSSIBLE SUNSHINE  MM
  AVERAGE SKY COVER 1.0


WEATHER CONDITIONS
 THE FOLLOWING WEATHER WAS RECORDED YESTERDAY.
  NO SIGNIFICANT WEATHER WAS OBSERVED.


RELATIVE HUMIDITY (PERCENT)
 HIGHEST    81           100 AM
 LOWEST     63           900 AM
 AVERAGE    72

..........................................................


THE AURORA MUNICIPAL AIRPORT CLIMATE NORMALS FOR TODAY
                         NORMAL    RECORD    YEAR
 MAXIMUM TEMPERATURE (F)   32        56      2002
 MINIMUM TEMPERATURE (F)   17        -6      2008


SUNRISE AND SUNSET
DECEMBER 18 2014......SUNRISE   716 AM CST   SUNSET   425 PM CST
DECEMBER 19 2014......SUNRISE   717 AM CST   SUNSET   425 PM CST


-  INDICATES NEGATIVE NUMBERS.
R  INDICATES RECORD WAS SET OR TIED.
MM INDICATES DATA IS MISSING.
T  INDICATES TRACE AMOUNT.




$$
