000
CDUS43 KLOT 290648
CLIARR


CLIMATE REPORT
NATIONAL WEATHER SERVICE CHICAGO IL
144 AM CDT MON MAY 29 2017


...................................

...THE AURORA MUNICIPAL AIRPORT CLIMATE SUMMARY FOR MAY 28 2017...

CLIMATE NORMAL PERIOD 1981 TO 2010
CLIMATE RECORD PERIOD 1998 TO 2017


WEATHER ITEM   OBSERVED TIME   RECORD YEAR NORMAL DEPARTURE LAST
                VALUE   (LST)  VALUE       VALUE  FROM      YEAR
                                                  NORMAL
..................................................................
TEMPERATURE (F)
 YESTERDAY
  MAXIMUM         77    419 PM  93    2006  74      3       85
  MINIMUM         57    454 AM  39    2008  52      5       65
  AVERAGE         67                        63      4       75

PRECIPITATION (IN)
  YESTERDAY        0.00          0.44 2016   0.13  -0.13     0.44
  MONTH TO DATE    4.49                      3.84   0.65     6.48
  SINCE MAR 1     14.19                      9.37   4.82    11.81
  SINCE JAN 1     18.08                     12.46   5.62    13.30

DEGREE DAYS
 HEATING
  YESTERDAY        0                         4     -4        0
  MONTH TO DATE  211                       218     -7      204
  SINCE MAR 1   1348                      1586   -238     1332
  SINCE JUL 1   5409                      6724  -1315     5453

 COOLING
  YESTERDAY        2                         2      0       10
  MONTH TO DATE   27                        30     -3       52
  SINCE MAR 1     33                        33      0       57
  SINCE JAN 1     33                        33      0       57
..................................................................


WIND (MPH)
  RESULTANT WIND SPEED   6   RESULTANT WIND DIRECTION   W (290)
  HIGHEST WIND SPEED    24   HIGHEST WIND DIRECTION     W (290)
  HIGHEST GUST SPEED    29   HIGHEST GUST DIRECTION     W (280)
  AVERAGE WIND SPEED     7.4


SKY COVER
  POSSIBLE SUNSHINE  MM
  AVERAGE SKY COVER 0.2


WEATHER CONDITIONS
 THE FOLLOWING WEATHER WAS RECORDED YESTERDAY.
  FOG
  HAZE


RELATIVE HUMIDITY (PERCENT)
 HIGHEST    93           300 AM
 LOWEST     43           400 PM
 AVERAGE    68

..........................................................


THE AURORA MUNICIPAL AIRPORT CLIMATE NORMALS FOR TODAY
                         NORMAL    RECORD    YEAR
 MAXIMUM TEMPERATURE (F)   75        92      2006
 MINIMUM TEMPERATURE (F)   52        40      2008


SUNRISE AND SUNSET
MAY 29 2017...........SUNRISE   523 AM CDT   SUNSET   820 PM CDT
MAY 30 2017...........SUNRISE   522 AM CDT   SUNSET   821 PM CDT


-  INDICATES NEGATIVE NUMBERS.
R  INDICATES RECORD WAS SET OR TIED.
MM INDICATES DATA IS MISSING.
T  INDICATES TRACE AMOUNT.




$$
