000
CDUS43 KLOT 240636
CLIARR


CLIMATE REPORT
NATIONAL WEATHER SERVICE CHICAGO IL
136 AM CDT TUE MAY 24 2016


...................................

...THE AURORA MUNICIPAL AIRPORT CLIMATE SUMMARY FOR MAY 23 2016...

CLIMATE NORMAL PERIOD 1981 TO 2010
CLIMATE RECORD PERIOD 1998 TO 2016


WEATHER ITEM   OBSERVED TIME   RECORD YEAR NORMAL DEPARTURE LAST
                VALUE   (LST)  VALUE       VALUE  FROM      YEAR
                                                  NORMAL
..................................................................
TEMPERATURE (F)
 YESTERDAY
  MAXIMUM         85    206 PM  90    2010  73     12       82
                                      2007
  MINIMUM         48    431 AM  38    2006  50     -2       44
  AVERAGE         67                        61      6       63

PRECIPITATION (IN)
  YESTERDAY        0.00          0.25 2013   0.16  -0.16     0.00
  MONTH TO DATE    3.93                      3.16   0.77     2.60
  SINCE MAR 1      9.26                      8.69   0.57     7.23
  SINCE JAN 1     10.75                     11.78  -1.03     7.91

DEGREE DAYS
 HEATING
  YESTERDAY        0                         6     -6        2
  MONTH TO DATE  204                       194     10      138
  SINCE MAR 1   1332                      1562   -230     1532
  SINCE JUL 1   5453                      6700  -1247     6987

 COOLING
  YESTERDAY        2                         2      0        0
  MONTH TO DATE    3                        20    -17       37
  SINCE MAR 1      8                        23    -15       37
  SINCE JAN 1      8                        23    -15       37
..................................................................


WIND (MPH)
  RESULTANT WIND SPEED   6   RESULTANT WIND DIRECTION  SE (150)
  HIGHEST WIND SPEED    17   HIGHEST WIND DIRECTION    SE (140)
  HIGHEST GUST SPEED    23   HIGHEST GUST DIRECTION    SE (140)
  AVERAGE WIND SPEED     6.8


SKY COVER
  POSSIBLE SUNSHINE  MM
  AVERAGE SKY COVER 0.0


WEATHER CONDITIONS
 THE FOLLOWING WEATHER WAS RECORDED YESTERDAY.
  HAZE


RELATIVE HUMIDITY (PERCENT)
 HIGHEST    80           300 AM
 LOWEST     28           300 PM
 AVERAGE    54

..........................................................


THE AURORA MUNICIPAL AIRPORT CLIMATE NORMALS FOR TODAY
                         NORMAL    RECORD    YEAR
 MAXIMUM TEMPERATURE (F)   73        91      2012
                                             2010
 MINIMUM TEMPERATURE (F)   50        35      2013


SUNRISE AND SUNSET
MAY 24 2016...........SUNRISE   526 AM CDT   SUNSET   816 PM CDT
MAY 25 2016...........SUNRISE   525 AM CDT   SUNSET   817 PM CDT


-  INDICATES NEGATIVE NUMBERS.
R  INDICATES RECORD WAS SET OR TIED.
MM INDICATES DATA IS MISSING.
T  INDICATES TRACE AMOUNT.




$$
