000
CDUS41 KBUF 241014
CLIART


CLIMATE REPORT
NATIONAL WEATHER SERVICE BUFFALO NY
613 AM EDT MON JUL 24 2017


...................................

...THE WATERTOWN NY CLIMATE SUMMARY FOR JULY 23 2017...

CLIMATE NORMAL PERIOD 1981 TO 2010
CLIMATE RECORD PERIOD 1949 TO 2017


WEATHER ITEM   OBSERVED TIME   RECORD YEAR NORMAL DEPARTURE LAST
                VALUE   (LST)  VALUE       VALUE  FROM      YEAR
                                                  NORMAL
..................................................................
TEMPERATURE (F)
 YESTERDAY
  MAXIMUM         79    238 PM  93    1964  80     -1       85
  MINIMUM         62    336 AM  39    1981  59      3       61
  AVERAGE         71                        69      2       73

PRECIPITATION (IN)
  YESTERDAY        0.01          0.73 1962   0.09  -0.08     0.00
  MONTH TO DATE    3.07                      1.92   1.15     0.32
  SINCE JUN 1      9.25                      4.77   4.48     3.92
  SINCE JAN 1     24.92                     17.92   7.00    14.92

DEGREE DAYS
 HEATING
  YESTERDAY        0                         1     -1        0
  MONTH TO DATE    2                        24    -22        5
  SINCE JUN 1    104                       131    -27      103
  SINCE JUL 1      2                        24    -22        5

 COOLING
  YESTERDAY        6                         5      1        8
  MONTH TO DATE  110                       104      6      141
  SINCE JUN 1    190                       166     24      188
  SINCE JAN 1    209                       177     32      218
..................................................................


WIND (MPH)
  HIGHEST WIND SPEED    18   HIGHEST WIND DIRECTION    NE (50)
  HIGHEST GUST SPEED    23   HIGHEST GUST DIRECTION     E (70)
  AVERAGE WIND SPEED    10.0


SKY COVER
  AVERAGE SKY COVER 0.6


WEATHER CONDITIONS
 THE FOLLOWING WEATHER WAS RECORDED YESTERDAY.
  THUNDERSTORM
  LIGHT RAIN
  FOG


RELATIVE HUMIDITY (PERCENT)
 HIGHEST   100          1200 AM
 LOWEST     56           300 PM
 AVERAGE    78

..........................................................


THE WATERTOWN NY CLIMATE NORMALS FOR TODAY
                         NORMAL    RECORD    YEAR
 MAXIMUM TEMPERATURE (F)   80        90      1973
 MINIMUM TEMPERATURE (F)   59        43      2004


SUNRISE AND SUNSET
JULY 24 2017..........SUNRISE   544 AM EDT   SUNSET   837 PM EDT
JULY 25 2017..........SUNRISE   545 AM EDT   SUNSET   835 PM EDT


-  INDICATES NEGATIVE NUMBERS.
R  INDICATES RECORD WAS SET OR TIED.
MM INDICATES DATA IS MISSING.
T  INDICATES TRACE AMOUNT.

$$
