000
CDUS41 KBUF 100705
CLIART


CLIMATE REPORT
NATIONAL WEATHER SERVICE BUFFALO NY
305 AM EDT THU JUL 10 2014


...................................

...THE WATERTOWN NY CLIMATE SUMMARY FOR JULY 9 2014...

CLIMATE NORMAL PERIOD 1981 TO 2010
CLIMATE RECORD PERIOD 1949 TO 2014


WEATHER ITEM   OBSERVED TIME   RECORD YEAR NORMAL DEPARTURE LAST
                VALUE   (LST)  VALUE       VALUE  FROM      YEAR
                                                  NORMAL
..................................................................
TEMPERATURE (F)
 YESTERDAY
  MAXIMUM         71    346 PM  92    1955  79     -8       87
  MINIMUM         59   1159 PM  43    1972  58      1       67
  AVERAGE         65                        68     -3       77

PRECIPITATION (IN)
  YESTERDAY        0.00          1.37 2005   0.08  -0.08     0.04
  MONTH TO DATE    2.36                      0.75   1.61     1.16
  SINCE JUN 1      5.27                      3.60   1.67     7.20
  SINCE JAN 1     23.87                     16.75   7.12    17.82

DEGREE DAYS
 HEATING
  YESTERDAY        0                         1     -1        0
  MONTH TO DATE    3                        10     -7        0
  SINCE JUN 1     65                       117    -52      103
  SINCE JUL 1      3                        10     -7        0

 COOLING
  YESTERDAY        0                         4     -4       12
  MONTH TO DATE   61                        36     25       82
  SINCE JUN 1    173                        98     75      156
  SINCE JAN 1    196                       109     87      188
..................................................................


WIND (MPH)
  HIGHEST WIND SPEED    25   HIGHEST WIND DIRECTION    SW (230)
  HIGHEST GUST SPEED    35   HIGHEST GUST DIRECTION    SW (220)
  AVERAGE WIND SPEED    11.9


SKY COVER
  AVERAGE SKY COVER 0.5


WEATHER CONDITIONS
 THE FOLLOWING WEATHER WAS RECORDED YESTERDAY.
  NO SIGNIFICANT WEATHER WAS OBSERVED.


RELATIVE HUMIDITY (PERCENT)
 HIGHEST    80          1100 PM
 LOWEST     57           400 PM
 AVERAGE    69

..........................................................


THE WATERTOWN NY CLIMATE NORMALS FOR TODAY
                         NORMAL    RECORD    YEAR
 MAXIMUM TEMPERATURE (F)   79        92      2007
 MINIMUM TEMPERATURE (F)   58        43      1962


SUNRISE AND SUNSET
JULY 10 2014..........SUNRISE   531 AM EDT   SUNSET   847 PM EDT
JULY 11 2014..........SUNRISE   532 AM EDT   SUNSET   847 PM EDT


-  INDICATES NEGATIVE NUMBERS.
R  INDICATES RECORD WAS SET OR TIED.
MM INDICATES DATA IS MISSING.
T  INDICATES TRACE AMOUNT.




$$
