000
CDUS41 KBUF 241020
CLIART


CLIMATE REPORT
NATIONAL WEATHER SERVICE BUFFALO NY
620 AM EDT SUN SEP 24 2017


...................................

...THE WATERTOWN NY CLIMATE SUMMARY FOR SEPTEMBER 23 2017...

CLIMATE NORMAL PERIOD 1981 TO 2010
CLIMATE RECORD PERIOD 1949 TO 2017


WEATHER ITEM   OBSERVED TIME   RECORD YEAR NORMAL DEPARTURE LAST
                VALUE   (LST)  VALUE       VALUE  FROM      YEAR
                                                  NORMAL
..................................................................
TEMPERATURE (F)
 YESTERDAY
  MAXIMUM         81    302 PM  86    1964  68     13       67
  MINIMUM         51    346 AM  26    1974  46      5       40
  AVERAGE         66                        57      9       54

PRECIPITATION (IN)
  YESTERDAY        0.00          1.22 1983   0.14  -0.14     0.02
  MONTH TO DATE    1.13                      2.76  -1.63     2.32
  SINCE SEP 1      1.13                      2.76  -1.63     2.32
  SINCE JAN 1     31.86                     24.56   7.30    21.35

DEGREE DAYS
 HEATING
  YESTERDAY        0                         9     -9       11
  MONTH TO DATE  102                       129    -27       73
  SINCE SEP 1    102                       129    -27       73
  SINCE JUL 1    172                       201    -29       84

 COOLING
  YESTERDAY        1                         1      0        0
  MONTH TO DATE   23                        33    -10       47
  SINCE SEP 1     23                        33    -10       47
  SINCE JAN 1    353                       357     -4      561
..................................................................


WIND (MPH)
  HIGHEST WIND SPEED    14   HIGHEST WIND DIRECTION    SW (220)
  HIGHEST GUST SPEED    19   HIGHEST GUST DIRECTION    SW (220)
  AVERAGE WIND SPEED     4.1


SKY COVER
  AVERAGE SKY COVER 0.0


WEATHER CONDITIONS
 THE FOLLOWING WEATHER WAS RECORDED YESTERDAY.
  FOG
  HAZE


RELATIVE HUMIDITY (PERCENT)
 HIGHEST   100          1200 AM
 LOWEST     36           300 PM
 AVERAGE    68

..........................................................


THE WATERTOWN NY CLIMATE NORMALS FOR TODAY
                         NORMAL    RECORD    YEAR
 MAXIMUM TEMPERATURE (F)   67        88      2010
                                             1970
 MINIMUM TEMPERATURE (F)   46        26      1997


SUNRISE AND SUNSET
SEPTEMBER 24 2017.....SUNRISE   654 AM EDT   SUNSET   657 PM EDT
SEPTEMBER 25 2017.....SUNRISE   655 AM EDT   SUNSET   655 PM EDT


-  INDICATES NEGATIVE NUMBERS.
R  INDICATES RECORD WAS SET OR TIED.
MM INDICATES DATA IS MISSING.
T  INDICATES TRACE AMOUNT.




$$
