000
CDUS41 KBUF 062023
CLIART


CLIMATE REPORT
NATIONAL WEATHER SERVICE BUFFALO NY
423 PM EDT FRI MAY 6 2016


...................................

...THE WATERTOWN NY CLIMATE SUMMARY FOR MAY 6 2016...
VALID TODAY AS OF 0400 PM LOCAL TIME.

CLIMATE NORMAL PERIOD 1981 TO 2010
CLIMATE RECORD PERIOD 1949 TO 2016


WEATHER ITEM   OBSERVED TIME   RECORD YEAR NORMAL DEPARTURE LAST
                VALUE   (LST)  VALUE       VALUE  FROM      YEAR
                                                  NORMAL
..................................................................
TEMPERATURE (F)
 TODAY
  MAXIMUM         66   1143 AM  81    1999  63      3       73
  MINIMUM         36    505 AM  24    1969  40     -4       34
  AVERAGE         51                        52     -1       54

PRECIPITATION (IN)
  TODAY            0.00          0.53 1989   0.10  -0.10     0.00
  MONTH TO DATE    0.75                      0.56   0.19     0.06
  SINCE MAR 1      4.54                      5.76  -1.22     2.58
  SINCE JAN 1     10.35                     10.64  -0.29     5.67

DEGREE DAYS
 HEATING
  TODAY           14                        14      0       11
  MONTH TO DATE   92                        87      5       46
  SINCE MAR 1   1760                      1789    -29     1854
  SINCE JUL 1   6408                      7230   -822     7374

 COOLING
  TODAY            0                         0      0        0
  MONTH TO DATE    0                         0      0        2
  SINCE MAR 1      0                         1     -1        2
  SINCE JAN 1      0                         1     -1        2
..................................................................


WIND (MPH)
  HIGHEST WIND SPEED    23   HIGHEST WIND DIRECTION    NE (40)
  HIGHEST GUST SPEED    31   HIGHEST GUST DIRECTION    NE (60)
  AVERAGE WIND SPEED    10.2


SKY COVER
  AVERAGE SKY COVER 0.0


WEATHER CONDITIONS
 THE FOLLOWING WEATHER WAS RECORDED TODAY.
  FOG


RELATIVE HUMIDITY (PERCENT)
 HIGHEST    92           400 AM
 LOWEST     34           200 PM
 AVERAGE    63

..........................................................


THE WATERTOWN NY CLIMATE NORMALS FOR TOMORROW
                         NORMAL    RECORD    YEAR
 MAXIMUM TEMPERATURE (F)   63        81      1960
 MINIMUM TEMPERATURE (F)   41        18      1966


SUNRISE AND SUNSET
MAY  6 2016...........SUNRISE   548 AM EDT   SUNSET   814 PM EDT
MAY  7 2016...........SUNRISE   547 AM EDT   SUNSET   815 PM EDT


-  INDICATES NEGATIVE NUMBERS.
R  INDICATES RECORD WAS SET OR TIED.
MM INDICATES DATA IS MISSING.
T  INDICATES TRACE AMOUNT.

$$
