000
CDUS41 KBUF 292022
CLIART


CLIMATE REPORT
NATIONAL WEATHER SERVICE BUFFALO NY
422 PM EDT MON MAY 29 2017


...................................

...THE WATERTOWN NY CLIMATE SUMMARY FOR MAY 29 2017...
VALID TODAY AS OF 0400 PM LOCAL TIME.

CLIMATE NORMAL PERIOD 1981 TO 2010
CLIMATE RECORD PERIOD 1949 TO 2017


WEATHER ITEM   OBSERVED TIME   RECORD YEAR NORMAL DEPARTURE LAST
                VALUE   (LST)  VALUE       VALUE  FROM      YEAR
                                                  NORMAL
..................................................................
TEMPERATURE (F)
 TODAY
  MAXIMUM         68    250 PM  87    2012  70     -2       83
  MINIMUM         56    925 AM  32    1970  48      8       64
  AVERAGE         62                        58      4       74

PRECIPITATION (IN)
  TODAY            0.27          0.86 1984   0.10   0.17      T
  MONTH TO DATE    5.57                      2.86   2.71     1.40
  SINCE MAR 1     11.99                      8.06   3.93     5.19
  SINCE JAN 1     15.62                     12.94   2.68    11.00

DEGREE DAYS
 HEATING
  TODAY            3                         7     -4        0
  MONTH TO DATE  342                       319     23      324
  SINCE MAR 1   2037                      2021     16     1992
  SINCE JUL 1   6648                      7462   -814     6640

 COOLING
  TODAY            0                         1     -1        9
  MONTH TO DATE   11                         6      5       25
  SINCE MAR 1     18                         7     11       25
  SINCE JAN 1     18                         7     11       25
..................................................................


WIND (MPH)
  HIGHEST WIND SPEED    17   HIGHEST WIND DIRECTION     S (160)
  HIGHEST GUST SPEED    28   HIGHEST GUST DIRECTION    SE (150)
  AVERAGE WIND SPEED     8.3


SKY COVER
  AVERAGE SKY COVER 0.8


WEATHER CONDITIONS
 THE FOLLOWING WEATHER WAS RECORDED TODAY.
  RAIN
  LIGHT RAIN
  FOG


RELATIVE HUMIDITY (PERCENT)
 HIGHEST    93          1000 AM
 LOWEST     73          1200 AM
 AVERAGE    83

..........................................................


THE WATERTOWN NY CLIMATE NORMALS FOR TOMORROW
                         NORMAL    RECORD    YEAR
 MAXIMUM TEMPERATURE (F)   70        86      2015
                                             1987
 MINIMUM TEMPERATURE (F)   48        31      1996


SUNRISE AND SUNSET
MAY 29 2017...........SUNRISE   526 AM EDT   SUNSET   838 PM EDT
MAY 30 2017...........SUNRISE   525 AM EDT   SUNSET   839 PM EDT


-  INDICATES NEGATIVE NUMBERS.
R  INDICATES RECORD WAS SET OR TIED.
MM INDICATES DATA IS MISSING.
T  INDICATES TRACE AMOUNT.

$$
