000
CDUS45 KGJT 290008
CLIASE


CLIMATE REPORT
NATIONAL WEATHER SERVICE GRAND JUNCTION CO
601 PM MDT FRI APR 28 2017


...................................

...THE ASPEN CO CLIMATE SUMMARY FOR APRIL 28 2017...
VALID TODAY AS OF 0530 PM LOCAL TIME.

CLIMATE NORMAL PERIOD 1981 TO 2010
CLIMATE RECORD PERIOD 9999 TO 9999


WEATHER ITEM   OBSERVED TIME   RECORD YEAR NORMAL DEPARTURE LAST
                VALUE   (LST)  VALUE       VALUE  FROM      YEAR
                                                  NORMAL
..................................................................
TEMPERATURE (F)
 TODAY
  MAXIMUM         39    337 PM  MM      MM  56    -17       50
  MINIMUM         22    300 AM  MM      MM  30     -8       30
  AVERAGE         31                        43    -12       40

PRECIPITATION (IN)
  TODAY            0.01         MM      MM   0.07  -0.06     0.03
  MONTH TO DATE    1.22                      1.69  -0.47     1.84
  SINCE MAR 1      2.00                      3.01  -1.01     2.92
  SINCE JAN 1      4.60                      5.25  -0.65     5.02

SNOWFALL (IN)
  TODAY           MM            MM      MM  MM     MM       MM
  MONTH TO DATE   MM                        MM     MM       MM
  SINCE MAR 1     MM                        MM     MM       MM
  SINCE JUL 1     MM                        MM     MM       MM
  SNOW DEPTH      MM

DEGREE DAYS
 HEATING
  TODAY           34                        22     12       25
  MONTH TO DATE  678                       712    -34      654
  SINCE MAR 1   1463                      1768   -305     1605
  SINCE JUL 1   6859                      8087  -1228     7333

 COOLING
  TODAY            0                         0      0        0
  MONTH TO DATE    0                         0      0        0
  SINCE MAR 1      0                         0      0        0
  SINCE JAN 1      0                         0      0        0
..................................................................


WIND (MPH)
  HIGHEST WIND SPEED    17   HIGHEST WIND DIRECTION    NW (330)
  HIGHEST GUST SPEED    23   HIGHEST GUST DIRECTION    NW (320)
  AVERAGE WIND SPEED     6.2


SKY COVER
  POSSIBLE SUNSHINE  MM
  AVERAGE SKY COVER 0.7


WEATHER CONDITIONS
 THE FOLLOWING WEATHER WAS RECORDED TODAY.
  LIGHT SNOW
  FOG
  HAZE


RELATIVE HUMIDITY (PERCENT)
 HIGHEST    92           700 AM
 LOWEST     48           400 PM
 AVERAGE    70

..........................................................


THE ASPEN CO CLIMATE NORMALS FOR TOMORROW
                         NORMAL    RECORD    YEAR
 MAXIMUM TEMPERATURE (F)   57        MM        MM
 MINIMUM TEMPERATURE (F)   31        MM        MM


SUNRISE AND SUNSET
APRIL 28 2017.........SUNRISE   612 AM MDT   SUNSET   758 PM MDT
APRIL 29 2017.........SUNRISE   611 AM MDT   SUNSET   759 PM MDT


-  INDICATES NEGATIVE NUMBERS.
R  INDICATES RECORD WAS SET OR TIED.
MM INDICATES DATA IS MISSING.
T  INDICATES TRACE AMOUNT.




$$
