000
CDUS46 KPQR 201142
CLIAST


CLIMATE REPORT
NATIONAL WEATHER SERVICE PORTLAND OREGON
442 AM PDT SAT SEP 20 2014


...................................

...THE ASTORIA OR CLIMATE SUMMARY FOR SEPTEMBER 19 2014...

CLIMATE NORMAL PERIOD 1981 TO 2010
CLIMATE RECORD PERIOD 1892 TO 2014


WEATHER ITEM   OBSERVED TIME   RECORD YEAR NORMAL DEPARTURE LAST
                VALUE   (LST)  VALUE       VALUE  FROM      YEAR
                                                  NORMAL
..................................................................
TEMPERATURE (F)
 YESTERDAY
  MAXIMUM         73    123 PM  85    1939  67      6       73
  MINIMUM         54   1159 PM  36    1983  49      5       50
  AVERAGE         64                        58      6       62

PRECIPITATION (IN)
  YESTERDAY        T             1.22 1973   0.08  -0.08     0.00
  MONTH TO DATE    0.17                      1.19  -1.02     0.88
  SINCE OCT 1     54.64                     66.31 -11.67    78.85
  SINCE JAN 1     42.48                     39.29   3.19    37.23

DEGREE DAYS
 HEATING
  YESTERDAY        1                         7     -6        3
  MONTH TO DATE   44                       110    -66       49
  SINCE SEP 1     44                       110    -66       49
  SINCE JUL 1    202                       391   -189      296

 COOLING
  YESTERDAY        0                         0      0        0
  MONTH TO DATE   16                         0     16        3
  SINCE SEP 1     16                         0     16        3
  SINCE JAN 1     41                         7     34        9
..................................................................


WIND (MPH)
  HIGHEST WIND SPEED    14   HIGHEST WIND DIRECTION    NW (300)
  HIGHEST GUST SPEED    17   HIGHEST GUST DIRECTION    NW (310)
  AVERAGE WIND SPEED     6.5


SKY COVER
  POSSIBLE SUNSHINE  MM
  AVERAGE SKY COVER 0.5


WEATHER CONDITIONS
 THE FOLLOWING WEATHER WAS RECORDED YESTERDAY.
  FOG


RELATIVE HUMIDITY (PERCENT)
 HIGHEST    97           200 AM
 LOWEST     61          1100 AM
 AVERAGE    79

..........................................................


THE ASTORIA OR CLIMATE NORMALS FOR TODAY
                         NORMAL    RECORD    YEAR
 MAXIMUM TEMPERATURE (F)   67        84      1939
 MINIMUM TEMPERATURE (F)   49        40      1985


SUNRISE AND SUNSET
SEPTEMBER 20 2014.....SUNRISE   700 AM PDT   SUNSET   717 PM PDT
SEPTEMBER 21 2014.....SUNRISE   701 AM PDT   SUNSET   715 PM PDT


-  INDICATES NEGATIVE NUMBERS.
R  INDICATES RECORD WAS SET OR TIED.
MM INDICATES DATA IS MISSING.
T  INDICATES TRACE AMOUNT.




$$
