000
CDUS46 KPQR 230221
CLIAST


CLIMATE REPORT
NATIONAL WEATHER SERVICE PORTLAND OREGON
620 PM PST MON DEC 22 2014


...................................

...THE ASTORIA OR CLIMATE SUMMARY FOR DECEMBER 22 2014...
VALID TODAY AS OF 0600 PM LOCAL TIME.

CLIMATE NORMAL PERIOD 1981 TO 2010
CLIMATE RECORD PERIOD 1892 TO 2014


WEATHER ITEM   OBSERVED TIME   RECORD YEAR NORMAL DEPARTURE LAST
                VALUE   (LST)  VALUE       VALUE  FROM      YEAR
                                                  NORMAL
..................................................................
TEMPERATURE (F)
 TODAY
  MAXIMUM         52    248 PM  59    1999  48      4       51
                                      1940
  MINIMUM         41    815 AM  15    1983  36      5       48
  AVERAGE         47                        42      5       50

PRECIPITATION (IN)
  TODAY            0.00          2.60 1936   0.31  -0.31     0.20
  MONTH TO DATE    8.12                      7.07   1.05     4.35
  SINCE OCT 1     23.17                     24.20  -1.03    11.51
  SINCE JAN 1     70.42                     64.44   5.98    58.56

DEGREE DAYS
 HEATING
  TODAY           18                        23     -5       15
  MONTH TO DATE  354                       492   -138      618
  SINCE DEC 1    354                       492   -138      618
  SINCE JUL 1   1336                      1905   -569     1971

 COOLING
  TODAY            0                         0      0        0
  MONTH TO DATE    0                         0      0        0
  SINCE DEC 1      0                         0      0        0
  SINCE JAN 1     45                        12     33        9
..................................................................


WIND (MPH)
  HIGHEST WIND SPEED    10   HIGHEST WIND DIRECTION     N (10)
  HIGHEST GUST SPEED    15   HIGHEST GUST DIRECTION    NE (30)
  AVERAGE WIND SPEED     3.5


SKY COVER
  POSSIBLE SUNSHINE  MM
  AVERAGE SKY COVER 0.8


WEATHER CONDITIONS
 THE FOLLOWING WEATHER WAS RECORDED TODAY.
  FOG
  FOG W/VISIBILITY <= 1/4 MILE


RELATIVE HUMIDITY (PERCENT)
 HIGHEST   100           700 AM
 LOWEST     83           400 PM
 AVERAGE    92

..........................................................


THE ASTORIA OR CLIMATE NORMALS FOR TOMORROW
                         NORMAL    RECORD    YEAR
 MAXIMUM TEMPERATURE (F)   48        61      2005
 MINIMUM TEMPERATURE (F)   36        13      1983


SUNRISE AND SUNSET
DECEMBER 22 2014......SUNRISE   756 AM PST   SUNSET   433 PM PST
DECEMBER 23 2014......SUNRISE   756 AM PST   SUNSET   433 PM PST


-  INDICATES NEGATIVE NUMBERS.
R  INDICATES RECORD WAS SET OR TIED.
MM INDICATES DATA IS MISSING.
T  INDICATES TRACE AMOUNT.




$$
