895
CDUS46 KPQR 040228
CLIAST


CLIMATE REPORT
NATIONAL WEATHER SERVICE PORTLAND OREGON
728 PM PDT TUE MAY 3 2016


...................................

...THE ASTORIA OR CLIMATE SUMMARY FOR MAY 3 2016...
VALID TODAY AS OF 0700 PM LOCAL TIME.

CLIMATE NORMAL PERIOD 1981 TO 2010
CLIMATE RECORD PERIOD 1892 TO 2016


WEATHER ITEM   OBSERVED TIME   RECORD YEAR NORMAL DEPARTURE LAST
                VALUE   (LST)  VALUE       VALUE  FROM      YEAR
                                                  NORMAL
..................................................................
TEMPERATURE (F)
 TODAY
  MAXIMUM         63    213 PM  81    1992  59      4       63
                                      1944
  MINIMUM         53    523 AM  35    1980  43     10       40
                                      1949
  AVERAGE         58                        51      7       52

PRECIPITATION (IN)
  TODAY            T             1.33 2012   0.13  -0.13     0.00
  MONTH TO DATE    T                         0.38  -0.38     0.00
  SINCE OCT 1     78.90                     57.44  21.46    50.99
  SINCE JAN 1     36.37                     30.42   5.95    25.37

DEGREE DAYS
 HEATING
  TODAY            7                        14     -7       13
  MONTH TO DATE   12                        42    -30       38
  SINCE MAR 1    818                      1109   -291      968
  SINCE JUL 1   3437                      4451  -1014     3508

 COOLING
  TODAY            0                         0      0        0
  MONTH TO DATE    0                         0      0        0
  SINCE MAR 1      3                         0      3        2
  SINCE JAN 1      3                         0      3        2
..................................................................


WIND (MPH)
  HIGHEST WIND SPEED    16   HIGHEST WIND DIRECTION    NW (330)
  HIGHEST GUST SPEED    21   HIGHEST GUST DIRECTION    NW (310)
  AVERAGE WIND SPEED     8.0


SKY COVER
  POSSIBLE SUNSHINE  MM
  AVERAGE SKY COVER 0.9


WEATHER CONDITIONS
 THE FOLLOWING WEATHER WAS RECORDED TODAY.
  FOG
  HAZE


RELATIVE HUMIDITY (PERCENT)
 HIGHEST    93           100 AM
 LOWEST     72           200 PM
 AVERAGE    83

..........................................................


THE ASTORIA OR CLIMATE NORMALS FOR TOMORROW
                         NORMAL    RECORD    YEAR
 MAXIMUM TEMPERATURE (F)   59        82      2013
 MINIMUM TEMPERATURE (F)   43        33      1969


SUNRISE AND SUNSET
MAY  3 2016...........SUNRISE   558 AM PDT   SUNSET   827 PM PDT
MAY  4 2016...........SUNRISE   557 AM PDT   SUNSET   829 PM PDT


-  INDICATES NEGATIVE NUMBERS.
R  INDICATES RECORD WAS SET OR TIED.
MM INDICATES DATA IS MISSING.
T  INDICATES TRACE AMOUNT.




$$
