000
CDUS46 KPQR 271141
CLIAST


CLIMATE REPORT
NATIONAL WEATHER SERVICE PORTLAND OREGON
441 AM PDT TUE JUN 27 2017


...................................

...THE ASTORIA OR CLIMATE SUMMARY FOR JUNE 26 2017...

CLIMATE NORMAL PERIOD 1981 TO 2010
CLIMATE RECORD PERIOD 1892 TO 2017


WEATHER ITEM   OBSERVED TIME   RECORD YEAR NORMAL DEPARTURE LAST
                VALUE   (LST)  VALUE       VALUE  FROM      YEAR
                                                  NORMAL
..................................................................
TEMPERATURE (F)
 YESTERDAY
  MAXIMUM         65    210 PM  85    2006  65      0       75
  MINIMUM         56    306 AM  41    1976  51      5       50
                                      1971
  AVERAGE         61                        58      3       63

PRECIPITATION (IN)
  YESTERDAY        T             1.10 1931   0.06  -0.06     0.00
                                      1903
  MONTH TO DATE    2.44                      2.32   0.12     2.00
  SINCE OCT 1     93.44                     62.70  30.74    81.76
  SINCE JAN 1     49.57                     35.68  13.89    39.23

DEGREE DAYS
 HEATING
  YESTERDAY        4                         7     -3        2
  MONTH TO DATE  188                       217    -29      155
  SINCE JUN 1    188                       217    -29      155
  SINCE JUL 1   4554                      4998   -444     3858

 COOLING
  YESTERDAY        0                         0      0        0
  MONTH TO DATE   10                         0     10        6
  SINCE JUN 1     10                         0     10        6
  SINCE JAN 1     12                         0     12        9
..................................................................


WIND (MPH)
  HIGHEST WIND SPEED    16   HIGHEST WIND DIRECTION     W (280)
  HIGHEST GUST SPEED    23   HIGHEST GUST DIRECTION     N (350)
  AVERAGE WIND SPEED     7.5


SKY COVER
  POSSIBLE SUNSHINE  MM
  AVERAGE SKY COVER 1.0


WEATHER CONDITIONS
 THE FOLLOWING WEATHER WAS RECORDED YESTERDAY.
  LIGHT RAIN
  FOG


RELATIVE HUMIDITY (PERCENT)
 HIGHEST    93          1200 AM
 LOWEST     63           100 PM
 AVERAGE    78

..........................................................


THE ASTORIA OR CLIMATE NORMALS FOR TODAY
                         NORMAL    RECORD    YEAR
 MAXIMUM TEMPERATURE (F)   65        87      1995
 MINIMUM TEMPERATURE (F)   51        42      1965
                                             1947


SUNRISE AND SUNSET
JUNE 27 2017..........SUNRISE   526 AM PDT   SUNSET   911 PM PDT
JUNE 28 2017..........SUNRISE   527 AM PDT   SUNSET   911 PM PDT


-  INDICATES NEGATIVE NUMBERS.
R  INDICATES RECORD WAS SET OR TIED.
MM INDICATES DATA IS MISSING.
T  INDICATES TRACE AMOUNT.




$$
