000
CDUS46 KPQR 251141
CLIAST


CLIMATE REPORT
NATIONAL WEATHER SERVICE PORTLAND OREGON
440 AM PDT THU AUG 25 2016


...................................

...THE ASTORIA OR CLIMATE SUMMARY FOR AUGUST 24 2016...

CLIMATE NORMAL PERIOD 1981 TO 2010
CLIMATE RECORD PERIOD 1892 TO 2016


WEATHER ITEM   OBSERVED TIME   RECORD YEAR NORMAL DEPARTURE LAST
                VALUE   (LST)  VALUE       VALUE  FROM      YEAR
                                                  NORMAL
..................................................................
TEMPERATURE (F)
 YESTERDAY
  MAXIMUM         85    251 PM  86    1964  69     16       70
  MINIMUM         51    406 AM  45    1992  53     -2       51
                                      1991
  AVERAGE         68                        61      7       61

PRECIPITATION (IN)
  YESTERDAY        0.00          1.58 1953   0.04  -0.04     0.01
  MONTH TO DATE    0.40                      0.79  -0.39     0.10
  SINCE OCT 1     83.28                     64.75  18.53    53.50
  SINCE JAN 1     40.75                     37.73   3.02    27.88

DEGREE DAYS
 HEATING
  YESTERDAY        0                         4     -4        4
  MONTH TO DATE   46                        96    -50       31
  SINCE JUN 1    283                       488   -205      219
  SINCE JUL 1    107                       246   -139       70

 COOLING
  YESTERDAY        3                         0      3        0
  MONTH TO DATE   28                         0     28       16
  SINCE JUN 1     36                         3     33       41
  SINCE JAN 1     39                         3     36       43
..................................................................


WIND (MPH)
  HIGHEST WIND SPEED    18   HIGHEST WIND DIRECTION    NW (320)
  HIGHEST GUST SPEED    22   HIGHEST GUST DIRECTION    NW (300)
  AVERAGE WIND SPEED     6.4


SKY COVER
  POSSIBLE SUNSHINE  MM
  AVERAGE SKY COVER 0.1


WEATHER CONDITIONS
 THE FOLLOWING WEATHER WAS RECORDED YESTERDAY.
  FOG
  FOG W/VISIBILITY <= 1/4 MILE


RELATIVE HUMIDITY (PERCENT)
 HIGHEST   100           700 AM
 LOWEST     40           300 PM
 AVERAGE    70

..........................................................


THE ASTORIA OR CLIMATE NORMALS FOR TODAY
                         NORMAL    RECORD    YEAR
 MAXIMUM TEMPERATURE (F)   69        89      1933
 MINIMUM TEMPERATURE (F)   53        43      1992


SUNRISE AND SUNSET
AUGUST 25 2016........SUNRISE   628 AM PDT   SUNSET   806 PM PDT
AUGUST 26 2016........SUNRISE   629 AM PDT   SUNSET   804 PM PDT


-  INDICATES NEGATIVE NUMBERS.
R  INDICATES RECORD WAS SET OR TIED.
MM INDICATES DATA IS MISSING.
T  INDICATES TRACE AMOUNT.




$$
