000
CDUS42 KFFC 222135
CLIATL


CLIMATE REPORT
NATIONAL WEATHER SERVICE PEACHTREE CITY GA
434 PM EST WED FEB 22 2017


...................................

...THE ATLANTA CLIMATE SUMMARY FOR FEBRUARY 22 2017...
VALID TODAY AS OF 0400 PM LOCAL TIME.

CLIMATE NORMAL PERIOD 1981 TO 2010
CLIMATE RECORD PERIOD 1878 TO 2017


WEATHER ITEM   OBSERVED TIME   RECORD YEAR NORMAL DEPARTURE LAST
                VALUE   (LST)  VALUE       VALUE  FROM      YEAR
                                                  NORMAL
..................................................................
TEMPERATURE (F)
 TODAY
  MAXIMUM         71    305 PM  74    2003  58     13       63
                                      1949
                                      1917
  MINIMUM         60   1258 AM   8    1963  39     21       58
  AVERAGE         66                        49     17       61

PRECIPITATION (IN)
  TODAY            0.22          2.72 1962   0.17   0.05     1.52
  MONTH TO DATE    1.81                      3.69  -1.88     5.26
  SINCE DEC 1     12.99                     11.79   1.20    22.91
  SINCE JAN 1      9.99                      7.89   2.10    10.40

SNOWFALL (IN)
  TODAY            0.0           0.0  2002   0.0    0.0      0.0
  MONTH TO DATE    0.0                       0.3   -0.3       T
  SINCE DEC 1      T                         2.0   -2.0      0.3
  SINCE JUL 1      T                         2.0   -2.0      0.3
  SNOW DEPTH       0

DEGREE DAYS
 HEATING
  TODAY            0                        16    -16        4
  MONTH TO DATE  202                       407   -205      379
  SINCE DEC 1   1091                      1693   -602     1317
  SINCE JUL 1   1313                      2161   -848     1621

 COOLING
  TODAY            1                         0      1        0
  MONTH TO DATE    1                         0      1        0
  SINCE DEC 1      3                         1      2       22
  SINCE JAN 1      3                         0      3        0
..................................................................


WIND (MPH)
  HIGHEST WIND SPEED    17   HIGHEST WIND DIRECTION     E (70)
  HIGHEST GUST SPEED    26   HIGHEST GUST DIRECTION    NE (40)
  AVERAGE WIND SPEED    10.4


SKY COVER
  POSSIBLE SUNSHINE  MM
  AVERAGE SKY COVER 0.9


WEATHER CONDITIONS
 THE FOLLOWING WEATHER WAS RECORDED TODAY.
  LIGHT RAIN
  FOG


RELATIVE HUMIDITY (PERCENT)
 HIGHEST   100           400 AM
 LOWEST     70           300 PM
 AVERAGE    85

..........................................................


THE ATLANTA CLIMATE NORMALS FOR TOMORROW
                         NORMAL    RECORD    YEAR
 MAXIMUM TEMPERATURE (F)   59        79      1980
 MINIMUM TEMPERATURE (F)   39        19      1939


SUNRISE AND SUNSET
FEBRUARY 22 2017......SUNRISE   714 AM EST   SUNSET   629 PM EST
FEBRUARY 23 2017......SUNRISE   713 AM EST   SUNSET   630 PM EST


-  INDICATES NEGATIVE NUMBERS.
R  INDICATES RECORD WAS SET OR TIED.
MM INDICATES DATA IS MISSING.
T  INDICATES TRACE AMOUNT.




$$
