000
CDUS42 KFFC 110918
CLIATL


CLIMATE REPORT
NATIONAL WEATHER SERVICE PEACHTREE CITY GA
418 AM EST MON DEC 11 2017


...................................

...THE ATLANTA CLIMATE SUMMARY FOR DECEMBER 10 2017...

CLIMATE NORMAL PERIOD 1981 TO 2010
CLIMATE RECORD PERIOD 1878 TO 2017


WEATHER ITEM   OBSERVED TIME   RECORD YEAR NORMAL DEPARTURE LAST
                VALUE   (LST)  VALUE       VALUE  FROM      YEAR
                                                  NORMAL
..................................................................
TEMPERATURE (F)
 YESTERDAY
  MAXIMUM         45    310 PM  77    2007  55    -10       50
  MINIMUM         26    805 AM  13    1995  37    -11       26
                                      1917
  AVERAGE         36                        46    -10       38

PRECIPITATION (IN)
  YESTERDAY        0.00          2.60 1888   0.13  -0.13     0.00
  MONTH TO DATE    1.67                      1.35   0.32     2.00
  SINCE DEC 1      1.67                      1.35   0.32     2.00
  SINCE JAN 1     49.77                     47.16   2.61    37.69

SNOWFALL (IN)
  YESTERDAY        0.0           T    2003   0.0    0.0      0.0
  MONTH TO DATE    2.3                       0.0    2.3      0.0
  SINCE DEC 1      2.3                       0.0    2.3      0.0
  SINCE JUL 1      2.3                       0.0    2.3      0.0
  SNOW DEPTH       1

DEGREE DAYS
 HEATING
  YESTERDAY       29                        19     10       27
  MONTH TO DATE  149                       176    -27      177
  SINCE DEC 1    149                       176    -27      177
  SINCE JUL 1    546                       644    -98      399

 COOLING
  YESTERDAY        0                         0      0        0
  MONTH TO DATE    0                         0      0        0
  SINCE DEC 1      0                         0      0        0
  SINCE JAN 1   2165                      1882    283     2561
..................................................................


WIND (MPH)
  RESULTANT WIND SPEED   7   RESULTANT WIND DIRECTION   W (290)
  HIGHEST WIND SPEED    16   HIGHEST WIND DIRECTION    NW (320)
  HIGHEST GUST SPEED    23   HIGHEST GUST DIRECTION    NW (320)
  AVERAGE WIND SPEED     7.5


SKY COVER
  AVERAGE SKY COVER 0.0


WEATHER CONDITIONS
 THE FOLLOWING WEATHER WAS RECORDED YESTERDAY.
  NO SIGNIFICANT WEATHER WAS OBSERVED.


RELATIVE HUMIDITY (PERCENT)
 HIGHEST    92          1200 AM
 LOWEST     49           300 PM
 AVERAGE    71

..........................................................


THE ATLANTA CLIMATE NORMALS FOR TODAY
                         NORMAL    RECORD    YEAR
 MAXIMUM TEMPERATURE (F)   55        75      2007
 MINIMUM TEMPERATURE (F)   37        13      1962


SUNRISE AND SUNSET
DECEMBER 11 2017......SUNRISE   732 AM EST   SUNSET   530 PM EST
DECEMBER 12 2017......SUNRISE   733 AM EST   SUNSET   530 PM EST


-  INDICATES NEGATIVE NUMBERS.
R  INDICATES RECORD WAS SET OR TIED.
MM INDICATES DATA IS MISSING.
T  INDICATES TRACE AMOUNT.




$$
