000
CDUS42 KFFC 262041
CLIATL


CLIMATE REPORT
NATIONAL WEATHER SERVICE PEACHTREE CITY GA
440 PM EDT FRI MAY 26 2017


...................................

...THE ATLANTA CLIMATE SUMMARY FOR MAY 26 2017...
VALID TODAY AS OF 0400 PM LOCAL TIME.

CLIMATE NORMAL PERIOD 1981 TO 2010
CLIMATE RECORD PERIOD 1878 TO 2017


WEATHER ITEM   OBSERVED TIME   RECORD YEAR NORMAL DEPARTURE LAST
                VALUE   (LST)  VALUE       VALUE  FROM      YEAR
                                                  NORMAL
..................................................................
TEMPERATURE (F)
 TODAY
  MAXIMUM         83    321 PM  94    1936  82      1       88
                                      1916
                                      1911
  MINIMUM         56    509 AM  43    1979  63     -7       70
  AVERAGE         70                        73     -3       79

PRECIPITATION (IN)
  TODAY            0.00          3.90 1890   0.11  -0.11      T
  MONTH TO DATE    3.73                      3.12   0.61     1.25
  SINCE MAR 1     12.16                     11.29   0.87     6.61
  SINCE JAN 1     22.21                     20.16   2.05    19.14

DEGREE DAYS
 HEATING
  TODAY            0                         0      0        0
  MONTH TO DATE   24                        24      0       19
  SINCE MAR 1    334                       509   -175      284
  SINCE JUL 1   1690                      2764  -1074     1999

 COOLING
  TODAY            5                         8     -3       14
  MONTH TO DATE  170                       140     30      147
  SINCE MAR 1    354                       205    149      259
  SINCE JAN 1    359                       206    153      259
..................................................................


WIND (MPH)
  HIGHEST WIND SPEED    15   HIGHEST WIND DIRECTION    NW (310)
  HIGHEST GUST SPEED    19   HIGHEST GUST DIRECTION     W (290)
  AVERAGE WIND SPEED     7.5


SKY COVER
  POSSIBLE SUNSHINE  MM
  AVERAGE SKY COVER 0.2


WEATHER CONDITIONS
 THE FOLLOWING WEATHER WAS RECORDED TODAY.
  NO SIGNIFICANT WEATHER WAS OBSERVED.


RELATIVE HUMIDITY (PERCENT)
 HIGHEST    80           300 AM
 LOWEST     45           300 PM
 AVERAGE    63

..........................................................


THE ATLANTA CLIMATE NORMALS FOR TOMORROW
                         NORMAL    RECORD    YEAR
 MAXIMUM TEMPERATURE (F)   83        95      1916
 MINIMUM TEMPERATURE (F)   64        41      1961


SUNRISE AND SUNSET
MAY 26 2017...........SUNRISE   631 AM EDT   SUNSET   839 PM EDT
MAY 27 2017...........SUNRISE   630 AM EDT   SUNSET   840 PM EDT


-  INDICATES NEGATIVE NUMBERS.
R  INDICATES RECORD WAS SET OR TIED.
MM INDICATES DATA IS MISSING.
T  INDICATES TRACE AMOUNT.




$$
