000
CDUS42 KFFC 260025
CLIATL


CLIMATE REPORT
NATIONAL WEATHER SERVICE PEACHTREE CITY GA
825 PM EDT MON SEP 25 2017


...................................

...THE ATLANTA CLIMATE SUMMARY FOR SEPTEMBER 25 2017...
VALID AS OF 0800 PM LOCAL TIME.

CLIMATE NORMAL PERIOD 1981 TO 2010
CLIMATE RECORD PERIOD 1878 TO 2017


WEATHER ITEM   OBSERVED TIME   RECORD YEAR NORMAL DEPARTURE LAST
                VALUE   (LST)  VALUE       VALUE  FROM      YEAR
                                                  NORMAL
..................................................................
TEMPERATURE (F)
 TODAY
  MAXIMUM         86    346 PM  93    2010  79      7       92
  MINIMUM         71    632 AM  45    1887  62      9       70
  AVERAGE         79                        70      9       81

PRECIPITATION (IN)
  TODAY            0.00          5.30 1956   0.15  -0.15     0.00
  MONTH TO DATE    4.25                      3.68   0.57     3.37
  SINCE SEP 1      4.25                      3.68   0.57     3.37
  SINCE JAN 1     43.19                     37.51   5.68    32.49

SNOWFALL (IN)
  TODAY            0.0           0.0  2002   0.0    0.0      0.0
                                      2001
  MONTH TO DATE    0.0                       0.0    0.0      0.0
  SINCE SEP 1      0.0                       0.0    0.0      0.0
  SINCE JUL 1      0.0                       0.0    0.0      0.0
  SNOW DEPTH       0

DEGREE DAYS
 HEATING
  TODAY            0                         1     -1        0
  MONTH TO DATE    7                         5      2        0
  SINCE SEP 1      7                         5      2        0
  SINCE JUL 1      7                         5      2        0

 COOLING
  TODAY           14                         6      8       16
  MONTH TO DATE  214                       239    -25      375
  SINCE SEP 1    214                       239    -25      375
  SINCE JAN 1   1938                      1778    160     2325
..................................................................


WIND (MPH)
  RESULTANT WIND SPEED   8   RESULTANT WIND DIRECTION  NE (60)
  HIGHEST WIND SPEED    15   HIGHEST WIND DIRECTION    NE (50)
  HIGHEST GUST SPEED    19   HIGHEST GUST DIRECTION    NE (50)
  AVERAGE WIND SPEED     8.7


SKY COVER
  AVERAGE SKY COVER 0.2


WEATHER CONDITIONS
 THE FOLLOWING WEATHER WAS RECORDED TODAY.
  NO SIGNIFICANT WEATHER WAS OBSERVED.


RELATIVE HUMIDITY (PERCENT)
 HIGHEST    79           300 AM
 LOWEST     40           200 PM

..........................................................


THE ATLANTA CLIMATE NORMALS FOR TOMORROW
                         NORMAL    RECORD    YEAR
 MAXIMUM TEMPERATURE (F)   79        90      1986
                                             1911
 MINIMUM TEMPERATURE (F)   61        43      2001


SUNRISE AND SUNSET
SEPTEMBER 25 2017.....SUNRISE   728 AM EDT   SUNSET   730 PM EDT
SEPTEMBER 26 2017.....SUNRISE   729 AM EDT   SUNSET   729 PM EDT


-  INDICATES NEGATIVE NUMBERS.
R  INDICATES RECORD WAS SET OR TIED.
MM INDICATES DATA IS MISSING.
T  INDICATES TRACE AMOUNT.




$$
