000
CDUS42 KFFC 180821
CLIATL


CLIMATE REPORT
NATIONAL WEATHER SERVICE PEACHTREE CITY GA
421 AM EDT THU SEP 18 2014


...................................

...THE ATLANTA CLIMATE SUMMARY FOR SEPTEMBER 17 2014...

CLIMATE NORMAL PERIOD 1981 TO 2010
CLIMATE RECORD PERIOD 1878 TO 2014


WEATHER ITEM   OBSERVED TIME   RECORD YEAR NORMAL DEPARTURE LAST
                VALUE   (LST)  VALUE       VALUE  FROM      YEAR
                                                  NORMAL
..................................................................
TEMPERATURE (F)
 YESTERDAY
  MAXIMUM         86    318 PM  97    1927  82      4       79
  MINIMUM         67    657 AM  52    1961  65      2       68
  AVERAGE         77                        73      4       74

PRECIPITATION (IN)
  YESTERDAY        0.00          2.74 1971   0.15  -0.15     0.00
  MONTH TO DATE    0.60                      2.51  -1.91     0.52
  SINCE SEP 1      0.60                      2.51  -1.91     0.52
  SINCE JAN 1     34.57                     36.34  -1.77    51.56

DEGREE DAYS
 HEATING
  YESTERDAY        0                         0      0        0
  MONTH TO DATE    0                         0      0        0
  SINCE SEP 1      0                         0      0        0
  SINCE JUL 1      0                         0      0        1

 COOLING
  YESTERDAY       12                         9      3        9
  MONTH TO DATE  239                       182     57      227
  SINCE SEP 1    239                       182     57      227
  SINCE JAN 1   1777                      1721     56     1609
..................................................................


WIND (MPH)
  RESULTANT WIND SPEED   8   RESULTANT WIND DIRECTION  NW (330)
  HIGHEST WIND SPEED    15   HIGHEST WIND DIRECTION    NW (320)
  HIGHEST GUST SPEED    21   HIGHEST GUST DIRECTION     N (340)
  AVERAGE WIND SPEED     8.8


SKY COVER
  AVERAGE SKY COVER 0.3


WEATHER CONDITIONS
 THE FOLLOWING WEATHER WAS RECORDED YESTERDAY.
  NO SIGNIFICANT WEATHER WAS OBSERVED.


RELATIVE HUMIDITY (PERCENT)
 HIGHEST    93           700 AM
 LOWEST     42           300 PM
 AVERAGE    68

..........................................................


THE ATLANTA CLIMATE NORMALS FOR TODAY
                         NORMAL    RECORD    YEAR
 MAXIMUM TEMPERATURE (F)   82        97      1931
                                             1896
 MINIMUM TEMPERATURE (F)   64        45      1903


SUNRISE AND SUNSET
SEPTEMBER 18 2014.....SUNRISE   723 AM EDT   SUNSET   740 PM EDT
SEPTEMBER 19 2014.....SUNRISE   724 AM EDT   SUNSET   739 PM EDT


-  INDICATES NEGATIVE NUMBERS.
R  INDICATES RECORD WAS SET OR TIED.
MM INDICATES DATA IS MISSING.
T  INDICATES TRACE AMOUNT.




$$
