000
CDUS42 KFFC 180919
CLIATL


CLIMATE REPORT
NATIONAL WEATHER SERVICE PEACHTREE CITY GA
418 AM EST WED JAN 18 2017


...................................

...THE ATLANTA CLIMATE SUMMARY FOR JANUARY 17 2017...

CLIMATE NORMAL PERIOD 1981 TO 2010
CLIMATE RECORD PERIOD 1878 TO 2017


WEATHER ITEM   OBSERVED TIME   RECORD YEAR NORMAL DEPARTURE LAST
                VALUE   (LST)  VALUE       VALUE  FROM      YEAR
                                                  NORMAL
..................................................................
TEMPERATURE (F)
 YESTERDAY
  MAXIMUM         75R   149 PM  75    2017  52     23       48
                                      1943
  MINIMUM         53    337 AM   0    1982  34     19       33
  AVERAGE         64                        43     21       41

PRECIPITATION (IN)
  YESTERDAY        0.00          3.29 1925   0.14  -0.14     0.13
  MONTH TO DATE    3.58                      2.15   1.43     2.22
  SINCE DEC 1      6.58                      6.05   0.53    14.73
  SINCE JAN 1      3.58                      2.15   1.43     2.22

SNOWFALL (IN)
  YESTERDAY        0.0           T    2016   0.1   -0.1       T
                                      2009
                                      2007
  MONTH TO DATE    0.0                       0.8   -0.8       T
  SINCE DEC 1      0.0                       1.2   -1.2       T
  SINCE JUL 1      0.0                       1.2   -1.2       T
  SNOW DEPTH       0

DEGREE DAYS
 HEATING
  YESTERDAY        1                        22    -21       24
  MONTH TO DATE  243                       374   -131      375
  SINCE DEC 1    734                       987   -253      622
  SINCE JUL 1    956                      1455   -499      926

 COOLING
  YESTERDAY        0                         0      0        0
  MONTH TO DATE    0                         0      0        0
  SINCE DEC 1      0                         1     -1       22
  SINCE JAN 1      0                         0      0        0
..................................................................


WIND (MPH)
  RESULTANT WIND SPEED   5   RESULTANT WIND DIRECTION   S (200)
  HIGHEST WIND SPEED    22   HIGHEST WIND DIRECTION    SW (210)
  HIGHEST GUST SPEED    28   HIGHEST GUST DIRECTION    SW (210)
  AVERAGE WIND SPEED     7.8


SKY COVER
  AVERAGE SKY COVER 0.7


WEATHER CONDITIONS
 THE FOLLOWING WEATHER WAS RECORDED YESTERDAY.
  FOG


RELATIVE HUMIDITY (PERCENT)
 HIGHEST   100           200 AM
 LOWEST     53           100 PM
 AVERAGE    77

..........................................................


THE ATLANTA CLIMATE NORMALS FOR TODAY
                         NORMAL    RECORD    YEAR
 MAXIMUM TEMPERATURE (F)   52        72      1929
 MINIMUM TEMPERATURE (F)   34        10      1994


SUNRISE AND SUNSET
JANUARY 18 2017.......SUNRISE   741 AM EST   SUNSET   556 PM EST
JANUARY 19 2017.......SUNRISE   741 AM EST   SUNSET   557 PM EST


-  INDICATES NEGATIVE NUMBERS.
R  INDICATES RECORD WAS SET OR TIED.
MM INDICATES DATA IS MISSING.
T  INDICATES TRACE AMOUNT.




$$
