000
CDUS42 KFFC 080918
CLIATL


CLIMATE REPORT
NATIONAL WEATHER SERVICE PEACHTREE CITY GA
417 AM EST MON FEB 8 2016


...................................

...THE ATLANTA CLIMATE SUMMARY FOR FEBRUARY 7 2016...

CLIMATE NORMAL PERIOD 1981 TO 2010
CLIMATE RECORD PERIOD 1878 TO 2016


WEATHER ITEM   OBSERVED TIME   RECORD YEAR NORMAL DEPARTURE LAST
                VALUE   (LST)  VALUE       VALUE  FROM      YEAR
                                                  NORMAL
..................................................................
TEMPERATURE (F)
 YESTERDAY
  MAXIMUM         56    424 PM  72    1937  55      1       64
                                      1927
  MINIMUM         29    737 AM   7    1895  36     -7       33
  AVERAGE         43                        46     -3       49

PRECIPITATION (IN)
  YESTERDAY        0.00          2.45 1903   0.16  -0.16     0.00
  MONTH TO DATE    2.13                      1.17   0.96     0.93
  SINCE DEC 1     19.78                      9.27  10.51    10.80
  SINCE JAN 1      7.27                      5.37   1.90     5.29

SNOWFALL (IN)
  YESTERDAY        0.0           0.0  2002   0.0    0.0      0.0
  MONTH TO DATE    0.0                       0.1   -0.1      0.0
  SINCE DEC 1      0.3                       1.8   -1.5      0.0
  SINCE JUL 1      0.3                       1.8   -1.5      0.0
  SNOW DEPTH       0

DEGREE DAYS
 HEATING
  YESTERDAY       22                        19      3       16
  MONTH TO DATE   97                       139    -42      152
  SINCE DEC 1   1035                      1425   -390     1280
  SINCE JUL 1   1339                      1893   -554     1827

 COOLING
  YESTERDAY        0                         0      0        0
  MONTH TO DATE    0                         0      0        0
  SINCE DEC 1     22                         1     21        0
  SINCE JAN 1      0                         0      0        0
..................................................................


WIND (MPH)
  RESULTANT WIND SPEED   8   RESULTANT WIND DIRECTION  NW (320)
  HIGHEST WIND SPEED    18   HIGHEST WIND DIRECTION     N (350)
  HIGHEST GUST SPEED    24   HIGHEST GUST DIRECTION    NW (320)
  AVERAGE WIND SPEED     8.7


SKY COVER
  AVERAGE SKY COVER 0.2


WEATHER CONDITIONS
 THE FOLLOWING WEATHER WAS RECORDED YESTERDAY.
  NO SIGNIFICANT WEATHER WAS OBSERVED.


RELATIVE HUMIDITY (PERCENT)
 HIGHEST    69           600 AM
 LOWEST     24           400 PM
 AVERAGE    47

..........................................................


THE ATLANTA CLIMATE NORMALS FOR TODAY
                         NORMAL    RECORD    YEAR
 MAXIMUM TEMPERATURE (F)   55        79      1957
 MINIMUM TEMPERATURE (F)   36         0      1895


SUNRISE AND SUNSET
FEBRUARY  8 2016......SUNRISE   729 AM EST   SUNSET   615 PM EST
FEBRUARY  9 2016......SUNRISE   728 AM EST   SUNSET   616 PM EST


-  INDICATES NEGATIVE NUMBERS.
R  INDICATES RECORD WAS SET OR TIED.
MM INDICATES DATA IS MISSING.
T  INDICATES TRACE AMOUNT.




$$
