000
CDUS42 KFFC 200921
CLIATL


CLIMATE REPORT
NATIONAL WEATHER SERVICE PEACHTREE CITY GA
420 AM EST TUE FEB 20 2018


...................................

...THE ATLANTA CLIMATE SUMMARY FOR FEBRUARY 19 2018...

CLIMATE NORMAL PERIOD 1981 TO 2010
CLIMATE RECORD PERIOD 1878 TO 2018


WEATHER ITEM   OBSERVED TIME   RECORD YEAR NORMAL DEPARTURE LAST
                VALUE   (LST)  VALUE       VALUE  FROM      YEAR
                                                  NORMAL
..................................................................
TEMPERATURE (F)
 YESTERDAY
  MAXIMUM         76    501 PM  78    1891  58     18       68
  MINIMUM         59    414 AM  13    1958  39     20       52
  AVERAGE         68                        48     20       60

PRECIPITATION (IN)
  YESTERDAY        0.01          1.47 1917   0.17  -0.16     0.00
  MONTH TO DATE    4.93                      3.18   1.75     1.37
  SINCE DEC 1     12.57                     11.28   1.29    12.55
  SINCE JAN 1      8.19                      7.38   0.81     9.55

SNOWFALL (IN)
  YESTERDAY        0.0           T    2006   0.0    0.0      0.0
  MONTH TO DATE    0.0                       0.3   -0.3      0.0
  SINCE DEC 1      4.7                       2.0    2.7       T
  SINCE JUL 1      4.7                       2.0    2.7       T
  SNOW DEPTH       0

DEGREE DAYS
 HEATING
  YESTERDAY        0                        17    -17        5
  MONTH TO DATE  212                       357   -145      197
  SINCE DEC 1   1522                      1643   -121     1086
  SINCE JUL 1   1919                      2111   -192     1308

 COOLING
  YESTERDAY        3                         0      3        0
  MONTH TO DATE    3                         0      3        0
  SINCE DEC 1      3                         1      2        2
  SINCE JAN 1      3                         0      3        2
..................................................................


WIND (MPH)
  RESULTANT WIND SPEED   8   RESULTANT WIND DIRECTION  SE (120)
  HIGHEST WIND SPEED    17   HIGHEST WIND DIRECTION     S (170)
  HIGHEST GUST SPEED    22   HIGHEST GUST DIRECTION     S (170)
  AVERAGE WIND SPEED     9.3


SKY COVER
  AVERAGE SKY COVER 0.9


WEATHER CONDITIONS
 THE FOLLOWING WEATHER WAS RECORDED YESTERDAY.
  LIGHT RAIN
  FOG
  FOG W/VISIBILITY <= 1/4 MILE


RELATIVE HUMIDITY (PERCENT)
 HIGHEST   100           100 AM
 LOWEST     54           400 PM
 AVERAGE    77

..........................................................


THE ATLANTA CLIMATE NORMALS FOR TODAY
                         NORMAL    RECORD    YEAR
 MAXIMUM TEMPERATURE (F)   58        78      1986
 MINIMUM TEMPERATURE (F)   39        16      2015
                                             1934


SUNRISE AND SUNSET
FEBRUARY 20 2018......SUNRISE   717 AM EST   SUNSET   627 PM EST
FEBRUARY 21 2018......SUNRISE   715 AM EST   SUNSET   628 PM EST


-  INDICATES NEGATIVE NUMBERS.
R  INDICATES RECORD WAS SET OR TIED.
MM INDICATES DATA IS MISSING.
T  INDICATES TRACE AMOUNT.




$$
