000
CDUS42 KFFC 240819
CLIATL


CLIMATE REPORT
NATIONAL WEATHER SERVICE PEACHTREE CITY GA
419 AM EDT SUN MAY 24 2015


...................................

...THE ATLANTA CLIMATE SUMMARY FOR MAY 23 2015...

CLIMATE NORMAL PERIOD 1981 TO 2010
CLIMATE RECORD PERIOD 1878 TO 2015


WEATHER ITEM   OBSERVED TIME   RECORD YEAR NORMAL DEPARTURE LAST
                VALUE   (LST)  VALUE       VALUE  FROM      YEAR
                                                  NORMAL
..................................................................
TEMPERATURE (F)
 YESTERDAY
  MAXIMUM         81    520 PM  95    1941  82     -1       88
  MINIMUM         60    530 AM  40    1883  62     -2       69
  AVERAGE         71                        72     -1       79

PRECIPITATION (IN)
  YESTERDAY        0.00          3.03 1980   0.12  -0.12     0.00
  MONTH TO DATE    1.59                      2.79  -1.20     1.80
  SINCE MAR 1     12.36                     10.96   1.40    10.82
  SINCE JAN 1     20.87                     19.83   1.04    17.98

DEGREE DAYS
 HEATING
  YESTERDAY        0                         0      0        0
  MONTH TO DATE    6                        24    -18       32
  SINCE MAR 1    298                       509   -211      526
  SINCE JUL 1   2656                      2764   -108     2929

 COOLING
  YESTERDAY        6                         7     -1       14
  MONTH TO DATE  184                       116     68      133
  SINCE MAR 1    280                       181     99      184
  SINCE JAN 1    280                       182     98      186
..................................................................


WIND (MPH)
  RESULTANT WIND SPEED   6   RESULTANT WIND DIRECTION   E (110)
  HIGHEST WIND SPEED    16   HIGHEST WIND DIRECTION     E (90)
  HIGHEST GUST SPEED    21   HIGHEST GUST DIRECTION    SE (130)
  AVERAGE WIND SPEED     6.8


SKY COVER
  AVERAGE SKY COVER 0.2


WEATHER CONDITIONS
 THE FOLLOWING WEATHER WAS RECORDED YESTERDAY.
  NO SIGNIFICANT WEATHER WAS OBSERVED.


RELATIVE HUMIDITY (PERCENT)
 HIGHEST    72           500 AM
 LOWEST     32           700 PM
 AVERAGE    52

..........................................................


THE ATLANTA CLIMATE NORMALS FOR TODAY
                         NORMAL    RECORD    YEAR
 MAXIMUM TEMPERATURE (F)   82        95      1996
 MINIMUM TEMPERATURE (F)   63        45      1892


SUNRISE AND SUNSET
MAY 24 2015...........SUNRISE   632 AM EDT   SUNSET   838 PM EDT
MAY 25 2015...........SUNRISE   631 AM EDT   SUNSET   838 PM EDT


-  INDICATES NEGATIVE NUMBERS.
R  INDICATES RECORD WAS SET OR TIED.
MM INDICATES DATA IS MISSING.
T  INDICATES TRACE AMOUNT.




$$
