000
CDUS42 KFFC 182035
CLIATL


CLIMATE REPORT
NATIONAL WEATHER SERVICE PEACHTREE CITY GA
435 PM EDT FRI APR 18 2014


...................................

...THE ATLANTA CLIMATE SUMMARY FOR APRIL 18 2014...
VALID TODAY AS OF 0400 PM LOCAL TIME.

CLIMATE NORMAL PERIOD 1981 TO 2010
CLIMATE RECORD PERIOD 1878 TO 2014


WEATHER ITEM   OBSERVED TIME   RECORD YEAR NORMAL DEPARTURE LAST
                VALUE   (LST)  VALUE       VALUE  FROM      YEAR
                                                  NORMAL
..................................................................
TEMPERATURE (F)
 TODAY
  MAXIMUM         58   1217 AM  87    2002  73    -15       81
                                      1937
                                      1896
  MINIMUM         51    323 PM  33    1997  52     -1       62
  AVERAGE         55                        63     -8       72

PRECIPITATION (IN)
  TODAY            0.21          2.65 1943   0.11   0.10     0.00
  MONTH TO DATE    4.27                      2.03   2.24     3.34
  SINCE MAR 1      7.39                      6.84   0.55     7.92
  SINCE JAN 1     14.55                     15.71  -1.16    20.32

SNOWFALL (IN)
  TODAY            0.0           0.0  2002   0.0    0.0      0.0
                                      2001
                                      2000
  MONTH TO DATE    0.0                       0.1   -0.1      0.0
  SINCE MAR 1      0.0                       0.9   -0.9       T
  SINCE JUL 1      5.0                       3.0    2.0       T
  SNOW DEPTH       0

DEGREE DAYS
 HEATING
  TODAY           10                         4      6        0
  MONTH TO DATE  102                       105     -3       73
  SINCE MAR 1    482                       447     35      558
  SINCE JUL 1   2885                      2702    183     2413

 COOLING
  TODAY            0                         2     -2        7
  MONTH TO DATE   20                        24     -4       39
  SINCE MAR 1     20                        36    -16       39
  SINCE JAN 1     22                        37    -15       44
..................................................................


WIND (MPH)
  HIGHEST WIND SPEED    22   HIGHEST WIND DIRECTION    NE (50)
  HIGHEST GUST SPEED    26   HIGHEST GUST DIRECTION    NE (30)
  AVERAGE WIND SPEED    13.3


SKY COVER
  POSSIBLE SUNSHINE  MM
  AVERAGE SKY COVER 1.0


WEATHER CONDITIONS
 THE FOLLOWING WEATHER WAS RECORDED TODAY.
  LIGHT RAIN
  FOG


RELATIVE HUMIDITY (PERCENT)
 HIGHEST    89          1100 AM
 LOWEST     47          1200 AM
 AVERAGE    68

..........................................................


THE ATLANTA CLIMATE NORMALS FOR TOMORROW
                         NORMAL    RECORD    YEAR
 MAXIMUM TEMPERATURE (F)   73        88      1941
 MINIMUM TEMPERATURE (F)   52        30      1983


SUNRISE AND SUNSET
APRIL 18 2014.........SUNRISE   704 AM EDT   SUNSET   811 PM EDT
APRIL 19 2014.........SUNRISE   702 AM EDT   SUNSET   812 PM EDT


-  INDICATES NEGATIVE NUMBERS.
R  INDICATES RECORD WAS SET OR TIED.
MM INDICATES DATA IS MISSING.
T  INDICATES TRACE AMOUNT.




$$
