000
CDUS44 KEWX 170738
CLIATT


CLIMATE REPORT
NATIONAL WEATHER SERVICE AUSTIN/SAN ANTONIO, TX
137 AM CST SUN DEC 17 2017


...................................

...THE AUSTIN CAMP MABRY CLIMATE SUMMARY FOR DECEMBER 16 2017...

CLIMATE NORMAL PERIOD 1981 TO 2010
CLIMATE RECORD PERIOD 1897 TO 2017


WEATHER ITEM   OBSERVED TIME   RECORD YEAR NORMAL DEPARTURE LAST
                VALUE   (LST)  VALUE       VALUE  FROM      YEAR
                                                  NORMAL
..................................................................
TEMPERATURE (F)
 YESTERDAY
  MAXIMUM         53    132 PM  82    1924  62     -9       67
  MINIMUM         41    537 AM  16    1989  42     -1       51
  AVERAGE         47                        52     -5

PRECIPITATION (IN)
  YESTERDAY        1.32R         1.01 1913   0.07   1.25     0.00
  MONTH TO DATE    2.50                      1.22   1.28     2.53
  SINCE DEC 1      2.50                      1.22   1.28     2.53
  SINCE JAN 1     32.91                     33.14  -0.23    38.84

SNOWFALL (IN)
  YESTERDAY       MM
  MONTH TO DATE    0.4
  SINCE DEC 1      0.4
  SINCE JUL 1      0.4
  SNOW DEPTH       0

DEGREE DAYS
 HEATING
  YESTERDAY       18                        13      5        6
  MONTH TO DATE  181                       190     -9      211
  SINCE DEC 1    181                       190     -9      211
  SINCE JUL 1    304                       402    -98      271

 COOLING
  YESTERDAY        0                         0      0        0
  MONTH TO DATE   14                         6      8        0
  SINCE DEC 1     14                         6      8        0
  SINCE JAN 1   3655                      3132    523     3450
..................................................................


WIND (MPH)
  HIGHEST WIND SPEED     7   HIGHEST WIND DIRECTION     E (100)
  HIGHEST GUST SPEED    11   HIGHEST GUST DIRECTION     W (290)
  AVERAGE WIND SPEED     1.6


SKY COVER
  AVERAGE SKY COVER 0.7


WEATHER CONDITIONS
 THE FOLLOWING WEATHER WAS RECORDED YESTERDAY.
  HEAVY RAIN
  RAIN
  LIGHT RAIN
  FOG


RELATIVE HUMIDITY (PERCENT)
 HIGHEST   100           800 PM
 LOWEST     63          1200 PM
 AVERAGE    82

..........................................................


THE AUSTIN CAMP MABRY CLIMATE NORMALS FOR TODAY
                         NORMAL    RECORD    YEAR
 MAXIMUM TEMPERATURE (F)   62        82      1990
                                             1924
 MINIMUM TEMPERATURE (F)   42        21      1932


SUNRISE AND SUNSET
DECEMBER 17 2017......SUNRISE   721 AM CST   SUNSET   533 PM CST
DECEMBER 18 2017......SUNRISE   722 AM CST   SUNSET   533 PM CST


-  INDICATES NEGATIVE NUMBERS.
R  INDICATES RECORD WAS SET OR TIED.
MM INDICATES DATA IS MISSING.
T  INDICATES TRACE AMOUNT.




$$
