000
CDUS44 KEWX 210715
CLIATT


CLIMATE REPORT
NATIONAL WEATHER SERVICE AUSTIN/SAN ANTONIO, TX
214 AM CDT THU AUG 21 2014


...................................

...THE AUSTIN CAMP MABRY CLIMATE SUMMARY FOR AUGUST 20 2014...

CLIMATE NORMAL PERIOD 1981 TO 2010
CLIMATE RECORD PERIOD 1897 TO 2014


WEATHER ITEM   OBSERVED TIME   RECORD YEAR NORMAL DEPARTURE LAST
                VALUE   (LST)  VALUE       VALUE  FROM      YEAR
                                                  NORMAL
..................................................................
TEMPERATURE (F)
 YESTERDAY
  MAXIMUM        102    416 PM 106    2011  97      5       99
                                      1999
  MINIMUM         78    413 AM  64    1940  75      3       72
  AVERAGE         90                        86      4

PRECIPITATION (IN)
  YESTERDAY        0.00          0.45 1946   0.09  -0.09     0.00
  MONTH TO DATE    0.05                      1.30  -1.25     0.18
  SINCE JUN 1      8.71                      7.51   1.20     4.01
  SINCE JAN 1     19.79                     21.04  -1.25    17.69

SNOWFALL (IN)
  YESTERDAY        0.0
  MONTH TO DATE    0.0
  SINCE JUN 1      0.0
  SINCE JUL 1      0.0
  SNOW DEPTH       0

DEGREE DAYS
 HEATING
  YESTERDAY        0                         0      0        0
  MONTH TO DATE    0                         0      0        0
  SINCE JUN 1      0                         0      0        0
  SINCE JUL 1      0                         0      0        0

 COOLING
  YESTERDAY       25                        21      4       21
  MONTH TO DATE  436                       420     16      479
  SINCE JUN 1   1562                      1556      6     1740
  SINCE JAN 1   2136                      2169    -33     2364
..................................................................


WIND (MPH)
  HIGHEST WIND SPEED    17   HIGHEST WIND DIRECTION    SE (150)
  HIGHEST GUST SPEED    29   HIGHEST GUST DIRECTION    SE (150)
  AVERAGE WIND SPEED     8.1


SKY COVER
  AVERAGE SKY COVER 0.4


WEATHER CONDITIONS
 THE FOLLOWING WEATHER WAS RECORDED YESTERDAY.
  NO SIGNIFICANT WEATHER WAS OBSERVED.


RELATIVE HUMIDITY (PERCENT)
 HIGHEST    85           200 AM
 LOWEST     29           400 PM
 AVERAGE    57

..........................................................


THE AUSTIN CAMP MABRY CLIMATE NORMALS FOR TODAY
                         NORMAL    RECORD    YEAR
 MAXIMUM TEMPERATURE (F)   97       107      1925
 MINIMUM TEMPERATURE (F)   75        62      1940


SUNRISE AND SUNSET
AUGUST 21 2014........SUNRISE   701 AM CDT   SUNSET   806 PM CDT
AUGUST 22 2014........SUNRISE   702 AM CDT   SUNSET   805 PM CDT


-  INDICATES NEGATIVE NUMBERS.
R  INDICATES RECORD WAS SET OR TIED.
MM INDICATES DATA IS MISSING.
T  INDICATES TRACE AMOUNT.




$$
