000
CDUS44 KEWX 220714
CLIATT


CLIMATE REPORT
NATIONAL WEATHER SERVICE AUSTIN/SAN ANTONIO, TX
213 AM CDT MON SEP 22 2014


...................................

...THE AUSTIN CAMP MABRY CLIMATE SUMMARY FOR SEPTEMBER 21 2014...

CLIMATE NORMAL PERIOD 1981 TO 2010
CLIMATE RECORD PERIOD 1897 TO 2014


WEATHER ITEM   OBSERVED TIME   RECORD YEAR NORMAL DEPARTURE LAST
                VALUE   (LST)  VALUE       VALUE  FROM      YEAR
                                                  NORMAL
..................................................................
TEMPERATURE (F)
 YESTERDAY
  MAXIMUM         90    352 PM 100    1926  89      1       86
  MINIMUM         72   1156 PM  50    1901  68      4       68
  AVERAGE         81                        78      3

PRECIPITATION (IN)
  YESTERDAY        0.00          1.27 1967   0.08  -0.08     0.01
  MONTH TO DATE    6.98                      2.20   4.78     3.87
  SINCE SEP 1      6.98                      2.20   4.78     3.87
  SINCE JAN 1     26.84                     24.29   2.55    21.65

SNOWFALL (IN)
  YESTERDAY        0.0
  MONTH TO DATE    0.0
  SINCE SEP 1      0.0
  SINCE JUL 1      0.0
  SNOW DEPTH       0

DEGREE DAYS
 HEATING
  YESTERDAY        0                         0      0        0
  MONTH TO DATE    2                         0      2        0
  SINCE SEP 1      2                         0      2        0
  SINCE JUL 1      2                         0      2        0

 COOLING
  YESTERDAY       16                        13      3       12
  MONTH TO DATE  376                       341     35      434
  SINCE SEP 1    376                       341     35      434
  SINCE JAN 1   2769                      2735     34     3044
..................................................................


WIND (MPH)
  HIGHEST WIND SPEED    10   HIGHEST WIND DIRECTION     E (110)
  HIGHEST GUST SPEED    15   HIGHEST GUST DIRECTION     E (80)
  AVERAGE WIND SPEED     2.6


SKY COVER
  AVERAGE SKY COVER 0.2


WEATHER CONDITIONS
 THE FOLLOWING WEATHER WAS RECORDED YESTERDAY.
  FOG


RELATIVE HUMIDITY (PERCENT)
 HIGHEST    94           100 AM
 LOWEST     47           400 PM
 AVERAGE    71

..........................................................


THE AUSTIN CAMP MABRY CLIMATE NORMALS FOR TODAY
                         NORMAL    RECORD    YEAR
 MAXIMUM TEMPERATURE (F)   89       102      1926
 MINIMUM TEMPERATURE (F)   68        49      1995
                                             1983


SUNRISE AND SUNSET
SEPTEMBER 22 2014.....SUNRISE   719 AM CDT   SUNSET   727 PM CDT
SEPTEMBER 23 2014.....SUNRISE   720 AM CDT   SUNSET   726 PM CDT


-  INDICATES NEGATIVE NUMBERS.
R  INDICATES RECORD WAS SET OR TIED.
MM INDICATES DATA IS MISSING.
T  INDICATES TRACE AMOUNT.




$$
