000
CDUS44 KEWX 262223
CLIATT


CLIMATE REPORT
NATIONAL WEATHER SERVICE AUSTIN/SAN ANTONIO, TX
523 PM CDT THU MAY 26 2016


...................................

...THE AUSTIN CAMP MABRY CLIMATE SUMMARY FOR MAY 26 2016...
VALID TODAY AS OF 520 PM LOCAL TIME.

CLIMATE NORMAL PERIOD 1981 TO 2010
CLIMATE RECORD PERIOD 1897 TO 2016


WEATHER ITEM   OBSERVED TIME   RECORD YEAR NORMAL DEPARTURE LAST
                VALUE   (LST)  VALUE       VALUE  FROM      YEAR
                                                  NORMAL
..................................................................
TEMPERATURE (F)
 TODAY
  MAXIMUM         90   1244 PM  96    2008  89      1       89
                                      1958
                                      1902
  MINIMUM         77    555 AM  47    1913  69      8       66
  AVERAGE         84                        79      5       78

PRECIPITATION (IN)
  TODAY            0.01          3.26 1957   0.16  -0.15     0.00
  MONTH TO DATE    4.71                      3.61   1.10    16.72
  SINCE MAR 1     15.34                      8.46   6.88    23.86
  SINCE JAN 1     17.02                     12.70   4.32    29.38

SNOWFALL (IN)
  TODAY            0.0
  MONTH TO DATE    0.0
  SINCE MAR 1      T
  SINCE JUL 1      T
  SNOW DEPTH       0

DEGREE DAYS
 HEATING
  TODAY            0                         0      0        0
  MONTH TO DATE    1                         0      1        0
  SINCE MAR 1     84                       200   -116      215
  SINCE JUL 1   1081                      1537   -456     1698

 COOLING
  TODAY           19                        14      5       13
  MONTH TO DATE  242                       288    -46      261
  SINCE MAR 1    525                       513     12      528
  SINCE JAN 1    564                       540     24      539
..................................................................


WIND (MPH)
  HIGHEST WIND SPEED    13   HIGHEST WIND DIRECTION     S (160)
  HIGHEST GUST SPEED    23   HIGHEST GUST DIRECTION     S (180)
  AVERAGE WIND SPEED     6.9


SKY COVER
  AVERAGE SKY COVER 0.9


WEATHER CONDITIONS
 THE FOLLOWING WEATHER WAS RECORDED TODAY.
  THUNDERSTORM
  LIGHT RAIN
  FOG


RELATIVE HUMIDITY (PERCENT)
 HIGHEST    91           400 AM
 LOWEST     59           200 PM
 AVERAGE    75

..........................................................


THE AUSTIN CAMP MABRY CLIMATE NORMALS FOR TOMORROW
                         NORMAL    RECORD    YEAR
 MAXIMUM TEMPERATURE (F)   89       100      2011
 MINIMUM TEMPERATURE (F)   69        45      1901


SUNRISE AND SUNSET
MAY 26 2016...........SUNRISE   631 AM CDT   SUNSET   825 PM CDT
MAY 27 2016...........SUNRISE   631 AM CDT   SUNSET   826 PM CDT


-  INDICATES NEGATIVE NUMBERS.
R  INDICATES RECORD WAS SET OR TIED.
MM INDICATES DATA IS MISSING.
T  INDICATES TRACE AMOUNT.




$$
