000
CDUS44 KEWX 282229
CLIATT


CLIMATE REPORT
NATIONAL WEATHER SERVICE AUSTIN/SAN ANTONIO, TX
528 PM CDT THU JUL 28 2016


...................................

...THE AUSTIN CAMP MABRY CLIMATE SUMMARY FOR JULY 28 2016...
VALID TODAY AS OF 525 PM LOCAL TIME.

CLIMATE NORMAL PERIOD 1981 TO 2010
CLIMATE RECORD PERIOD 1897 TO 2016


WEATHER ITEM   OBSERVED TIME   RECORD YEAR NORMAL DEPARTURE LAST
                VALUE   (LST)  VALUE       VALUE  FROM      YEAR
                                                  NORMAL
..................................................................
TEMPERATURE (F)
 TODAY
  MAXIMUM         97    235 PM 105    1923  97      0      100
  MINIMUM         75   1226 AM  68    1916  75      0       77
                                      1903
  AVERAGE         86                        86      0       89

PRECIPITATION (IN)
  TODAY            0.00          3.20 1902   0.06  -0.06     0.00
  MONTH TO DATE    1.94                      1.71   0.23      T
  SINCE JUN 1      4.55                      6.04  -1.49     8.89
  SINCE JAN 1     24.01                     19.57   4.44    39.14

SNOWFALL (IN)
  TODAY            0.0
  MONTH TO DATE    0.0
  SINCE JUN 1      0.0
  SINCE JUL 1      0.0
  SNOW DEPTH       0

DEGREE DAYS
 HEATING
  TODAY            0                         0      0        0
  MONTH TO DATE    0                         0      0        0
  SINCE JUN 1      0                         0      0        0
  SINCE JUL 1      0                         0      0        0

 COOLING
  TODAY           21                        21      0       24
  MONTH TO DATE  656                       557     99      574
  SINCE JUN 1   1205                      1073    132     1064
  SINCE JAN 1   1820                      1686    134     1665
..................................................................


WIND (MPH)
  HIGHEST WIND SPEED    22   HIGHEST WIND DIRECTION    SE (140)
  HIGHEST GUST SPEED    30   HIGHEST GUST DIRECTION    SE (150)
  AVERAGE WIND SPEED     2.9


SKY COVER
  AVERAGE SKY COVER 0.4


WEATHER CONDITIONS
 THE FOLLOWING WEATHER WAS RECORDED TODAY.
  THUNDERSTORM
  FOG


RELATIVE HUMIDITY (PERCENT)
 HIGHEST    94           100 AM
 LOWEST     46           200 PM
 AVERAGE    70

..........................................................


THE AUSTIN CAMP MABRY CLIMATE NORMALS FOR TOMORROW
                         NORMAL    RECORD    YEAR
 MAXIMUM TEMPERATURE (F)   97       105      1925
 MINIMUM TEMPERATURE (F)   75        62      1903


SUNRISE AND SUNSET
JULY 28 2016..........SUNRISE   647 AM CDT   SUNSET   827 PM CDT
JULY 29 2016..........SUNRISE   648 AM CDT   SUNSET   826 PM CDT


-  INDICATES NEGATIVE NUMBERS.
R  INDICATES RECORD WAS SET OR TIED.
MM INDICATES DATA IS MISSING.
T  INDICATES TRACE AMOUNT.




$$
