000
CDUS44 KEWX 180722
CLIATT


CLIMATE REPORT
NATIONAL WEATHER SERVICE AUSTIN/SAN ANTONIO, TX
118 AM CST THU DEC 18 2014


...................................

...THE AUSTIN CAMP MABRY CLIMATE SUMMARY FOR DECEMBER 17 2014...

CLIMATE NORMAL PERIOD 1981 TO 2010
CLIMATE RECORD PERIOD 1897 TO 2014


WEATHER ITEM   OBSERVED TIME   RECORD YEAR NORMAL DEPARTURE LAST
                VALUE   (LST)  VALUE       VALUE  FROM      YEAR
                                                  NORMAL
..................................................................
TEMPERATURE (F)
 YESTERDAY
  MAXIMUM         53   1014 PM  82    1990  62     -9       74
                                      1924
  MINIMUM         48    221 PM  21    1932  42      6       36
  AVERAGE         51                        52     -1

PRECIPITATION (IN)
  YESTERDAY        0.10          1.00 1934   0.08   0.02     0.00
                                      1898
  MONTH TO DATE    0.30                      1.30  -1.00     0.26
  SINCE DEC 1      0.30                      1.30  -1.00     0.26
  SINCE JAN 1     34.77                     33.22   1.55    40.57

SNOWFALL (IN)
  YESTERDAY        0.0
  MONTH TO DATE    0.0
  SINCE DEC 1      0.0
  SINCE JUL 1      0.0
  SNOW DEPTH       0

DEGREE DAYS
 HEATING
  YESTERDAY       14                        13      1       10
  MONTH TO DATE  112                       203    -91      281
  SINCE DEC 1    112                       203    -91      281
  SINCE JUL 1    402                       415    -13      555

 COOLING
  YESTERDAY        0                         0      0        0
  MONTH TO DATE    7                         6      1        7
  SINCE DEC 1      7                         6      1        7
  SINCE JAN 1   3195                      3132     63     3456
..................................................................


WIND (MPH)
  HIGHEST WIND SPEED    15   HIGHEST WIND DIRECTION    SE (120)
  HIGHEST GUST SPEED    22   HIGHEST GUST DIRECTION    SE (120)
  AVERAGE WIND SPEED     3.6


SKY COVER
  AVERAGE SKY COVER 1.0


WEATHER CONDITIONS
 THE FOLLOWING WEATHER WAS RECORDED YESTERDAY.
  THUNDERSTORM
  RAIN
  LIGHT RAIN
  FOG


RELATIVE HUMIDITY (PERCENT)
 HIGHEST    96           600 PM
 LOWEST     54          1200 AM
 AVERAGE    75

..........................................................


THE AUSTIN CAMP MABRY CLIMATE NORMALS FOR TODAY
                         NORMAL    RECORD    YEAR
 MAXIMUM TEMPERATURE (F)   62        83      2012
 MINIMUM TEMPERATURE (F)   42        22      1983


SUNRISE AND SUNSET
DECEMBER 18 2014......SUNRISE   722 AM CST   SUNSET   533 PM CST
DECEMBER 19 2014......SUNRISE   722 AM CST   SUNSET   534 PM CST


-  INDICATES NEGATIVE NUMBERS.
R  INDICATES RECORD WAS SET OR TIED.
MM INDICATES DATA IS MISSING.
T  INDICATES TRACE AMOUNT.




$$
