000
CDUS44 KEWX 212254
CLIATT


CLIMATE REPORT
NATIONAL WEATHER SERVICE AUSTIN/SAN ANTONIO, TX
553 PM CDT SAT OCT 21 2017


...................................

...THE AUSTIN CAMP MABRY CLIMATE SUMMARY FOR OCTOBER 21 2017...
VALID TODAY AS OF 0500 PM LOCAL TIME.

CLIMATE NORMAL PERIOD 1981 TO 2010
CLIMATE RECORD PERIOD 1897 TO 2017


WEATHER ITEM   OBSERVED TIME   RECORD YEAR NORMAL DEPARTURE LAST
                VALUE   (LST)  VALUE       VALUE  FROM      YEAR
                                                  NORMAL
..................................................................
TEMPERATURE (F)
 TODAY
  MAXIMUM         89    230 PM  92    1979  81      8       77
                                      1934
  MINIMUM         72    420 AM  39    1976  59     13       53
  AVERAGE         81                        70     11       65

PRECIPITATION (IN)
  TODAY            0.00          1.73 1984   0.15  -0.15     0.00
  MONTH TO DATE    0.69                      2.67  -1.98     0.17
  SINCE SEP 1      2.72                      5.66  -2.94     2.26
  SINCE JAN 1     29.22                     27.75   1.47    33.20

SNOWFALL (IN)
  TODAY            0.0
  MONTH TO DATE    0.0
  SINCE SEP 1      0.0
  SINCE JUL 1      0.0
  SNOW DEPTH       0

DEGREE DAYS
 HEATING
  TODAY            0                         1     -1        0
  MONTH TO DATE    0                        10    -10        0
  SINCE SEP 1      0                        12    -12        0
  SINCE JUL 1      0                        12    -12        0

 COOLING
  TODAY           16                         6     10        0
  MONTH TO DATE  223                       172     51      250
  SINCE SEP 1    676                       622     54      781
  SINCE JAN 1   3502                      3016    486     3275
..................................................................


WIND (MPH)
  HIGHEST WIND SPEED    12   HIGHEST WIND DIRECTION     S (200)
  HIGHEST GUST SPEED    23   HIGHEST GUST DIRECTION     S (170)
  AVERAGE WIND SPEED     6.1


SKY COVER
  AVERAGE SKY COVER 0.8


WEATHER CONDITIONS
 THE FOLLOWING WEATHER WAS RECORDED TODAY.
  NO SIGNIFICANT WEATHER WAS OBSERVED.


RELATIVE HUMIDITY (PERCENT)
 HIGHEST    87          1200 AM
 LOWEST     50           200 PM
 AVERAGE    69

..........................................................


THE AUSTIN CAMP MABRY CLIMATE NORMALS FOR TOMORROW
                         NORMAL    RECORD    YEAR
 MAXIMUM TEMPERATURE (F)   80        92      2003
                                             1939
                                             1933
 MINIMUM TEMPERATURE (F)   59        37      1923


SUNRISE AND SUNSET
OCTOBER 21 2017.......SUNRISE   737 AM CDT   SUNSET   653 PM CDT
OCTOBER 22 2017.......SUNRISE   738 AM CDT   SUNSET   652 PM CDT


-  INDICATES NEGATIVE NUMBERS.
R  INDICATES RECORD WAS SET OR TIED.
MM INDICATES DATA IS MISSING.
T  INDICATES TRACE AMOUNT.




$$
