000
CDUS44 KEWX 220711
CLIATT


CLIMATE REPORT
NATIONAL WEATHER SERVICE AUSTIN/SAN ANTONIO, TX
209 AM CDT TUE JUL 22 2014


...................................

...THE AUSTIN CAMP MABRY CLIMATE SUMMARY FOR JULY 21 2014...

CLIMATE NORMAL PERIOD 1981 TO 2010
CLIMATE RECORD PERIOD 1898 TO 2014


WEATHER ITEM   OBSERVED TIME   RECORD YEAR NORMAL DEPARTURE LAST
                VALUE   (LST)  VALUE       VALUE  FROM      YEAR
                                                  NORMAL
..................................................................
TEMPERATURE (F)
 YESTERDAY
  MAXIMUM         96    303 PM 104    2000  96      0       96
  MINIMUM         77    626 AM  67    1947  75      2       75
  AVERAGE         87                        85      2

PRECIPITATION (IN)
  YESTERDAY        0.00          8.56 1919   0.05  -0.05     0.00
  MONTH TO DATE    5.49                      1.35   4.14     2.12
  SINCE JUN 1      8.57                      5.68   2.89     3.04
  SINCE JAN 1     19.65                     19.21   0.44    16.72

SNOWFALL (IN)
  YESTERDAY        0.0
  MONTH TO DATE    0.0
  SINCE JUN 1      0.0
  SINCE JUL 1      0.0
  SNOW DEPTH       0

DEGREE DAYS
 HEATING
  YESTERDAY        0                         0      0        0
  MONTH TO DATE    0                         0      0        0
  SINCE JUN 1      0                         0      0        0
  SINCE JUL 1      0                         0      0        0

 COOLING
  YESTERDAY       22                        20      2       21
  MONTH TO DATE  394                       411    -17      422
  SINCE JUN 1    913                       927    -14     1034
  SINCE JAN 1   1487                      1540    -53     1658
..................................................................


WIND (MPH)
  HIGHEST WIND SPEED    10   HIGHEST WIND DIRECTION    SE (120)
  HIGHEST GUST SPEED    20   HIGHEST GUST DIRECTION     S (180)
  AVERAGE WIND SPEED     5.7


SKY COVER
  AVERAGE SKY COVER 0.3


WEATHER CONDITIONS
 THE FOLLOWING WEATHER WAS RECORDED YESTERDAY.
  FOG


RELATIVE HUMIDITY (PERCENT)
 HIGHEST    94           600 AM
 LOWEST     46           200 PM
 AVERAGE    70

..........................................................


THE AUSTIN CAMP MABRY CLIMATE NORMALS FOR TODAY
                         NORMAL    RECORD    YEAR
 MAXIMUM TEMPERATURE (F)   96       104      2011
 MINIMUM TEMPERATURE (F)   75        61      1923


SUNRISE AND SUNSET
JULY 22 2014..........SUNRISE   643 AM CDT   SUNSET   831 PM CDT
JULY 23 2014..........SUNRISE   644 AM CDT   SUNSET   830 PM CDT


-  INDICATES NEGATIVE NUMBERS.
R  INDICATES RECORD WAS SET OR TIED.
MM INDICATES DATA IS MISSING.
T  INDICATES TRACE AMOUNT.




$$
