000
CDUS44 KEWX 292252
CLIATT


CLIMATE REPORT
NATIONAL WEATHER SERVICE AUSTIN/SAN ANTONIO, TX
551 PM CDT FRI MAY 29 2015


...................................

...THE AUSTIN CAMP MABRY CLIMATE SUMMARY FOR MAY 29 2015...
VALID TODAY AS OF 551 PM LOCAL TIME.

CLIMATE NORMAL PERIOD 1981 TO 2010
CLIMATE RECORD PERIOD 1897 TO 2015


WEATHER ITEM   OBSERVED TIME   RECORD YEAR NORMAL DEPARTURE LAST
                VALUE   (LST)  VALUE       VALUE  FROM      YEAR
                                                  NORMAL
..................................................................
TEMPERATURE (F)
 TODAY
  MAXIMUM         89    340 PM  99    1927  89      0       89
  MINIMUM         64    440 AM  52    1947  70     -6       66
  AVERAGE         77                        80     -3       78

PRECIPITATION (IN)
  TODAY            0.67          3.81 1987   0.16   0.51     0.00
  MONTH TO DATE   17.59                      4.10  13.49     7.09
  SINCE MAR 1     24.73                      8.95  15.78    10.25
  SINCE JAN 1     30.25                     13.19  17.06    11.08

SNOWFALL (IN)
  TODAY            0.0
  MONTH TO DATE    0.0
  SINCE MAR 1      T
  SINCE JUL 1      T
  SNOW DEPTH       0

DEGREE DAYS
 HEATING
  TODAY            0                         0      0        0
  MONTH TO DATE    0                         0      0        5
  SINCE MAR 1    215                       200     15      280
  SINCE JUL 1   1698                      1537    161     1776

 COOLING
  TODAY           12                        15     -3       13
  MONTH TO DATE  297                       331    -34      276
  SINCE MAR 1    564                       556      8      500
  SINCE JAN 1    575                       583     -8      541
..................................................................


WIND (MPH)
  HIGHEST WIND SPEED    21   HIGHEST WIND DIRECTION     W (290)
  HIGHEST GUST SPEED    33   HIGHEST GUST DIRECTION     W (280)
  AVERAGE WIND SPEED     3.6


SKY COVER
  AVERAGE SKY COVER 0.2


WEATHER CONDITIONS
 THE FOLLOWING WEATHER WAS RECORDED TODAY.
  THUNDERSTORM
  HEAVY RAIN
  RAIN
  LIGHT RAIN
  FOG


RELATIVE HUMIDITY (PERCENT)
 HIGHEST   100           300 AM
 LOWEST     52           300 PM
 AVERAGE    76

..........................................................


THE AUSTIN CAMP MABRY CLIMATE NORMALS FOR TOMORROW
                         NORMAL    RECORD    YEAR
 MAXIMUM TEMPERATURE (F)   90       101      2003
 MINIMUM TEMPERATURE (F)   70        56      1992
                                             1984


SUNRISE AND SUNSET
MAY 29 2015...........SUNRISE   630 AM CDT   SUNSET   826 PM CDT
MAY 30 2015...........SUNRISE   630 AM CDT   SUNSET   827 PM CDT


-  INDICATES NEGATIVE NUMBERS.
R  INDICATES RECORD WAS SET OR TIED.
MM INDICATES DATA IS MISSING.
T  INDICATES TRACE AMOUNT.




$$
