000
CDUS44 KEWX 132355
CLIATT


CLIMATE REPORT
NATIONAL WEATHER SERVICE AUSTIN/SAN ANTONIO, TX
553 PM CST SAT FEB 13 2016


...................................

...THE AUSTIN CAMP MABRY CLIMATE SUMMARY FOR FEBRUARY 13 2016...
VALID TODAY AS OF 553 PM LOCAL TIME.

CLIMATE NORMAL PERIOD 1981 TO 2010
CLIMATE RECORD PERIOD 1897 TO 2016


WEATHER ITEM   OBSERVED TIME   RECORD YEAR NORMAL DEPARTURE LAST
                VALUE   (LST)  VALUE       VALUE  FROM      YEAR
                                                  NORMAL
..................................................................
TEMPERATURE (F)
 TODAY
  MAXIMUM         75    358 PM  84    1924  65     10       70
  MINIMUM         52    752 AM  10    1905  44      8       39
  AVERAGE         64                        55      9       55

PRECIPITATION (IN)
  TODAY            0.00          1.48 1969   0.08  -0.08     0.00
  MONTH TO DATE    T                         0.91  -0.91     0.34
  SINCE DEC 1      3.34                      5.53  -2.19     6.42
  SINCE JAN 1      0.34                      3.13  -2.79     5.36

SNOWFALL (IN)
  TODAY            0.0
  MONTH TO DATE    0.0
  SINCE DEC 1      0.0
  SINCE JUL 1      0.0
  SNOW DEPTH       0

DEGREE DAYS
 HEATING
  TODAY            1                        11    -10       10
  MONTH TO DATE  113                       155    -42      138
  SINCE DEC 1    778                       983   -205      948
  SINCE JUL 1    938                      1195   -257     1238

 COOLING
  TODAY            0                         1     -1        0
  MONTH TO DATE    4                         8     -4        6
  SINCE DEC 1     32                        30      2       18
  SINCE JAN 1     12                        17     -5        9
..................................................................


WIND (MPH)
  HIGHEST WIND SPEED    15   HIGHEST WIND DIRECTION    SE (150)
  HIGHEST GUST SPEED    23   HIGHEST GUST DIRECTION     S (160)
  AVERAGE WIND SPEED     5.6


SKY COVER
  AVERAGE SKY COVER 0.1


WEATHER CONDITIONS
 THE FOLLOWING WEATHER WAS RECORDED TODAY.
  NO SIGNIFICANT WEATHER WAS OBSERVED.


RELATIVE HUMIDITY (PERCENT)
 HIGHEST    67          1000 AM
 LOWEST     42          1200 AM
 AVERAGE    55

..........................................................


THE AUSTIN CAMP MABRY CLIMATE NORMALS FOR TOMORROW
                         NORMAL    RECORD    YEAR
 MAXIMUM TEMPERATURE (F)   65        86      2014
 MINIMUM TEMPERATURE (F)   45        12      1905


SUNRISE AND SUNSET
FEBRUARY 13 2016......SUNRISE   713 AM CST   SUNSET   617 PM CST
FEBRUARY 14 2016......SUNRISE   712 AM CST   SUNSET   618 PM CST


-  INDICATES NEGATIVE NUMBERS.
R  INDICATES RECORD WAS SET OR TIED.
MM INDICATES DATA IS MISSING.
T  INDICATES TRACE AMOUNT.




$$
