000
CDUS43 KABR 182338
CLIATY


CLIMATE REPORT
NATIONAL WEATHER SERVICE ABERDEEN SD
534 PM CST SUN FEB 18 2018


...................................

...THE WATERTOWN SD CLIMATE SUMMARY FOR FEBRUARY 18 2018...
VALID TODAY AS OF 0500 PM LOCAL TIME.

CLIMATE NORMAL PERIOD 1981 TO 2010
CLIMATE RECORD PERIOD 1898 TO 2018


WEATHER ITEM   OBSERVED TIME   RECORD YEAR NORMAL DEPARTURE LAST
                VALUE   (LST)  VALUE       VALUE  FROM      YEAR
                                                  NORMAL
..................................................................
TEMPERATURE (F)
 TODAY
  MAXIMUM         41    110 PM  64    1913  28     13       49
  MINIMUM         19   1206 AM -26    1903   9     10       28
  AVERAGE         30                        18     12       39

PRECIPITATION (IN)
  TODAY            0.00          0.42 1991   0.02  -0.02     0.00
  MONTH TO DATE    0.11                      0.31  -0.20     0.08
  SINCE DEC 1      0.47                      1.36  -0.89     1.99
  SINCE JAN 1      0.22                      0.83  -0.61     0.74

SNOWFALL (IN)
  TODAY            0.0
  MONTH TO DATE    2.7
  SINCE OCT 1     10.8
  SINCE JUL 1     10.8
  SNOW DEPTH       1

DEGREE DAYS
 HEATING
  TODAY           35                        47    -12       26
  MONTH TO DATE 1032                       885    147      739
  SINCE DEC 1   4065                      4027     38     3913
  SINCE JUL 1   5830                      5967   -137     5284

 COOLING
  TODAY            0                         0      0        0
  MONTH TO DATE    0                         0      0        0
  SINCE DEC 1      0                         0      0        0
  SINCE JAN 1      0                         0      0        0
..................................................................


WIND (MPH)
  HIGHEST WIND SPEED    25   HIGHEST WIND DIRECTION    SE (150)
  HIGHEST GUST SPEED    33   HIGHEST GUST DIRECTION     S (160)
  AVERAGE WIND SPEED    13.2


SKY COVER
  POSSIBLE SUNSHINE  MM
  AVERAGE SKY COVER 0.5


WEATHER CONDITIONS
 THE FOLLOWING WEATHER WAS RECORDED TODAY.
  NO SIGNIFICANT WEATHER WAS OBSERVED.


RELATIVE HUMIDITY (PERCENT)
 HIGHEST    92           200 AM
 LOWEST     55           100 PM
 AVERAGE    74

..........................................................


THE WATERTOWN SD CLIMATE NORMALS FOR TOMORROW
                         NORMAL    RECORD    YEAR
 MAXIMUM TEMPERATURE (F)   29        63      1930
 MINIMUM TEMPERATURE (F)    9       -38      1929


SUNRISE AND SUNSET
FEBRUARY 18 2018......SUNRISE   725 AM CST   SUNSET   601 PM CST
FEBRUARY 19 2018......SUNRISE   723 AM CST   SUNSET   602 PM CST


-  INDICATES NEGATIVE NUMBERS.
R  INDICATES RECORD WAS SET OR TIED.
MM INDICATES DATA IS MISSING.
T  INDICATES TRACE AMOUNT.




$$
