000
CDUS43 KABR 041531
CLIATY


CLIMATE REPORT...CORRECTED
NATIONAL WEATHER SERVICE ABERDEEN SD
929 AM CST WED MAR 4 2015


...................................

...THE WATERTOWN SD CLIMATE SUMMARY FOR MARCH 3 2015...

CLIMATE NORMAL PERIOD 1981 TO 2010
CLIMATE RECORD PERIOD 1898 TO 2015


WEATHER ITEM   OBSERVED TIME   RECORD YEAR NORMAL DEPARTURE LAST
                VALUE   (LST)  VALUE       VALUE  FROM      YEAR
                                                  NORMAL
..................................................................
TEMPERATURE (F)
 YESTERDAY
  MAXIMUM         26    147 AM  62    2000  33     -7        9
  MINIMUM         -2   1159 PM -20    1916  15    -17       -2
  AVERAGE         12                        24    -12        4

PRECIPITATION (IN)
  YESTERDAY        0.19          1.15 1985   0.02   0.17      T
  MONTH TO DATE    0.19                      0.08   0.11     0.01
  SINCE MAR 1      0.19                      0.08   0.11     0.01
  SINCE JAN 1      0.84                      1.16  -0.32     0.44

SNOWFALL (IN)
  YESTERDAY        3.8
  MONTH TO DATE    3.8
  SINCE OCT 1     24.7
  SINCE JUL 1     24.7
  SNOW DEPTH       4

DEGREE DAYS
 HEATING
  YESTERDAY       53                        41     12       61
  MONTH TO DATE  157                       125     32      205
  SINCE MAR 1    157                       125     32      205
  SINCE JUL 1   6549                      6536     13     7171

 COOLING
  YESTERDAY        0                         0      0        0
  MONTH TO DATE    0                         0      0        0
  SINCE MAR 1      0                         0      0        0
  SINCE JAN 1      0                         0      0        0
..................................................................


WIND (MPH)
  HIGHEST WIND SPEED    33   HIGHEST WIND DIRECTION    NW (330)
  HIGHEST GUST SPEED    42   HIGHEST GUST DIRECTION     N (340)
  AVERAGE WIND SPEED    18.0


SKY COVER
  POSSIBLE SUNSHINE  MM
  AVERAGE SKY COVER 0.7


WEATHER CONDITIONS
 THE FOLLOWING WEATHER WAS RECORDED YESTERDAY.
  SNOW
  LIGHT SNOW
  FOG
  HAZE


RELATIVE HUMIDITY (PERCENT)
 HIGHEST    96           600 AM
 LOWEST     66           300 PM
 AVERAGE    81

..........................................................


THE WATERTOWN SD CLIMATE NORMALS FOR TODAY
                         NORMAL    RECORD    YEAR
 MAXIMUM TEMPERATURE (F)   33        65      2000
 MINIMUM TEMPERATURE (F)   15       -21      1960


SUNRISE AND SUNSET
MARCH  4 2015.........SUNRISE   701 AM CST   SUNSET   620 PM CST
MARCH  5 2015.........SUNRISE   700 AM CST   SUNSET   621 PM CST


-  INDICATES NEGATIVE NUMBERS.
R  INDICATES RECORD WAS SET OR TIED.
MM INDICATES DATA IS MISSING.
T  INDICATES TRACE AMOUNT.




$$
