000
CDUS43 KABR 200926
CLIATY


CLIMATE REPORT
NATIONAL WEATHER SERVICE ABERDEEN SD
426 AM CDT WED AUG 20 2014


...................................

...THE WATERTOWN SD CLIMATE SUMMARY FOR AUGUST 19 2014...

CLIMATE NORMAL PERIOD 1981 TO 2010
CLIMATE RECORD PERIOD 1898 TO 2014


WEATHER ITEM   OBSERVED TIME   RECORD YEAR NORMAL DEPARTURE LAST
                VALUE   (LST)  VALUE       VALUE  FROM      YEAR
                                                  NORMAL
..................................................................
TEMPERATURE (F)
 YESTERDAY
  MAXIMUM         82    204 PM  99    1976  80      2       85
  MINIMUM         58    503 AM  38    2004  57      1       64
                                      1967
  AVERAGE         70                        68      2       75

PRECIPITATION (IN)
  YESTERDAY        0.00          1.95 1899   0.08  -0.08      T
  MONTH TO DATE    1.26                      1.72  -0.46     0.48
  SINCE JUN 1      7.11                      8.32  -1.21     8.78
  SINCE JAN 1     11.98                     15.17  -3.19    16.77

DEGREE DAYS
 HEATING
  YESTERDAY        0                         1     -1        0
  MONTH TO DATE    4                        19    -15       19
  SINCE JUN 1    102                       114    -12      139
  SINCE JUL 1     39                        36      3       51

 COOLING
  YESTERDAY        5                         5      0       10
  MONTH TO DATE   66                       105    -39       42
  SINCE JUN 1    248                       407   -159      328
  SINCE JAN 1    289                       429   -140      350
..................................................................


WIND (MPH)
  HIGHEST WIND SPEED    14   HIGHEST WIND DIRECTION    NW (330)
  HIGHEST GUST SPEED    18   HIGHEST GUST DIRECTION    NW (320)
  AVERAGE WIND SPEED     5.7


SKY COVER
  POSSIBLE SUNSHINE  MM
  AVERAGE SKY COVER 0.0


WEATHER CONDITIONS
 THE FOLLOWING WEATHER WAS RECORDED YESTERDAY.
  NO SIGNIFICANT WEATHER WAS OBSERVED.


RELATIVE HUMIDITY (PERCENT)
 HIGHEST    93          1200 AM
 LOWEST     51           300 PM
 AVERAGE    72

..........................................................


THE WATERTOWN SD CLIMATE NORMALS FOR TODAY
                         NORMAL    RECORD    YEAR
 MAXIMUM TEMPERATURE (F)   79        97      1955
 MINIMUM TEMPERATURE (F)   57        37      1950


SUNRISE AND SUNSET
AUGUST 20 2014........SUNRISE   636 AM CDT   SUNSET   827 PM CDT
AUGUST 21 2014........SUNRISE   638 AM CDT   SUNSET   825 PM CDT


-  INDICATES NEGATIVE NUMBERS.
R  INDICATES RECORD WAS SET OR TIED.
MM INDICATES DATA IS MISSING.
T  INDICATES TRACE AMOUNT.




$$
