000
CDUS43 KABR 281051
CLIATY


CLIMATE REPORT
NATIONAL WEATHER SERVICE ABERDEEN SD
550 AM CDT THU JUL 28 2016


...................................

...THE WATERTOWN SD CLIMATE SUMMARY FOR JULY 27 2016...

CLIMATE NORMAL PERIOD 1981 TO 2010
CLIMATE RECORD PERIOD 1898 TO 2016


WEATHER ITEM   OBSERVED TIME   RECORD YEAR NORMAL DEPARTURE LAST
                VALUE   (LST)  VALUE       VALUE  FROM      YEAR
                                                  NORMAL
..................................................................
TEMPERATURE (F)
 YESTERDAY
  MAXIMUM         82    312 PM 105    1931  83     -1       89
  MINIMUM         61   1159 PM  42    2013  60      1       66
  AVERAGE         72                        71      1       78

PRECIPITATION (IN)
  YESTERDAY        0.13          0.97 1910   0.10   0.03     0.00
  MONTH TO DATE    2.48                      2.63  -0.15     2.74
  SINCE JUN 1      4.01                      6.21  -2.20     5.67
  SINCE JAN 1      9.66                     13.06  -3.40    11.67

DEGREE DAYS
 HEATING
  YESTERDAY        0                         1     -1        0
  MONTH TO DATE   12                        14     -2       13
  SINCE JUN 1     37                        92    -55       40
  SINCE JUL 1     12                        14     -2       13

 COOLING
  YESTERDAY        7                         7      0       13
  MONTH TO DATE  219                       182     37      201
  SINCE JUN 1    418                       278    140      298
  SINCE JAN 1    442                       300    142      306
..................................................................


WIND (MPH)
  HIGHEST WIND SPEED    21   HIGHEST WIND DIRECTION     N (20)
  HIGHEST GUST SPEED    24   HIGHEST GUST DIRECTION    NE (30)
  AVERAGE WIND SPEED     9.6


SKY COVER
  POSSIBLE SUNSHINE  MM
  AVERAGE SKY COVER 0.3


WEATHER CONDITIONS
 THE FOLLOWING WEATHER WAS RECORDED YESTERDAY.
  THUNDERSTORM
  HEAVY RAIN
  RAIN
  LIGHT RAIN
  FOG


RELATIVE HUMIDITY (PERCENT)
 HIGHEST    93           600 AM
 LOWEST     48           500 PM
 AVERAGE    71

..........................................................


THE WATERTOWN SD CLIMATE NORMALS FOR TODAY
                         NORMAL    RECORD    YEAR
 MAXIMUM TEMPERATURE (F)   83       105      1933
 MINIMUM TEMPERATURE (F)   60        41      1928


SUNRISE AND SUNSET
JULY 28 2016..........SUNRISE   610 AM CDT   SUNSET   859 PM CDT
JULY 29 2016..........SUNRISE   611 AM CDT   SUNSET   858 PM CDT


-  INDICATES NEGATIVE NUMBERS.
R  INDICATES RECORD WAS SET OR TIED.
MM INDICATES DATA IS MISSING.
T  INDICATES TRACE AMOUNT.




$$
