000
CDUS43 KABR 221019
CLIATY


CLIMATE REPORT
NATIONAL WEATHER SERVICE ABERDEEN SD
419 AM CST MON DEC 22 2014


...................................

...THE WATERTOWN SD CLIMATE SUMMARY FOR DECEMBER 21 2014...

CLIMATE NORMAL PERIOD 1981 TO 2010
CLIMATE RECORD PERIOD 1898 TO 2014


WEATHER ITEM   OBSERVED TIME   RECORD YEAR NORMAL DEPARTURE LAST
                VALUE   (LST)  VALUE       VALUE  FROM      YEAR
                                                  NORMAL
..................................................................
TEMPERATURE (F)
 YESTERDAY
  MAXIMUM         36   1159 PM  55    1900  23     13       10
  MINIMUM         28   1253 AM -31    1916   6     22      -10
  AVERAGE         32                        14     18        0

PRECIPITATION (IN)
  YESTERDAY        0.00          0.50 1918   0.02  -0.02      T
  MONTH TO DATE    0.25                      0.37  -0.12     0.35
  SINCE DEC 1      0.25                      0.37  -0.12     0.35
  SINCE JAN 1     16.04                     21.92  -5.88    24.50

SNOWFALL (IN)
  YESTERDAY        0.0
  MONTH TO DATE    1.0
  SINCE OCT 1     11.4
  SINCE JUL 1     11.4
  SNOW DEPTH       1

DEGREE DAYS
 HEATING
  YESTERDAY       33                        51    -18       65
  MONTH TO DATE  840                      1003   -163     1166
  SINCE DEC 1    840                      1003   -163     1166
  SINCE JUL 1   2921                      2943    -22     3004

 COOLING
  YESTERDAY        0                         0      0        0
  MONTH TO DATE    0                         0      0        0
  SINCE DEC 1      0                         0      0        0
  SINCE JAN 1    369                       515   -146      618
..................................................................


WIND (MPH)
  HIGHEST WIND SPEED    22   HIGHEST WIND DIRECTION     S (170)
  HIGHEST GUST SPEED    27   HIGHEST GUST DIRECTION     S (180)
  AVERAGE WIND SPEED    13.2


SKY COVER
  POSSIBLE SUNSHINE  MM
  AVERAGE SKY COVER 1.0


WEATHER CONDITIONS
 THE FOLLOWING WEATHER WAS RECORDED YESTERDAY.
  FOG
  FOG W/VISIBILITY <= 1/4 MILE


RELATIVE HUMIDITY (PERCENT)
 HIGHEST   100          1200 AM
 LOWEST     92           100 AM
 AVERAGE    96

..........................................................


THE WATERTOWN SD CLIMATE NORMALS FOR TODAY
                         NORMAL    RECORD    YEAR
 MAXIMUM TEMPERATURE (F)   23        47      1957
 MINIMUM TEMPERATURE (F)    5       -29      1916


SUNRISE AND SUNSET
DECEMBER 22 2014......SUNRISE   804 AM CST   SUNSET   451 PM CST
DECEMBER 23 2014......SUNRISE   804 AM CST   SUNSET   451 PM CST


-  INDICATES NEGATIVE NUMBERS.
R  INDICATES RECORD WAS SET OR TIED.
MM INDICATES DATA IS MISSING.
T  INDICATES TRACE AMOUNT.




$$
