000
CDUS43 KABR 011634
CLIATY


CLIMATE REPORT...CORRECTED
NATIONAL WEATHER SERVICE ABERDEEN SD
1033 AM CST SUN FEB 1 2015


...................................

...THE WATERTOWN SD CLIMATE SUMMARY FOR JANUARY 31 2015...

CLIMATE NORMAL PERIOD 1981 TO 2010
CLIMATE RECORD PERIOD 1898 TO 2015


WEATHER ITEM   OBSERVED TIME   RECORD YEAR NORMAL DEPARTURE LAST
                VALUE   (LST)  VALUE       VALUE  FROM      YEAR
                                                  NORMAL
..................................................................
TEMPERATURE (F)
 YESTERDAY
  MAXIMUM         26   1202 AM  51    1931  24      2       11
  MINIMUM          8   1159 PM -28    1918   4      4      -15
  AVERAGE         17                        14      3       -2

PRECIPITATION (IN)
  YESTERDAY        T             0.62 2011   0.02  -0.02     0.00
  MONTH TO DATE    0.40                      0.52  -0.12     0.30
  SINCE DEC 1      1.04                      1.05  -0.01     0.91
  SINCE JAN 1      0.40                      0.52  -0.12     0.30

SNOWFALL (IN)
  YESTERDAY        T
  MONTH TO DATE    4.0
  SINCE OCT 1     18.2
  SINCE JUL 1     18.2
  SNOW DEPTH       0

DEGREE DAYS
 HEATING
  YESTERDAY       48                        51     -3       67
  MONTH TO DATE 1471                      1625   -154     1744
  SINCE DEC 1   2803                      3142   -339     3504
  SINCE JUL 1   4884                      5082   -198     5342

 COOLING
  YESTERDAY        0                         0      0        0
  MONTH TO DATE    0                         0      0        0
  SINCE DEC 1      0                         0      0        0
  SINCE JAN 1      0                         0      0        0
..................................................................


WIND (MPH)
  HIGHEST WIND SPEED    25   HIGHEST WIND DIRECTION    NE (30)
  HIGHEST GUST SPEED    31   HIGHEST GUST DIRECTION    NE (40)
  AVERAGE WIND SPEED    17.3


SKY COVER
  POSSIBLE SUNSHINE  MM
  AVERAGE SKY COVER 0.8


WEATHER CONDITIONS
 THE FOLLOWING WEATHER WAS RECORDED YESTERDAY.
  LIGHT SNOW
  FOG
  FOG W/VISIBILITY <= 1/4 MILE


RELATIVE HUMIDITY (PERCENT)
 HIGHEST   100           600 AM
 LOWEST     64           800 PM
 AVERAGE    82

..........................................................


THE WATERTOWN SD CLIMATE NORMALS FOR TODAY
                         NORMAL    RECORD    YEAR
 MAXIMUM TEMPERATURE (F)   24        58      1931
 MINIMUM TEMPERATURE (F)    4       -33      1905


SUNRISE AND SUNSET
FEBRUARY  1 2015......SUNRISE   748 AM CST   SUNSET   536 PM CST
FEBRUARY  2 2015......SUNRISE   747 AM CST   SUNSET   538 PM CST


-  INDICATES NEGATIVE NUMBERS.
R  INDICATES RECORD WAS SET OR TIED.
MM INDICATES DATA IS MISSING.
T  INDICATES TRACE AMOUNT.




$$
