000
CDUS43 KABR 280914
CLIATY


CLIMATE REPORT
NATIONAL WEATHER SERVICE ABERDEEN SD
413 AM CDT TUE JUL 28 2015


...................................

...THE WATERTOWN SD CLIMATE SUMMARY FOR JULY 27 2015...

CLIMATE NORMAL PERIOD 1981 TO 2010
CLIMATE RECORD PERIOD 1898 TO 2015


WEATHER ITEM   OBSERVED TIME   RECORD YEAR NORMAL DEPARTURE LAST
                VALUE   (LST)  VALUE       VALUE  FROM      YEAR
                                                  NORMAL
..................................................................
TEMPERATURE (F)
 YESTERDAY
  MAXIMUM         89   1232 PM 105    1931  83      6       66
  MINIMUM         66    450 AM  42    2013  60      6       54
  AVERAGE         78                        71      7       60

PRECIPITATION (IN)
  YESTERDAY        0.00          0.97 1910   0.10  -0.10     0.00
  MONTH TO DATE    2.74                      2.63   0.11     1.25
  SINCE JUN 1      5.67                      6.21  -0.54     5.85
  SINCE JAN 1     11.67                     13.06  -1.39    10.72

DEGREE DAYS
 HEATING
  YESTERDAY        0                         1     -1        5
  MONTH TO DATE   13                        14     -1       31
  SINCE JUN 1     40                        92    -52       94
  SINCE JUL 1     13                        14     -1       31

 COOLING
  YESTERDAY       13                         7      6        0
  MONTH TO DATE  201                       182     19      119
  SINCE JUN 1    298                       278     20      180
  SINCE JAN 1    306                       300      6      221
..................................................................


WIND (MPH)
  HIGHEST WIND SPEED    23   HIGHEST WIND DIRECTION     S (170)
  HIGHEST GUST SPEED    27   HIGHEST GUST DIRECTION     S (170)
  AVERAGE WIND SPEED    11.3


SKY COVER
  POSSIBLE SUNSHINE  MM
  AVERAGE SKY COVER 0.2


WEATHER CONDITIONS
 THE FOLLOWING WEATHER WAS RECORDED YESTERDAY.
  NO SIGNIFICANT WEATHER WAS OBSERVED.


RELATIVE HUMIDITY (PERCENT)
 HIGHEST    93           400 AM
 LOWEST     51           500 PM
 AVERAGE    72

..........................................................


THE WATERTOWN SD CLIMATE NORMALS FOR TODAY
                         NORMAL    RECORD    YEAR
 MAXIMUM TEMPERATURE (F)   83       105      1933
 MINIMUM TEMPERATURE (F)   60        41      1928


SUNRISE AND SUNSET
JULY 28 2015..........SUNRISE   609 AM CDT   SUNSET   900 PM CDT
JULY 29 2015..........SUNRISE   611 AM CDT   SUNSET   859 PM CDT


-  INDICATES NEGATIVE NUMBERS.
R  INDICATES RECORD WAS SET OR TIED.
MM INDICATES DATA IS MISSING.
T  INDICATES TRACE AMOUNT.




$$
