000
CDUS41 KGYX 010907
CLIAUG


CLIMATE REPORT
NATIONAL WEATHER SERVICE GRAY ME
406 AM EST SUN MAR 1 2015


...................................

...THE AUGUSTA CLIMATE SUMMARY FOR FEBRUARY 28 2015...

CLIMATE NORMAL PERIOD 1981 TO 2010
CLIMATE RECORD PERIOD 1948 TO 2015


WEATHER ITEM   OBSERVED TIME   RECORD YEAR NORMAL DEPARTURE LAST
                VALUE   (LST)  VALUE       VALUE  FROM      YEAR
                                                  NORMAL
..................................................................
TEMPERATURE (F)
 YESTERDAY
  MAXIMUM         27    445 PM  MM      MM  35     -8       19
  MINIMUM         -1    627 AM  MM      MM  18    -19        6
  AVERAGE         13                        27    -14       13

PRECIPITATION (IN)
  YESTERDAY        0.00         MM      MM   0.09  -0.09      T
  MONTH TO DATE    0.65                      2.43  -1.78     1.69
  SINCE DEC 1      6.75                      8.28  -1.53     7.41
  SINCE JAN 1      2.27                      5.04  -2.77     4.79

DEGREE DAYS
 HEATING
  YESTERDAY       52                        38     14       52
  MONTH TO DATE 1529                      1172    357     1218
  SINCE DEC 1   4138                      3795    343     3997
  SINCE JUL 1   5627                      5343    284     5506

 COOLING
  YESTERDAY        0                         0      0        0
  MONTH TO DATE    0                         0      0        0
  SINCE DEC 1      0                         0      0        0
  SINCE JAN 1      0                         0      0        0
..................................................................


WIND (MPH)
  HIGHEST WIND SPEED    14   HIGHEST WIND DIRECTION     W (250)
  HIGHEST GUST SPEED    19   HIGHEST GUST DIRECTION    SW (240)
  AVERAGE WIND SPEED     4.8


SKY COVER
  AVERAGE SKY COVER 0.0


WEATHER CONDITIONS
 THE FOLLOWING WEATHER WAS RECORDED YESTERDAY.
  NO SIGNIFICANT WEATHER WAS OBSERVED.


RELATIVE HUMIDITY (PERCENT)
 HIGHEST    73          1000 PM
 LOWEST     29           100 PM
 AVERAGE    51

..........................................................


THE AUGUSTA CLIMATE NORMALS FOR TODAY
                         NORMAL
 MAXIMUM TEMPERATURE (F)   36
 MINIMUM TEMPERATURE (F)   18


SUNRISE AND SUNSET
MARCH  1 2015.........SUNRISE   617 AM EST   SUNSET   527 PM EST
MARCH  2 2015.........SUNRISE   615 AM EST   SUNSET   528 PM EST


-  INDICATES NEGATIVE NUMBERS.
R  INDICATES RECORD WAS SET OR TIED.
MM INDICATES DATA IS MISSING.
T  INDICATES TRACE AMOUNT.




$$
