000
CDUS41 KGYX 280811
CLIAUG


CLIMATE REPORT
NATIONAL WEATHER SERVICE GRAY ME
411 AM EDT TUE JUL 28 2015


...................................

...THE AUGUSTA CLIMATE SUMMARY FOR JULY 27 2015...

CLIMATE NORMAL PERIOD 1981 TO 2010
CLIMATE RECORD PERIOD 1948 TO 2015


WEATHER ITEM   OBSERVED TIME   RECORD YEAR NORMAL DEPARTURE LAST
                VALUE   (LST)  VALUE       VALUE  FROM      YEAR
                                                  NORMAL
..................................................................
TEMPERATURE (F)
 YESTERDAY
  MAXIMUM         78    407 PM  MM      MM  80     -2       76
  MINIMUM         62    602 AM  MM      MM  60      2       59
  AVERAGE         70                        70      0       68

PRECIPITATION (IN)
  YESTERDAY        0.00         MM      MM   0.11  -0.11     0.33
  MONTH TO DATE    1.82                      2.95  -1.13     5.06
  SINCE JUN 1      7.28                      6.51   0.77     9.97
  SINCE JAN 1     16.96                     22.40  -5.44    24.09

DEGREE DAYS
 HEATING
  YESTERDAY        0                         0      0        0
  MONTH TO DATE   18                        12      6        2
  SINCE JUN 1    169                       106     63       78
  SINCE JUL 1     18                        12      6        2

 COOLING
  YESTERDAY        5                         5      0        3
  MONTH TO DATE   92                       130    -38      158
  SINCE JUN 1    125                       194    -69      217
  SINCE JAN 1    159                       203    -44      217
..................................................................


WIND (MPH)
  HIGHEST WIND SPEED     8   HIGHEST WIND DIRECTION    SE (150)
  HIGHEST GUST SPEED    12   HIGHEST GUST DIRECTION     S (180)
  AVERAGE WIND SPEED     3.5


SKY COVER
  AVERAGE SKY COVER 0.8


WEATHER CONDITIONS
 THE FOLLOWING WEATHER WAS RECORDED YESTERDAY.
  FOG
  FOG W/VISIBILITY <= 1/4 MILE


RELATIVE HUMIDITY (PERCENT)
 HIGHEST   100          1200 AM
 LOWEST     69           300 PM
 AVERAGE    85

..........................................................


THE AUGUSTA CLIMATE NORMALS FOR TODAY
                         NORMAL
 MAXIMUM TEMPERATURE (F)   80
 MINIMUM TEMPERATURE (F)   60


SUNRISE AND SUNSET
JULY 28 2015..........SUNRISE   522 AM EDT   SUNSET   809 PM EDT
JULY 29 2015..........SUNRISE   523 AM EDT   SUNSET   808 PM EDT


-  INDICATES NEGATIVE NUMBERS.
R  INDICATES RECORD WAS SET OR TIED.
MM INDICATES DATA IS MISSING.
T  INDICATES TRACE AMOUNT.




$$
