671
CDUS41 KGYX 222153
CLIAUG


CLIMATE REPORT
NATIONAL WEATHER SERVICE GRAY ME
453 PM EST WED FEB 22 2017


...................................

...THE AUGUSTA CLIMATE SUMMARY FOR FEBRUARY 22 2017...
VALID TODAY AS OF 0400 PM LOCAL TIME.

CLIMATE NORMAL PERIOD 1981 TO 2010
CLIMATE RECORD PERIOD 1948 TO 2017


WEATHER ITEM   OBSERVED TIME   RECORD YEAR NORMAL DEPARTURE LAST
                VALUE   (LST)  VALUE       VALUE  FROM      YEAR
                                                  NORMAL
..................................................................
TEMPERATURE (F)
 TODAY
  MAXIMUM         50    259 PM  53    1991  34     16       32
  MINIMUM         31    125 AM -10    1968  16     15       16
  AVERAGE         41                        25     16       24

PRECIPITATION (IN)
  TODAY            0.00          1.47 1996   0.09  -0.09     0.00
  MONTH TO DATE    3.25                      1.86   1.39     2.05
  SINCE DEC 1      9.96                      7.71   2.25     8.42
  SINCE JAN 1      5.99                      4.47   1.52     4.45

DEGREE DAYS
 HEATING
  TODAY           24                        40    -16       41
  MONTH TO DATE  917                       938    -21      883
  SINCE DEC 1   3340                      3561   -221     3065
  SINCE JUL 1   4658                      5109   -451     4443

 COOLING
  TODAY            0                         0      0        0
  MONTH TO DATE    0                         0      0        0
  SINCE DEC 1      0                         0      0        0
  SINCE JAN 1      0                         0      0        0
..................................................................


WIND (MPH)
  HIGHEST WIND SPEED     8   HIGHEST WIND DIRECTION     S (160)
  HIGHEST GUST SPEED    10   HIGHEST GUST DIRECTION     S (160)
  AVERAGE WIND SPEED     1.7


SKY COVER
  AVERAGE SKY COVER 0.4


WEATHER CONDITIONS
 THE FOLLOWING WEATHER WAS RECORDED TODAY.
  HAZE


RELATIVE HUMIDITY (PERCENT)
 HIGHEST    82           400 AM
 LOWEST     49          1200 PM
 AVERAGE    66

..........................................................


THE AUGUSTA CLIMATE NORMALS FOR TOMORROW
                         NORMAL    RECORD    YEAR
 MAXIMUM TEMPERATURE (F)   34        59      1990
 MINIMUM TEMPERATURE (F)   17       -10      1972


SUNRISE AND SUNSET
FEBRUARY 22 2017......SUNRISE   628 AM EST   SUNSET   518 PM EST
FEBRUARY 23 2017......SUNRISE   626 AM EST   SUNSET   520 PM EST


-  INDICATES NEGATIVE NUMBERS.
R  INDICATES RECORD WAS SET OR TIED.
MM INDICATES DATA IS MISSING.
T  INDICATES TRACE AMOUNT.




$$
