000
CDUS41 KGYX 210808
CLIAUG


CLIMATE REPORT
NATIONAL WEATHER SERVICE GRAY ME
408 AM EDT THU SEP 21 2017


...................................

...THE AUGUSTA CLIMATE SUMMARY FOR SEPTEMBER 20 2017...

CLIMATE NORMAL PERIOD 1981 TO 2010
CLIMATE RECORD PERIOD 1948 TO 2017


WEATHER ITEM   OBSERVED TIME   RECORD YEAR NORMAL DEPARTURE LAST
                VALUE   (LST)  VALUE       VALUE  FROM      YEAR
                                                  NORMAL
..................................................................
TEMPERATURE (F)
 YESTERDAY
  MAXIMUM         76    206 PM  86    1985  68      8       80
  MINIMUM         65    711 AM  32    1964  49     16       63
  AVERAGE         71                        58     13       72

PRECIPITATION (IN)
  YESTERDAY        T             1.90 1987   0.13  -0.13     0.00
  MONTH TO DATE    2.98                      2.38   0.60     0.78
  SINCE SEP 1      2.98                      2.38   0.60     0.78
  SINCE JAN 1     28.17                     28.56  -0.39    22.36

DEGREE DAYS
 HEATING
  YESTERDAY        0                         7     -7        0
  MONTH TO DATE   41                        87    -46       19
  SINCE SEP 1     41                        87    -46       19
  SINCE JUL 1     82                       129    -47       44

 COOLING
  YESTERDAY        6                         0      6        7
  MONTH TO DATE   39                        27     12       63
  SINCE SEP 1     39                        27     12       63
  SINCE JAN 1    399                       384     15      520
..................................................................


WIND (MPH)
  HIGHEST WIND SPEED    17   HIGHEST WIND DIRECTION    NE (30)
  HIGHEST GUST SPEED    21   HIGHEST GUST DIRECTION    NE (30)
  AVERAGE WIND SPEED     9.7


SKY COVER
  AVERAGE SKY COVER 0.7


WEATHER CONDITIONS
 THE FOLLOWING WEATHER WAS RECORDED YESTERDAY.
  LIGHT RAIN
  FOG


RELATIVE HUMIDITY (PERCENT)
 HIGHEST   100          1200 AM
 LOWEST     69           300 PM
 AVERAGE    85

..........................................................


THE AUGUSTA CLIMATE NORMALS FOR TODAY
                         NORMAL    RECORD    YEAR
 MAXIMUM TEMPERATURE (F)   68        89      1965
 MINIMUM TEMPERATURE (F)   49        32      1956


SUNRISE AND SUNSET
SEPTEMBER 21 2017.....SUNRISE   625 AM EDT   SUNSET   638 PM EDT
SEPTEMBER 22 2017.....SUNRISE   627 AM EDT   SUNSET   636 PM EDT


-  INDICATES NEGATIVE NUMBERS.
R  INDICATES RECORD WAS SET OR TIED.
MM INDICATES DATA IS MISSING.
T  INDICATES TRACE AMOUNT.




$$
