000
CDUS41 KGYX 302111
CLIAUG


CLIMATE REPORT
NATIONAL WEATHER SERVICE GRAY ME
511 PM EDT THU MAR 30 2017


...................................

...THE AUGUSTA CLIMATE SUMMARY FOR MARCH 30 2017...
VALID TODAY AS OF 0500 PM LOCAL TIME.

CLIMATE NORMAL PERIOD 1981 TO 2010
CLIMATE RECORD PERIOD 1948 TO 2017


WEATHER ITEM   OBSERVED TIME   RECORD YEAR NORMAL DEPARTURE LAST
                VALUE   (LST)  VALUE       VALUE  FROM      YEAR
                                                  NORMAL
..................................................................
TEMPERATURE (F)
 TODAY
  MAXIMUM         42    259 PM  71    1977  45     -3       51
  MINIMUM         30    608 AM  16    1970  28      2       29
  AVERAGE         36                        37     -1       40

PRECIPITATION (IN)
  TODAY            0.00          1.03 2014   0.12  -0.12     0.00
  MONTH TO DATE    3.49                      3.25   0.24     3.50
  SINCE MAR 1      3.49                      3.25   0.24     3.50
  SINCE JAN 1      9.97                      8.29   1.68     9.37

DEGREE DAYS
 HEATING
  TODAY           29                        28      1       25
  MONTH TO DATE 1160                       999    161      921
  SINCE MAR 1   1160                       999    161      921
  SINCE JUL 1   5972                      6342   -370     5600

 COOLING
  TODAY            0                         0      0        0
  MONTH TO DATE    0                         0      0        0
  SINCE MAR 1      0                         0      0        0
  SINCE JAN 1      0                         0      0        0
..................................................................


WIND (MPH)
  HIGHEST WIND SPEED    22   HIGHEST WIND DIRECTION     N (360)
  HIGHEST GUST SPEED    28   HIGHEST GUST DIRECTION    NW (330)
  AVERAGE WIND SPEED    13.1


SKY COVER
  AVERAGE SKY COVER 0.2


WEATHER CONDITIONS
 THE FOLLOWING WEATHER WAS RECORDED TODAY.
  NO SIGNIFICANT WEATHER WAS OBSERVED.


RELATIVE HUMIDITY (PERCENT)
 HIGHEST    61          1200 AM
 LOWEST     36           300 PM
 AVERAGE    49

..........................................................


THE AUGUSTA CLIMATE NORMALS FOR TOMORROW
                         NORMAL    RECORD    YEAR
 MAXIMUM TEMPERATURE (F)   46        85      1998
 MINIMUM TEMPERATURE (F)   29         9      1954


SUNRISE AND SUNSET
MARCH 30 2017.........SUNRISE   624 AM EDT   SUNSET   704 PM EDT
MARCH 31 2017.........SUNRISE   622 AM EDT   SUNSET   706 PM EDT


-  INDICATES NEGATIVE NUMBERS.
R  INDICATES RECORD WAS SET OR TIED.
MM INDICATES DATA IS MISSING.
T  INDICATES TRACE AMOUNT.




$$
