000
CDUS41 KGYX 060804
CLIAUG


CLIMATE REPORT
NATIONAL WEATHER SERVICE GRAY ME
404 AM EDT FRI MAY 6 2016


...................................

...THE AUGUSTA CLIMATE SUMMARY FOR MAY 5 2016...

CLIMATE NORMAL PERIOD 1981 TO 2010
CLIMATE RECORD PERIOD 1948 TO 2016


WEATHER ITEM   OBSERVED TIME   RECORD YEAR NORMAL DEPARTURE LAST
                VALUE   (LST)  VALUE       VALUE  FROM      YEAR
                                                  NORMAL
..................................................................
TEMPERATURE (F)
 YESTERDAY
  MAXIMUM         MM        MM  84    1960  62     MM       72
  MINIMUM         MM        MM  30    1974  41     MM       57
  AVERAGE         MM                        52     MM       65

PRECIPITATION (IN)
  YESTERDAY        0.06          0.69 1990   0.12  -0.06     0.00
  MONTH TO DATE    1.14                      0.62   0.52     0.00
  SINCE MAR 1      7.36                      7.78  -0.42     5.53
  SINCE JAN 1     13.23                     12.82   0.41     7.80

DEGREE DAYS
 HEATING
  YESTERDAY       MM                        14     MM        0
  MONTH TO DATE   78                        72      6       46
  SINCE MAR 1   1700                      1733    -33     1888
  SINCE JUL 1   6379                      7076   -697     7515

 COOLING
  YESTERDAY       MM                         0     MM        0
  MONTH TO DATE    0                         0      0        0
  SINCE MAR 1      0                         0      0        0
  SINCE JAN 1      0                         0      0        0
..................................................................


WIND (MPH)
  HIGHEST WIND SPEED    17   HIGHEST WIND DIRECTION     N (20)
  HIGHEST GUST SPEED    27   HIGHEST GUST DIRECTION    NE (30)
  AVERAGE WIND SPEED    13.2


SKY COVER
  AVERAGE SKY COVER 1.0


WEATHER CONDITIONS
 THE FOLLOWING WEATHER WAS RECORDED YESTERDAY.
  LIGHT RAIN
  FOG


RELATIVE HUMIDITY (PERCENT)
 HIGHEST   100          1200 AM
 LOWEST     76           300 PM
 AVERAGE    88

..........................................................


THE AUGUSTA CLIMATE NORMALS FOR TODAY
                         NORMAL    RECORD    YEAR
 MAXIMUM TEMPERATURE (F)   62        83      1960
 MINIMUM TEMPERATURE (F)   42        30      1992


SUNRISE AND SUNSET
MAY  6 2016...........SUNRISE   523 AM EDT   SUNSET   750 PM EDT
MAY  7 2016...........SUNRISE   521 AM EDT   SUNSET   751 PM EDT


-  INDICATES NEGATIVE NUMBERS.
R  INDICATES RECORD WAS SET OR TIED.
MM INDICATES DATA IS MISSING.
T  INDICATES TRACE AMOUNT.




$$
