000
CDUS41 KGYX 180908
CLIAUG


CLIMATE REPORT
NATIONAL WEATHER SERVICE GRAY ME
408 AM EST THU DEC 18 2014


...................................

...THE AUGUSTA CLIMATE SUMMARY FOR DECEMBER 17 2014...

CLIMATE NORMAL PERIOD 1981 TO 2010
CLIMATE RECORD PERIOD 1948 TO 2014


WEATHER ITEM   OBSERVED TIME   RECORD YEAR NORMAL DEPARTURE LAST
                VALUE   (LST)  VALUE       VALUE  FROM      YEAR
                                                  NORMAL
..................................................................
TEMPERATURE (F)
 YESTERDAY
  MAXIMUM         37    127 PM  MM      MM  33      4       10
  MINIMUM         32    208 AM  MM      MM  18     14       -7
  AVERAGE         35                        25     10        2

PRECIPITATION (IN)
  YESTERDAY        0.64         MM      MM   0.10   0.54     0.01
  MONTH TO DATE    3.17                      1.96   1.21     1.30
  SINCE DEC 1      3.17                      1.96   1.21     1.30
  SINCE JAN 1     41.67                     40.60   1.07    41.03

DEGREE DAYS
 HEATING
  YESTERDAY       30                        40    -10       63
  MONTH TO DATE  624                       619      5      737
  SINCE DEC 1    624                       619      5      737
  SINCE JUL 1   2113                      2167    -54     2246

 COOLING
  YESTERDAY        0                         0      0        0
  MONTH TO DATE    0                         0      0        0
  SINCE DEC 1      0                         0      0        0
  SINCE JAN 1    371                       388    -17      428
..................................................................


WIND (MPH)
  HIGHEST WIND SPEED    17   HIGHEST WIND DIRECTION     N (350)
  HIGHEST GUST SPEED    22   HIGHEST GUST DIRECTION     N (10)
  AVERAGE WIND SPEED     9.4


SKY COVER
  AVERAGE SKY COVER 1.0


WEATHER CONDITIONS
 THE FOLLOWING WEATHER WAS RECORDED YESTERDAY.
  RAIN
  LIGHT RAIN
  LIGHT SNOW
  FOG
  FOG W/VISIBILITY <= 1/4 MILE


RELATIVE HUMIDITY (PERCENT)
 HIGHEST   100           100 AM
 LOWEST     92          1000 AM
 AVERAGE    96

..........................................................


THE AUGUSTA CLIMATE NORMALS FOR TODAY
                         NORMAL
 MAXIMUM TEMPERATURE (F)   33
 MINIMUM TEMPERATURE (F)   18


SUNRISE AND SUNSET
DECEMBER 18 2014......SUNRISE   710 AM EST   SUNSET   402 PM EST
DECEMBER 19 2014......SUNRISE   711 AM EST   SUNSET   402 PM EST


-  INDICATES NEGATIVE NUMBERS.
R  INDICATES RECORD WAS SET OR TIED.
MM INDICATES DATA IS MISSING.
T  INDICATES TRACE AMOUNT.




$$
