000
CDUS44 KEWX 282221
CLIAUS


CLIMATE REPORT
NATIONAL WEATHER SERVICE AUSTIN/SAN ANTONIO, TX
421 PM CST FRI NOV 28 2014


...................................

...THE AUSTIN BERGSTROM CLIMATE SUMMARY FOR NOVEMBER 28 2014...
VALID TODAY AS OF 420 PM LOCAL TIME.

CLIMATE NORMAL PERIOD 1981 TO 2010
CLIMATE RECORD PERIOD 1943 TO 2014


WEATHER ITEM   OBSERVED TIME   RECORD YEAR NORMAL DEPARTURE LAST
                VALUE   (LST)  VALUE       VALUE  FROM      YEAR
                                                  NORMAL
..................................................................
TEMPERATURE (F)
 TODAY
  MAXIMUM         73    250 PM  88    1949  67      6       56
  MINIMUM         33    514 AM  25    1976  41     -8       26
  AVERAGE         53                        54     -1       41

PRECIPITATION (IN)
  TODAY            0.00          1.78 1952   0.09  -0.09     0.00
  MONTH TO DATE    6.64                      2.78   3.86     2.16
  SINCE SEP 1     11.80                      9.64   2.16    16.96
  SINCE JAN 1     27.35                     32.74  -5.39    36.18

SNOWFALL (IN)
  TODAY            0.0
  MONTH TO DATE    T
  SINCE SEP 1      T
  SINCE JUL 1      T
  SNOW DEPTH       0

DEGREE DAYS
 HEATING
  TODAY           12                        12      0       24
  MONTH TO DATE  336                       210    126      260
  SINCE SEP 1    338                       261     77      296
  SINCE JUL 1    338                       261     77      296

 COOLING
  TODAY            0                         1     -1        0
  MONTH TO DATE   10                        38    -28       37
  SINCE SEP 1    664                       601     63      701
  SINCE JAN 1   2824                      2741     83     3040
..................................................................


WIND (MPH)
  HIGHEST WIND SPEED    22   HIGHEST WIND DIRECTION     S (190)
  HIGHEST GUST SPEED    27   HIGHEST GUST DIRECTION     S (180)
  AVERAGE WIND SPEED     7.5


SKY COVER
  AVERAGE SKY COVER 0.3


WEATHER CONDITIONS
 THE FOLLOWING WEATHER WAS RECORDED TODAY.
  NO SIGNIFICANT WEATHER WAS OBSERVED.


RELATIVE HUMIDITY (PERCENT)
 HIGHEST   100           200 AM
 LOWEST     44           300 PM
 AVERAGE    72

..........................................................


THE AUSTIN BERGSTROM CLIMATE NORMALS FOR TOMORROW
                         NORMAL    RECORD    YEAR
 MAXIMUM TEMPERATURE (F)   67        85      1991
 MINIMUM TEMPERATURE (F)   41        20      1976


SUNRISE AND SUNSET
NOVEMBER 28 2014......SUNRISE   707 AM CST   SUNSET   530 PM CST
NOVEMBER 29 2014......SUNRISE   708 AM CST   SUNSET   530 PM CST


-  INDICATES NEGATIVE NUMBERS.
R  INDICATES RECORD WAS SET OR TIED.
MM INDICATES DATA IS MISSING.
T  INDICATES TRACE AMOUNT.




$$
