000
CDUS44 KEWX 260730
CLIAUS


CLIMATE REPORT
NATIONAL WEATHER SERVICE AUSTIN/SAN ANTONIO, TX
228 AM CDT SUN MAR 26 2017


...................................

...THE AUSTIN BERGSTROM CLIMATE SUMMARY FOR MARCH 25 2017...

CLIMATE NORMAL PERIOD 1981 TO 2010
CLIMATE RECORD PERIOD 1943 TO 2017


WEATHER ITEM   OBSERVED TIME   RECORD YEAR NORMAL DEPARTURE LAST
                VALUE   (LST)  VALUE       VALUE  FROM      YEAR
                                                  NORMAL
..................................................................
TEMPERATURE (F)
 YESTERDAY
  MAXIMUM         82    344 PM  88    1955  74      8       73
                                      1950
  MINIMUM         49    548 AM  28    2006  49      0       38
  AVERAGE         66                        62      4       56

PRECIPITATION (IN)
  YESTERDAY        0.00          0.70 1960   0.10  -0.10     0.00
  MONTH TO DATE    2.02                      2.32  -0.30     3.76
  SINCE MAR 1      2.02                      2.32  -0.30     3.76
  SINCE JAN 1      9.33                      6.83   2.50     5.94

SNOWFALL (IN)
  YESTERDAY        0.0
  MONTH TO DATE    0.0
  SINCE MAR 1      0.0
  SINCE JUL 1      0.0
  SNOW DEPTH       0

DEGREE DAYS
 HEATING
  YESTERDAY        0                         5     -5        9
  MONTH TO DATE   73                       196   -123       88
  SINCE MAR 1     73                       196   -123       88
  SINCE JUL 1    947                      1811   -864     1322

 COOLING
  YESTERDAY        1                         2     -1        0
  MONTH TO DATE  111                        29     82       58
  SINCE MAR 1    111                        29     82       58
  SINCE JAN 1    220                        45    175       81
..................................................................


WIND (MPH)
  HIGHEST WIND SPEED    15   HIGHEST WIND DIRECTION    NW (320)
  HIGHEST GUST SPEED    22   HIGHEST GUST DIRECTION    NW (320)
  AVERAGE WIND SPEED     4.6


SKY COVER
  AVERAGE SKY COVER 0.0


WEATHER CONDITIONS
 THE FOLLOWING WEATHER WAS RECORDED YESTERDAY.
  NO SIGNIFICANT WEATHER WAS OBSERVED.


RELATIVE HUMIDITY (PERCENT)
 HIGHEST    87          1200 AM
 LOWEST     32           200 PM
 AVERAGE    60

..........................................................


THE AUSTIN BERGSTROM CLIMATE NORMALS FOR TODAY
                         NORMAL    RECORD    YEAR
 MAXIMUM TEMPERATURE (F)   75        91      1950
 MINIMUM TEMPERATURE (F)   49        26      2013


SUNRISE AND SUNSET
MARCH 26 2017.........SUNRISE   727 AM CDT   SUNSET   746 PM CDT
MARCH 27 2017.........SUNRISE   726 AM CDT   SUNSET   747 PM CDT


-  INDICATES NEGATIVE NUMBERS.
R  INDICATES RECORD WAS SET OR TIED.
MM INDICATES DATA IS MISSING.
T  INDICATES TRACE AMOUNT.




$$
