000
CDUS44 KEWX 262228
CLIAUS


CLIMATE REPORT
NATIONAL WEATHER SERVICE AUSTIN/SAN ANTONIO, TX
528 PM CDT MON JUN 26 2017


...................................

...THE AUSTIN BERGSTROM CLIMATE SUMMARY FOR JUNE 26 2017...
VALID TODAY AS OF 525 PM LOCAL TIME.

CLIMATE NORMAL PERIOD 1981 TO 2010
CLIMATE RECORD PERIOD 1943 TO 2017


WEATHER ITEM   OBSERVED TIME   RECORD YEAR NORMAL DEPARTURE LAST
                VALUE   (LST)  VALUE       VALUE  FROM      YEAR
                                                  NORMAL
..................................................................
TEMPERATURE (F)
 TODAY
  MAXIMUM         93    346 PM 106    2012  94     -1       95
  MINIMUM         74    612 AM  62    1974  71      3       73
  AVERAGE         84                        82      2       84

PRECIPITATION (IN)
  TODAY            0.17          1.01 2002   0.16   0.01     0.00
  MONTH TO DATE    2.16                      3.98  -1.82     2.07
  SINCE JUN 1      2.16                      3.98  -1.82     2.07
  SINCE JAN 1     16.94                     17.59  -0.65    30.36

SNOWFALL (IN)
  TODAY            0.0
  MONTH TO DATE    0.0
  SINCE JUN 1      0.0
  SINCE JUL 1      T
  SNOW DEPTH       0

DEGREE DAYS
 HEATING
  TODAY            0                         0      0        0
  MONTH TO DATE    0                         0      0        0
  SINCE JUN 1      0                         0      0        0
  SINCE JUL 1    960                      1903   -943     1380

 COOLING
  TODAY           19                        17      2       19
  MONTH TO DATE  483                       412     71      442
  SINCE JUN 1    483                       412     71      442
  SINCE JAN 1   1268                       919    349      946
..................................................................


WIND (MPH)
  HIGHEST WIND SPEED    12   HIGHEST WIND DIRECTION     E (70)
  HIGHEST GUST SPEED    16   HIGHEST GUST DIRECTION     E (90)
  AVERAGE WIND SPEED     4.4


SKY COVER
  AVERAGE SKY COVER 0.8


WEATHER CONDITIONS
 THE FOLLOWING WEATHER WAS RECORDED TODAY.
  HEAVY RAIN
  LIGHT RAIN
  FOG


RELATIVE HUMIDITY (PERCENT)
 HIGHEST    94          1200 AM
 LOWEST     47           400 PM
 AVERAGE    71

..........................................................


THE AUSTIN BERGSTROM CLIMATE NORMALS FOR TOMORROW
                         NORMAL    RECORD    YEAR
 MAXIMUM TEMPERATURE (F)   94       104      2012
                                             1980
 MINIMUM TEMPERATURE (F)   71        60      2006
                                             1968


SUNRISE AND SUNSET
JUNE 26 2017..........SUNRISE   631 AM CDT   SUNSET   836 PM CDT
JUNE 27 2017..........SUNRISE   631 AM CDT   SUNSET   836 PM CDT


-  INDICATES NEGATIVE NUMBERS.
R  INDICATES RECORD WAS SET OR TIED.
MM INDICATES DATA IS MISSING.
T  INDICATES TRACE AMOUNT.




$$
