000
CDUS44 KEWX 240833
CLIAUS


CLIMATE REPORT
NATIONAL WEATHER SERVICE AUSTIN/SAN ANTONIO, TX
233 AM CST WED JAN 24 2018


...................................

...THE AUSTIN BERGSTROM CLIMATE SUMMARY FOR JANUARY 23 2018...

CLIMATE NORMAL PERIOD 1981 TO 2010
CLIMATE RECORD PERIOD 1943 TO 2018


WEATHER ITEM   OBSERVED TIME   RECORD YEAR NORMAL DEPARTURE LAST
                VALUE   (LST)  VALUE       VALUE  FROM      YEAR
                                                  NORMAL
..................................................................
TEMPERATURE (F)
 YESTERDAY
  MAXIMUM         65    350 PM  89    1972  62      3       76
  MINIMUM         26    714 AM  18    1963  37    -11       40
  AVERAGE         46                        49     -3       58

PRECIPITATION (IN)
  YESTERDAY        0.00          1.32 1958   0.07  -0.07     0.00
  MONTH TO DATE    0.19                      1.69  -1.50     4.65
  SINCE DEC 1      3.84                      3.90  -0.06     7.76
  SINCE JAN 1      0.19                      1.69  -1.50     4.65

SNOWFALL (IN)
  YESTERDAY        0.0
  MONTH TO DATE    T
  SINCE DEC 1      1.3
  SINCE JUL 1      1.3
  SNOW DEPTH       0

DEGREE DAYS
 HEATING
  YESTERDAY       19                        16      3        7
  MONTH TO DATE  459                       368     91      214
  SINCE DEC 1    913                       830     83      566
  SINCE JUL 1   1120                      1115      5      660

 COOLING
  YESTERDAY        0                         0      0        0
  MONTH TO DATE    0                         0      0       22
  SINCE DEC 1     12                        10      2       64
  SINCE JAN 1      0                         0      0       22
..................................................................


WIND (MPH)
  HIGHEST WIND SPEED    10   HIGHEST WIND DIRECTION     N (20)
  HIGHEST GUST SPEED    13   HIGHEST GUST DIRECTION     E (70)
  AVERAGE WIND SPEED     3.5


SKY COVER
  AVERAGE SKY COVER 0.4


WEATHER CONDITIONS
 THE FOLLOWING WEATHER WAS RECORDED YESTERDAY.
  NO SIGNIFICANT WEATHER WAS OBSERVED.


RELATIVE HUMIDITY (PERCENT)
 HIGHEST   100           800 AM
 LOWEST     17           300 PM
 AVERAGE    59

..........................................................


THE AUSTIN BERGSTROM CLIMATE NORMALS FOR TODAY
                         NORMAL    RECORD    YEAR
 MAXIMUM TEMPERATURE (F)   62        85      2017
 MINIMUM TEMPERATURE (F)   37        14      1963


SUNRISE AND SUNSET
JANUARY 24 2018.......SUNRISE   725 AM CST   SUNSET   601 PM CST
JANUARY 25 2018.......SUNRISE   725 AM CST   SUNSET   602 PM CST


-  INDICATES NEGATIVE NUMBERS.
R  INDICATES RECORD WAS SET OR TIED.
MM INDICATES DATA IS MISSING.
T  INDICATES TRACE AMOUNT.




$$
