102
CDUS44 KEWX 292257
CLIAUS


CLIMATE REPORT
NATIONAL WEATHER SERVICE AUSTIN/SAN ANTONIO, TX
556 PM CDT FRI JUL 29 2016


...................................

...THE AUSTIN BERGSTROM CLIMATE SUMMARY FOR JULY 29 2016...
VALID TODAY AS OF 556 PM LOCAL TIME.

CLIMATE NORMAL PERIOD 1981 TO 2010
CLIMATE RECORD PERIOD 1943 TO 2016


WEATHER ITEM   OBSERVED TIME   RECORD YEAR NORMAL DEPARTURE LAST
                VALUE   (LST)  VALUE       VALUE  FROM      YEAR
                                                  NORMAL
..................................................................
TEMPERATURE (F)
 TODAY
  MAXIMUM         95    349 PM 105    1995  96     -1       99
  MINIMUM         74    532 AM  68    2003  72      2       71
                                      1999
                                      1994
  AVERAGE         85                        84      1       85

PRECIPITATION (IN)
  TODAY            0.00          1.41 2004   0.05  -0.05     0.00
  MONTH TO DATE    5.65                      2.33   3.32     0.01
  SINCE JUN 1      8.28                      6.96   1.32     3.22
  SINCE JAN 1     36.57                     20.57  16.00    28.79

SNOWFALL (IN)
  TODAY            0.0
  MONTH TO DATE    0.0
  SINCE JUN 1      0.0
  SINCE JUL 1      0.0
  SNOW DEPTH       0

DEGREE DAYS
 HEATING
  TODAY            0                         0      0        0
  MONTH TO DATE    0                         0      0        0
  SINCE JUN 1      0                         0      0        0
  SINCE JUL 1      0                         0      0        0

 COOLING
  TODAY           20                        19      1       20
  MONTH TO DATE  631                       535     96      524
  SINCE JUN 1   1149                      1016    133      954
  SINCE JAN 1   1653                      1523    130     1447
..................................................................


WIND (MPH)
  HIGHEST WIND SPEED    14   HIGHEST WIND DIRECTION     S (190)
  HIGHEST GUST SPEED    19   HIGHEST GUST DIRECTION     S (200)
  AVERAGE WIND SPEED     5.3


SKY COVER
  AVERAGE SKY COVER 0.7


WEATHER CONDITIONS
 THE FOLLOWING WEATHER WAS RECORDED TODAY.
  NO SIGNIFICANT WEATHER WAS OBSERVED.


RELATIVE HUMIDITY (PERCENT)
 HIGHEST   100          1200 AM
 LOWEST     44           400 PM
 AVERAGE    72

..........................................................


THE AUSTIN BERGSTROM CLIMATE NORMALS FOR TOMORROW
                         NORMAL    RECORD    YEAR
 MAXIMUM TEMPERATURE (F)   96       105      1957
 MINIMUM TEMPERATURE (F)   72        67      1971


SUNRISE AND SUNSET
JULY 29 2016..........SUNRISE   648 AM CDT   SUNSET   826 PM CDT
JULY 30 2016..........SUNRISE   648 AM CDT   SUNSET   825 PM CDT


-  INDICATES NEGATIVE NUMBERS.
R  INDICATES RECORD WAS SET OR TIED.
MM INDICATES DATA IS MISSING.
T  INDICATES TRACE AMOUNT.




$$
