000
CDUS44 KEWX 270711
CLIAUS


CLIMATE REPORT
NATIONAL WEATHER SERVICE AUSTIN/SAN ANTONIO, TX
208 AM CDT WED MAY 27 2015


...................................

...THE AUSTIN BERGSTROM CLIMATE SUMMARY FOR MAY 26 2015...

CLIMATE NORMAL PERIOD 1981 TO 2010
CLIMATE RECORD PERIOD 1943 TO 2015


WEATHER ITEM   OBSERVED TIME   RECORD YEAR NORMAL DEPARTURE LAST
                VALUE   (LST)  VALUE       VALUE  FROM      YEAR
                                                  NORMAL
..................................................................
TEMPERATURE (F)
 YESTERDAY
  MAXIMUM         88    447 PM  96    2006  89     -1       77
                                      1963
  MINIMUM         64    525 AM  58    1947  67     -3       64
  AVERAGE         76                        78     -2       71

PRECIPITATION (IN)
  YESTERDAY        0.00          2.86 1957   0.10  -0.10     1.27
  MONTH TO DATE   12.01                      2.18   9.83     6.11
  SINCE MAR 1     18.40                      7.27  11.13     8.95
  SINCE JAN 1     24.14                     11.78  12.36    10.04

SNOWFALL (IN)
  YESTERDAY        0.0
  MONTH TO DATE    0.0
  SINCE MAR 1      0.0
  SINCE JUL 1      T
  SNOW DEPTH       0

DEGREE DAYS
 HEATING
  YESTERDAY        0                         0      0        0
  MONTH TO DATE    0                         0      0       13
  SINCE MAR 1    265                       285    -20      370
  SINCE JUL 1   1979                      1900     79     2187

 COOLING
  YESTERDAY       11                        13     -2        6
  MONTH TO DATE  224                       254    -30      216
  SINCE MAR 1    430                       426      4      387
  SINCE JAN 1    432                       442    -10      404
..................................................................


WIND (MPH)
  HIGHEST WIND SPEED    17   HIGHEST WIND DIRECTION     S (170)
  HIGHEST GUST SPEED    22   HIGHEST GUST DIRECTION     S (160)
  AVERAGE WIND SPEED     7.9


SKY COVER
  AVERAGE SKY COVER 0.7


WEATHER CONDITIONS
 THE FOLLOWING WEATHER WAS RECORDED YESTERDAY.
  FOG


RELATIVE HUMIDITY (PERCENT)
 HIGHEST   100          1200 AM
 LOWEST     63           200 PM
 AVERAGE    82

..........................................................


THE AUSTIN BERGSTROM CLIMATE NORMALS FOR TODAY
                         NORMAL    RECORD    YEAR
 MAXIMUM TEMPERATURE (F)   89       100      2011
 MINIMUM TEMPERATURE (F)   67        59      1950


SUNRISE AND SUNSET
MAY 27 2015...........SUNRISE   631 AM CDT   SUNSET   825 PM CDT
MAY 28 2015...........SUNRISE   631 AM CDT   SUNSET   825 PM CDT


-  INDICATES NEGATIVE NUMBERS.
R  INDICATES RECORD WAS SET OR TIED.
MM INDICATES DATA IS MISSING.
T  INDICATES TRACE AMOUNT.




$$
