000
CDUS43 KGRB 252152
CLIAUW


CLIMATE REPORT
NATIONAL WEATHER SERVICE GREEN BAY
450 PM CDT SUN JUN 25 2017


...................................

...THE WAUSAU WI CLIMATE SUMMARY FOR JUNE 25 2017...
VALID TODAY AS OF 0400 PM LOCAL TIME.

CLIMATE NORMAL PERIOD 1981 TO 2010
CLIMATE RECORD PERIOD 1896 TO 2017


WEATHER ITEM   OBSERVED TIME   RECORD YEAR NORMAL DEPARTURE LAST
                VALUE   (LST)  VALUE       VALUE  FROM      YEAR
                                                  NORMAL
..................................................................
TEMPERATURE (F)
 TODAY
  MAXIMUM         63    209 PM  93    1900  78    -15       89
  MINIMUM         49    454 AM  42    2004  57     -8       63
  AVERAGE         56                        68    -12       76

PRECIPITATION (IN)
  TODAY            0.06          1.75 1998   0.14  -0.08     0.97
  MONTH TO DATE    4.86                      3.65   1.21     4.58
  SINCE JUN 1      4.86                      3.65   1.21     4.58
  SINCE JAN 1     20.65                     13.56   7.09    16.24

SNOWFALL (IN)
  TODAY            0.0           0.0    MM   0.0             0.0
  MONTH TO DATE    0.0                       0.0             0.0
  SINCE JUN 1      0.0                       0.0             0.0
  SINCE JUL 1     60.5                      59.6            43.4
  SNOW DEPTH       0

DEGREE DAYS
 HEATING
  TODAY            9                         2      7        0
  MONTH TO DATE   34                        82    -48       26
  SINCE JUN 1     34                        82    -48       26
  SINCE JUL 1   7247                      8242   -995     6809

 COOLING
  TODAY            0                         4     -4       11
  MONTH TO DATE   76                        62     14       93
  SINCE JAN 1     77                        81     -4      140
..................................................................


WIND (MPH)
  HIGHEST WIND SPEED    26   HIGHEST WIND DIRECTION     W (280)
  HIGHEST GUST SPEED    34   HIGHEST GUST DIRECTION     W (270)
  AVERAGE WIND SPEED    10.3


SKY COVER
  POSSIBLE SUNSHINE  MM
  AVERAGE SKY COVER 0.6


WEATHER CONDITIONS
 THE FOLLOWING WEATHER WAS RECORDED TODAY.
  THUNDERSTORM
  LIGHT RAIN
  FOG


RELATIVE HUMIDITY (PERCENT)
 HIGHEST   100           500 AM
 LOWEST     67           100 PM
 AVERAGE    84

..........................................................


THE WAUSAU WI CLIMATE NORMALS FOR TOMORROW
                         NORMAL    RECORD    YEAR
 MAXIMUM TEMPERATURE (F)   79        95      1933
                                             1931
                                             1901
 MINIMUM TEMPERATURE (F)   57        41      1928


SUNRISE AND SUNSET
JUNE 25 2017..........SUNRISE   513 AM CDT   SUNSET   849 PM CDT
JUNE 26 2017..........SUNRISE   514 AM CDT   SUNSET   849 PM CDT


-  INDICATES NEGATIVE NUMBERS.
R  INDICATES RECORD WAS SET OR TIED.
MM INDICATES DATA IS MISSING.
T  INDICATES TRACE AMOUNT.




$$
