000
CDUS43 KGRB 200728
CLIAUW


CLIMATE REPORT
NATIONAL WEATHER SERVICE GREEN BAY
127 AM CST FRI JAN 20 2017


...................................

...THE WAUSAU WI CLIMATE SUMMARY FOR JANUARY 19 2017...

CLIMATE NORMAL PERIOD 1981 TO 2010
CLIMATE RECORD PERIOD 1896 TO 2017


WEATHER ITEM   OBSERVED TIME   RECORD YEAR NORMAL DEPARTURE LAST
                VALUE   (LST)  VALUE       VALUE  FROM      YEAR
                                                  NORMAL
..................................................................
TEMPERATURE (F)
 YESTERDAY
  MAXIMUM         37    350 PM  50    1908  23     14       11
  MINIMUM         29    324 AM -32    1994   6     23       -9
  AVERAGE         33                        14     19

PRECIPITATION (IN)
  YESTERDAY        0.00          0.51 1935   0.03  -0.03     0.00
  MONTH TO DATE    1.67                      0.64   1.03     0.61
  SINCE DEC 1      4.33                      2.00   2.33     5.56
  SINCE JAN 1      1.67                      0.64   1.03     0.61

SNOWFALL (IN)
  YESTERDAY        0.0           8.5  1935   0.5   -0.5      0.0
  MONTH TO DATE   11.8                       8.3    3.5      3.6
  SINCE JUL 1     39.0                      30.5    8.5     13.2
  SNOW DEPTH      12

DEGREE DAYS
 HEATING
  YESTERDAY       32                        51    -19       64
  MONTH TO DATE 1005                       963     42      984
  SINCE DEC 1   2422                      2390     32     2018
  SINCE JUL 1   3700                      4249   -549     3424

 COOLING
  YESTERDAY        0                         0      0        0
  MONTH TO DATE    0                         0      0        0
  SINCE DEC 1      0                         0      0        0
  SINCE JAN 1      0                         0      0        0
..................................................................


WIND (MPH)
  HIGHEST WIND SPEED    13   HIGHEST WIND DIRECTION    SW (220)
  HIGHEST GUST SPEED    15   HIGHEST GUST DIRECTION    SW (230)
  AVERAGE WIND SPEED     5.2


SKY COVER
  POSSIBLE SUNSHINE  MM
  AVERAGE SKY COVER 0.9


WEATHER CONDITIONS
 THE FOLLOWING WEATHER WAS RECORDED YESTERDAY.
  FOG
  FOG W/VISIBILITY <= 1/4 MILE


RELATIVE HUMIDITY (PERCENT)
 HIGHEST   100           100 AM
 LOWEST     89           400 PM
 AVERAGE    95

..........................................................


THE WAUSAU WI CLIMATE NORMALS FOR TODAY
                         NORMAL    RECORD    YEAR
 MAXIMUM TEMPERATURE (F)   23        48      1908
 MINIMUM TEMPERATURE (F)    6       -27      1985


SUNRISE AND SUNSET
JANUARY 20 2017.......SUNRISE   729 AM CST   SUNSET   450 PM CST
JANUARY 21 2017.......SUNRISE   729 AM CST   SUNSET   452 PM CST


-  INDICATES NEGATIVE NUMBERS.
R  INDICATES RECORD WAS SET OR TIED.
MM INDICATES DATA IS MISSING.
T  INDICATES TRACE AMOUNT.




$$
