621
CDUS43 KGRB 210659
CLIAUW


CLIMATE REPORT
NATIONAL WEATHER SERVICE GREEN BAY
1258 AM CST WED FEB 21 2018


...................................

...THE WAUSAU WI CLIMATE SUMMARY FOR FEBRUARY 20 2018...

CLIMATE NORMAL PERIOD 1981 TO 2010
CLIMATE RECORD PERIOD 1896 TO 2018


WEATHER ITEM   OBSERVED TIME   RECORD YEAR NORMAL DEPARTURE LAST
                VALUE   (LST)  VALUE       VALUE  FROM      YEAR
                                                  NORMAL
..................................................................
TEMPERATURE (F)
 YESTERDAY
  MAXIMUM         31   1252 PM  53    1930  30      1       50
  MINIMUM         17   1159 PM -27    1929  12      5       36
  AVERAGE         24                        21      3

PRECIPITATION (IN)
  YESTERDAY       MM             0.83 1954   0.04  MM        0.80
  MONTH TO DATE    0.38                      0.61  -0.23     0.88
  SINCE DEC 1      2.78                      2.99  -0.21     5.88
  SINCE JAN 1      1.62                      1.63  -0.01     3.22

SNOWFALL (IN)
  YESTERDAY       MM             8.7  2011   0.4   MM        0.0
  MONTH TO DATE    6.0                       6.8   -0.8      0.4
  SINCE JUL 1     37.1                      42.5   -5.4     46.5
  SNOW DEPTH      MM

DEGREE DAYS
 HEATING
  YESTERDAY       41                        44     -3       22
  MONTH TO DATE 1063                       942    121      824
  SINCE DEC 1   4095                      3933    162     3694
  SINCE JUL 1   5780                      5792    -12     4972

 COOLING
  YESTERDAY        0                         0      0        0
  MONTH TO DATE    0                         0      0        0
  SINCE DEC 1      0                         0      0        0
  SINCE JAN 1      0                         0      0        0
..................................................................


WIND (MPH)
  HIGHEST WIND SPEED    21   HIGHEST WIND DIRECTION     W (270)
  HIGHEST GUST SPEED    25   HIGHEST GUST DIRECTION     W (280)
  AVERAGE WIND SPEED     9.4


SKY COVER
  POSSIBLE SUNSHINE  MM
  AVERAGE SKY COVER 1.0


WEATHER CONDITIONS
 THE FOLLOWING WEATHER WAS RECORDED YESTERDAY.
  FREEZING RAIN
  LT FREEZING RAIN
  LIGHT SNOW
  FOG


RELATIVE HUMIDITY (PERCENT)
 HIGHEST   100           500 AM
 LOWEST     84          1000 PM
 AVERAGE    92

..........................................................


THE WAUSAU WI CLIMATE NORMALS FOR TODAY
                         NORMAL    RECORD    YEAR
 MAXIMUM TEMPERATURE (F)   30        58      1930
 MINIMUM TEMPERATURE (F)   12       -21      1963
                                             1936


SUNRISE AND SUNSET
FEBRUARY 21 2018......SUNRISE   650 AM CST   SUNSET   535 PM CST
FEBRUARY 22 2018......SUNRISE   648 AM CST   SUNSET   536 PM CST


-  INDICATES NEGATIVE NUMBERS.
R  INDICATES RECORD WAS SET OR TIED.
MM INDICATES DATA IS MISSING.
T  INDICATES TRACE AMOUNT.




$$
