000
CDUS43 KGRB 200633
CLIAUW


CLIMATE REPORT
NATIONAL WEATHER SERVICE GREEN BAY
132 AM CDT SAT SEP 20 2014


...................................

...THE WAUSAU WI CLIMATE SUMMARY FOR SEPTEMBER 19 2014...

CLIMATE NORMAL PERIOD 1981 TO 2010
CLIMATE RECORD PERIOD 1896 TO 2014


WEATHER ITEM   OBSERVED TIME   RECORD YEAR NORMAL DEPARTURE LAST
                VALUE   (LST)  VALUE       VALUE  FROM      YEAR
                                                  NORMAL
..................................................................
TEMPERATURE (F)
 YESTERDAY
  MAXIMUM         71    341 PM  86    1940  67      4       79
                                      1908
  MINIMUM         48   1210 AM  31    2012  47      1       62
                                      1902
  AVERAGE         60                        57      3

PRECIPITATION (IN)
  YESTERDAY        0.01          2.79 1965   0.13  -0.12     0.43
  MONTH TO DATE    5.32                      2.46   2.86     2.28
  SINCE SEP 1      5.32                      2.46   2.86     2.28
  SINCE JAN 1     31.97                     24.67   7.30    29.91

SNOWFALL (IN)
  YESTERDAY        0.0           T    1956   0.0    0.0      0.0
  MONTH TO DATE    0.0                       0.0    0.0      0.0
  SINCE SEP 1      0.0                       0.0    0.0      0.0
  SINCE JUL 1      0.0                       0.0    0.0      0.0
  SNOW DEPTH       0

DEGREE DAYS
 HEATING
  YESTERDAY        5                         9     -4        0
  MONTH TO DATE  147                       106     41       82
  SINCE SEP 1    147                       106     41       82
  SINCE JUL 1    201                       172     29      138

 COOLING
  YESTERDAY        0                         1     -1        6
  MONTH TO DATE    9                        28    -19       56
  SINCE SEP 1      9                        28    -19       56
  SINCE JAN 1    335                       403    -68      506
..................................................................


WIND (MPH)
  HIGHEST WIND SPEED    26   HIGHEST WIND DIRECTION     S (190)
  HIGHEST GUST SPEED    35   HIGHEST GUST DIRECTION     S (180)
  AVERAGE WIND SPEED    13.7


SKY COVER
  POSSIBLE SUNSHINE  MM
  AVERAGE SKY COVER 0.5


WEATHER CONDITIONS
 THE FOLLOWING WEATHER WAS RECORDED YESTERDAY.
  LIGHT RAIN
  FOG
  HAZE


RELATIVE HUMIDITY (PERCENT)
 HIGHEST   100          1200 AM
 LOWEST     51           100 PM
 AVERAGE    76

..........................................................


THE WAUSAU WI CLIMATE NORMALS FOR TODAY
                         NORMAL    RECORD    YEAR
 MAXIMUM TEMPERATURE (F)   67        89      1908
 MINIMUM TEMPERATURE (F)   46        27      1897


SUNRISE AND SUNSET
SEPTEMBER 20 2014.....SUNRISE   643 AM CDT   SUNSET   700 PM CDT
SEPTEMBER 21 2014.....SUNRISE   644 AM CDT   SUNSET   658 PM CDT


-  INDICATES NEGATIVE NUMBERS.
R  INDICATES RECORD WAS SET OR TIED.
MM INDICATES DATA IS MISSING.
T  INDICATES TRACE AMOUNT.




$$
