000
CDUS43 KGRB 302138
CLIAUW


CLIMATE REPORT
NATIONAL WEATHER SERVICE GREEN BAY
438 PM CDT SAT MAY 30 2015


...................................

...THE WAUSAU WI CLIMATE SUMMARY FOR MAY 30 2015...
VALID TODAY AS OF 0400 PM LOCAL TIME.

CLIMATE NORMAL PERIOD 1981 TO 2010
CLIMATE RECORD PERIOD 1896 TO 2015


WEATHER ITEM   OBSERVED TIME   RECORD YEAR NORMAL DEPARTURE LAST
                VALUE   (LST)  VALUE       VALUE  FROM      YEAR
                                                  NORMAL
..................................................................
TEMPERATURE (F)
 TODAY
  MAXIMUM         60    259 PM  94    1939  71    -11       85
  MINIMUM         53    828 AM  32    2001  49      4       52
  AVERAGE         57                        60     -3       69

PRECIPITATION (IN)
  TODAY            0.03          2.91 1942   0.13  -0.10     0.00
  MONTH TO DATE    6.01                      3.35   2.66     3.48
  SINCE MAR 1      9.98                      7.84   2.14     8.50
  SINCE JAN 1     10.73                      9.78   0.95    11.44

SNOWFALL (IN)
  TODAY            0.0           T    1989   0.0             0.0
                                      1897
  MONTH TO DATE    T                         0.2             0.0
  SINCE MAR 1      9.7                      14.3            14.7
  SINCE JUL 1     53.7                      59.6            84.3
  SNOW DEPTH       0

DEGREE DAYS
 HEATING
  TODAY            8                         6      2        0
  MONTH TO DATE  221                       302    -81      276
  SINCE MAR 1   1822                      2018   -196     2371
  SINCE JUL 1   8402                      8154    248     9318

 COOLING
  TODAY            0                         1     -1        4
  MONTH TO DATE   18                        13      5       20
  SINCE JAN 1     18                        15      3       20
..................................................................


WIND (MPH)
  HIGHEST WIND SPEED    16   HIGHEST WIND DIRECTION     N (360)
  HIGHEST GUST SPEED    21   HIGHEST GUST DIRECTION     N (10)
  AVERAGE WIND SPEED     8.7


SKY COVER
  POSSIBLE SUNSHINE  MM
  AVERAGE SKY COVER 1.0


WEATHER CONDITIONS
 THE FOLLOWING WEATHER WAS RECORDED TODAY.
  LIGHT RAIN
  FOG


RELATIVE HUMIDITY (PERCENT)
 HIGHEST    93           100 AM
 LOWEST     51           200 PM
 AVERAGE    72

..........................................................


THE WAUSAU WI CLIMATE NORMALS FOR TOMORROW
                         NORMAL    RECORD    YEAR
 MAXIMUM TEMPERATURE (F)   71       104      1934
 MINIMUM TEMPERATURE (F)   49        31      1897


SUNRISE AND SUNSET
MAY 30 2015...........SUNRISE   517 AM CDT   SUNSET   836 PM CDT
MAY 31 2015...........SUNRISE   516 AM CDT   SUNSET   837 PM CDT


-  INDICATES NEGATIVE NUMBERS.
R  INDICATES RECORD WAS SET OR TIED.
MM INDICATES DATA IS MISSING.
T  INDICATES TRACE AMOUNT.




$$
