000
CDUS43 KGRB 290800
CLIAUW


CLIMATE REPORT
NATIONAL WEATHER SERVICE GREEN BAY
259 AM CDT TUE JUL 29 2014


...................................

...THE WAUSAU WI CLIMATE SUMMARY FOR JULY 28 2014...

CLIMATE NORMAL PERIOD 1981 TO 2010
CLIMATE RECORD PERIOD 1896 TO 2014


WEATHER ITEM   OBSERVED TIME   RECORD YEAR NORMAL DEPARTURE LAST
                VALUE   (LST)  VALUE       VALUE  FROM      YEAR
                                                  NORMAL
..................................................................
TEMPERATURE (F)
 YESTERDAY
  MAXIMUM         74    227 PM  96    1931  80     -6       69
                                      1916
  MINIMUM         51    547 AM  47    2013  59     -8       47
  AVERAGE         63                        69     -6

PRECIPITATION (IN)
  YESTERDAY        T             3.36 1953   0.13  -0.13     0.01
  MONTH TO DATE    2.29                      3.44  -1.15     3.66
  SINCE JUN 1      7.80                      7.75   0.05     9.47
  SINCE JAN 1     19.24                     17.66   1.58    23.94

SNOWFALL (IN)
  YESTERDAY        0.0           0.0    MM   0.0    0.0      0.0
  MONTH TO DATE    0.0                       0.0    0.0      0.0
  SINCE JUN 1      0.0                       0.0    0.0      0.0
  SINCE JUL 1      0.0                       0.0    0.0      0.0
  SNOW DEPTH       0

DEGREE DAYS
 HEATING
  YESTERDAY        2                         1      1        7
  MONTH TO DATE   37                        28      9       27
  SINCE JUN 1     59                       117    -58      113
  SINCE JUL 1     37                        28      9       27

 COOLING
  YESTERDAY        0                         5     -5        0
  MONTH TO DATE   80                       140    -60      181
  SINCE JUN 1    190                       225    -35      265
  SINCE JAN 1    215                       244    -29      302
..................................................................


WIND (MPH)
  HIGHEST WIND SPEED    18   HIGHEST WIND DIRECTION    NW (320)
  HIGHEST GUST SPEED    27   HIGHEST GUST DIRECTION    NW (300)
  AVERAGE WIND SPEED     9.1


SKY COVER
  POSSIBLE SUNSHINE  MM
  AVERAGE SKY COVER 0.5


WEATHER CONDITIONS
 THE FOLLOWING WEATHER WAS RECORDED YESTERDAY.
  NO SIGNIFICANT WEATHER WAS OBSERVED.


RELATIVE HUMIDITY (PERCENT)
 HIGHEST    96           200 AM
 LOWEST     41           200 PM
 AVERAGE    69

..........................................................


THE WAUSAU WI CLIMATE NORMALS FOR TODAY
                         NORMAL    RECORD    YEAR
 MAXIMUM TEMPERATURE (F)   80        97      1916
 MINIMUM TEMPERATURE (F)   59        44      1952


SUNRISE AND SUNSET
JULY 29 2014..........SUNRISE   541 AM CDT   SUNSET   829 PM CDT
JULY 30 2014..........SUNRISE   542 AM CDT   SUNSET   827 PM CDT


-  INDICATES NEGATIVE NUMBERS.
R  INDICATES RECORD WAS SET OR TIED.
MM INDICATES DATA IS MISSING.
T  INDICATES TRACE AMOUNT.




$$
