000
CDUS42 KGSP 190633
CLIAVL

CLIMATE REPORT
NATIONAL WEATHER SERVICE GREENVILLE-SPARTANBURG SC
232 AM EDT SAT APR 19 2014


...................................

...THE ASHEVILLE NC CLIMATE SUMMARY FOR APRIL 18 2014...

CLIMATE NORMAL PERIOD 1981 TO 2010
CLIMATE RECORD PERIOD 1869 TO 2014


WEATHER ITEM   OBSERVED TIME   RECORD YEAR NORMAL DEPARTURE LAST
                VALUE   (LST)  VALUE       VALUE  FROM      YEAR
                                                  NORMAL
..................................................................
TEMPERATURE (F)
 YESTERDAY
  MAXIMUM         54    403 PM  90    1896  69    -15       74
  MINIMUM         38    449 AM  28    1905  43     -5       57
  AVERAGE         46                        56    -10       66

PRECIPITATION (IN)
  YESTERDAY        0.36          1.24 1969   0.11   0.25      T
  MONTH TO DATE    3.27                      1.99   1.28     2.52
  SINCE MAR 1      5.57                      5.82  -0.25     5.84
  SINCE JAN 1     10.92                     13.25  -2.33    17.98

SNOWFALL (IN)
  YESTERDAY        0.0           2.0  1983   0.0             0.0
  MONTH TO DATE    0.0                       0.6             0.0
  SINCE MAR 1      0.4                       2.5             0.3
  SINCE JUL 1      9.8                       9.8             0.5
  SNOW DEPTH       0

DEGREE DAYS
 HEATING
  YESTERDAY       19                         9     10        0
  MONTH TO DATE  199                       208     -9      151
  SINCE MAR 1    828                       763     65      861
  SINCE JUL 1   4147                      3980    167     3802

 COOLING
  YESTERDAY        0                         0      0        1
  MONTH TO DATE    0                         0      0        5
  SINCE MAR 1      0                         1     -1        5
  SINCE JAN 1      0                         1     -1        5
..................................................................


WIND (MPH)
  HIGHEST WIND SPEED    10   HIGHEST WIND DIRECTION    NW (330)
  HIGHEST GUST SPEED    13   HIGHEST GUST DIRECTION    NW (320)
  AVERAGE WIND SPEED     2.7


SKY COVER
  POSSIBLE SUNSHINE  MM
  AVERAGE SKY COVER 0.5


WEATHER CONDITIONS
 THE FOLLOWING WEATHER WAS RECORDED YESTERDAY.
  RAIN
  LIGHT RAIN
  FOG


RELATIVE HUMIDITY (PERCENT)
 HIGHEST    93           600 PM
 LOWEST     50           300 PM
 AVERAGE    72

..........................................................


THE ASHEVILLE NC CLIMATE NORMALS FOR TODAY
                         NORMAL    RECORD    YEAR
 MAXIMUM TEMPERATURE (F)   69        89      1896
 MINIMUM TEMPERATURE (F)   44        27      1983


SUNRISE AND SUNSET
APRIL 19 2014.........SUNRISE   653 AM EDT   SUNSET   806 PM EDT
APRIL 20 2014.........SUNRISE   651 AM EDT   SUNSET   807 PM EDT


-  INDICATES NEGATIVE NUMBERS.
R  INDICATES RECORD WAS SET OR TIED.
MM INDICATES DATA IS MISSING.
T  INDICATES TRACE AMOUNT.

$$
