000
CDUS42 KGSP 260631
CLIAVL

CLIMATE REPORT
NATIONAL WEATHER SERVICE GREENVILLE-SPARTANBURG SC
230 AM EDT TUE JUL 26 2016


...................................

...THE ASHEVILLE NC CLIMATE SUMMARY FOR JULY 25 2016...

CLIMATE NORMAL PERIOD 1981 TO 2010
CLIMATE RECORD PERIOD 1869 TO 2016


WEATHER ITEM   OBSERVED TIME   RECORD YEAR NORMAL DEPARTURE LAST
                VALUE   (LST)  VALUE       VALUE  FROM      YEAR
                                                  NORMAL
..................................................................
TEMPERATURE (F)
 YESTERDAY
  MAXIMUM         91    152 PM  92    2010  84      7       85
                                      2005
                                      1987
  MINIMUM         68    433 AM  51    1895  64      4       67
  AVERAGE         80                        74      6       76

PRECIPITATION (IN)
  YESTERDAY        0.00          1.88 1889   0.14  -0.14     0.04
  MONTH TO DATE    3.71                      3.49   0.22     2.65
  SINCE JUN 1      6.24                      8.14  -1.90     9.07
  SINCE JAN 1     21.12                     26.39  -5.27    23.32

SNOWFALL (IN)
  YESTERDAY        0.0           0.0    MM   0.0             0.0
  MONTH TO DATE    0.0                       0.0             0.0
  SINCE JUN 1      0.0                       0.0             0.0
  SINCE JUL 1      0.0                       0.0             0.0
  SNOW DEPTH       0

DEGREE DAYS
 HEATING
  YESTERDAY        0                         0      0        0
  MONTH TO DATE    0                         0      0        0
  SINCE JUN 1      0                        14    -14        0
  SINCE JUL 1      0                         0      0        0

 COOLING
  YESTERDAY       15                         9      6       11
  MONTH TO DATE  299                       221     78      258
  SINCE JUN 1    576                       398    178      521
  SINCE JAN 1    649                       456    193      643
..................................................................


WIND (MPH)
  HIGHEST WIND SPEED    18   HIGHEST WIND DIRECTION    NW (330)
  HIGHEST GUST SPEED    21   HIGHEST GUST DIRECTION     N (340)
  AVERAGE WIND SPEED     4.2


SKY COVER
  POSSIBLE SUNSHINE  MM
  AVERAGE SKY COVER 0.1


WEATHER CONDITIONS
 THE FOLLOWING WEATHER WAS RECORDED YESTERDAY.
  NO SIGNIFICANT WEATHER WAS OBSERVED.


RELATIVE HUMIDITY (PERCENT)
 HIGHEST    90           100 AM
 LOWEST     44           100 PM
 AVERAGE    67

..........................................................


THE ASHEVILLE NC CLIMATE NORMALS FOR TODAY
                         NORMAL    RECORD    YEAR
 MAXIMUM TEMPERATURE (F)   84        94      1949
                                             1940
 MINIMUM TEMPERATURE (F)   64        49      1911


SUNRISE AND SUNSET
JULY 26 2016..........SUNRISE   635 AM EDT   SUNSET   838 PM EDT
JULY 27 2016..........SUNRISE   635 AM EDT   SUNSET   838 PM EDT


-  INDICATES NEGATIVE NUMBERS.
R  INDICATES RECORD WAS SET OR TIED.
MM INDICATES DATA IS MISSING.
T  INDICATES TRACE AMOUNT.




$$
