000
CDUS42 KGSP 240634
CLIAVL

CLIMATE REPORT
NATIONAL WEATHER SERVICE GREENVILLE-SPARTANBURG SC
230 AM EDT SUN MAY 24 2015


...................................

...THE ASHEVILLE NC CLIMATE SUMMARY FOR MAY 23 2015...

CLIMATE NORMAL PERIOD 1981 TO 2010
CLIMATE RECORD PERIOD 1869 TO 2015


WEATHER ITEM   OBSERVED TIME   RECORD YEAR NORMAL DEPARTURE LAST
                VALUE   (LST)  VALUE       VALUE  FROM      YEAR
                                                  NORMAL
..................................................................
TEMPERATURE (F)
 YESTERDAY
  MAXIMUM         76    324 PM  90    1953  76      0       82
  MINIMUM         44    613 AM  35    2002  53     -9       62
  AVERAGE         60                        65     -5       72

PRECIPITATION (IN)
  YESTERDAY        0.00          2.29 1913   0.12  -0.12     0.01
  MONTH TO DATE    0.20                      2.67  -2.47     2.64
  SINCE MAR 1      7.26                      9.83  -2.57    10.03
  SINCE JAN 1     13.10                     17.26  -4.16    15.38

SNOWFALL (IN)
  YESTERDAY        0.0           0.0    MM   0.0             0.0
  MONTH TO DATE    0.0                       0.0             0.0
  SINCE MAR 1      T                         2.6             0.4
  SINCE JUL 1     13.3                       9.9             9.8
  SNOW DEPTH       0

DEGREE DAYS
 HEATING
  YESTERDAY        5                         2      3        0
  MONTH TO DATE   41                        95    -54       81
  SINCE MAR 1    672                       950   -278      973
  SINCE JUL 1   3981                      4167   -186     4292

 COOLING
  YESTERDAY        0                         2     -2        7
  MONTH TO DATE   66                        30     36       44
  SINCE MAR 1     85                        38     47       46
  SINCE JAN 1     85                        38     47       46
..................................................................


WIND (MPH)
  HIGHEST WIND SPEED    14   HIGHEST WIND DIRECTION     S (160)
  HIGHEST GUST SPEED    20   HIGHEST GUST DIRECTION     S (180)
  AVERAGE WIND SPEED     3.2


SKY COVER
  POSSIBLE SUNSHINE  MM
  AVERAGE SKY COVER 0.0


WEATHER CONDITIONS
 THE FOLLOWING WEATHER WAS RECORDED YESTERDAY.
  NO SIGNIFICANT WEATHER WAS OBSERVED.


RELATIVE HUMIDITY (PERCENT)
 HIGHEST    89           500 AM
 LOWEST     29           200 PM
 AVERAGE    59

..........................................................


THE ASHEVILLE NC CLIMATE NORMALS FOR TODAY
                         NORMAL    RECORD    YEAR
 MAXIMUM TEMPERATURE (F)   77        90      1939
                                             1903
 MINIMUM TEMPERATURE (F)   54        36      1931


SUNRISE AND SUNSET
MAY 24 2015...........SUNRISE   620 AM EDT   SUNSET   834 PM EDT
MAY 25 2015...........SUNRISE   619 AM EDT   SUNSET   835 PM EDT


-  INDICATES NEGATIVE NUMBERS.
R  INDICATES RECORD WAS SET OR TIED.
MM INDICATES DATA IS MISSING.
T  INDICATES TRACE AMOUNT.




$$
