000
CDUS42 KGSP 180630
CLIAVL

CLIMATE REPORT
NATIONAL WEATHER SERVICE GREENVILLE-SPARTANBURG SC
230 AM EDT THU SEP 18 2014


...................................

...THE ASHEVILLE NC CLIMATE SUMMARY FOR SEPTEMBER 17 2014...

CLIMATE NORMAL PERIOD 1981 TO 2010
CLIMATE RECORD PERIOD 1869 TO 2014


WEATHER ITEM   OBSERVED TIME   RECORD YEAR NORMAL DEPARTURE LAST
                VALUE   (LST)  VALUE       VALUE  FROM      YEAR
                                                  NORMAL
..................................................................
TEMPERATURE (F)
 YESTERDAY
  MAXIMUM         73   1235 PM  90    1927  77     -4       69
  MINIMUM         61   1159 PM  38    2000  55      6       61
  AVERAGE         67                        66      1       65

PRECIPITATION (IN)
  YESTERDAY        T             1.92 2004   0.12  -0.12     0.00
  MONTH TO DATE    5.79                      2.25   3.54     0.53
  SINCE SEP 1      5.79                      2.25   3.54     0.53
  SINCE JAN 1     36.57                     33.86   2.71    59.29

SNOWFALL (IN)
  YESTERDAY        0.0           0.0    MM   0.0             0.0
  MONTH TO DATE    0.0                       0.0             0.0
  SINCE SEP 1      0.0                       0.0             0.0
  SINCE JUL 1      0.0                       0.0             0.0
  SNOW DEPTH       0

DEGREE DAYS
 HEATING
  YESTERDAY        0                         2     -2        0
  MONTH TO DATE    2                        11     -9        1
  SINCE SEP 1      2                        11     -9        1
  SINCE JUL 1      4                        13     -9        6

 COOLING
  YESTERDAY        2                         3     -1        0
  MONTH TO DATE  132                        73     59       93
  SINCE SEP 1    132                        73     59       93
  SINCE JAN 1    884                       830     54      831
..................................................................


WIND (MPH)
  HIGHEST WIND SPEED    13   HIGHEST WIND DIRECTION     S (160)
  HIGHEST GUST SPEED    19   HIGHEST GUST DIRECTION     S (170)
  AVERAGE WIND SPEED     4.3


SKY COVER
  POSSIBLE SUNSHINE  MM
  AVERAGE SKY COVER 0.8


WEATHER CONDITIONS
 THE FOLLOWING WEATHER WAS RECORDED YESTERDAY.
  LIGHT RAIN
  FOG


RELATIVE HUMIDITY (PERCENT)
 HIGHEST    97          1100 PM
 LOWEST     68          1200 PM
 AVERAGE    83

..........................................................


THE ASHEVILLE NC CLIMATE NORMALS FOR TODAY
                         NORMAL    RECORD    YEAR
 MAXIMUM TEMPERATURE (F)   76        93      1896
 MINIMUM TEMPERATURE (F)   55        40      1984
                                             1943
                                             1903


SUNRISE AND SUNSET
SEPTEMBER 18 2014.....SUNRISE   715 AM EDT   SUNSET   733 PM EDT
SEPTEMBER 19 2014.....SUNRISE   716 AM EDT   SUNSET   731 PM EDT


-  INDICATES NEGATIVE NUMBERS.
R  INDICATES RECORD WAS SET OR TIED.
MM INDICATES DATA IS MISSING.
T  INDICATES TRACE AMOUNT.

$$
