000
CDUS42 KGSP 020635
CLIAVL

CLIMATE REPORT
NATIONAL WEATHER SERVICE GREENVILLE-SPARTANBURG SC
235 AM EDT WED SEP 2 2015


...................................

...THE ASHEVILLE NC CLIMATE SUMMARY FOR SEPTEMBER 1 2015...

CLIMATE NORMAL PERIOD 1981 TO 2010
CLIMATE RECORD PERIOD 1869 TO 2015


WEATHER ITEM   OBSERVED TIME   RECORD YEAR NORMAL DEPARTURE LAST
                VALUE   (LST)  VALUE       VALUE  FROM      YEAR
                                                  NORMAL
..................................................................
TEMPERATURE (F)
 YESTERDAY
  MAXIMUM         87    331 PM  92    1951  81      6       87
                                      1941
  MINIMUM         62    625 AM  45    1946  61      1       67
  AVERAGE         75                        71      4       77

PRECIPITATION (IN)
  YESTERDAY        0.00          1.52 1893   0.14  -0.14      T
  MONTH TO DATE    0.00                      0.14  -0.14      T
  SINCE SEP 1      0.00                      0.14  -0.14      T
  SINCE JAN 1     26.10                     31.75  -5.65    30.78

SNOWFALL (IN)
  YESTERDAY        0.0           0.0    MM   0.0             0.0
  MONTH TO DATE    0.0                       0.0             0.0
  SINCE SEP 1      0.0                       0.0             0.0
  SINCE JUL 1      0.0                       0.0             0.0
  SNOW DEPTH       0

DEGREE DAYS
 HEATING
  YESTERDAY        0                         0      0        0
  MONTH TO DATE    0                         0      0        0
  SINCE SEP 1      0                         0      0        0
  SINCE JUL 1      0                         2     -2        2

 COOLING
  YESTERDAY       10                         6      4       12
  MONTH TO DATE   10                         6      4       12
  SINCE SEP 1     10                         6      4       12
  SINCE JAN 1   1015                       763    252      764
..................................................................


WIND (MPH)
  HIGHEST WIND SPEED    13   HIGHEST WIND DIRECTION     S (170)
  HIGHEST GUST SPEED    17   HIGHEST GUST DIRECTION     S (170)
  AVERAGE WIND SPEED     3.2


SKY COVER
  POSSIBLE SUNSHINE  MM
  AVERAGE SKY COVER 0.2


WEATHER CONDITIONS
 THE FOLLOWING WEATHER WAS RECORDED YESTERDAY.
  NO SIGNIFICANT WEATHER WAS OBSERVED.


RELATIVE HUMIDITY (PERCENT)
 HIGHEST    93           100 AM
 LOWEST     42           100 PM
 AVERAGE    68

..........................................................


THE ASHEVILLE NC CLIMATE NORMALS FOR TODAY
                         NORMAL    RECORD    YEAR
 MAXIMUM TEMPERATURE (F)   81        91      2011
 MINIMUM TEMPERATURE (F)   60        45      1967


SUNRISE AND SUNSET
SEPTEMBER  2 2015.....SUNRISE   703 AM EDT   SUNSET   756 PM EDT
SEPTEMBER  3 2015.....SUNRISE   704 AM EDT   SUNSET   755 PM EDT


-  INDICATES NEGATIVE NUMBERS.
R  INDICATES RECORD WAS SET OR TIED.
MM INDICATES DATA IS MISSING.
T  INDICATES TRACE AMOUNT.

$$
