000
CDUS42 KGSP 142140 RRB
CLIAVL

CLIMATE REPORT
NATIONAL WEATHER SERVICE GREENVILLE-SPARTANBURG SC
437 PM EST SUN FEB 14 2016


...................................

...THE ASHEVILLE NC CLIMATE SUMMARY FOR FEBRUARY 14 2016...
VALID TODAY AS OF 435 PM LOCAL TIME.

CLIMATE NORMAL PERIOD 1981 TO 2010
CLIMATE RECORD PERIOD 1869 TO 2016


WEATHER ITEM   OBSERVED TIME   RECORD YEAR NORMAL DEPARTURE LAST
                VALUE   (LST)  VALUE       VALUE  FROM      YEAR
                                                  NORMAL
..................................................................
TEMPERATURE (F)
 TODAY
  MAXIMUM         23    410 PM  74    1949  51    -28       55
  MINIMUM         18    253 AM  -6    1905  30    -12       19
  AVERAGE         21                        40    -19       37

PRECIPITATION (IN)
  TODAY            0.00          1.32 1944   0.15  -0.15      T
  MONTH TO DATE    2.42                      1.87   0.55     1.00
  SINCE DEC 1     14.47                      9.13   5.34     6.46
  SINCE JAN 1      5.71                      5.54   0.17     4.06

SNOWFALL (IN)
  TODAY            0.0           5.0  1944   0.1   -0.1       T
  MONTH TO DATE    0.1                       1.2   -1.1       T
  SINCE DEC 1     13.9                       6.2    7.7       T
  SINCE JUL 1     13.9                       6.3    7.6      3.2
  SNOW DEPTH       0

DEGREE DAYS
 HEATING
  TODAY           44                        25     19       28
  MONTH TO DATE  407                       364     43      379
  SINCE DEC 1   1755                      2024   -269     1879
  SINCE JUL 1   2430                      2891   -461     2794

 COOLING
  TODAY            0                         0      0        0
  MONTH TO DATE    0                         0      0        0
  SINCE DEC 1      0                         0      0        0
  SINCE JAN 1      0                         0      0        0
..................................................................


WIND (MPH)
  HIGHEST WIND SPEED    14   HIGHEST WIND DIRECTION    SE (130)
  HIGHEST GUST SPEED    19   HIGHEST GUST DIRECTION    SE (140)
  AVERAGE WIND SPEED     7.6


SKY COVER
  POSSIBLE SUNSHINE  MM
  AVERAGE SKY COVER 0.8


WEATHER CONDITIONS
 THE FOLLOWING WEATHER WAS RECORDED TODAY.
  NO SIGNIFICANT WEATHER WAS OBSERVED.


RELATIVE HUMIDITY (PERCENT)
 HIGHEST    56           600 AM
 LOWEST     41          1100 AM
 AVERAGE    49

..........................................................


THE ASHEVILLE NC CLIMATE NORMALS FOR TOMORROW
                         NORMAL    RECORD    YEAR
 MAXIMUM TEMPERATURE (F)   51        74      1989
 MINIMUM TEMPERATURE (F)   30         5      1943


SUNRISE AND SUNSET
FEBRUARY 14 2016......SUNRISE   718 AM EST   SUNSET   611 PM EST
FEBRUARY 15 2016......SUNRISE   717 AM EST   SUNSET   612 PM EST


-  INDICATES NEGATIVE NUMBERS.
R  INDICATES RECORD WAS SET OR TIED.
MM INDICATES DATA IS MISSING.
T  INDICATES TRACE AMOUNT.




$$
