000
CDUS42 KGSP 202135
CLIAVL

CLIMATE REPORT
NATIONAL WEATHER SERVICE GREENVILLE-SPARTANBURG SC
435 PM EST THU NOV 20 2014


...................................

...THE ASHEVILLE NC CLIMATE SUMMARY FOR NOVEMBER 20 2014...
VALID TODAY AS OF 0435 PM LOCAL TIME.

CLIMATE NORMAL PERIOD 1981 TO 2010
CLIMATE RECORD PERIOD 1869 TO 2014


WEATHER ITEM   OBSERVED TIME   RECORD YEAR NORMAL DEPARTURE LAST
                VALUE   (LST)  VALUE       VALUE  FROM      YEAR
                                                  NORMAL
..................................................................
TEMPERATURE (F)
 TODAY
  MAXIMUM         55    249 PM  76    1942  57     -2       48
  MINIMUM         23    334 AM   9    1914  35    -12       29
  AVERAGE         39                        46     -7       39

PRECIPITATION (IN)
  TODAY            0.00          0.77 1988   0.14  -0.14     0.00
  MONTH TO DATE    1.30                      2.29  -0.99     0.72
  SINCE SEP 1     11.20                      9.01   2.19     5.96
  SINCE JAN 1     41.98                     40.62   1.36    64.72

SNOWFALL (IN)
  TODAY            0.0           1.3  1914   0.0    0.0      0.0
                                      1981
  MONTH TO DATE    3.2                       0.0    3.2       T
  SINCE SEP 1      3.2                       0.0    3.2       T
  SINCE JUL 1      3.2                       0.0    3.2       T
  SNOW DEPTH       0

DEGREE DAYS
 HEATING
  TODAY           26                        19      7       26
  MONTH TO DATE  458                       324    134      365
  SINCE SEP 1    702                       657     45      611
  SINCE JUL 1    704                       659     45      616

 COOLING
  TODAY            0                         0      0        0
  MONTH TO DATE    0                         0      0        0
  SINCE SEP 1    167                       105     62      122
  SINCE JAN 1    919                       862     57      860
..................................................................


WIND (MPH)
  HIGHEST WIND SPEED    17   HIGHEST WIND DIRECTION    NW (300)
  HIGHEST GUST SPEED    25   HIGHEST GUST DIRECTION     W (260)
  AVERAGE WIND SPEED     3.9


SKY COVER
  POSSIBLE SUNSHINE  MM
  AVERAGE SKY COVER 0.1


WEATHER CONDITIONS
 THE FOLLOWING WEATHER WAS RECORDED TODAY.
  NO SIGNIFICANT WEATHER WAS OBSERVED.


RELATIVE HUMIDITY (PERCENT)
 HIGHEST    81           700 AM
 LOWEST     26           200 PM
 AVERAGE    54

..........................................................


THE ASHEVILLE NC CLIMATE NORMALS FOR TOMORROW
                         NORMAL    RECORD    YEAR
 MAXIMUM TEMPERATURE (F)   57        76      1994
 MINIMUM TEMPERATURE (F)   34        11      1914


SUNRISE AND SUNSET
NOVEMBER 20 2014......SUNRISE   710 AM EST   SUNSET   521 PM EST
NOVEMBER 21 2014......SUNRISE   711 AM EST   SUNSET   520 PM EST


-  INDICATES NEGATIVE NUMBERS.
R  INDICATES RECORD WAS SET OR TIED.
MM INDICATES DATA IS MISSING.
T  INDICATES TRACE AMOUNT.

$$

OUTLAW
