000
CDUS42 KGSP 300635
CLIAVL

CLIMATE REPORT
NATIONAL WEATHER SERVICE GREENVILLE-SPARTANBURG SC

233 AM EDT THU OCT 30 2014


...................................

...THE ASHEVILLE NC CLIMATE SUMMARY FOR OCTOBER 29 2014...

CLIMATE NORMAL PERIOD 1981 TO 2010
CLIMATE RECORD PERIOD 1869 TO 2014


WEATHER ITEM   OBSERVED TIME   RECORD YEAR NORMAL DEPARTURE LAST
                VALUE   (LST)  VALUE       VALUE  FROM      YEAR
                                                  NORMAL
..................................................................
TEMPERATURE (F)
 YESTERDAY
  MAXIMUM         65    100 PM  79    1946  65      0       68
  MINIMUM         47   1159 PM  21    1976  40      7       45
  AVERAGE         56                        52      4       57

PRECIPITATION (IN)
  YESTERDAY        0.01          2.16 1970   0.09  -0.08     0.00
  MONTH TO DATE    4.03                      2.72   1.31     2.16
  SINCE SEP 1      9.90                      6.53   3.37     5.21
  SINCE JAN 1     40.68                     38.14   2.54    63.97

SNOWFALL (IN)
  YESTERDAY       MM             1.7  1908   0.0             0.0
  MONTH TO DATE    0.0                       0.0              T
  SINCE SEP 1      0.0                       0.0              T
  SINCE JUL 1      0.0                       0.0              T
  SNOW DEPTH       0

DEGREE DAYS
 HEATING
  YESTERDAY        9                        13     -4        8
  MONTH TO DATE  194                       251    -57      215
  SINCE SEP 1    211                       306    -95      239
  SINCE JUL 1    213                       308    -95      244

 COOLING
  YESTERDAY        0                         0      0        0
  MONTH TO DATE   15                         7      8       17
  SINCE SEP 1    167                       102     65      122
  SINCE JAN 1    919                       859     60      860
..................................................................


WIND (MPH)
  HIGHEST WIND SPEED    26   HIGHEST WIND DIRECTION     N (340)
  HIGHEST GUST SPEED    32   HIGHEST GUST DIRECTION     N (350)
  AVERAGE WIND SPEED     8.3


SKY COVER
  POSSIBLE SUNSHINE  MM
  AVERAGE SKY COVER 0.4


WEATHER CONDITIONS
 THE FOLLOWING WEATHER WAS RECORDED YESTERDAY.
  LIGHT RAIN
  FOG


RELATIVE HUMIDITY (PERCENT)
 HIGHEST    93           400 AM
 LOWEST     44           700 PM
 AVERAGE    69

..........................................................


THE ASHEVILLE NC CLIMATE NORMALS FOR TODAY
                         NORMAL    RECORD    YEAR
 MAXIMUM TEMPERATURE (F)   64        81      1946
                                             1922
 MINIMUM TEMPERATURE (F)   40        20      1910


SUNRISE AND SUNSET
OCTOBER 30 2014.......SUNRISE   750 AM EDT   SUNSET   637 PM EDT
OCTOBER 31 2014.......SUNRISE   751 AM EDT   SUNSET   636 PM EDT


-  INDICATES NEGATIVE NUMBERS.
R  INDICATES RECORD WAS SET OR TIED.
MM INDICATES DATA IS MISSING.
T  INDICATES TRACE AMOUNT.




$$
