000
CDUS42 KGSP 020628
CLIAVL

CLIMATE REPORT
NATIONAL WEATHER SERVICE GREENVILLE-SPARTANBURG SC
127 AM EST MON MAR 2 2015


...................................

...THE ASHEVILLE NC CLIMATE SUMMARY FOR MARCH 1 2015...

CLIMATE NORMAL PERIOD 1981 TO 2010
CLIMATE RECORD PERIOD 1869 TO 2015


WEATHER ITEM   OBSERVED TIME   RECORD YEAR NORMAL DEPARTURE LAST
                VALUE   (LST)  VALUE       VALUE  FROM      YEAR
                                                  NORMAL
..................................................................
TEMPERATURE (F)
 YESTERDAY
  MAXIMUM         53    532 PM  76    2006  54     -1       56
  MINIMUM         30    504 AM  10    1914  32     -2       28
  AVERAGE         42                        43     -1       42

PRECIPITATION (IN)
  YESTERDAY        0.01          2.38 2007   0.12  -0.11      T
  MONTH TO DATE    0.01                      0.12  -0.11      T
  SINCE MAR 1      0.01                      0.12  -0.11      T
  SINCE JAN 1      5.85                      7.55  -1.70     5.35

SNOWFALL (IN)
  YESTERDAY        0.0           6.4  1969   0.1              T
  MONTH TO DATE    0.0                       0.1              T
  SINCE MAR 1      0.0                       0.1              T
  SINCE JUL 1     13.3                       7.4             9.4
  SNOW DEPTH       0

DEGREE DAYS
 HEATING
  YESTERDAY       23                        22      1       23
  MONTH TO DATE   23                        22      1       23
  SINCE MAR 1     23                        22      1       23
  SINCE JUL 1   3332                      3239     93     3342

 COOLING
  YESTERDAY        0                         0      0        0
  MONTH TO DATE    0                         0      0        0
  SINCE MAR 1      0                         0      0        0
  SINCE JAN 1      0                         0      0        0
..................................................................


WIND (MPH)
  HIGHEST WIND SPEED    10   HIGHEST WIND DIRECTION     S (170)
  HIGHEST GUST SPEED    13   HIGHEST GUST DIRECTION     S (180)
  AVERAGE WIND SPEED     3.5


SKY COVER
  POSSIBLE SUNSHINE  MM
  AVERAGE SKY COVER 0.8


WEATHER CONDITIONS
 THE FOLLOWING WEATHER WAS RECORDED YESTERDAY.
  LT FREEZING RAIN
  FOG


RELATIVE HUMIDITY (PERCENT)
 HIGHEST    92           700 AM
 LOWEST     63           100 AM
 AVERAGE    78

..........................................................


THE ASHEVILLE NC CLIMATE NORMALS FOR TODAY
                         NORMAL    RECORD    YEAR
 MAXIMUM TEMPERATURE (F)   55        79      1976
 MINIMUM TEMPERATURE (F)   33         8      1914


SUNRISE AND SUNSET
MARCH  2 2015.........SUNRISE   659 AM EST   SUNSET   626 PM EST
MARCH  3 2015.........SUNRISE   658 AM EST   SUNSET   627 PM EST


-  INDICATES NEGATIVE NUMBERS.
R  INDICATES RECORD WAS SET OR TIED.
MM INDICATES DATA IS MISSING.
T  INDICATES TRACE AMOUNT.

$$
07
