000
CDUS42 KGSP 260635
CLIAVL

CLIMATE REPORT
NATIONAL WEATHER SERVICE GREENVILLE-SPARTANBURG SC
233 AM EDT MON JUN 26 2017


...................................

...THE ASHEVILLE NC CLIMATE SUMMARY FOR JUNE 25 2017...

CLIMATE NORMAL PERIOD 1981 TO 2010
CLIMATE RECORD PERIOD 1869 TO 2017


WEATHER ITEM   OBSERVED TIME   RECORD YEAR NORMAL DEPARTURE LAST
                VALUE   (LST)  VALUE       VALUE  FROM      YEAR
                                                  NORMAL
..................................................................
TEMPERATURE (F)
 YESTERDAY
  MAXIMUM         74    502 PM  96    1952  83     -9       90
  MINIMUM         57   1159 PM  45    1972  62     -5       67
  AVERAGE         66                        72     -6       79

PRECIPITATION (IN)
  YESTERDAY        0.00          1.90 1872   0.16  -0.16     0.00
  MONTH TO DATE    2.26                      3.86  -1.60     1.29
  SINCE JUN 1      2.26                      3.86  -1.60     1.29
  SINCE JAN 1     25.28                     22.11   3.17    16.17

SNOWFALL (IN)
  YESTERDAY        0.0           0.0    MM   0.0             0.0
  MONTH TO DATE    0.0                       0.0             0.0
  SINCE JUN 1      0.0                       0.0             0.0
  SINCE JUL 1      9.4                       9.9            13.9
  SNOW DEPTH       0

DEGREE DAYS
 HEATING
  YESTERDAY        0                         0      0        0
  MONTH TO DATE    0                        11    -11        0
  SINCE JUN 1      0                        11    -11        0
  SINCE JUL 1   3123                      4192  -1069     3456

 COOLING
  YESTERDAY        1                         7     -6       14
  MONTH TO DATE  167                       139     28      225
  SINCE JUN 1    167                       139     28      225
  SINCE JAN 1    266                       197     69      298
..................................................................


WIND (MPH)
  HIGHEST WIND SPEED    20   HIGHEST WIND DIRECTION     N (350)
  HIGHEST GUST SPEED    28   HIGHEST GUST DIRECTION     N (350)
  AVERAGE WIND SPEED     9.0


SKY COVER
  POSSIBLE SUNSHINE  MM
  AVERAGE SKY COVER 0.0


WEATHER CONDITIONS
 THE FOLLOWING WEATHER WAS RECORDED YESTERDAY.
  NO SIGNIFICANT WEATHER WAS OBSERVED.


RELATIVE HUMIDITY (PERCENT)
 HIGHEST    86          1100 PM
 LOWEST     44           500 PM
 AVERAGE    65

..........................................................


THE ASHEVILLE NC CLIMATE NORMALS FOR TODAY
                         NORMAL    RECORD    YEAR
 MAXIMUM TEMPERATURE (F)   83        96      1948
 MINIMUM TEMPERATURE (F)   62        49      1984
                                             1974


SUNRISE AND SUNSET
JUNE 26 2017..........SUNRISE   617 AM EDT   SUNSET   849 PM EDT
JUNE 27 2017..........SUNRISE   617 AM EDT   SUNSET   849 PM EDT


-  INDICATES NEGATIVE NUMBERS.
R  INDICATES RECORD WAS SET OR TIED.
MM INDICATES DATA IS MISSING.
T  INDICATES TRACE AMOUNT.




$$
JPT
