000
CDUS41 KBGM 010545
CLIAVP


CLIMATE REPORT
NATIONAL WEATHER SERVICE BINGHAMTON NY
1244 AM EST WED MAR 1 2017


...................................

...THE AVOCA PA CLIMATE SUMMARY FOR FEBRUARY 28 2017...

CLIMATE NORMAL PERIOD 1981 TO 2010
CLIMATE RECORD PERIOD 1901 TO 2017


WEATHER ITEM   OBSERVED TIME   RECORD YEAR NORMAL DEPARTURE LAST
                VALUE   (LST)  VALUE       VALUE  FROM      YEAR
                                                  NORMAL
..................................................................
TEMPERATURE (F)
 YESTERDAY
  MAXIMUM         64R   214 PM  64    1903  40     24       61
  MINIMUM         38    711 AM  -6    1934  23     15       31
  AVERAGE         51                        32     19       46

PRECIPITATION (IN)
  YESTERDAY        0.00          1.21 1958   0.07  -0.07     0.00
  MONTH TO DATE    2.98                      2.03   0.95     4.01
  SINCE DEC 1      8.29                      7.08   1.21     8.35
  SINCE JAN 1      6.23                      4.40   1.83     5.80

SNOWFALL (IN)
  YESTERDAY        0.0           4.5  2005   0.3   -0.3      0.0
  MONTH TO DATE    8.3                       9.3   -1.0      6.7
  SINCE DEC 1     19.1                      30.9  -11.8     12.0
  SINCE JUL 1     24.8                      33.9   -9.1     12.0

DEGREE DAYS
 HEATING
  YESTERDAY       14                        33    -19       19
  MONTH TO DATE  756                      1015   -259      882
  SINCE DEC 1   2737                      3293   -556     2645
  SINCE JUL 1   3755                      4606   -851     3553

 COOLING
  YESTERDAY        0                         0      0        0
  MONTH TO DATE    0                         0      0        0
  SINCE DEC 1      0                         0      0        0
  SINCE JAN 1      0                         0      0        0
..................................................................


WIND (MPH)
  HIGHEST WIND SPEED    14   HIGHEST WIND DIRECTION     S (190)
  HIGHEST GUST SPEED    21   HIGHEST GUST DIRECTION    SW (210)
  AVERAGE WIND SPEED     4.1


SKY COVER
  AVERAGE SKY COVER 0.7



RELATIVE HUMIDITY (PERCENT)
 HIGHEST    82           500 AM
 LOWEST     31           200 PM
 AVERAGE    57

..........................................................


THE AVOCA PA CLIMATE NORMALS FOR TODAY
                         NORMAL    RECORD    YEAR
 MAXIMUM TEMPERATURE (F)   41        68      1972
 MINIMUM TEMPERATURE (F)   23         2      1980


SUNRISE AND SUNSET
MARCH  1 2017.........SUNRISE   637 AM EST   SUNSET   554 PM EST
MARCH  2 2017.........SUNRISE   635 AM EST   SUNSET   555 PM EST


-  INDICATES NEGATIVE NUMBERS.
R  INDICATES RECORD WAS SET OR TIED.
MM INDICATES DATA IS MISSING.
T  INDICATES TRACE AMOUNT.




$$
