000
CDUS41 KBGM 240551
CLIAVP


CLIMATE REPORT
NATIONAL WEATHER SERVICE BINGHAMTON NY
150 AM EDT SAT JUN 24 2017


...................................

...THE AVOCA PA CLIMATE SUMMARY FOR JUNE 23 2017...

CLIMATE NORMAL PERIOD 1981 TO 2010
CLIMATE RECORD PERIOD 1901 TO 2017


WEATHER ITEM   OBSERVED TIME   RECORD YEAR NORMAL DEPARTURE LAST
                VALUE   (LST)  VALUE       VALUE  FROM      YEAR
                                                  NORMAL
..................................................................
TEMPERATURE (F)
 YESTERDAY
  MAXIMUM         82    524 PM  94    1965  80      2       82
  MINIMUM         68    504 AM  41    1918  59      9       58
  AVERAGE         75                        69      6       70

PRECIPITATION (IN)
  YESTERDAY        0.24          1.58 2011   0.12   0.12      T
  MONTH TO DATE    3.16                      3.14   0.02     1.52
  SINCE JUN 1      3.16                      3.14   0.02     1.52
  SINCE JAN 1     21.49                     16.94   4.55    14.34

SNOWFALL (IN)
  YESTERDAY        0.0           0.0  1995   0.0    0.0      0.0
  MONTH TO DATE    0.0                       0.0    0.0      0.0
  SINCE JUN 1      0.0                       0.0    0.0      0.0
  SINCE JUL 1     55.5                      46.2    9.3     15.5

DEGREE DAYS
 HEATING
  YESTERDAY        0                         1     -1        0
  MONTH TO DATE   41                        50     -9       24
  SINCE JUN 1     41                        50     -9       24
  SINCE JUL 1   5232                      6251  -1019     4966

 COOLING
  YESTERDAY       10                         5      5        5
  MONTH TO DATE  120                        79     41       95
  SINCE JUN 1    120                        79     41       95
  SINCE JAN 1    172                       116     56      167
..................................................................


WIND (MPH)
  HIGHEST WIND SPEED    17   HIGHEST WIND DIRECTION     W (260)
  HIGHEST GUST SPEED    23   HIGHEST GUST DIRECTION    SW (220)
  AVERAGE WIND SPEED     7.2


SKY COVER
  AVERAGE SKY COVER 0.6



RELATIVE HUMIDITY (PERCENT)
 HIGHEST    93          1000 PM
 LOWEST     67          1100 AM
 AVERAGE    80

..........................................................


THE AVOCA PA CLIMATE NORMALS FOR TODAY
                         NORMAL    RECORD    YEAR
 MAXIMUM TEMPERATURE (F)   80        94      1923
                                             1908
 MINIMUM TEMPERATURE (F)   59        46      1925
                                             1902


SUNRISE AND SUNSET
JUNE 24 2017..........SUNRISE   531 AM EDT   SUNSET   840 PM EDT
JUNE 25 2017..........SUNRISE   531 AM EDT   SUNSET   840 PM EDT


-  INDICATES NEGATIVE NUMBERS.
R  INDICATES RECORD WAS SET OR TIED.
MM INDICATES DATA IS MISSING.
T  INDICATES TRACE AMOUNT.




$$
