000
CDUS41 KBGM 280552
CLIAVP


CLIMATE REPORT
NATIONAL WEATHER SERVICE BINGHAMTON NY
152 AM EDT TUE JUL 28 2015


...................................

...THE AVOCA PA CLIMATE SUMMARY FOR JULY 27 2015...

CLIMATE NORMAL PERIOD 1981 TO 2010
CLIMATE RECORD PERIOD 1901 TO 2015


WEATHER ITEM   OBSERVED TIME   RECORD YEAR NORMAL DEPARTURE LAST
                VALUE   (LST)  VALUE       VALUE  FROM      YEAR
                                                  NORMAL
..................................................................
TEMPERATURE (F)
 YESTERDAY
  MAXIMUM         86    538 PM  94    1964  82      4       89
                                      1955
                                      1941
  MINIMUM         66    541 AM  47    1977  61      5       69
                                      1920
  AVERAGE         76                        72      4       79

PRECIPITATION (IN)
  YESTERDAY       MM             2.34 1934   0.12  MM        0.04
  MONTH TO DATE    2.17                      3.26  -1.09     2.30
  SINCE JUN 1      8.69                      7.29   1.40     4.46
  SINCE JAN 1     18.25                     21.09  -2.84    17.17

SNOWFALL (IN)
  YESTERDAY        0.0           0.0  1995   0.0    0.0      0.0
  MONTH TO DATE    0.0                       0.0    0.0      0.0
  SINCE JUN 1      0.0                       0.0    0.0      0.0
  SINCE JUL 1      0.0                       0.0    0.0      0.0

DEGREE DAYS
 HEATING
  YESTERDAY        0                         0      0        0
  MONTH TO DATE    0                         0      0        0
  SINCE JUN 1     24                        54    -30       11
  SINCE JUL 1      0                         0      0        0

 COOLING
  YESTERDAY       11                         7      4       14
  MONTH TO DATE  204                       184     20      225
  SINCE JUN 1    359                       301     58      384
  SINCE JAN 1    507                       338    169      425
..................................................................


WIND (MPH)
  HIGHEST WIND SPEED    15   HIGHEST WIND DIRECTION     S (180)
  HIGHEST GUST SPEED    27   HIGHEST GUST DIRECTION     S (170)
  AVERAGE WIND SPEED     3.0


SKY COVER
  AVERAGE SKY COVER 0.3



RELATIVE HUMIDITY (PERCENT)
 HIGHEST    93           400 AM
 LOWEST     44           600 PM
 AVERAGE    69

..........................................................


THE AVOCA PA CLIMATE NORMALS FOR TODAY
                         NORMAL    RECORD    YEAR
 MAXIMUM TEMPERATURE (F)   82        95      1931
 MINIMUM TEMPERATURE (F)   61        44      1903


SUNRISE AND SUNSET
JULY 28 2015..........SUNRISE   554 AM EDT   SUNSET   824 PM EDT
JULY 29 2015..........SUNRISE   555 AM EDT   SUNSET   823 PM EDT


-  INDICATES NEGATIVE NUMBERS.
R  INDICATES RECORD WAS SET OR TIED.
MM INDICATES DATA IS MISSING.
T  INDICATES TRACE AMOUNT.




$$
