000
CDUS41 KBGM 240610
CLIAVP


CLIMATE REPORT
NATIONAL WEATHER SERVICE BINGHAMTON NY
108 AM EST MON NOV 24 2014


...................................

...THE AVOCA PA CLIMATE SUMMARY FOR NOVEMBER 23 2014...

CLIMATE NORMAL PERIOD 1981 TO 2010
CLIMATE RECORD PERIOD 1901 TO 2014


WEATHER ITEM   OBSERVED TIME   RECORD YEAR NORMAL DEPARTURE LAST
                VALUE   (LST)  VALUE       VALUE  FROM      YEAR
                                                  NORMAL
..................................................................
TEMPERATURE (F)
 YESTERDAY
  MAXIMUM         56    256 PM  72    1931  46     10       44
  MINIMUM         37    641 AM  13    1972  31      6       20
  AVERAGE         47                        39      8       32

PRECIPITATION (IN)
  YESTERDAY        T             1.03 2006   0.10  -0.10      T
  MONTH TO DATE    0.74                      2.40  -1.66     1.29
  SINCE SEP 1      5.65                      9.81  -4.16     4.43
  SINCE JAN 1     27.21                     34.84  -7.63    22.78

SNOWFALL (IN)
  YESTERDAY        0.0           2.0  1989   0.1   -0.1      0.4
  MONTH TO DATE    T                         2.0   -2.0      1.7
  SINCE SEP 1      T                         2.1   -2.1      1.7
  SINCE JUL 1      T                         2.1   -2.1      1.7

DEGREE DAYS
 HEATING
  YESTERDAY       18                        26     -8       33
  MONTH TO DATE  576                       515     61      526
  SINCE SEP 1    987                      1092   -105     1001
  SINCE JUL 1    998                      1118   -120     1010

 COOLING
  YESTERDAY        0                         0      0        0
  MONTH TO DATE    0                         0      0        0
  SINCE SEP 1    100                        56     44       93
  SINCE JAN 1    686                       580    106      795
..................................................................


WIND (MPH)
  HIGHEST WIND SPEED    17   HIGHEST WIND DIRECTION     S (170)
  HIGHEST GUST SPEED    27   HIGHEST GUST DIRECTION    SE (150)
  AVERAGE WIND SPEED     7.0


SKY COVER
  AVERAGE SKY COVER 0.6



RELATIVE HUMIDITY (PERCENT)
 HIGHEST    63          1100 PM
 LOWEST     28           200 PM
 AVERAGE    46

..........................................................


THE AVOCA PA CLIMATE NORMALS FOR TODAY
                         NORMAL    RECORD    YEAR
 MAXIMUM TEMPERATURE (F)   46        69      1931
 MINIMUM TEMPERATURE (F)   31         9      2000


SUNRISE AND SUNSET
NOVEMBER 24 2014......SUNRISE   702 AM EST   SUNSET   437 PM EST
NOVEMBER 25 2014......SUNRISE   703 AM EST   SUNSET   437 PM EST


-  INDICATES NEGATIVE NUMBERS.
R  INDICATES RECORD WAS SET OR TIED.
MM INDICATES DATA IS MISSING.
T  INDICATES TRACE AMOUNT.




$$
