000
CDUS43 KGRR 282128
CLIAZO


CLIMATE REPORT
NATIONAL WEATHER SERVICE GRAND RAPIDS, MI
527 PM EDT WED JUN 28 2017


...................................

...THE KALAMAZOO MI CLIMATE SUMMARY FOR JUNE 28 2017...
VALID TODAY AS OF 0500 PM LOCAL TIME.

CLIMATE NORMAL PERIOD 1981 TO 2010
CLIMATE RECORD PERIOD 1998 TO 2017


WEATHER ITEM   OBSERVED TIME   NORMAL DEPARTURE LAST
                VALUE   (LST)  VALUE  FROM      YEAR
                                      NORMAL
......................................................
TEMPERATURE (F)
 TODAY
  MAXIMUM         76    359 PM  82     -6       70
  MINIMUM         51    248 AM  61    -10       52
  AVERAGE         64            72     -8       61

PRECIPITATION (IN)
  TODAY            T             0.09  -0.09     0.00
  MONTH TO DATE    0.75          3.40  -2.65     1.90
  SINCE JUN 1      0.75          3.40  -2.65     1.90
  SINCE JAN 1     15.90         15.84   0.06    12.88

DEGREE DAYS
 HEATING
  TODAY            1             0      1        4
  MONTH TO DATE   19            47    -28       27
  SINCE JUN 1     19            47    -28       27
  SINCE JUL 1   5390          6415  -1025     5514

 COOLING
  TODAY            0             7     -7        0
  MONTH TO DATE  153           131     22      168
  SINCE JUN 1    153           131     22      168
  SINCE JAN 1    192           172     20      235
......................................................


WIND (MPH)
  RESULTANT WIND SPEED  10   RESULTANT WIND DIRECTION   S (190)
  HIGHEST WIND SPEED    24   HIGHEST WIND DIRECTION     S (190)
  HIGHEST GUST SPEED    30   HIGHEST GUST DIRECTION     S (190)
  AVERAGE WIND SPEED     9.8


SKY COVER
  AVERAGE SKY COVER 0.2


WEATHER CONDITIONS
 THE FOLLOWING WEATHER WAS RECORDED TODAY.
  LIGHT RAIN
  HAZE


RELATIVE HUMIDITY (PERCENT)
 HIGHEST    77          1200 AM
 LOWEST     38          1200 PM
 AVERAGE    58

..........................................................


THE KALAMAZOO MI CLIMATE NORMALS FOR TOMORROW
                         NORMAL
 MAXIMUM TEMPERATURE (F)   83
 MINIMUM TEMPERATURE (F)   61


SUNRISE AND SUNSET
JUNE 28 2017..........SUNRISE   608 AM EDT   SUNSET   923 PM EDT
JUNE 29 2017..........SUNRISE   609 AM EDT   SUNSET   923 PM EDT


-  INDICATES NEGATIVE NUMBERS.
R  INDICATES RECORD WAS SET OR TIED.
MM INDICATES DATA IS MISSING.
T  INDICATES TRACE AMOUNT.




$$
