000
CDUS43 KGRR 240535
CLIAZO


CLIMATE REPORT
NATIONAL WEATHER SERVICE GRAND RAPIDS, MI
1234 AM EST TUE JAN 24 2017


...................................

...THE KALAMAZOO MI CLIMATE SUMMARY FOR JANUARY 23 2017...

CLIMATE NORMAL PERIOD 1981 TO 2010
CLIMATE RECORD PERIOD 1998 TO 2017


WEATHER ITEM   OBSERVED TIME   NORMAL DEPARTURE LAST
                VALUE   (LST)  VALUE  FROM      YEAR
                                      NORMAL
......................................................
TEMPERATURE (F)
 YESTERDAY
  MAXIMUM         42    347 PM  31     11       31
  MINIMUM         40   1159 PM  18     22       12
  AVERAGE         41            24     17       22

PRECIPITATION (IN)
  YESTERDAY        0.04          0.06  -0.02      T
  MONTH TO DATE    2.40          1.32   1.08     0.74
  SINCE DEC 1      3.45          3.30   0.15     3.93
  SINCE JAN 1      2.40          1.32   1.08     0.74

DEGREE DAYS
 HEATING
  YESTERDAY       24            41    -17       43
  MONTH TO DATE  791           935   -144      931
  SINCE DEC 1   1944          2059   -115     1696
  SINCE JUL 1   2844          3386   -542     2761

 COOLING
  YESTERDAY        0             0      0        0
  MONTH TO DATE    0             0      0        0
  SINCE DEC 1      0             0      0        0
  SINCE JAN 1      0             0      0        0
......................................................


WIND (MPH)
  RESULTANT WIND SPEED   8   RESULTANT WIND DIRECTION   N (350)
  HIGHEST WIND SPEED    14   HIGHEST WIND DIRECTION    NW (330)
  HIGHEST GUST SPEED    17   HIGHEST GUST DIRECTION    NW (330)
  AVERAGE WIND SPEED     8.7


SKY COVER
  AVERAGE SKY COVER 1.0


WEATHER CONDITIONS
 THE FOLLOWING WEATHER WAS RECORDED YESTERDAY.
  LIGHT RAIN
  FOG
  FOG W/VISIBILITY <= 1/4 MILE


RELATIVE HUMIDITY (PERCENT)
 HIGHEST    93           600 AM
 LOWEST     86           500 PM
 AVERAGE    90

..........................................................


THE KALAMAZOO MI CLIMATE NORMALS FOR TODAY
                         NORMAL
 MAXIMUM TEMPERATURE (F)   31
 MINIMUM TEMPERATURE (F)   18


SUNRISE AND SUNSET
JANUARY 24 2017.......SUNRISE   803 AM EST   SUNSET   547 PM EST
JANUARY 25 2017.......SUNRISE   802 AM EST   SUNSET   548 PM EST


-  INDICATES NEGATIVE NUMBERS.
R  INDICATES RECORD WAS SET OR TIED.
MM INDICATES DATA IS MISSING.
T  INDICATES TRACE AMOUNT.




$$
