000
CDUS43 KGRR 251336
CLIAZO


CLIMATE REPORT
NATIONAL WEATHER SERVICE GRAND RAPIDS, MI
934 AM EDT SAT OCT 25 2014


...................................

...THE KALAMAZOO MI CLIMATE SUMMARY FOR OCTOBER 25 2014...
VALID AS OF 0900 AM LOCAL TIME.

CLIMATE NORMAL PERIOD 1981 TO 2010
CLIMATE RECORD PERIOD 1998 TO 2014


WEATHER ITEM   OBSERVED TIME   RECORD YEAR NORMAL DEPARTURE LAST
                VALUE   (LST)  VALUE       VALUE  FROM      YEAR
                                                  NORMAL
..................................................................
TEMPERATURE (F)
 TODAY
  MAXIMUM         57    759 AM  MM      MM  57      0       48
  MINIMUM         43   1208 AM  MM      MM  39      4       33
  AVERAGE         50                        48      2       41

PRECIPITATION (IN)
  TODAY            0.00         MM      MM   0.12  -0.12      T
  MONTH TO DATE    4.48                      2.71   1.77     2.13
  SINCE SEP 1      7.30                      6.53   0.77     3.86
  SINCE JAN 1     24.09                     30.12  -6.03    32.95

DEGREE DAYS
 HEATING
  TODAY           15                        17     -2       24
  MONTH TO DATE  352                       336     16      288
  SINCE SEP 1    501                       469     32      407

 COOLING
  TODAY            0                         0      0        0
  MONTH TO DATE    0                         7     -7       16
  SINCE SEP 1     58                        63     -5       97
..................................................................


WIND (MPH)
  HIGHEST WIND SPEED    13   HIGHEST WIND DIRECTION     W (270)
  HIGHEST GUST SPEED    18   HIGHEST GUST DIRECTION     W (270)



WEATHER CONDITIONS
 THE FOLLOWING WEATHER WAS RECORDED TODAY.
  FOG
  HAZE


..........................................................




SUNRISE AND SUNSET
OCTOBER 25 2014.......SUNRISE   807 AM EDT   SUNSET   645 PM EDT
OCTOBER 26 2014.......SUNRISE   808 AM EDT   SUNSET   644 PM EDT


-  INDICATES NEGATIVE NUMBERS.
R  INDICATES RECORD WAS SET OR TIED.
MM INDICATES DATA IS MISSING.
T  INDICATES TRACE AMOUNT.




$$

JAM
