000
CDUS43 KGRR 300518
CLIAZO


CLIMATE REPORT
NATIONAL WEATHER SERVICE GRAND RAPIDS, MI
118 AM EDT SAT JUL 30 2016


...................................

...THE KALAMAZOO MI CLIMATE SUMMARY FOR JULY 29 2016...

CLIMATE NORMAL PERIOD 1981 TO 2010
CLIMATE RECORD PERIOD 1998 TO 2016


WEATHER ITEM   OBSERVED TIME   NORMAL DEPARTURE LAST
                VALUE   (LST)  VALUE  FROM      YEAR
                                      NORMAL
......................................................
TEMPERATURE (F)
 YESTERDAY
  MAXIMUM         79    233 PM  83     -4       86
  MINIMUM         67   1029 AM  62      5       69
  AVERAGE         73            72      1       78

PRECIPITATION (IN)
  YESTERDAY        0.50          0.12   0.38     0.00
  MONTH TO DATE    5.42          3.46   1.96     4.11
  SINCE JUN 1      7.32          7.04   0.28     7.86
  SINCE JAN 1     18.30         19.48  -1.18    17.57

DEGREE DAYS
 HEATING
  YESTERDAY        0             0      0        0
  MONTH TO DATE    1             0      1        9
  SINCE JUN 1     29            48    -19       30
  SINCE JUL 1      1             0      1        9

 COOLING
  YESTERDAY        8             7      1       13
  MONTH TO DATE  267           227     40      172
  SINCE JUN 1    436           372     64      252
  SINCE JAN 1    503           413     90      319
......................................................


WIND (MPH)
  RESULTANT WIND SPEED   4   RESULTANT WIND DIRECTION  NE (50)
  HIGHEST WIND SPEED    12   HIGHEST WIND DIRECTION    NE (30)
  HIGHEST GUST SPEED    15   HIGHEST GUST DIRECTION    NE (40)
  AVERAGE WIND SPEED     5.0


SKY COVER
  AVERAGE SKY COVER 0.6


WEATHER CONDITIONS
 THE FOLLOWING WEATHER WAS RECORDED YESTERDAY.
  THUNDERSTORM
  HEAVY RAIN
  RAIN
  LIGHT RAIN
  FOG


RELATIVE HUMIDITY (PERCENT)
 HIGHEST    90           100 AM
 LOWEST     61           900 PM
 AVERAGE    76

..........................................................


THE KALAMAZOO MI CLIMATE NORMALS FOR TODAY
                         NORMAL
 MAXIMUM TEMPERATURE (F)   83
 MINIMUM TEMPERATURE (F)   62


SUNRISE AND SUNSET
JULY 30 2016..........SUNRISE   634 AM EDT   SUNSET   903 PM EDT
JULY 31 2016..........SUNRISE   635 AM EDT   SUNSET   902 PM EDT


-  INDICATES NEGATIVE NUMBERS.
R  INDICATES RECORD WAS SET OR TIED.
MM INDICATES DATA IS MISSING.
T  INDICATES TRACE AMOUNT.




$$
