000
CDUS43 KGRR 210512
CLIAZO


CLIMATE REPORT
NATIONAL WEATHER SERVICE GRAND RAPIDS, MI
112 AM EDT THU AUG 21 2014


...................................

...THE KALAMAZOO MI CLIMATE SUMMARY FOR AUGUST 20 2014...

CLIMATE NORMAL PERIOD 1981 TO 2010
CLIMATE RECORD PERIOD 1998 TO 2014


WEATHER ITEM   OBSERVED TIME   NORMAL DEPARTURE LAST
                VALUE   (LST)  VALUE  FROM      YEAR
                                      NORMAL
......................................................
TEMPERATURE (F)
 YESTERDAY
  MAXIMUM         84    204 PM  81      3       84
  MINIMUM         65    610 AM  60      5       61
  AVERAGE         75            70      5       73

PRECIPITATION (IN)
  YESTERDAY        0.00          0.12  -0.12     0.00
  MONTH TO DATE    0.70          2.37  -1.67     3.95
  SINCE JUN 1      7.52          9.65  -2.13    13.78
  SINCE JAN 1     15.94         22.09  -6.15    28.84

DEGREE DAYS
 HEATING
  YESTERDAY        0             0      0        0
  MONTH TO DATE    9             0      9       20
  SINCE JUN 1     51            53     -2       76
  SINCE JUL 1     32             5     27       37

 COOLING
  YESTERDAY       10             6      4        8
  MONTH TO DATE  104           132    -28       64
  SINCE JUN 1    395           517   -122      444
  SINCE JAN 1    449           558   -109      524
......................................................


WIND (MPH)
  RESULTANT WIND SPEED   4   RESULTANT WIND DIRECTION   W (270)
  HIGHEST WIND SPEED    21   HIGHEST WIND DIRECTION     W (250)
  HIGHEST GUST SPEED    25   HIGHEST GUST DIRECTION     W (270)
  AVERAGE WIND SPEED     5.0


SKY COVER
  AVERAGE SKY COVER 0.4


WEATHER CONDITIONS
 THE FOLLOWING WEATHER WAS RECORDED YESTERDAY.
  FOG


RELATIVE HUMIDITY (PERCENT)
 HIGHEST   100           600 AM
 LOWEST     48           200 PM
 AVERAGE    74

..........................................................


THE KALAMAZOO MI CLIMATE NORMALS FOR TODAY
                         NORMAL
 MAXIMUM TEMPERATURE (F)   81
 MINIMUM TEMPERATURE (F)   60


SUNRISE AND SUNSET
AUGUST 21 2014........SUNRISE   656 AM EDT   SUNSET   834 PM EDT
AUGUST 22 2014........SUNRISE   657 AM EDT   SUNSET   832 PM EDT


-  INDICATES NEGATIVE NUMBERS.
R  INDICATES RECORD WAS SET OR TIED.
MM INDICATES DATA IS MISSING.
T  INDICATES TRACE AMOUNT.




$$
