000
CDUS43 KGRR 062136
CLIAZO


CLIMATE REPORT
NATIONAL WEATHER SERVICE GRAND RAPIDS, MI
534 PM EDT FRI MAY 6 2016


...................................

...THE KALAMAZOO MI CLIMATE SUMMARY FOR MAY 6 2016...
VALID TODAY AS OF 0500 PM LOCAL TIME.

CLIMATE NORMAL PERIOD 1981 TO 2010
CLIMATE RECORD PERIOD 1998 TO 2016


WEATHER ITEM   OBSERVED TIME   NORMAL DEPARTURE LAST
                VALUE   (LST)  VALUE  FROM      YEAR
                                      NORMAL
......................................................
TEMPERATURE (F)
 TODAY
  MAXIMUM         73    359 PM  67      6       79
  MINIMUM         38    527 AM  45     -7       51
  AVERAGE         56            56      0       65

PRECIPITATION (IN)
  TODAY            0.00          0.11  -0.11     0.00
  MONTH TO DATE    1.17          0.70   0.47     0.91
  SINCE MAR 1      7.26          6.03   1.23     3.27
  SINCE JAN 1      8.82          9.27  -0.45     4.80

DEGREE DAYS
 HEATING
  TODAY            9             9      0        0
  MONTH TO DATE   77            61     16       25
  SINCE MAR 1   1287          1431   -144     1440
  SINCE JUL 1   5335          6204   -869     6726

 COOLING
  TODAY            0             0      0        0
  MONTH TO DATE    0             0      0        1
  SINCE MAR 1      2             4     -2        1
  SINCE JAN 1      2             4     -2        1
......................................................


WIND (MPH)
  RESULTANT WIND SPEED   2   RESULTANT WIND DIRECTION   W (290)
  HIGHEST WIND SPEED    10   HIGHEST WIND DIRECTION     W (250)
  HIGHEST GUST SPEED    13   HIGHEST GUST DIRECTION     W (250)
  AVERAGE WIND SPEED     1.7


SKY COVER
  AVERAGE SKY COVER 0.0


WEATHER CONDITIONS
 THE FOLLOWING WEATHER WAS RECORDED TODAY.
  NO SIGNIFICANT WEATHER WAS OBSERVED.


RELATIVE HUMIDITY (PERCENT)
 HIGHEST    85           600 AM
 LOWEST     29           400 PM
 AVERAGE    57

..........................................................


THE KALAMAZOO MI CLIMATE NORMALS FOR TOMORROW
                         NORMAL
 MAXIMUM TEMPERATURE (F)   67
 MINIMUM TEMPERATURE (F)   45


SUNRISE AND SUNSET
MAY  6 2016...........SUNRISE   631 AM EDT   SUNSET   848 PM EDT
MAY  7 2016...........SUNRISE   629 AM EDT   SUNSET   849 PM EDT


-  INDICATES NEGATIVE NUMBERS.
R  INDICATES RECORD WAS SET OR TIED.
MM INDICATES DATA IS MISSING.
T  INDICATES TRACE AMOUNT.




$$

jam
