000
CDUS43 KGRR 220515
CLIAZO


CLIMATE REPORT
NATIONAL WEATHER SERVICE GRAND RAPIDS, MI
1213 AM EST MON DEC 22 2014


...................................

...THE KALAMAZOO MI CLIMATE SUMMARY FOR DECEMBER 21 2014...

CLIMATE NORMAL PERIOD 1981 TO 2010
CLIMATE RECORD PERIOD 1998 TO 2014


WEATHER ITEM   OBSERVED TIME   NORMAL DEPARTURE LAST
                VALUE   (LST)  VALUE  FROM      YEAR
                                      NORMAL
......................................................
TEMPERATURE (F)
 YESTERDAY
  MAXIMUM         35    413 PM  33      2       35
  MINIMUM         29   1159 PM  21      8       33
  AVERAGE         32            27      5       34

PRECIPITATION (IN)
  YESTERDAY        0.00          0.06  -0.06     0.44
  MONTH TO DATE    0.17          1.44  -1.27     1.17
  SINCE DEC 1      0.17          1.44  -1.27     1.17
  SINCE JAN 1     27.24         35.20  -7.96    39.14

DEGREE DAYS
 HEATING
  YESTERDAY       33            38     -5       31
  MONTH TO DATE  670           733    -63      801
  SINCE DEC 1    670           733    -63      801
  SINCE JUL 1   2200          2060    140     2158

 COOLING
  YESTERDAY        0             0      0        0
  MONTH TO DATE    0             0      0        0
  SINCE DEC 1      0             0      0        0
  SINCE JAN 1    609           675    -66      725
......................................................


WIND (MPH)
  RESULTANT WIND SPEED   6   RESULTANT WIND DIRECTION   S (160)
  HIGHEST WIND SPEED    14   HIGHEST WIND DIRECTION     S (180)
  HIGHEST GUST SPEED    17   HIGHEST GUST DIRECTION     S (170)
  AVERAGE WIND SPEED     6.5


SKY COVER
  AVERAGE SKY COVER 0.7


WEATHER CONDITIONS
 THE FOLLOWING WEATHER WAS RECORDED YESTERDAY.
  FOG
  HAZE


RELATIVE HUMIDITY (PERCENT)
 HIGHEST    85          1200 AM
 LOWEST     64           300 PM
 AVERAGE    75

..........................................................


THE KALAMAZOO MI CLIMATE NORMALS FOR TODAY
                         NORMAL
 MAXIMUM TEMPERATURE (F)   33
 MINIMUM TEMPERATURE (F)   21


SUNRISE AND SUNSET
DECEMBER 22 2014......SUNRISE   808 AM EST   SUNSET   514 PM EST
DECEMBER 23 2014......SUNRISE   809 AM EST   SUNSET   514 PM EST


-  INDICATES NEGATIVE NUMBERS.
R  INDICATES RECORD WAS SET OR TIED.
MM INDICATES DATA IS MISSING.
T  INDICATES TRACE AMOUNT.




$$

JAM
