000
CDUS43 KGRR 250531
CLIAZO


CLIMATE REPORT
NATIONAL WEATHER SERVICE GRAND RAPIDS, MI
1231 AM EST SUN JAN 25 2015


...................................

...THE KALAMAZOO MI CLIMATE SUMMARY FOR JANUARY 24 2015...

CLIMATE NORMAL PERIOD 1981 TO 2010
CLIMATE RECORD PERIOD 1998 TO 2015


WEATHER ITEM   OBSERVED TIME   NORMAL DEPARTURE LAST
                VALUE   (LST)  VALUE  FROM      YEAR
                                      NORMAL
......................................................
TEMPERATURE (F)
 YESTERDAY
  MAXIMUM         38    429 PM  31      7       20
  MINIMUM         27    415 AM  18      9       -6
  AVERAGE         33            24      9        7

PRECIPITATION (IN)
  YESTERDAY        T             0.06  -0.06     0.18
  MONTH TO DATE    0.93          1.38  -0.45     0.94
  SINCE DEC 1      1.99          3.36  -1.37     2.40
  SINCE JAN 1      0.93          1.38  -0.45     0.94

DEGREE DAYS
 HEATING
  YESTERDAY       32            41     -9       58
  MONTH TO DATE 1039           976     63      971
  SINCE DEC 1   2024          2100    -76     2121
  SINCE JUL 1   3554          3427    127     3478

 COOLING
  YESTERDAY        0             0      0        0
  MONTH TO DATE    0             0      0        0
  SINCE DEC 1      0             0      0        0
  SINCE JAN 1      0             0      0        0
......................................................


WIND (MPH)
  RESULTANT WIND SPEED   6   RESULTANT WIND DIRECTION  SW (240)
  HIGHEST WIND SPEED    15   HIGHEST WIND DIRECTION     W (270)
  HIGHEST GUST SPEED    20   HIGHEST GUST DIRECTION     W (270)
  AVERAGE WIND SPEED     7.1


SKY COVER
  AVERAGE SKY COVER 1.0


WEATHER CONDITIONS
 THE FOLLOWING WEATHER WAS RECORDED YESTERDAY.
  LIGHT RAIN
  FOG
  HAZE


RELATIVE HUMIDITY (PERCENT)
 HIGHEST    89          1200 PM
 LOWEST     70           200 PM
 AVERAGE    80

..........................................................


THE KALAMAZOO MI CLIMATE NORMALS FOR TODAY
                         NORMAL
 MAXIMUM TEMPERATURE (F)   31
 MINIMUM TEMPERATURE (F)   18


SUNRISE AND SUNSET
JANUARY 25 2015.......SUNRISE   802 AM EST   SUNSET   547 PM EST
JANUARY 26 2015.......SUNRISE   801 AM EST   SUNSET   549 PM EST


-  INDICATES NEGATIVE NUMBERS.
R  INDICATES RECORD WAS SET OR TIED.
MM INDICATES DATA IS MISSING.
T  INDICATES TRACE AMOUNT.




$$
