752
CDUS43 KGRR 240523
CLIAZO


CLIMATE REPORT
NATIONAL WEATHER SERVICE GRAND RAPIDS, MI
122 AM EDT TUE MAY 24 2016


...................................

...THE KALAMAZOO MI CLIMATE SUMMARY FOR MAY 23 2016...

CLIMATE NORMAL PERIOD 1981 TO 2010
CLIMATE RECORD PERIOD 1998 TO 2016


WEATHER ITEM   OBSERVED TIME   NORMAL DEPARTURE LAST
                VALUE   (LST)  VALUE  FROM      YEAR
                                      NORMAL
......................................................
TEMPERATURE (F)
 YESTERDAY
  MAXIMUM         80    341 PM  72      8       78
  MINIMUM         42    521 AM  50     -8       42
  AVERAGE         61            61      0       60

PRECIPITATION (IN)
  YESTERDAY        0.00          0.13  -0.13     0.00
  MONTH TO DATE    2.84          2.93  -0.09     2.62
  SINCE MAR 1      8.93          8.26   0.67     4.98
  SINCE JAN 1     10.49         11.50  -1.01     6.51

DEGREE DAYS
 HEATING
  YESTERDAY        4             6     -2        5
  MONTH TO DATE  229           188     41      131
  SINCE MAR 1   1439          1558   -119     1546
  SINCE JUL 1   5487          6331   -844     6832

 COOLING
  YESTERDAY        0             2     -2        0
  MONTH TO DATE    0            20    -20       37
  SINCE MAR 1      2            24    -22       37
  SINCE JAN 1      2            24    -22       37
......................................................


WIND (MPH)
  RESULTANT WIND SPEED   3   RESULTANT WIND DIRECTION   S (170)
  HIGHEST WIND SPEED    12   HIGHEST WIND DIRECTION     S (180)
  HIGHEST GUST SPEED    16   HIGHEST GUST DIRECTION     S (190)
  AVERAGE WIND SPEED     3.6


SKY COVER
  AVERAGE SKY COVER 0.0


WEATHER CONDITIONS
 THE FOLLOWING WEATHER WAS RECORDED YESTERDAY.
  NO SIGNIFICANT WEATHER WAS OBSERVED.


RELATIVE HUMIDITY (PERCENT)
 HIGHEST    89           600 AM
 LOWEST     19           400 PM
 AVERAGE    54

..........................................................


THE KALAMAZOO MI CLIMATE NORMALS FOR TODAY
                         NORMAL
 MAXIMUM TEMPERATURE (F)   72
 MINIMUM TEMPERATURE (F)   50


SUNRISE AND SUNSET
MAY 24 2016...........SUNRISE   613 AM EDT   SUNSET   906 PM EDT
MAY 25 2016...........SUNRISE   612 AM EDT   SUNSET   907 PM EDT


-  INDICATES NEGATIVE NUMBERS.
R  INDICATES RECORD WAS SET OR TIED.
MM INDICATES DATA IS MISSING.
T  INDICATES TRACE AMOUNT.




$$
