000
CDUS43 KGRR 301331
CLIAZO


CLIMATE REPORT
NATIONAL WEATHER SERVICE GRAND RAPIDS, MI
930 AM EDT FRI SEP 30 2016


...................................

...THE KALAMAZOO MI CLIMATE SUMMARY FOR SEPTEMBER 30 2016...
VALID AS OF 0900 AM LOCAL TIME.

CLIMATE NORMAL PERIOD 1981 TO 2010
CLIMATE RECORD PERIOD 1998 TO 2016


WEATHER ITEM   OBSERVED TIME   NORMAL DEPARTURE LAST
                VALUE   (LST)  VALUE  FROM      YEAR
                                      NORMAL
......................................................
TEMPERATURE (F)
 TODAY
  MAXIMUM         60    759 AM  67     -7       63
  MINIMUM         59    240 AM  46     13       41
  AVERAGE         60            56      4       52

PRECIPITATION (IN)
  TODAY            0.03          0.10  -0.07     0.00
  MONTH TO DATE    3.28          3.82  -0.54     4.45
  SINCE SEP 1      3.28          3.82  -0.54     4.45
  SINCE JAN 1     30.99         27.41   3.58    24.96

DEGREE DAYS
 HEATING
  TODAY            5             9     -4       13
  MONTH TO DATE   29           130   -101       60
  SINCE SEP 1     29           133   -104       60
  SINCE JUL 1     30           149   -119       88

 COOLING
  TODAY            0             1     -1        0
  MONTH TO DATE  101            56     45      141
  SINCE SEP 1    101            56     45      141
  SINCE JAN 1    895           667    228      656
......................................................


WIND (MPH)
  RESULTANT WIND SPEED   8   RESULTANT WIND DIRECTION  NE (40)
  HIGHEST WIND SPEED    12   HIGHEST WIND DIRECTION     N (20)
  HIGHEST GUST SPEED    18   HIGHEST GUST DIRECTION    NE (50)
  AVERAGE WIND SPEED     8.1


SKY COVER
  AVERAGE SKY COVER 0.9


WEATHER CONDITIONS
 THE FOLLOWING WEATHER WAS RECORDED TODAY.
  RAIN
  LIGHT RAIN
  FOG


RELATIVE HUMIDITY (PERCENT)
 HIGHEST    84           100 AM
 LOWEST     84           100 AM
 AVERAGE    84

..........................................................


THE KALAMAZOO MI CLIMATE NORMALS FOR TOMORROW
                         NORMAL
 MAXIMUM TEMPERATURE (F)   66
 MINIMUM TEMPERATURE (F)   46


SUNRISE AND SUNSET
SEPTEMBER 30 2016.....SUNRISE   739 AM EDT   SUNSET   725 PM EDT
OCTOBER  1 2016.......SUNRISE   740 AM EDT   SUNSET   723 PM EDT


-  INDICATES NEGATIVE NUMBERS.
R  INDICATES RECORD WAS SET OR TIED.
MM INDICATES DATA IS MISSING.
T  INDICATES TRACE AMOUNT.




$$
