356
CDUS43 KGRR 100520
CLIAZO


CLIMATE REPORT
NATIONAL WEATHER SERVICE GRAND RAPIDS, MI
1219 AM EST WED FEB 10 2016


...................................

...THE KALAMAZOO MI CLIMATE SUMMARY FOR FEBRUARY 9 2016...

CLIMATE NORMAL PERIOD 1981 TO 2010
CLIMATE RECORD PERIOD 1998 TO 2016


WEATHER ITEM   OBSERVED TIME   NORMAL DEPARTURE LAST
                VALUE   (LST)  VALUE  FROM      YEAR
                                      NORMAL
......................................................
TEMPERATURE (F)
 YESTERDAY
  MAXIMUM         32    513 AM  33     -1       25
  MINIMUM         22   1159 PM  19      3       10
  AVERAGE         27            26      1       18

PRECIPITATION (IN)
  YESTERDAY        0.02          0.04  -0.02     0.00
  MONTH TO DATE    0.38          0.38   0.00     0.53
  SINCE DEC 1      4.45          4.15   0.30     2.55
  SINCE JAN 1      1.26          2.17  -0.91     1.49

DEGREE DAYS
 HEATING
  YESTERDAY       38            39     -1       47
  MONTH TO DATE  303           359    -56      405
  SINCE DEC 1   2257          2740   -483     2725
  SINCE JUL 1   3322          4067   -745     4255

 COOLING
  YESTERDAY        0             0      0        0
  MONTH TO DATE    0             0      0        0
  SINCE DEC 1      0             0      0        0
  SINCE JAN 1      0             0      0        0
......................................................


WIND (MPH)
  RESULTANT WIND SPEED  12   RESULTANT WIND DIRECTION  NW (310)
  HIGHEST WIND SPEED    23   HIGHEST WIND DIRECTION    NW (320)
  HIGHEST GUST SPEED    30   HIGHEST GUST DIRECTION     W (290)
  AVERAGE WIND SPEED    13.8


SKY COVER
  AVERAGE SKY COVER 1.0


WEATHER CONDITIONS
 THE FOLLOWING WEATHER WAS RECORDED YESTERDAY.
  LIGHT SNOW
  FOG


RELATIVE HUMIDITY (PERCENT)
 HIGHEST    85          1200 AM
 LOWEST     68           300 PM
 AVERAGE    77

..........................................................


THE KALAMAZOO MI CLIMATE NORMALS FOR TODAY
                         NORMAL
 MAXIMUM TEMPERATURE (F)   33
 MINIMUM TEMPERATURE (F)   19


SUNRISE AND SUNSET
FEBRUARY 10 2016......SUNRISE   746 AM EST   SUNSET   608 PM EST
FEBRUARY 11 2016......SUNRISE   744 AM EST   SUNSET   609 PM EST


-  INDICATES NEGATIVE NUMBERS.
R  INDICATES RECORD WAS SET OR TIED.
MM INDICATES DATA IS MISSING.
T  INDICATES TRACE AMOUNT.




$$

63
