000
CDUS41 KBOX 020546
CLIBDL


CLIMATE REPORT
NATIONAL WEATHER SERVICE TAUNTON MA
136 AM EDT SAT AUG 2 2014


...................................

...THE HARTFORD CT CLIMATE SUMMARY FOR AUGUST 1 2014...

CLIMATE NORMAL PERIOD 1981 TO 2010
CLIMATE RECORD PERIOD 1904 TO 2014


WEATHER ITEM   OBSERVED TIME   RECORD YEAR NORMAL DEPARTURE LAST
                VALUE   (LST)  VALUE       VALUE  FROM      YEAR
                                                  NORMAL
..................................................................
TEMPERATURE (F)
 YESTERDAY
  MAXIMUM         87    138 PM 100    1917  85      2       81
  MINIMUM         65    157 AM  51    1987  63      2       59
  AVERAGE         76                        74      2       70

PRECIPITATION (IN)
  YESTERDAY        0.32          2.98 1929   0.15   0.17     0.52
  MONTH TO DATE    0.32                      0.15   0.17     0.52
  SINCE JUN 1      6.52                      8.68  -2.16    15.50
  SINCE JAN 1     28.53                     26.49   2.04    31.64

SNOWFALL (IN)
  YESTERDAY        0.0           0.0  2002   0.0    0.0      0.0
                                      2001
                                      2000
  MONTH TO DATE    0.0                       0.0    0.0      0.0
  SINCE JUN 1      0.0                       0.0    0.0      0.0
  SINCE JUL 1      0.0                       0.0    0.0      0.0
  SNOW DEPTH       0

DEGREE DAYS
 HEATING
  YESTERDAY        0                         0      0        0
  MONTH TO DATE    0                         0      0        0
  SINCE JUN 1      6                        43    -37       35
  SINCE JUL 1      0                         3     -3        2

 COOLING
  YESTERDAY       11                         9      2        5
  MONTH TO DATE   11                         9      2        5
  SINCE JUN 1    463                       422     41      593
  SINCE JAN 1    495                       461     34      647
..................................................................


WIND (MPH)
  RESULTANT WIND SPEED   3   RESULTANT WIND DIRECTION   S (190)
  HIGHEST WIND SPEED    21   HIGHEST WIND DIRECTION     W (270)
  HIGHEST GUST SPEED    24   HIGHEST GUST DIRECTION     W (280)
  AVERAGE WIND SPEED     5.8


SKY COVER
  POSSIBLE SUNSHINE  MM
  AVERAGE SKY COVER 0.8


WEATHER CONDITIONS
 THE FOLLOWING WEATHER WAS RECORDED YESTERDAY.
  THUNDERSTORM
  LIGHT RAIN
  FOG
  HAZE


RELATIVE HUMIDITY (PERCENT)
 HIGHEST    93          1100 PM
 LOWEST     39           100 PM
 AVERAGE    66

..........................................................


THE HARTFORD CT CLIMATE NORMALS FOR TODAY
                         NORMAL    RECORD    YEAR
 MAXIMUM TEMPERATURE (F)   84       101      1975
 MINIMUM TEMPERATURE (F)   63        50      1947


SUNRISE AND SUNSET
AUGUST  2 2014........SUNRISE   545 AM EDT   SUNSET   808 PM EDT
AUGUST  3 2014........SUNRISE   546 AM EDT   SUNSET   807 PM EDT


-  INDICATES NEGATIVE NUMBERS.
R  INDICATES RECORD WAS SET OR TIED.
MM INDICATES DATA IS MISSING.
T  INDICATES TRACE AMOUNT.




$$
