000
CDUS41 KBOX 250546
CLIBDL


CLIMATE REPORT
NATIONAL WEATHER SERVICE TAUNTON MA
136 AM EDT FRI APR 25 2014


...................................

...THE HARTFORD CT CLIMATE SUMMARY FOR APRIL 24 2014...

CLIMATE NORMAL PERIOD 1981 TO 2010
CLIMATE RECORD PERIOD 1904 TO 2014


WEATHER ITEM   OBSERVED TIME   RECORD YEAR NORMAL DEPARTURE LAST
                VALUE   (LST)  VALUE       VALUE  FROM      YEAR
                                                  NORMAL
..................................................................
TEMPERATURE (F)
 YESTERDAY
  MAXIMUM         60    358 PM  88    2001  64     -4       75
  MINIMUM         40    534 AM  27    1930  41     -1       42
  AVERAGE         50                        53     -3       59

PRECIPITATION (IN)
  YESTERDAY        0.00          2.25 1944   0.13  -0.13     0.00
  MONTH TO DATE    2.47                      2.97  -0.50     1.67
  SINCE MAR 1      7.19                      6.59   0.60     4.27
  SINCE JAN 1     14.56                     12.71   1.85     9.78

SNOWFALL (IN)
  YESTERDAY        0.0           1.1  1967   0.1   -0.1      0.0
  MONTH TO DATE    0.2                       1.4   -1.2      0.0
  SINCE MAR 1      1.0                       7.8   -6.8      9.8
  SINCE JUL 1     51.1                      40.5   10.6     56.9
  SNOW DEPTH       0

DEGREE DAYS
 HEATING
  YESTERDAY       15                        13      2        6
  MONTH TO DATE  379                       405    -26      416
  SINCE MAR 1   1418                      1248    170     1276
  SINCE JUL 1   6097                      5686    411     5428

 COOLING
  YESTERDAY        0                         0      0        0
  MONTH TO DATE    1                         0      1        0
  SINCE MAR 1      1                         0      1        0
  SINCE JAN 1      1                         0      1        0
..................................................................


WIND (MPH)
  RESULTANT WIND SPEED  16   RESULTANT WIND DIRECTION  NW (330)
  HIGHEST WIND SPEED    28   HIGHEST WIND DIRECTION    NW (310)
  HIGHEST GUST SPEED    44   HIGHEST GUST DIRECTION    NW (330)
  AVERAGE WIND SPEED    15.8


SKY COVER
  POSSIBLE SUNSHINE  MM
  AVERAGE SKY COVER 0.1


WEATHER CONDITIONS
 THE FOLLOWING WEATHER WAS RECORDED YESTERDAY.
  NO SIGNIFICANT WEATHER WAS OBSERVED.


RELATIVE HUMIDITY (PERCENT)
 HIGHEST    53          1200 AM
 LOWEST     16           300 PM
 AVERAGE    35

..........................................................


THE HARTFORD CT CLIMATE NORMALS FOR TODAY
                         NORMAL    RECORD    YEAR
 MAXIMUM TEMPERATURE (F)   65        91      2009
 MINIMUM TEMPERATURE (F)   42        26      1956


SUNRISE AND SUNSET
APRIL 25 2014.........SUNRISE   555 AM EDT   SUNSET   743 PM EDT
APRIL 26 2014.........SUNRISE   554 AM EDT   SUNSET   744 PM EDT


-  INDICATES NEGATIVE NUMBERS.
R  INDICATES RECORD WAS SET OR TIED.
MM INDICATES DATA IS MISSING.
T  INDICATES TRACE AMOUNT.




$$
