000
CDUS41 KOKX 220617
CLIBDR


CLIMATE REPORT
NATIONAL WEATHER SERVICE NEW YORK NY
217 AM EDT FRI MAY 22 2015


...................................

...THE BRIDGEPORT CT CLIMATE SUMMARY FOR MAY 21 2015...

CLIMATE NORMAL PERIOD 1981 TO 2010
CLIMATE RECORD PERIOD 1948 TO 2015


WEATHER ITEM   OBSERVED TIME   RECORD YEAR NORMAL DEPARTURE LAST
                VALUE   (LST)  VALUE       VALUE  FROM      YEAR
                                                  NORMAL
..................................................................
TEMPERATURE (F)
 YESTERDAY
  MAXIMUM         64    221 PM  88    1959  69     -5       72
  MINIMUM         50    531 AM  38    2002  52     -2       58
  AVERAGE         57                        61     -4       65

PRECIPITATION (IN)
  YESTERDAY        0.00          1.32 1985   0.12  -0.12      T
  MONTH TO DATE    0.50                      2.44  -1.94     3.19
  SINCE MAR 1      7.31                     10.62  -3.31    13.87
  SINCE JAN 1     13.65                     16.51  -2.86    20.85

SNOWFALL (IN)
  YESTERDAY        0.0           0.0  2002   0.0    0.0      0.0
                                      2001
  MONTH TO DATE    0.0                       0.0    0.0      0.0
  SINCE OCT 1     59.7                      27.6   32.1     57.4
  SINCE JUL 1     59.7                      27.6   32.1     57.4
  SNOW DEPTH       0

DEGREE DAYS
 HEATING
  YESTERDAY        8                         5      3        0
  MONTH TO DATE   93                       165    -72       96
  SINCE MAR 1   1504                      1433     71     1528
  SINCE JUL 1   5610                      5320    290     5576

 COOLING
  YESTERDAY        0                         1     -1        0
  MONTH TO DATE   22                         7     15       11
  SINCE MAR 1     22                         9     13       11
  SINCE JAN 1     22                         9     13       11
..................................................................


WIND (MPH)
  HIGHEST WIND SPEED    17   HIGHEST WIND DIRECTION    SW (210)
  HIGHEST GUST SPEED    21   HIGHEST GUST DIRECTION     S (200)
  AVERAGE WIND SPEED     7.7


SKY COVER
  AVERAGE SKY COVER 0.4


WEATHER CONDITIONS
 THE FOLLOWING WEATHER WAS RECORDED YESTERDAY.
  NO SIGNIFICANT WEATHER WAS OBSERVED.


RELATIVE HUMIDITY (PERCENT)
 HIGHEST    77           900 PM
 LOWEST     34           100 PM
 AVERAGE    56

..........................................................


THE BRIDGEPORT CT CLIMATE NORMALS FOR TODAY
                         NORMAL    RECORD    YEAR
 MAXIMUM TEMPERATURE (F)   69        85      1992
                                             1991
 MINIMUM TEMPERATURE (F)   53        39      1990


SUNRISE AND SUNSET
MAY 22 2015...........SUNRISE   528 AM EDT   SUNSET   810 PM EDT
MAY 23 2015...........SUNRISE   528 AM EDT   SUNSET   811 PM EDT


-  INDICATES NEGATIVE NUMBERS.
R  INDICATES RECORD WAS SET OR TIED.
MM INDICATES DATA IS MISSING.
T  INDICATES TRACE AMOUNT.




$$
