000
CDUS41 KOKX 050640
CLIBDR


CLIMATE REPORT
NATIONAL WEATHER SERVICE NEW YORK NY
140 AM EST THU MAR 5 2015


...................................

...THE BRIDGEPORT CT CLIMATE SUMMARY FOR MARCH 4 2015...

CLIMATE NORMAL PERIOD 1981 TO 2010
CLIMATE RECORD PERIOD 1948 TO 2015


WEATHER ITEM   OBSERVED TIME   RECORD YEAR NORMAL DEPARTURE LAST
                VALUE   (LST)  VALUE       VALUE  FROM      YEAR
                                                  NORMAL
..................................................................
TEMPERATURE (F)
 YESTERDAY
  MAXIMUM         39    424 PM  58    1974  44     -5       28
  MINIMUM         33    831 AM   5    1950  28      5       11
  AVERAGE         36                        36      0       20

PRECIPITATION (IN)
  YESTERDAY        0.26          1.32 1953   0.12   0.14     0.00
  MONTH TO DATE    1.84                      0.48   1.36      T
  SINCE MAR 1      1.84                      0.48   1.36      T
  SINCE JAN 1      8.18                      6.37   1.81     6.98

SNOWFALL (IN)
  YESTERDAY        0.0           1.5  1971   0.2   -0.2      0.0
  MONTH TO DATE    6.2                       1.0    5.2       T
  SINCE OCT 1     47.3                      22.6   24.7     56.5
  SINCE JUL 1     47.3                      22.6   24.7     56.5
  SNOW DEPTH      17

DEGREE DAYS
 HEATING
  YESTERDAY       29                        29      0       45
  MONTH TO DATE  151                       118     33      159
  SINCE MAR 1    151                       118     33      159
  SINCE JUL 1   4257                      4005    252     4207

 COOLING
  YESTERDAY        0                         0      0        0
  MONTH TO DATE    0                         0      0        0
  SINCE MAR 1      0                         0      0        0
  SINCE JAN 1      0                         0      0        0
..................................................................


WIND (MPH)
  HIGHEST WIND SPEED    14   HIGHEST WIND DIRECTION    SW (230)
  HIGHEST GUST SPEED    17   HIGHEST GUST DIRECTION    SW (230)
  AVERAGE WIND SPEED     6.7


SKY COVER
  AVERAGE SKY COVER 0.8


WEATHER CONDITIONS
 THE FOLLOWING WEATHER WAS RECORDED YESTERDAY.
  LIGHT RAIN
  FOG


RELATIVE HUMIDITY (PERCENT)
 HIGHEST   100           100 AM
 LOWEST     85           300 PM
 AVERAGE    93

..........................................................


THE BRIDGEPORT CT CLIMATE NORMALS FOR TODAY
                         NORMAL    RECORD    YEAR
 MAXIMUM TEMPERATURE (F)   44        67      1974
 MINIMUM TEMPERATURE (F)   28        12      1978


SUNRISE AND SUNSET
MARCH  5 2015.........SUNRISE   621 AM EST   SUNSET   548 PM EST
MARCH  6 2015.........SUNRISE   619 AM EST   SUNSET   549 PM EST


-  INDICATES NEGATIVE NUMBERS.
R  INDICATES RECORD WAS SET OR TIED.
MM INDICATES DATA IS MISSING.
T  INDICATES TRACE AMOUNT.




$$
