000
CDUS41 KOKX 210616
CLIBDR


CLIMATE REPORT
NATIONAL WEATHER SERVICE NEW YORK NY
216 AM EDT SAT OCT 21 2017


...................................

...THE BRIDGEPORT CT CLIMATE SUMMARY FOR OCTOBER 20 2017...

CLIMATE NORMAL PERIOD 1981 TO 2010
CLIMATE RECORD PERIOD 1948 TO 2017


WEATHER ITEM   OBSERVED TIME   RECORD YEAR NORMAL DEPARTURE LAST
                VALUE   (LST)  VALUE       VALUE  FROM      YEAR
                                                  NORMAL
..................................................................
TEMPERATURE (F)
 YESTERDAY
  MAXIMUM         74    338 PM  75    1953  62     12       69
  MINIMUM         50   1124 PM  26    1972  45      5       59
  AVERAGE         62                        53      9       64

PRECIPITATION (IN)
  YESTERDAY        0.00          3.45 1989   0.12  -0.12      T
  MONTH TO DATE    0.57                      2.39  -1.82     1.18
  SINCE SEP 1      2.30                      5.87  -3.57     3.91
  SINCE JAN 1     30.89                     34.77  -3.88    28.67

SNOWFALL (IN)
  YESTERDAY        0.0           0.0  2002   0.0    0.0      0.0
                                      2001
  MONTH TO DATE    0.0                       0.0    0.0      0.0
  SINCE OCT 1      0.0                       0.0    0.0      0.0
  SINCE JUL 1      0.0                       0.0    0.0      0.0
  SNOW DEPTH       0

DEGREE DAYS
 HEATING
  YESTERDAY        3                        12     -9        1
  MONTH TO DATE   71                       175   -104       98
  SINCE SEP 1     96                       239   -143      113
  SINCE JUL 1     96                       243   -147      113

 COOLING
  YESTERDAY        0                         0      0        0
  MONTH TO DATE   52                         8     44       21
  SINCE SEP 1    209                       106    103      212
  SINCE JAN 1   1046                       824    222     1264
..................................................................


WIND (MPH)
  HIGHEST WIND SPEED    17   HIGHEST WIND DIRECTION    NW (300)
  HIGHEST GUST SPEED    22   HIGHEST GUST DIRECTION    NW (300)
  AVERAGE WIND SPEED     7.4


SKY COVER
  AVERAGE SKY COVER 0.0


WEATHER CONDITIONS
 THE FOLLOWING WEATHER WAS RECORDED YESTERDAY.
  NO SIGNIFICANT WEATHER WAS OBSERVED.


RELATIVE HUMIDITY (PERCENT)
 HIGHEST    77           500 AM
 LOWEST     22           100 PM
 AVERAGE    50

..........................................................


THE BRIDGEPORT CT CLIMATE NORMALS FOR TODAY
                         NORMAL    RECORD    YEAR
 MAXIMUM TEMPERATURE (F)   62        78      1963
 MINIMUM TEMPERATURE (F)   45        27      1972


SUNRISE AND SUNSET
OCTOBER 21 2017.......SUNRISE   711 AM EDT   SUNSET   602 PM EDT
OCTOBER 22 2017.......SUNRISE   712 AM EDT   SUNSET   601 PM EDT


-  INDICATES NEGATIVE NUMBERS.
R  INDICATES RECORD WAS SET OR TIED.
MM INDICATES DATA IS MISSING.
T  INDICATES TRACE AMOUNT.




$$
