000
CDAK48 PABE 251311
CLIBET


CLIMATE REPORT
NATIONAL WEATHER SERVICE ANCHORAGE, AK
508 AM AKDT THU MAY 25 2017


...................................

...THE BETHEL CLIMATE SUMMARY FOR MAY 24 2017...

CLIMATE NORMAL PERIOD 1981 TO 2010
CLIMATE RECORD PERIOD 1948 TO 2017


WEATHER ITEM   OBSERVED TIME   RECORD YEAR NORMAL DEPARTURE LAST
                VALUE   (LST)  VALUE       VALUE  FROM      YEAR
                                                  NORMAL
..................................................................
TEMPERATURE (F)
 YESTERDAY
  MAXIMUM         44   1116 AM  72    1991  54    -10       48
                                      1969
  MINIMUM         36   1120 PM  23    2000  36      0       41
  AVERAGE         40                        45     -5       45

PRECIPITATION (IN)
  YESTERDAY        0.43R         0.29 1998   0.04   0.39      T
  MONTH TO DATE    1.85                      0.86   0.99     1.43
  SINCE MAR 1      2.62                      2.31   0.31     2.83
  SINCE JAN 1      4.51                      3.81   0.70     3.22

SNOWFALL (IN)
  YESTERDAY        0.0           2.8  1998   0.0    0.0      0.0
  MONTH TO DATE    T                         1.9   -1.9      0.0
  SINCE MAR 1      3.8                      15.8  -12.0      2.9
  SINCE JUL 1     31.2                      61.6  -30.4     29.9
  SNOW DEPTH       0

DEGREE DAYS
 HEATING
  YESTERDAY       25                        20      5       20
  MONTH TO DATE  485                       586   -101      381
  SINCE MAR 1   3176                      3273    -97     2391
  SINCE JUL 1  11436                     12011   -575     9648

 COOLING
  YESTERDAY        0                         0      0        0
  MONTH TO DATE    0                         0      0        0
  SINCE MAR 1      0                         0      0        0
  SINCE JAN 1      0                         0      0        0
..................................................................


WIND (MPH)
  RESULTANT WIND SPEED  17   RESULTANT WIND DIRECTION  SW (210)
  HIGHEST WIND SPEED    29   HIGHEST WIND DIRECTION    SW (210)
  HIGHEST GUST SPEED    34   HIGHEST GUST DIRECTION    SW (210)
  AVERAGE WIND SPEED    18.1



WEATHER CONDITIONS
 THE FOLLOWING WEATHER WAS RECORDED YESTERDAY.
  RAIN
  LIGHT RAIN
  FOG


RELATIVE HUMIDITY (PERCENT)
 HIGHEST   100
 LOWEST     76
 AVERAGE    88

..........................................................


THE BETHEL CLIMATE NORMALS FOR TODAY
                         NORMAL    RECORD    YEAR
 MAXIMUM TEMPERATURE (F)   54        79      1969
 MINIMUM TEMPERATURE (F)   37        21      1926


SUNRISE AND SUNSET
MAY 25 2017...........SUNRISE   540 AM AKDT  SUNSET  1150 PM AKDT
MAY 26 2017...........SUNRISE   538 AM AKDT  SUNSET  1152 PM AKDT


-  INDICATES NEGATIVE NUMBERS.
R  INDICATES RECORD WAS SET OR TIED.
MM INDICATES DATA IS MISSING.
T  INDICATES TRACE AMOUNT.




$$
