000
CDAK48 PABE 031229
CLIBET

CLIMATE REPORT
NATIONAL WEATHER SERVICE BETHEL, AK
430 AM AKDT MON AUG 3 2015

...................................
...THE BETHEL AP CLIMATE SUMMARY FOR AUGUST 2 2015...

CLIMATE NORMAL PERIOD  1981 TO  2010
CLIMATE RECORD PERIOD  1923 TO  2015

WEATHER ITEM   OBSERVED TIME    RECORD YEAR NORMAL DEPARTURE LAST
               VALUE    (LST)   VALUE       VALUE  FROM      YEAR
                                                   NORMAL
...................................................................
TEMPERATURE
YESTERDAY
 MAXIMUM            71  0651 PM    84  1925     62       9     61
 MINIMUM            51  0802 AM    36  1938     48       3     56
 AVERAGE            61                          55       6     59

PRECIPITATION
(INCHES)
 YESTERDAY           T           1.32  1924   0.11   -0.11   0.11
 MONTH TO DATE    0.01                        0.21   -0.20   0.64
 SINCE JUN 1      2.37                        4.29   -1.92   4.89
 SINCE JAN 1      6.77                        8.38   -1.61   7.93

SNOWFALL
(INCHES)
 YESTERDAY         0.0            0.0  2015    0.0     0.0    0.0
 MONTH TO DATE     0.0                         0.0     0.0    0.0
 SINCE JUN 1       0.0                         0.0     0.0    0.0
 SINCE JUL 1       0.0                         0.0     0.0    0.0
 SNOW DEPTH (IN)     0                                          0

DEGREE DAYS
 HEATING
  YESTERDAY          4                          10      -6      6
  MONTH TO DATE     15                          20      -5     14
  SINCE JUN 1      494                         681    -187    707
  SINCE JUL 1      256                         304     -48    287

 COOLING
  YESTERDAY          0                           0       0      0
  MONTH TO DATE      0                           0       0      0
  SINCE JUN 1       11                           0      11      0
  SINCE JAN 1       11                           0      11      0
...................................................................

WIND (MPH)
 HIGHEST WIND SPEED    14     HIGHEST WIND DIRECTION    350
 HIGHEST GUST SPEED    19     HIGHEST GUST DIRECTION    330
 AVERAGE WIND SPEED   7.7

WEATHER CONDITIONS
 THE FOLLOWING WEATHER WAS RECORDED YESTERDAY.
 FOG
 RAIN

...................................................................

THE BETHEL CLIMATE NORMALS FOR TODAY
                           NORMAL    RECORD   YEAR
 MAXIMUM TEMPERATURE (F)     62        84     2002
 MINIMUM TEMPERATURE (F)     48        34     1928

SUNRISE AND SUNSET
 AUG 3 2015..........SUNRISE  6:28 AM      SUNSET 11:18 PM
 AUG 4 2015..........SUNRISE  6:31 AM      SUNSET 11:15 PM

-  INDICATES NEGATIVE NUMBERS.
R  INDICATES RECORD HAS BEEN SET OR TIED.
MM INDICATES DATA IS MISSING.
T  INDICATES TRACE OF PRECIPITATION.

&&
-------------------------------------------------------------------

AMOUNT OF DAYLIGHT TODAY  (HOUR:MIN)........16 HOURS 50 MINUTES
LOSS SINCE YESTERDAY (HOUR:MIN:SEC)....-0:05:08

$$
CR AUG 15
