000
CDAK48 PABE 312201
CLIBET

CLIMATE REPORT
NATIONAL WEATHER SERVICE BETHEL, AK
201 PM AKDT THU JUL 31 2014

...................................
...THE BETHEL AP CLIMATE SUMMARY FOR JULY 31 2014...
VALID TODAY AS OF 2:00 PM LOCAL TIME

CLIMATE NORMAL PERIOD  1981 TO  2010
CLIMATE RECORD PERIOD  1923 TO  2014

WEATHER ITEM   OBSERVED TIME    RECORD YEAR NORMAL DEPARTURE LAST
               VALUE    (LST)   VALUE       VALUE  FROM      YEAR
                                                   NORMAL
...................................................................
TEMPERATURE
TODAY
 MAXIMUM            63  1245 AM    78  1929     62       1     77
 MINIMUM            55  1259 PM    32  1926     49       6     56
 AVERAGE            59                          55       4     67

PRECIPITATION
(INCHES)
 TODAY            0.02           0.51  1928   0.10   -0.08   0.00
 MONTH TO DATE    2.47                        2.36    0.11   2.29
 SINCE JUN 1      3.99                        4.08   -0.09   3.90
 SINCE JAN 1      7.03                        8.17   -1.14   7.20

SNOWFALL
(INCHES)
 TODAY             0.0            0.0  2014    0.0     0.0    0.0
 MONTH TO DATE     0.0                         0.0     0.0    0.0
 SINCE JUN 1       0.0                         0.0     0.0    0.0
 SINCE JUL 1       0.0                         0.0     0.0    0.0
 SNOW DEPTH (IN)     0                                          0

DEGREE DAYS
 HEATING
  TODAY              6                          10      -4      0
  MONTH TO DATE    272                         284     -12    265
  SINCE JUN 1      692                         661      31    553
  SINCE JUL 1      272                         284     -12    265

 COOLING
  TODAY              0                           0       0      2
  MONTH TO DATE      0                           0       0     11
  SINCE JUN 1        0                           0       0     18
  SINCE JAN 1        0                           0       0     18
...................................................................

WIND (MPH)
 HIGHEST WIND SPEED    16     HIGHEST WIND DIRECTION    320
 HIGHEST GUST SPEED    21     HIGHEST GUST DIRECTION    320
 AVERAGE WIND SPEED    MM

SKY COVER
  POSSIBLE SUNSHINE  MM            AVERAGE SKY COVER MM

WEATHER CONDITIONS
 THE FOLLOWING WEATHER WAS RECORDED TODAY.
FOG
RAIN


RELATIVE HUMIDITY
 HIGHEST RH     MM PERCENT       MM
 LOWEST  RH     MM PERCENT       MM
 AVERAGE RH     MM PERCENT       MM
...................................................................

THE BETHEL CLIMATE NORMALS FOR TOMORROW
                        NORMAL    RECORD   YEAR
 MAXIMUM TEMPERATURE      62        81     2002
 MINIMUM TEMPERATURE      48        38     1928

SUNRISE AND SUNSET
 JUL 31 2014..........SUNRISE  6:21 AM      SUNSET 11:25 PM
 AUG 1  2014..........SUNRISE  6:24 AM      SUNSET 11:23 PM

-  INDICATES NEGATIVE NUMBERS.
R  INDICATES RECORD HAS BEEN SET OR TIED.
MM INDICATES DATA IS MISSING.
T  INDICATES TRACE OF PRECIPITATION.

&&
-------------------------------------------------------------------

AMOUNT OF DAYLIGHT TODAY  (HOUR:MIN)........17 HOURS 4 MINUTES
GAIN/LOSS SINCE YESTERDAY (HOUR:MIN:SEC)....-0:05:02

$$
BW JUL 14
