000
CDAK48 PABE 231227
CLIBET

CLIMATE REPORT
NATIONAL WEATHER SERVICE BETHEL, AK
427 AM AKDT SAT MAY 23 2015

...................................
...THE BETHEL AP CLIMATE SUMMARY FOR MAY 22 2015...

CLIMATE NORMAL PERIOD  1981 TO  2010
CLIMATE RECORD PERIOD  1923 TO  2015

WEATHER ITEM   OBSERVED TIME    RECORD YEAR NORMAL DEPARTURE LAST
               VALUE    (LST)   VALUE       VALUE  FROM      YEAR
                                                   NORMAL
...................................................................
TEMPERATURE
YESTERDAY
 MAXIMUM            57  0949 AM    70  2004     53       4     63
 MINIMUM            45  0642 AM    19  1966     36       9     35
 AVERAGE            51                          44       7     49

PRECIPITATION
(INCHES)
 YESTERDAY        0.08           0.50  1973   0.04    0.04   0.00
 MONTH TO DATE    1.61                        0.78    0.83   0.03
 SINCE MAR 1      3.17                        2.23    0.94   0.85
 SINCE JAN 1      4.21                        3.73    0.48   2.43

SNOWFALL
(INCHES)
 YESTERDAY         0.0            4.0  1973    0.1    -0.1    0.0
 MONTH TO DATE       T                         1.9    -1.9    0.0
 SINCE MAR 1      16.6                        15.8     0.8    5.7
 SINCE JUL 1      42.1                        61.6   -19.5   27.8
 SNOW DEPTH (IN)     0                                          0

DEGREE DAYS
 HEATING
  YESTERDAY         14                          21      -7     16
  MONTH TO DATE    440                         546    -106    460
  SINCE MAR 1     2844                        3232    -388   3005
  SINCE JUL 1    10619                       11978   -1359  10480

 COOLING
  YESTERDAY          0                           0       0      0
  MONTH TO DATE      0                           0       0      0
  SINCE MAR 1        0                           0       0      0
  SINCE JAN 1        0                           0       0      0
...................................................................

WIND (MPH)
 HIGHEST WIND SPEED    16     HIGHEST WIND DIRECTION    130
 HIGHEST GUST SPEED    19     HIGHEST GUST DIRECTION    130
 AVERAGE WIND SPEED   6.9

WEATHER CONDITIONS
 THE FOLLOWING WEATHER WAS RECORDED YESTERDAY.
 FOG
 RAIN

...................................................................

THE BETHEL CLIMATE NORMALS FOR TODAY
                           NORMAL    RECORD   YEAR
 MAXIMUM TEMPERATURE (F)     54        70     1991
 MINIMUM TEMPERATURE (F)     36        25     2000

SUNRISE AND SUNSET
 MAY 23 2015..........SUNRISE  5:46 AM      SUNSET 11:45 PM
 MAY 24 2015..........SUNRISE  5:44 AM      SUNSET 11:47 PM

-  INDICATES NEGATIVE NUMBERS.
R  INDICATES RECORD HAS BEEN SET OR TIED.
MM INDICATES DATA IS MISSING.
T  INDICATES TRACE OF PRECIPITATION.

&&
-------------------------------------------------------------------

AMOUNT OF DAYLIGHT TODAY  (HOUR:MIN)........17 HOURS 59 MINUTES
GAIN SINCE YESTERDAY (HOUR:MIN:SEC)....+0:04:25

$$
CR MAY 15
