000
CDAK48 PAFC 200053
CLIBET


CLIMATE REPORT
NATIONAL WEATHER SERVICE ANCHORAGE, AK
353 PM AKST MON FEB 19 2018


...................................

...THE BETHEL CLIMATE SUMMARY FOR FEBRUARY 19 2018...
VALID TODAY AS OF 0300 PM LOCAL TIME.

CLIMATE NORMAL PERIOD 1981 TO 2010
CLIMATE RECORD PERIOD 1948 TO 2018


WEATHER ITEM   OBSERVED TIME   RECORD YEAR NORMAL DEPARTURE LAST
                VALUE   (LST)  VALUE       VALUE  FROM      YEAR
                                                  NORMAL
..................................................................
TEMPERATURE (F)
 TODAY
  MAXIMUM         36    241 PM  47    1934  19     17       -7
  MINIMUM         27    809 AM -32    1932   5     22      -21
  AVERAGE         32                        12     20      -14

PRECIPITATION (IN)
  TODAY            T             0.20 1951   0.03  -0.03     0.00
  MONTH TO DATE    0.82                      0.49   0.33     0.29
  SINCE SEP 1     10.90                      8.39   2.51     6.64
  SINCE JAN 1      1.12                      1.27  -0.15     1.50

SNOWFALL (IN)
  TODAY            T             2.0  1951   0.2   -0.2      0.0
  MONTH TO DATE    4.7                       4.5    0.2      2.9
  SINCE SEP 1     24.4                      43.4  -19.0     23.8
  SINCE JUL 1     24.4                      43.4  -19.0     23.8
  SNOW DEPTH       6

DEGREE DAYS
 HEATING
  TODAY           33                        53    -20       79
  MONTH TO DATE  809                      1040   -231     1257
  SINCE DEC 1   3699                      4544   -845     4594
  SINCE JUL 1   6865                      8267  -1402     7822

 COOLING
  TODAY            0                         0      0        0
  MONTH TO DATE    0                         0      0        0
  SINCE DEC 1      0                         0      0        0
  SINCE JAN 1      0                         0      0        0
..................................................................


WIND (MPH)
  RESULTANT WIND SPEED  13   RESULTANT WIND DIRECTION  SE (150)
  HIGHEST WIND SPEED    30   HIGHEST WIND DIRECTION     S (170)
  HIGHEST GUST SPEED    38   HIGHEST GUST DIRECTION     S (160)
  AVERAGE WIND SPEED    13.6



WEATHER CONDITIONS
 THE FOLLOWING WEATHER WAS RECORDED TODAY.
  LIGHT RAIN
  SNOW
  FOG
  HAZE


RELATIVE HUMIDITY (PERCENT)
 HIGHEST    92
 LOWEST     69
 AVERAGE    81

..........................................................


THE BETHEL CLIMATE NORMALS FOR TOMORROW
                         NORMAL    RECORD    YEAR
 MAXIMUM TEMPERATURE (F)   19        44      2015
                                             1934
 MINIMUM TEMPERATURE (F)    5       -33      1954


SUNRISE AND SUNSET
FEBRUARY 19 2018......SUNRISE   916 AM AKST  SUNSET   647 PM AKST
FEBRUARY 20 2018......SUNRISE   913 AM AKST  SUNSET   650 PM AKST


-  INDICATES NEGATIVE NUMBERS.
R  INDICATES RECORD WAS SET OR TIED.
MM INDICATES DATA IS MISSING.
T  INDICATES TRACE AMOUNT.




$$
