000
CDAK48 PABE 230935
CLIBET


CLIMATE REPORT
NATIONAL WEATHER SERVICE ANCHORAGE, AK
135 AM AKDT SAT SEP 23 2017


...................................

...THE BETHEL CLIMATE SUMMARY FOR SEPTEMBER 22 2017...

CLIMATE NORMAL PERIOD 1981 TO 2010
CLIMATE RECORD PERIOD 1948 TO 2017


WEATHER ITEM   OBSERVED TIME   RECORD YEAR NORMAL DEPARTURE LAST
                VALUE   (LST)  VALUE       VALUE  FROM      YEAR
                                                  NORMAL
..................................................................
TEMPERATURE (F)
 YESTERDAY
  MAXIMUM         51    434 PM  63    1942  50      1       52
  MINIMUM         34    704 AM  23    2003  36     -2       39
  AVERAGE         43                        43      0       46

PRECIPITATION (IN)
  YESTERDAY        T             1.10 2005   0.09  -0.09     0.00
  MONTH TO DATE    2.10                      2.08   0.02     3.11
  SINCE SEP 1      2.10                      2.08   0.02     3.11
  SINCE JAN 1     17.03                     13.50   3.53    14.03

SNOWFALL (IN)
  YESTERDAY        0.0          MM      MM   0.1   -0.1      0.0
  MONTH TO DATE    0.0                       0.3   -0.3      0.0
  SINCE SEP 1      0.0                       0.3   -0.3      0.0
  SINCE JUL 1      0.0                       0.3   -0.3      0.0
  SNOW DEPTH       0

DEGREE DAYS
 HEATING
  YESTERDAY       22                        22      0       19
  MONTH TO DATE  386                       388     -2      326
  SINCE SEP 1    386                       388     -2      326
  SINCE JUL 1    937                      1024    -87      688

 COOLING
  YESTERDAY        0                         0      0        0
  MONTH TO DATE    0                         0      0        0
  SINCE SEP 1      0                         0      0        0
  SINCE JAN 1      6                         4      2       13
..................................................................


WIND (MPH)
  RESULTANT WIND SPEED  10   RESULTANT WIND DIRECTION   N (340)
  HIGHEST WIND SPEED    18   HIGHEST WIND DIRECTION     N (360)
  HIGHEST GUST SPEED    22   HIGHEST GUST DIRECTION     N (360)
  AVERAGE WIND SPEED     9.9



WEATHER CONDITIONS
 THE FOLLOWING WEATHER WAS RECORDED YESTERDAY.
  LIGHT RAIN
  FOG
  FOG W/VISIBILITY <= 1/4 MILE


RELATIVE HUMIDITY (PERCENT)
 HIGHEST   100
 LOWEST     61
 AVERAGE    81

..........................................................


THE BETHEL CLIMATE NORMALS FOR TODAY
                         NORMAL    RECORD    YEAR
 MAXIMUM TEMPERATURE (F)   49        64      1942
                                             1934
 MINIMUM TEMPERATURE (F)   36        22      1996
                                             1992


SUNRISE AND SUNSET
SEPTEMBER 23 2017.....SUNRISE   835 AM AKDT  SUNSET   842 PM AKDT
SEPTEMBER 24 2017.....SUNRISE   837 AM AKDT  SUNSET   839 PM AKDT


-  INDICATES NEGATIVE NUMBERS.
R  INDICATES RECORD WAS SET OR TIED.
MM INDICATES DATA IS MISSING.
T  INDICATES TRACE AMOUNT.




$$
