000
CDAK48 PABE 242359
CLIBET

CLIMATE REPORT
NATIONAL WEATHER SERVICE BETHEL, AK
259 PM AKST WED DEC 24 2014

...................................
...THE BETHEL AP CLIMATE SUMMARY FOR DECEMBER 24 2014...
VALID TODAY AS OF 2:00 PM LOCAL TIME

CLIMATE NORMAL PERIOD  1981 TO  2010
CLIMATE RECORD PERIOD  1923 TO  2014

WEATHER ITEM   OBSERVED TIME    RECORD YEAR NORMAL DEPARTURE LAST
               VALUE    (LST)   VALUE       VALUE  FROM      YEAR
                                                   NORMAL
...................................................................
TEMPERATURE
TODAY
 MAXIMUM            34  0159 PM    38  1971     15      19      6
 MINIMUM            13  0122 AM   -37  1957      2      11     -3
 AVERAGE            24                           9      15      2

PRECIPITATION
(INCHES)
 TODAY            0.19           0.50  1990   0.03    0.16   0.00
 MONTH TO DATE    0.83                        0.89   -0.06   1.88
 SINCE DEC 1      0.83                        0.89   -0.06   1.88
 SINCE JAN 1     15.06                       18.31   -3.25  21.59

SNOWFALL
(INCHES)
 TODAY             1.6            3.7  1988    0.4     1.2    0.0
 MONTH TO DATE     4.9                         9.0    -4.1    5.9
 SINCE DEC 1       4.9                         9.0    -4.1    5.9
 SINCE JUL 1      17.1                        26.9    -9.8   12.8
 SNOW DEPTH (IN)     2                                          2

DEGREE DAYS
 HEATING
  TODAY             41                          56     -15     63
  MONTH TO DATE   1175                        1294    -119   1121
  SINCE DEC 1     1175                        1294    -119   1120
  SINCE JUL 1     4450                        5024    -574   4472

 COOLING
  TODAY              0                           0       0      0
  MONTH TO DATE      0                           0       0      0
  SINCE DEC 1        0                           0       0      0
  SINCE JAN 1        0                           0       0     18
...................................................................

WIND (MPH)
 HIGHEST WIND SPEED    23     HIGHEST WIND DIRECTION    170
 HIGHEST GUST SPEED    31     HIGHEST GUST DIRECTION    150
 AVERAGE WIND SPEED    MM

SKY COVER
  POSSIBLE SUNSHINE  MM            AVERAGE SKY COVER MM

WEATHER CONDITIONS
 THE FOLLOWING WEATHER WAS RECORDED TODAY.
 FOG
 RAIN
 SNOW


RELATIVE HUMIDITY
 HIGHEST RH     MM PERCENT       MM
 LOWEST  RH     MM PERCENT       MM
 AVERAGE RH     MM PERCENT       MM
...................................................................

THE BETHEL CLIMATE NORMALS FOR TOMORROW
                        NORMAL    RECORD   YEAR
 MAXIMUM TEMPERATURE      15        40     1973
 MINIMUM TEMPERATURE       2       -38     1954

SUNRISE AND SUNSET
 DEC 24 2014..........SUNRISE 10:59 AM      SUNSET  4:36 PM
 DEC 25 2014..........SUNRISE 10:59 AM      SUNSET  4:37 PM

-  INDICATES NEGATIVE NUMBERS.
R  INDICATES RECORD HAS BEEN SET OR TIED.
MM INDICATES DATA IS MISSING.
T  INDICATES TRACE OF PRECIPITATION.

&&
-------------------------------------------------------------------

AMOUNT OF DAYLIGHT TODAY  (HOUR:MIN)........5 HOURS 37 MINUTES
GAIN/LOSS SINCE YESTERDAY (HOUR:MIN:SEC)....+0:00:29

$$
FONTENOT
