000
CDUS41 KCTP 240623
CLIBFD


CLIMATE REPORT
NATIONAL WEATHER SERVICE STATE COLLEGE PA
222 AM EDT SUN MAY 24 2015


...................................

...THE BRADFORD CLIMATE SUMMARY FOR MAY 23 2015...

CLIMATE NORMAL PERIOD 1981 TO 2010
CLIMATE RECORD PERIOD 1957 TO 2015


WEATHER ITEM   OBSERVED TIME   RECORD YEAR NORMAL DEPARTURE LAST
                VALUE   (LST)  VALUE       VALUE  FROM      YEAR
                                                  NORMAL
..................................................................
TEMPERATURE (F)
 YESTERDAY
  MAXIMUM         67    424 PM  84    1991  68     -1       59
  MINIMUM         24R   509 AM  26    1963  43    -19       45
  AVERAGE         46                        55     -9       52

PRECIPITATION (IN)
  YESTERDAY        0.00          1.07 1984   0.15  -0.15      T
  MONTH TO DATE    1.48                      3.04  -1.56     5.43
  SINCE MAR 1      8.05                      9.96  -1.91    11.69
  SINCE JAN 1     10.89                     15.60  -4.71    15.22

DEGREE DAYS
 HEATING
  YESTERDAY       19                         6     13       13
  MONTH TO DATE  189                       200    -11      269
  SINCE MAR 1   1978                      1881     97     2054
  SINCE JUL 1   7877                      7451    426     7720

 COOLING
  YESTERDAY        0                         0      0        0
  MONTH TO DATE   30                         0     30       14
  SINCE MAR 1     30                         2     28       16
  SINCE JAN 1     30                         2     28       16
..................................................................


WIND (MPH)
  HIGHEST WIND SPEED    15   HIGHEST WIND DIRECTION     W (290)
  HIGHEST GUST SPEED    23   HIGHEST GUST DIRECTION    NW (300)
  AVERAGE WIND SPEED     4.1


SKY COVER
  POSSIBLE SUNSHINE  MM
  AVERAGE SKY COVER 0.0


WEATHER CONDITIONS
 THE FOLLOWING WEATHER WAS RECORDED YESTERDAY.
  NO SIGNIFICANT WEATHER WAS OBSERVED.


RELATIVE HUMIDITY (PERCENT)
 HIGHEST    85           600 AM
 LOWEST     19           200 PM
 AVERAGE    52

..........................................................


THE BRADFORD CLIMATE NORMALS FOR TODAY
                         NORMAL    RECORD    YEAR
 MAXIMUM TEMPERATURE (F)   68        85      1972
 MINIMUM TEMPERATURE (F)   43        22      1963


SUNRISE AND SUNSET
MAY 24 2015...........SUNRISE   547 AM EDT   SUNSET   836 PM EDT
MAY 25 2015...........SUNRISE   546 AM EDT   SUNSET   837 PM EDT


-  INDICATES NEGATIVE NUMBERS.
R  INDICATES RECORD WAS SET OR TIED.
MM INDICATES DATA IS MISSING.
T  INDICATES TRACE AMOUNT.




$$
