000
CDUS41 KCTP 290608
CLIBFD


CLIMATE REPORT
NATIONAL WEATHER SERVICE STATE COLLEGE PA
208 AM EDT WED MAR 29 2017


...................................

...THE BRADFORD CLIMATE SUMMARY FOR MARCH 28 2017...

CLIMATE NORMAL PERIOD 1981 TO 2010
CLIMATE RECORD PERIOD 1957 TO 2017


WEATHER ITEM   OBSERVED TIME   RECORD YEAR NORMAL DEPARTURE LAST
                VALUE   (LST)  VALUE       VALUE  FROM      YEAR
                                                  NORMAL
..................................................................
TEMPERATURE (F)
 YESTERDAY
  MAXIMUM         53    344 PM  74    1998  46      7       50
  MINIMUM         40   1159 PM   4    1982  26     14       34
  AVERAGE         47                        36     11       42

PRECIPITATION (IN)
  YESTERDAY        0.14          0.80 1989   0.11   0.03     0.55
  MONTH TO DATE    2.25                      3.02  -0.77     2.87
  SINCE MAR 1      2.25                      3.02  -0.77     2.87
  SINCE JAN 1      9.33                      8.66   0.67     7.48

DEGREE DAYS
 HEATING
  YESTERDAY       18                        23     -5       23
  MONTH TO DATE  988                       792    196      678
  SINCE MAR 1    988                       792    196      678
  SINCE JUL 1   5571                      6362   -791     5378

 COOLING
  YESTERDAY        0                         0      0        0
  MONTH TO DATE    0                         0      0        0
  SINCE MAR 1      0                         0      0        0
  SINCE JAN 1      0                         0      0        0
..................................................................


WIND (MPH)
  HIGHEST WIND SPEED    16   HIGHEST WIND DIRECTION    NW (320)
  HIGHEST GUST SPEED    20   HIGHEST GUST DIRECTION    NW (320)
  AVERAGE WIND SPEED     5.6


SKY COVER
  POSSIBLE SUNSHINE  MM
  AVERAGE SKY COVER 1.0


WEATHER CONDITIONS
 THE FOLLOWING WEATHER WAS RECORDED YESTERDAY.
  LIGHT RAIN
  FOG
  FOG W/VISIBILITY <= 1/4 MILE


RELATIVE HUMIDITY (PERCENT)
 HIGHEST   100          1200 AM
 LOWEST     83           500 PM
 AVERAGE    92

..........................................................


THE BRADFORD CLIMATE NORMALS FOR TODAY
                         NORMAL    RECORD    YEAR
 MAXIMUM TEMPERATURE (F)   47        74      1977
 MINIMUM TEMPERATURE (F)   26         5      2015


SUNRISE AND SUNSET
MARCH 29 2017.........SUNRISE   702 AM EDT   SUNSET   737 PM EDT
MARCH 30 2017.........SUNRISE   700 AM EDT   SUNSET   738 PM EDT


-  INDICATES NEGATIVE NUMBERS.
R  INDICATES RECORD WAS SET OR TIED.
MM INDICATES DATA IS MISSING.
T  INDICATES TRACE AMOUNT.




$$
