000
CDUS41 KCTP 240611
CLIBFD


CLIMATE REPORT
NATIONAL WEATHER SERVICE STATE COLLEGE PA
210 AM EDT SUN JUL 24 2016


...................................

...THE BRADFORD CLIMATE SUMMARY FOR JULY 23 2016...

CLIMATE NORMAL PERIOD 1981 TO 2010
CLIMATE RECORD PERIOD 1957 TO 2016


WEATHER ITEM   OBSERVED TIME   RECORD YEAR NORMAL DEPARTURE LAST
                VALUE   (LST)  VALUE       VALUE  FROM      YEAR
                                                  NORMAL
..................................................................
TEMPERATURE (F)
 YESTERDAY
  MAXIMUM         87    138 PM  88    1987  77     10       76
  MINIMUM         59   1148 PM  38    1981  54      5       43
  AVERAGE         73                        65      8       60

PRECIPITATION (IN)
  YESTERDAY        0.00          1.53 1991   0.13  -0.13      T
  MONTH TO DATE    3.43                      3.11   0.32     2.45
  SINCE JUN 1      6.45                      8.02  -1.57     9.92
  SINCE JAN 1     20.88                     24.76  -3.88    22.35

DEGREE DAYS
 HEATING
  YESTERDAY        0                         0      0        5
  MONTH TO DATE   31                         1     30       44
  SINCE JUN 1    123                       146    -23      151
  SINCE JUL 1     31                         1     30       44

 COOLING
  YESTERDAY        8                         2      6        0
  MONTH TO DATE   80                        54     26       46
  SINCE JUN 1    112                        94     18       84
  SINCE JAN 1    131                       104     27      128
..................................................................


WIND (MPH)
  HIGHEST WIND SPEED    22   HIGHEST WIND DIRECTION    NW (320)
  HIGHEST GUST SPEED    26   HIGHEST GUST DIRECTION    NW (320)
  AVERAGE WIND SPEED     6.9


SKY COVER
  POSSIBLE SUNSHINE  MM
  AVERAGE SKY COVER 0.1


WEATHER CONDITIONS
 THE FOLLOWING WEATHER WAS RECORDED YESTERDAY.
  FOG
  FOG W/VISIBILITY <= 1/4 MILE


RELATIVE HUMIDITY (PERCENT)
 HIGHEST    93           400 AM
 LOWEST     34           200 PM
 AVERAGE    64

..........................................................


THE BRADFORD CLIMATE NORMALS FOR TODAY
                         NORMAL    RECORD    YEAR
 MAXIMUM TEMPERATURE (F)   77        87      2001
 MINIMUM TEMPERATURE (F)   54        44      1993


SUNRISE AND SUNSET
JULY 24 2016..........SUNRISE   601 AM EDT   SUNSET   840 PM EDT
JULY 25 2016..........SUNRISE   602 AM EDT   SUNSET   839 PM EDT


-  INDICATES NEGATIVE NUMBERS.
R  INDICATES RECORD WAS SET OR TIED.
MM INDICATES DATA IS MISSING.
T  INDICATES TRACE AMOUNT.




$$
