000
CDUS41 KCTP 140620
CLIBFD


CLIMATE REPORT
NATIONAL WEATHER SERVICE STATE COLLEGE PA
119 AM EST SUN FEB 14 2016


...................................

...THE BRADFORD CLIMATE SUMMARY FOR FEBRUARY 13 2016...

CLIMATE NORMAL PERIOD 1981 TO 2010
CLIMATE RECORD PERIOD 1957 TO 2016


WEATHER ITEM   OBSERVED TIME   RECORD YEAR NORMAL DEPARTURE LAST
                VALUE   (LST)  VALUE       VALUE  FROM      YEAR
                                                  NORMAL
..................................................................
TEMPERATURE (F)
 YESTERDAY
  MAXIMUM         12   1212 AM  58    1990  32    -20       13
  MINIMUM         -2   1051 AM -15    1979  15    -17       -5
  AVERAGE          5                        23    -18        4

PRECIPITATION (IN)
  YESTERDAY        T             1.16 1971   0.09  -0.09      T
  MONTH TO DATE    1.01                      1.10  -0.09     0.77
  SINCE DEC 1      6.96                      7.79  -0.83     4.81
  SINCE JAN 1      2.16                      4.39  -2.23     2.61

DEGREE DAYS
 HEATING
  YESTERDAY       60                        36     24       61
  MONTH TO DATE  522                       481     41      605
  SINCE DEC 1   2629                      3057   -428     3167
  SINCE JUL 1   4109                      4892   -783     4985

 COOLING
  YESTERDAY        0                         0      0        0
  MONTH TO DATE    0                         0      0        0
  SINCE DEC 1      0                         0      0        0
  SINCE JAN 1      0                         0      0        0
..................................................................


WIND (MPH)
  HIGHEST WIND SPEED    30   HIGHEST WIND DIRECTION    NW (320)
  HIGHEST GUST SPEED    40   HIGHEST GUST DIRECTION    NW (320)
  AVERAGE WIND SPEED    16.6


SKY COVER
  POSSIBLE SUNSHINE  MM
  AVERAGE SKY COVER 0.9


WEATHER CONDITIONS
 THE FOLLOWING WEATHER WAS RECORDED YESTERDAY.
  SNOW
  LIGHT SNOW
  HAZE
  BLOWING SNOW


RELATIVE HUMIDITY (PERCENT)
 HIGHEST    79           600 AM
 LOWEST     62           500 PM
 AVERAGE    71

..........................................................


THE BRADFORD CLIMATE NORMALS FOR TODAY
                         NORMAL    RECORD    YEAR
 MAXIMUM TEMPERATURE (F)   32        49      1967
 MINIMUM TEMPERATURE (F)   15       -21      1979


SUNRISE AND SUNSET
FEBRUARY 14 2016......SUNRISE   712 AM EST   SUNSET   546 PM EST
FEBRUARY 15 2016......SUNRISE   711 AM EST   SUNSET   547 PM EST


-  INDICATES NEGATIVE NUMBERS.
R  INDICATES RECORD WAS SET OR TIED.
MM INDICATES DATA IS MISSING.
T  INDICATES TRACE AMOUNT.




$$
