000
CDUS41 KCTP 182116
CLIBFD


CLIMATE REPORT
NATIONAL WEATHER SERVICE STATE COLLEGE PA
516 PM EDT THU SEP 18 2014


...................................

...THE BRADFORD CLIMATE SUMMARY FOR SEPTEMBER 18 2014...
VALID TODAY AS OF 0500 PM LOCAL TIME.

CLIMATE NORMAL PERIOD 1981 TO 2010
CLIMATE RECORD PERIOD 1957 TO 2014


WEATHER ITEM   OBSERVED TIME   RECORD YEAR NORMAL DEPARTURE LAST
                VALUE   (LST)  VALUE       VALUE  FROM      YEAR
                                                  NORMAL
..................................................................
TEMPERATURE (F)
 TODAY
  MAXIMUM         64    347 PM  81    1965  67     -3       74
  MINIMUM         37    525 AM  28    1990  45     -8       35
  AVERAGE         51                        56     -5       55

PRECIPITATION (IN)
  TODAY            0.00          2.04 1978   0.13  -0.13     0.00
  MONTH TO DATE    2.04                      2.34  -0.30     1.42
  SINCE SEP 1      2.04                      2.34  -0.30     1.42
  SINCE JAN 1     33.38                     32.29   1.09    22.83

DEGREE DAYS
 HEATING
  TODAY           14                         5      9       10
  MONTH TO DATE  118                        57     61      133
  SINCE SEP 1    118                        57     61      133
  SINCE JUL 1    302                       210     92      269

 COOLING
  TODAY            0                         0      0        0
  MONTH TO DATE   25                        13     12       30
  SINCE SEP 1     25                        13     12       30
  SINCE JAN 1    195                       190      5      325
..................................................................


WIND (MPH)
  HIGHEST WIND SPEED    13   HIGHEST WIND DIRECTION     N (340)
  HIGHEST GUST SPEED    17   HIGHEST GUST DIRECTION    NW (330)
  AVERAGE WIND SPEED     4.2


SKY COVER
  POSSIBLE SUNSHINE  MM
  AVERAGE SKY COVER 0.5


WEATHER CONDITIONS
 THE FOLLOWING WEATHER WAS RECORDED TODAY.
  FOG
  FOG W/VISIBILITY <= 1/4 MILE


RELATIVE HUMIDITY (PERCENT)
 HIGHEST   100           600 AM
 LOWEST     48          1200 PM
 AVERAGE    74

..........................................................


THE BRADFORD CLIMATE NORMALS FOR TOMORROW
                         NORMAL    RECORD    YEAR
 MAXIMUM TEMPERATURE (F)   67        82      1965
 MINIMUM TEMPERATURE (F)   44        26      1959


SUNRISE AND SUNSET
SEPTEMBER 18 2014.....SUNRISE   658 AM EDT   SUNSET   719 PM EDT
SEPTEMBER 19 2014.....SUNRISE   659 AM EDT   SUNSET   717 PM EDT


-  INDICATES NEGATIVE NUMBERS.
R  INDICATES RECORD WAS SET OR TIED.
MM INDICATES DATA IS MISSING.
T  INDICATES TRACE AMOUNT.




$$
