000
CDUS41 KCTP 260617
CLIBFD


CLIMATE REPORT
NATIONAL WEATHER SERVICE STATE COLLEGE PA
217 AM EDT WED JUL 26 2017


...................................

...THE BRADFORD CLIMATE SUMMARY FOR JULY 25 2017...

CLIMATE NORMAL PERIOD 1981 TO 2010
CLIMATE RECORD PERIOD 1957 TO 2017


WEATHER ITEM   OBSERVED TIME   RECORD YEAR NORMAL DEPARTURE LAST
                VALUE   (LST)  VALUE       VALUE  FROM      YEAR
                                                  NORMAL
..................................................................
TEMPERATURE (F)
 YESTERDAY
  MAXIMUM         67    203 PM  85    2016  77    -10       85
                                      1966
  MINIMUM         53   1159 PM  39    2014  54     -1       67
                                      2013
  AVERAGE         60                        65     -5       76

PRECIPITATION (IN)
  YESTERDAY        0.07          0.88 1977   0.13  -0.06     0.43
  MONTH TO DATE    5.07                      3.38   1.69     3.86
  SINCE JUN 1     11.58                      8.29   3.29     6.88
  SINCE JAN 1     32.78                     25.03   7.75    21.31

DEGREE DAYS
 HEATING
  YESTERDAY        5                         0      5        0
  MONTH TO DATE   19                         1     18       31
  SINCE JUN 1    151                       146      5      123
  SINCE JUL 1     19                         1     18       31

 COOLING
  YESTERDAY        0                         2     -2       11
  MONTH TO DATE   84                        58     26       96
  SINCE JUN 1    155                        98     57      128
  SINCE JAN 1    174                       108     66      147
..................................................................


WIND (MPH)
  HIGHEST WIND SPEED    15   HIGHEST WIND DIRECTION     N (350)
  HIGHEST GUST SPEED    17   HIGHEST GUST DIRECTION     N (360)
  AVERAGE WIND SPEED     7.1


SKY COVER
  POSSIBLE SUNSHINE  MM
  AVERAGE SKY COVER 0.9


WEATHER CONDITIONS
 THE FOLLOWING WEATHER WAS RECORDED YESTERDAY.
  LIGHT RAIN
  FOG


RELATIVE HUMIDITY (PERCENT)
 HIGHEST   100           200 AM
 LOWEST     68           400 PM
 AVERAGE    84

..........................................................


THE BRADFORD CLIMATE NORMALS FOR TODAY
                         NORMAL    RECORD    YEAR
 MAXIMUM TEMPERATURE (F)   77        86      2005
 MINIMUM TEMPERATURE (F)   54        34      1976


SUNRISE AND SUNSET
JULY 26 2017..........SUNRISE   603 AM EDT   SUNSET   839 PM EDT
JULY 27 2017..........SUNRISE   604 AM EDT   SUNSET   838 PM EDT


-  INDICATES NEGATIVE NUMBERS.
R  INDICATES RECORD WAS SET OR TIED.
MM INDICATES DATA IS MISSING.
T  INDICATES TRACE AMOUNT.




$$
