000
CDUS41 KCTP 012118
CLIBFD


CLIMATE REPORT
NATIONAL WEATHER SERVICE STATE COLLEGE PA
518 PM EDT TUE SEP 1 2015


...................................

...THE BRADFORD CLIMATE SUMMARY FOR SEPTEMBER 1 2015...
VALID TODAY AS OF 0500 PM LOCAL TIME.

CLIMATE NORMAL PERIOD 1981 TO 2010
CLIMATE RECORD PERIOD 1957 TO 2015


WEATHER ITEM   OBSERVED TIME   RECORD YEAR NORMAL DEPARTURE LAST
                VALUE   (LST)  VALUE       VALUE  FROM      YEAR
                                                  NORMAL
..................................................................
TEMPERATURE (F)
 TODAY
  MAXIMUM         83    322 PM  84    1973  73     10       77
  MINIMUM         50    543 AM  34    2009  50      0       68
  AVERAGE         67                        61      6       73

PRECIPITATION (IN)
  TODAY            0.00          1.19 1965   0.13  -0.13      T
  MONTH TO DATE    0.00                      0.13  -0.13      T
  SINCE SEP 1      0.00                      0.13  -0.13      T
  SINCE JAN 1     23.84                     30.08  -6.24    31.34

DEGREE DAYS
 HEATING
  TODAY            0                         2     -2        0
  MONTH TO DATE    0                         2     -2        0
  SINCE SEP 1      0                         2     -2        0
  SINCE JUL 1    126                       155    -29      184

 COOLING
  TODAY            2                         1      1        8
  MONTH TO DATE    2                         1      1        8
  SINCE SEP 1      2                         1      1        8
  SINCE JAN 1    210                       178     32      178
..................................................................


WIND (MPH)
  HIGHEST WIND SPEED    14   HIGHEST WIND DIRECTION    NW (310)
  HIGHEST GUST SPEED    18   HIGHEST GUST DIRECTION    NW (320)
  AVERAGE WIND SPEED     3.0


SKY COVER
  POSSIBLE SUNSHINE  MM
  AVERAGE SKY COVER 0.6


WEATHER CONDITIONS
 THE FOLLOWING WEATHER WAS RECORDED TODAY.
  FOG
  FOG W/VISIBILITY <= 1/4 MILE
  HAZE


RELATIVE HUMIDITY (PERCENT)
 HIGHEST   100           300 AM
 LOWEST     49           200 PM
 AVERAGE    75

..........................................................


THE BRADFORD CLIMATE NORMALS FOR TOMORROW
                         NORMAL    RECORD    YEAR
 MAXIMUM TEMPERATURE (F)   73        85      1999
 MINIMUM TEMPERATURE (F)   50        35      1970


SUNRISE AND SUNSET
SEPTEMBER  1 2015.....SUNRISE   640 AM EDT   SUNSET   748 PM EDT
SEPTEMBER  2 2015.....SUNRISE   641 AM EDT   SUNSET   747 PM EDT


-  INDICATES NEGATIVE NUMBERS.
R  INDICATES RECORD WAS SET OR TIED.
MM INDICATES DATA IS MISSING.
T  INDICATES TRACE AMOUNT.




$$
