000
CDUS45 KCYS 120730
CLIBFF


CLIMATE REPORT
NATIONAL WEATHER SERVICE CHEYENNE WY
1229 AM MST FRI FEB 12 2016


...................................

...THE SCOTTSBLUFF NE AIRPORT CLIMATE SUMMARY FOR FEBRUARY 11 2016...

CLIMATE NORMAL PERIOD 1981 TO 2010
CLIMATE RECORD PERIOD 1871 TO 2016


WEATHER ITEM   OBSERVED TIME   RECORD YEAR NORMAL DEPARTURE LAST
                VALUE   (LST)  VALUE       VALUE  FROM      YEAR
                                                  NORMAL
..................................................................
TEMPERATURE (F)
 YESTERDAY
  MAXIMUM         60    141 PM  77    1962  43     17       56
  MINIMUM         29    109 AM -35    1899  15     14       25
  AVERAGE         45                        29     16       41

PRECIPITATION (IN)
  YESTERDAY        0.00          0.46 1900   0.02  -0.02     0.00
  MONTH TO DATE    0.34                      0.20   0.14     0.28
  SINCE JAN 1      0.55                      0.61  -0.06     0.73

SNOWFALL (IN)
  YESTERDAY        0.0           4.6  1900   0.3   -0.3      0.0
  MONTH TO DATE    0.0                       2.6   -2.6      4.1
  SINCE JUL 1     18.4                      24.0   -5.6     40.5
  SNOW DEPTH       0

DEGREE DAYS
 HEATING
  YESTERDAY       20                        36    -16       24
  MONTH TO DATE  386                       400    -14      279
  SINCE DEC 1   2733                      2777    -44     2669
  SINCE JUL 1   4008                      4342   -334     4114

 COOLING
  YESTERDAY        0                         0      0        0
  MONTH TO DATE    0                         0      0        0
  SINCE DEC 1      0                         0      0        0
  SINCE JAN 1      0                         0      0        0
..................................................................


WIND (MPH)
  HIGHEST WIND SPEED    31   HIGHEST WIND DIRECTION    NW (320)
  HIGHEST GUST SPEED    36   HIGHEST GUST DIRECTION    NW (320)
  AVERAGE WIND SPEED    10.0


SKY COVER
  AVERAGE SKY COVER 0.1


WEATHER CONDITIONS
 THE FOLLOWING WEATHER WAS RECORDED YESTERDAY.
  NO SIGNIFICANT WEATHER WAS OBSERVED.


RELATIVE HUMIDITY (PERCENT)
 HIGHEST    78          1200 AM
 LOWEST     30          1100 AM
 AVERAGE    54

..........................................................


THE SCOTTSBLUFF NE AIRPORT CLIMATE NORMALS FOR TODAY
                         NORMAL    RECORD    YEAR
 MAXIMUM TEMPERATURE (F)   44        73      1962
 MINIMUM TEMPERATURE (F)   16       -45      1899


SUNRISE AND SUNSET
FEBRUARY 12 2016......SUNRISE   655 AM MST   SUNSET   523 PM MST
FEBRUARY 13 2016......SUNRISE   653 AM MST   SUNSET   524 PM MST


-  INDICATES NEGATIVE NUMBERS.
R  INDICATES RECORD WAS SET OR TIED.
MM INDICATES DATA IS MISSING.
T  INDICATES TRACE AMOUNT.




$$
