000
CDUS45 KCYS 250728
CLIBFF


CLIMATE REPORT
NATIONAL WEATHER SERVICE CHEYENNE WY
127 AM MDT FRI JUL 25 2014


...................................

...THE SCOTTSBLUFF NEBRASKA AIRPORT CLIMATE SUMMARY FOR JULY 24 2014...

CLIMATE NORMAL PERIOD 1981 TO 2010
CLIMATE RECORD PERIOD 1871 TO 2014


WEATHER ITEM   OBSERVED TIME   RECORD YEAR NORMAL DEPARTURE LAST
                VALUE   (LST)  VALUE       VALUE  FROM      YEAR
                                                  NORMAL
..................................................................
TEMPERATURE (F)
 YESTERDAY
  MAXIMUM        105R   238 PM 104    2003  90     15       89
                                      1940
  MINIMUM         66    512 AM  44    1911  59      7       62
  AVERAGE         86                        75     11       76

PRECIPITATION (IN)
  YESTERDAY        0.00          1.58 1972   0.06  -0.06     0.01
  MONTH TO DATE    1.39                      1.45  -0.06     0.75
  SINCE JAN 1     10.27                     10.62  -0.35     6.93

SNOWFALL (IN)
  YESTERDAY        0.0          MM      MM   0.0    0.0      0.0
  MONTH TO DATE    0.0                       0.0    0.0      0.0
  SINCE JUL 1      0.0                       0.0    0.0      0.0
  SNOW DEPTH       0

DEGREE DAYS
 HEATING
  YESTERDAY        0                         0      0        0
  MONTH TO DATE    7                         1      6        0
  SINCE JUN 1     60                        61     -1       21
  SINCE JUL 1      7                         1      6        0

 COOLING
  YESTERDAY       21                        10     11       11
  MONTH TO DATE  226                       220      6      274
  SINCE JUN 1    321                       346    -25      469
  SINCE JAN 1    348                       369    -21      523
..................................................................


WIND (MPH)
  HIGHEST WIND SPEED    28   HIGHEST WIND DIRECTION     W (280)
  HIGHEST GUST SPEED    37   HIGHEST GUST DIRECTION     W (290)
  AVERAGE WIND SPEED    10.2


SKY COVER
  AVERAGE SKY COVER 0.0


WEATHER CONDITIONS
 THE FOLLOWING WEATHER WAS RECORDED YESTERDAY.
  NO SIGNIFICANT WEATHER WAS OBSERVED.


RELATIVE HUMIDITY (PERCENT)
 HIGHEST    93           300 AM
 LOWEST     17           400 PM
 AVERAGE    55

..........................................................


THE SCOTTSBLUFF NEBRASKA AIRPORT CLIMATE NORMALS FOR TODAY
                         NORMAL    RECORD    YEAR
 MAXIMUM TEMPERATURE (F)   90       104      1931
                                             1899
 MINIMUM TEMPERATURE (F)   59        41      1911


SUNRISE AND SUNSET
JULY 25 2014..........SUNRISE   541 AM MDT   SUNSET   820 PM MDT
JULY 26 2014..........SUNRISE   542 AM MDT   SUNSET   819 PM MDT


-  INDICATES NEGATIVE NUMBERS.
R  INDICATES RECORD WAS SET OR TIED.
MM INDICATES DATA IS MISSING.
T  INDICATES TRACE AMOUNT.




$$
