000
CDUS45 KCYS 260338
CLIBFF


CLIMATE REPORT
NATIONAL WEATHER SERVICE CHEYENNE WY
938 PM MDT THU AUG 25 2016


...................................

...THE SCOTTSBLUFF NE AIRPORT CLIMATE SUMMARY FOR AUGUST 25 2016...
VALID TODAY AS OF 0900 PM LOCAL TIME.

CLIMATE NORMAL PERIOD 1981 TO 2010
CLIMATE RECORD PERIOD 1871 TO 2016


WEATHER ITEM   OBSERVED TIME   RECORD YEAR NORMAL DEPARTURE LAST
                VALUE   (LST)  VALUE       VALUE  FROM      YEAR
                                                  NORMAL
..................................................................
TEMPERATURE (F)
 TODAY
  MAXIMUM         72    455 PM 101    1991  86    -14       93
                                      1926
  MINIMUM         49    211 AM  30    1910  54     -5       51
  AVERAGE         61                        70     -9       72

PRECIPITATION (IN)
  TODAY            0.00          0.92 1905   0.04  -0.04     0.00
  MONTH TO DATE    1.85                      1.08   0.77     1.24
  SINCE JUN 1      4.19                      5.76  -1.57     7.31
  SINCE JAN 1     13.31                     12.08   1.23    19.47

SNOWFALL (IN)
  TODAY            0.0          MM      MM   0.0    0.0      0.0
  MONTH TO DATE    0.0                       0.0    0.0      0.0
  SINCE JUL 1      0.0                       0.0    0.0      0.0
  SNOW DEPTH       0

DEGREE DAYS
 HEATING
  TODAY            4                         1      3        0
  MONTH TO DATE   14                         4     10       27
  SINCE JUN 1     20                        70    -50       36
  SINCE JUL 1     14                        10      4       33

 COOLING
  TODAY            0                         6     -6        7
  MONTH TO DATE  180                       197    -17      191
  SINCE JUN 1    792                       610    182      623
  SINCE JAN 1    796                       633    163      623
..................................................................


WIND (MPH)
  HIGHEST WIND SPEED    14   HIGHEST WIND DIRECTION    NE (50)
  HIGHEST GUST SPEED    19   HIGHEST GUST DIRECTION    NE (50)
  AVERAGE WIND SPEED     7.2


SKY COVER
  AVERAGE SKY COVER 0.4


WEATHER CONDITIONS
 THE FOLLOWING WEATHER WAS RECORDED TODAY.
  NO SIGNIFICANT WEATHER WAS OBSERVED.


RELATIVE HUMIDITY (PERCENT)
 HIGHEST    89           300 AM
 LOWEST     41           200 PM
 AVERAGE    65

..........................................................


THE SCOTTSBLUFF NE AIRPORT CLIMATE NORMALS FOR TOMORROW
                         NORMAL    RECORD    YEAR
 MAXIMUM TEMPERATURE (F)   86       105      1926
 MINIMUM TEMPERATURE (F)   54        35      1910


SUNRISE AND SUNSET
AUGUST 25 2016........SUNRISE   613 AM MDT   SUNSET   738 PM MDT
AUGUST 26 2016........SUNRISE   614 AM MDT   SUNSET   737 PM MDT


-  INDICATES NEGATIVE NUMBERS.
R  INDICATES RECORD WAS SET OR TIED.
MM INDICATES DATA IS MISSING.
T  INDICATES TRACE AMOUNT.




$$
