000
CDUS46 KHNX 290021
CLIBFL


CLIMATE REPORT
NATIONAL WEATHER SERVICE SAN JOAQUIN VALLEY, CA
420 PM PST FRI NOV 28 2014


...................................

...THE BAKERSFIELD CLIMATE SUMMARY FOR NOVEMBER 28 2014...
VALID AS OF 0400 PM LOCAL TIME.

CLIMATE NORMAL PERIOD 1981 TO 2010
CLIMATE RECORD PERIOD 1889 TO 2014


WEATHER ITEM   OBSERVED TIME   RECORD YEAR NORMAL DEPARTURE LAST
                VALUE   (LST)  VALUE       VALUE  FROM      YEAR
                                                  NORMAL
..................................................................
TEMPERATURE (F)
 TODAY
  MAXIMUM         78    251 PM  82    1993  61     17       66
                                      1938
                                      1901
  MINIMUM         46    620 AM  28    1905  41      5       52
  AVERAGE         62                        51     11       59

PRECIPITATION (IN)
  TODAY            0.00          0.35 1922   0.02  -0.02     0.00
  MONTH TO DATE    0.01                      0.59  -0.58     0.94
  SINCE JUL 1      0.66                      1.01  -0.35     0.97
  SINCE JAN 1      2.00                      5.40  -3.40     3.33

SNOWFALL (IN)
  TODAY            0.0
  MONTH TO DATE    0.0
  SINCE SEP 1      0.0
  SINCE JUL 1      0.0
  SNOW DEPTH       0

DEGREE DAYS
 HEATING
  TODAY            3                        14    -11        6
  MONTH TO DATE  158                       271   -113      183
  SINCE SEP 1    168                       329   -161      227
  SINCE JUL 1    168                       329   -161      227

 COOLING
  TODAY            0                         0      0        0
  MONTH TO DATE    4                         3      1        0
  SINCE SEP 1    702                       489    213      443
  SINCE JAN 1   2983                      2257    726     2557
..................................................................


WIND (MPH)
  HIGHEST WIND SPEED    10   HIGHEST WIND DIRECTION     W (260)
  HIGHEST GUST SPEED    12   HIGHEST GUST DIRECTION     W (270)
  AVERAGE WIND SPEED     3.1




RELATIVE HUMIDITY (PERCENT)
 HIGHEST    77
 LOWEST     24
 AVERAGE    51

..........................................................


THE BAKERSFIELD CLIMATE NORMALS FOR TOMORROW
                         NORMAL    RECORD    YEAR
 MAXIMUM TEMPERATURE (F)   60        80      1924
 MINIMUM TEMPERATURE (F)   41        28      1919
                                             1918


SUNRISE AND SUNSET
NOVEMBER 28 2014......SUNRISE   644 AM PST   SUNSET   444 PM PST
NOVEMBER 29 2014......SUNRISE   645 AM PST   SUNSET   444 PM PST


-  INDICATES NEGATIVE NUMBERS.
R  INDICATES RECORD WAS SET OR TIED.
MM INDICATES DATA IS MISSING.
T  INDICATES TRACE AMOUNT.




$$
