000
CDUS46 KHNX 180825
CLIBFL


CLIMATE REPORT
NATIONAL WEATHER SERVICE SAN JOAQUIN VALLEY, CA
1225 AM PST THU JAN 18 2018


...................................

...THE BAKERSFIELD CLIMATE SUMMARY FOR JANUARY 17 2018...

CLIMATE NORMAL PERIOD 1981 TO 2010
CLIMATE RECORD PERIOD 1889 TO 2018


WEATHER ITEM   OBSERVED TIME   RECORD YEAR NORMAL DEPARTURE
                VALUE   (LST)  VALUE       VALUE  FROM
                                                  NORMAL
...............................................................
TEMPERATURE (F)
 YESTERDAY
  MAXIMUM         54    314 PM  77    2014  56     -2
  MINIMUM         46    125 AM  23    1903  39      7
  AVERAGE         50                        48      2

PRECIPITATION (IN)
  YESTERDAY        0.00          0.47 1952   0.04  -0.04
  MONTH TO DATE    0.81                      0.64   0.17
  SINCE OCT 1      0.88                      2.60  -1.72
  SINCE JAN 1      0.81                      0.64   0.17

SNOWFALL (IN)
  YESTERDAY        0.0
  MONTH TO DATE    0.0
  SINCE DEC 1      0.0
  SINCE JUL 1      0.0
  SNOW DEPTH       0

DEGREE DAYS
 HEATING
  YESTERDAY       15                               -2
  MONTH TO DATE  139                             -165
  SINCE DEC 1    598                             -239
  SINCE JUL 1    775                             -420

 COOLING
  YESTERDAY        0                                0
  MONTH TO DATE    0                                0
  SINCE DEC 1      0                                0
  SINCE JAN 1      0                                0
...............................................................


WIND (MPH)
  HIGHEST WIND SPEED    14   HIGHEST WIND DIRECTION    SE (150)
  HIGHEST GUST SPEED    16   HIGHEST GUST DIRECTION    SE (140)
  AVERAGE WIND SPEED     5.6




RELATIVE HUMIDITY (PERCENT)
 HIGHEST   100
 LOWEST     83
 AVERAGE    92

..........................................................


THE BAKERSFIELD CLIMATE NORMALS FOR TODAY
                         NORMAL    RECORD    YEAR
 MAXIMUM TEMPERATURE (F)   56        75      2009
                                             1998
                                             1994
 MINIMUM TEMPERATURE (F)   39        22      1893


SUNRISE AND SUNSET
JANUARY 18 2018.......SUNRISE   704 AM PST   SUNSET   510 PM PST
JANUARY 19 2018.......SUNRISE   703 AM PST   SUNSET   511 PM PST


-  INDICATES NEGATIVE NUMBERS.
R  INDICATES RECORD WAS SET OR TIED.
MM INDICATES DATA IS MISSING.
T  INDICATES TRACE AMOUNT.




$$
