000
CDUS46 KHNX 190822
CLIBFL


CLIMATE REPORT
NATIONAL WEATHER SERVICE SAN JOAQUIN VALLEY, CA
1222 AM PST SUN NOV 19 2017


...................................

...THE BAKERSFIELD CLIMATE SUMMARY FOR NOVEMBER 18 2017...

CLIMATE NORMAL PERIOD 1981 TO 2010
CLIMATE RECORD PERIOD 1889 TO 2017


WEATHER ITEM   OBSERVED TIME   RECORD YEAR NORMAL DEPARTURE
                VALUE   (LST)  VALUE       VALUE  FROM
                                                  NORMAL
...............................................................
TEMPERATURE (F)
 YESTERDAY
  MAXIMUM         65    319 PM  83    1926  65      0
  MINIMUM         46   1150 PM  28    1921  44      2
                                      1906
                                      1905
  AVERAGE         56                        54      2

PRECIPITATION (IN)
  YESTERDAY        0.00          0.32 1986   0.03  -0.03
  MONTH TO DATE    0.03                      0.36  -0.33
  SINCE OCT 1      0.03                      0.66  -0.63
  SINCE JAN 1      5.34                      5.17   0.17

SNOWFALL (IN)
  YESTERDAY        0.0
  MONTH TO DATE    0.0
  SINCE SEP 1      0.0
  SINCE JUL 1      0.0
  SNOW DEPTH       0

DEGREE DAYS
 HEATING
  YESTERDAY        9                               -2
  MONTH TO DATE   80                              -63
  SINCE SEP 1    109                              -92
  SINCE JUL 1    109                              -92

 COOLING
  YESTERDAY        0                                0
  MONTH TO DATE    6                                3
  SINCE SEP 1    576                               87
  SINCE JAN 1   2944                              687
...............................................................


WIND (MPH)
  HIGHEST WIND SPEED    10   HIGHEST WIND DIRECTION     N (340)
  HIGHEST GUST SPEED    11   HIGHEST GUST DIRECTION    NW (330)
  AVERAGE WIND SPEED     3.6




RELATIVE HUMIDITY (PERCENT)
 HIGHEST    96
 LOWEST     52
 AVERAGE    74

..........................................................


THE BAKERSFIELD CLIMATE NORMALS FOR TODAY
                         NORMAL    RECORD    YEAR
 MAXIMUM TEMPERATURE (F)   64        89      1917
 MINIMUM TEMPERATURE (F)   43        28      1994
                                             1921
                                             1906


SUNRISE AND SUNSET
NOVEMBER 19 2017......SUNRISE   636 AM PST   SUNSET   447 PM PST
NOVEMBER 20 2017......SUNRISE   637 AM PST   SUNSET   447 PM PST


-  INDICATES NEGATIVE NUMBERS.
R  INDICATES RECORD WAS SET OR TIED.
MM INDICATES DATA IS MISSING.
T  INDICATES TRACE AMOUNT.




$$
