000
CDUS46 KHNX 080023
CLIBFL


CLIMATE REPORT
NATIONAL WEATHER SERVICE SAN JOAQUIN VALLEY, CA
422 PM PST WED DEC 7 2016


...................................

...THE BAKERSFIELD CLIMATE SUMMARY FOR DECEMBER 7 2016...
VALID AS OF 0400 PM LOCAL TIME.

CLIMATE NORMAL PERIOD 1981 TO 2010
CLIMATE RECORD PERIOD 1889 TO 2016


WEATHER ITEM   OBSERVED TIME   RECORD YEAR NORMAL DEPARTURE LAST
                VALUE   (LST)  VALUE       VALUE  FROM      YEAR
                                                  NORMAL
..................................................................
TEMPERATURE (F)
 TODAY
  MAXIMUM         55    157 PM  76    1907  58     -3       66
  MINIMUM         40    729 AM  24    1912  39      1       41
  AVERAGE         48                        49     -1       54

PRECIPITATION (IN)
  TODAY            0.00          0.98 1992   0.03  -0.03     0.00
  MONTH TO DATE    0.00                      0.19  -0.19     0.00
  SINCE OCT 1      0.62                      1.13  -0.51     0.75
  SINCE JAN 1      4.72                      5.64  -0.92     3.41

SNOWFALL (IN)
  TODAY            0.0
  MONTH TO DATE    0.0
  SINCE DEC 1      0.0
  SINCE JUL 1      0.0
  SNOW DEPTH       0

DEGREE DAYS
 HEATING
  TODAY           17                        16      1       11
  MONTH TO DATE  119                       109     10       92
  SINCE DEC 1    119                       109     10       92
  SINCE JUL 1    324                       467   -143      435

 COOLING
  TODAY            0                         0      0        0
  MONTH TO DATE    0                         0      0        0
  SINCE DEC 1      0                         0      0        0
  SINCE JAN 1   2738                      2258    480     2822
..................................................................


WIND (MPH)
  HIGHEST WIND SPEED     9   HIGHEST WIND DIRECTION    NW (310)
  HIGHEST GUST SPEED    11   HIGHEST GUST DIRECTION    NW (300)
  AVERAGE WIND SPEED     2.2




RELATIVE HUMIDITY (PERCENT)
 HIGHEST    86
 LOWEST     55
 AVERAGE    71

..........................................................


THE BAKERSFIELD CLIMATE NORMALS FOR TOMORROW
                         NORMAL    RECORD    YEAR
 MAXIMUM TEMPERATURE (F)   58        83      1915
 MINIMUM TEMPERATURE (F)   39        24      1903


SUNRISE AND SUNSET
DECEMBER  7 2016......SUNRISE   652 AM PST   SUNSET   443 PM PST
DECEMBER  8 2016......SUNRISE   653 AM PST   SUNSET   443 PM PST


-  INDICATES NEGATIVE NUMBERS.
R  INDICATES RECORD WAS SET OR TIED.
MM INDICATES DATA IS MISSING.
T  INDICATES TRACE AMOUNT.




$$
