000
CDUS46 KHNX 210840
CLIBFL


CLIMATE REPORT
NATIONAL WEATHER SERVICE SAN JOAQUIN VALLEY, CA
1240 AM PST SUN DEC 21 2014


...................................

...THE BAKERSFIELD CLIMATE SUMMARY FOR DECEMBER 20 2014...

CLIMATE NORMAL PERIOD 1981 TO 2010
CLIMATE RECORD PERIOD 1889 TO 2014


WEATHER ITEM   OBSERVED TIME   RECORD YEAR NORMAL DEPARTURE
                VALUE   (LST)  VALUE       VALUE  FROM
                                                  NORMAL
...............................................................
TEMPERATURE (F)
 YESTERDAY
  MAXIMUM         62    436 PM  76    1944  56      6
  MINIMUM         48    406 AM  26    1928  39      9
  AVERAGE         55                        47      8

PRECIPITATION (IN)
  YESTERDAY        T             0.86 1943   0.03  -0.03
  MONTH TO DATE    1.87                      0.60   1.27
  SINCE JUL 1      2.53                      1.66   0.87
  SINCE JAN 1      3.87                      6.05  -2.18

SNOWFALL (IN)
  YESTERDAY        0.0
  MONTH TO DATE    0.0
  SINCE DEC 1      0.0
  SINCE JUL 1      0.0
  SNOW DEPTH       0

DEGREE DAYS
 HEATING
  YESTERDAY       10                               -8
  MONTH TO DATE  161                             -173
  SINCE DEC 1    161                             -173
  SINCE JUL 1    335                             -357

 COOLING
  YESTERDAY        0                                0
  MONTH TO DATE    0                                0
  SINCE DEC 1      0                                0
  SINCE JAN 1   2983                              725
...............................................................


WIND (MPH)
  HIGHEST WIND SPEED    10   HIGHEST WIND DIRECTION    NE (50)
  HIGHEST GUST SPEED    12   HIGHEST GUST DIRECTION    NE (50)
  AVERAGE WIND SPEED     3.1




RELATIVE HUMIDITY (PERCENT)
 HIGHEST    86
 LOWEST     60
 AVERAGE    73

..........................................................


THE BAKERSFIELD CLIMATE NORMALS FOR TODAY
                         NORMAL    RECORD    YEAR
 MAXIMUM TEMPERATURE (F)   56        78      1919
 MINIMUM TEMPERATURE (F)   39        23      1905


SUNRISE AND SUNSET
DECEMBER 21 2014......SUNRISE   701 AM PST   SUNSET   447 PM PST
DECEMBER 22 2014......SUNRISE   702 AM PST   SUNSET   448 PM PST


-  INDICATES NEGATIVE NUMBERS.
R  INDICATES RECORD WAS SET OR TIED.
MM INDICATES DATA IS MISSING.
T  INDICATES TRACE AMOUNT.




$$
