000
CDUS46 KHNX 190828
CLIBFL


CLIMATE REPORT
NATIONAL WEATHER SERVICE SAN JOAQUIN VALLEY, CA
128 AM PDT FRI SEP 19 2014


...................................

...THE BAKERSFIELD CLIMATE SUMMARY FOR SEPTEMBER 18 2014...

CLIMATE NORMAL PERIOD 1981 TO 2010
CLIMATE RECORD PERIOD 1889 TO 2014


WEATHER ITEM   OBSERVED TIME   RECORD YEAR NORMAL DEPARTURE
                VALUE   (LST)  VALUE       VALUE  FROM
                                                  NORMAL
...............................................................
TEMPERATURE (F)
 YESTERDAY
  MAXIMUM         90    341 PM 104    1913  90      0
  MINIMUM         67    549 AM  45    1908  64      3
  AVERAGE         79                        77      2

PRECIPITATION (IN)
  YESTERDAY        0.00          0.24 1989   0.01  -0.01
  MONTH TO DATE    0.01                      0.04  -0.03
  SINCE JUL 1      0.01                      0.08  -0.07
  SINCE JAN 1      1.35                      4.47  -3.12

SNOWFALL (IN)
  YESTERDAY        0.0
  MONTH TO DATE    0.0
  SINCE SEP 1      0.0
  SINCE JUL 1      0.0
  SNOW DEPTH       0

DEGREE DAYS
 HEATING
  YESTERDAY        0                                0
  MONTH TO DATE    0                                0
  SINCE SEP 1      0                                0
  SINCE JUL 1      0                                0

 COOLING
  YESTERDAY       14                                2
  MONTH TO DATE  357                              114
  SINCE SEP 1    357                              114
  SINCE JAN 1   2638                              627
...............................................................


WIND (MPH)
  HIGHEST WIND SPEED    21   HIGHEST WIND DIRECTION     N (360)
  HIGHEST GUST SPEED    27   HIGHEST GUST DIRECTION     N (360)
  AVERAGE WIND SPEED     7.9




RELATIVE HUMIDITY (PERCENT)
 HIGHEST    49
 LOWEST     29
 AVERAGE    39

..........................................................


THE BAKERSFIELD CLIMATE NORMALS FOR TODAY
                         NORMAL    RECORD    YEAR
 MAXIMUM TEMPERATURE (F)   89       104      1939
                                             1935
 MINIMUM TEMPERATURE (F)   63        39      1908


SUNRISE AND SUNSET
SEPTEMBER 19 2014.....SUNRISE   642 AM PDT   SUNSET   657 PM PDT
SEPTEMBER 20 2014.....SUNRISE   643 AM PDT   SUNSET   656 PM PDT


-  INDICATES NEGATIVE NUMBERS.
R  INDICATES RECORD WAS SET OR TIED.
MM INDICATES DATA IS MISSING.
T  INDICATES TRACE AMOUNT.




$$
