000
CDUS44 KAMA 280729
CLIBGD


CLIMATE REPORT
NATIONAL WEATHER SERVICE AMARILLO TX
129 AM CST TUE FEB 28 2017


...................................

...THE BORGER CLIMATE SUMMARY FOR FEBRUARY 27 2017...

CLIMATE NORMAL PERIOD 1981 TO 2010
CLIMATE RECORD PERIOD 1949 TO 2017


WEATHER ITEM   OBSERVED TIME   RECORD YEAR NORMAL DEPARTURE LAST
                VALUE   (LST)  VALUE       VALUE  FROM      YEAR
                                                  NORMAL
..................................................................
TEMPERATURE (F)
 YESTERDAY
  MAXIMUM         73    456 PM  81    2006  57     16       78
  MINIMUM         34    617 AM   6    1962  32      2       34
  AVERAGE         54                        44     10       56

PRECIPITATION (IN)
  YESTERDAY        0.00          0.76 1966   0.02  -0.02     0.00
  MONTH TO DATE    0.37                      0.60  -0.23     0.64
  SINCE DEC 1      3.70                      1.96   1.74     2.06
  SINCE JAN 1      3.48                      1.19   2.29     0.92

SNOWFALL (IN)
  YESTERDAY        0.0           3.0  2015                   0.0
  MONTH TO DATE    T                                          T
  SINCE DEC 1      0.1                                       5.4
  SINCE JUL 1      0.1                                       6.2
  SNOW DEPTH       0

DEGREE DAYS
 HEATING
  YESTERDAY       11                        21    -10        9
  MONTH TO DATE  426                       623   -197      470
  SINCE DEC 1   1955                      2258   -303     1911
  SINCE JUL 1   2328                      2975   -647     2483

 COOLING
  YESTERDAY        0                         0      0        0
  MONTH TO DATE   14                         0     14        6
  SINCE DEC 1     14                         0     14        6
  SINCE JAN 1     14                         0     14        6
..................................................................


WIND (MPH)
  RESULTANT WIND SPEED  12   RESULTANT WIND DIRECTION  SW (220)
  HIGHEST WIND SPEED    28   HIGHEST WIND DIRECTION    SW (220)
  HIGHEST GUST SPEED    38   HIGHEST GUST DIRECTION     W (260)
  AVERAGE WIND SPEED    13.1


SKY COVER
  AVERAGE SKY COVER 0.0


WEATHER CONDITIONS
 THE FOLLOWING WEATHER WAS RECORDED YESTERDAY.
  NO SIGNIFICANT WEATHER WAS OBSERVED.


RELATIVE HUMIDITY (PERCENT)
 HIGHEST    75           500 AM
 LOWEST     13           400 PM
 AVERAGE    44

..........................................................


THE BORGER CLIMATE NORMALS FOR TODAY
                         NORMAL    RECORD    YEAR
 MAXIMUM TEMPERATURE (F)   57        85      2006
 MINIMUM TEMPERATURE (F)   32         4      1962


SUNRISE AND SUNSET
FEBRUARY 28 2017......SUNRISE   716 AM CST   SUNSET   640 PM CST
MARCH  1 2017.........SUNRISE   715 AM CST   SUNSET   641 PM CST


-  INDICATES NEGATIVE NUMBERS.
R  INDICATES RECORD WAS SET OR TIED.
MM INDICATES DATA IS MISSING.
T  INDICATES TRACE AMOUNT.




$$
