000
CDUS44 KAMA 210729
CLIBGD


CLIMATE REPORT
NATIONAL WEATHER SERVICE AMARILLO TX
129 AM CST SAT JAN 21 2017


...................................

...THE BORGER CLIMATE SUMMARY FOR JANUARY 20 2017...

CLIMATE NORMAL PERIOD 1981 TO 2010
CLIMATE RECORD PERIOD 1949 TO 2017


WEATHER ITEM   OBSERVED TIME   RECORD YEAR NORMAL DEPARTURE LAST
                VALUE   (LST)  VALUE       VALUE  FROM      YEAR
                                                  NORMAL
..................................................................
TEMPERATURE (F)
 YESTERDAY
  MAXIMUM         60    510 PM  79    1986  52      8       64
  MINIMUM         31    352 AM   1    1963  26      5       25
  AVERAGE         46                        39      7       45

PRECIPITATION (IN)
  YESTERDAY        0.00          0.55 1980   0.02  -0.02     0.00
  MONTH TO DATE    2.60                      0.33   2.27     0.28
  SINCE DEC 1      2.82                      1.10   1.72     1.42
  SINCE JAN 1      2.60                      0.33   2.27     0.28

SNOWFALL (IN)
  YESTERDAY        0.0           8.1  2007                   0.0
  MONTH TO DATE    0.0                                       2.5
  SINCE DEC 1      0.1                                       5.4
  SINCE JUL 1      0.1                                       6.2
  SNOW DEPTH       0

DEGREE DAYS
 HEATING
  YESTERDAY       19                        26     -7       20
  MONTH TO DATE  528                       538    -10      566
  SINCE DEC 1   1299                      1358    -59     1246
  SINCE JUL 1   1672                      2075   -403     1818

 COOLING
  YESTERDAY        0                         0      0        0
  MONTH TO DATE    0                         0      0        0
  SINCE DEC 1      0                         0      0        0
  SINCE JAN 1      0                         0      0        0
..................................................................


WIND (MPH)
  RESULTANT WIND SPEED  12   RESULTANT WIND DIRECTION   W (250)
  HIGHEST WIND SPEED    35   HIGHEST WIND DIRECTION     W (250)
  HIGHEST GUST SPEED    46   HIGHEST GUST DIRECTION     W (250)
  AVERAGE WIND SPEED    13.8


SKY COVER
  AVERAGE SKY COVER 0.4


WEATHER CONDITIONS
 THE FOLLOWING WEATHER WAS RECORDED YESTERDAY.
  FOG
  FOG W/VISIBILITY <= 1/4 MILE


RELATIVE HUMIDITY (PERCENT)
 HIGHEST   100           100 AM
 LOWEST     20           400 PM
 AVERAGE    60

..........................................................


THE BORGER CLIMATE NORMALS FOR TODAY
                         NORMAL    RECORD    YEAR
 MAXIMUM TEMPERATURE (F)   52        79      1950
 MINIMUM TEMPERATURE (F)   26         4      1984


SUNRISE AND SUNSET
JANUARY 21 2017.......SUNRISE   752 AM CST   SUNSET   602 PM CST
JANUARY 22 2017.......SUNRISE   752 AM CST   SUNSET   603 PM CST


-  INDICATES NEGATIVE NUMBERS.
R  INDICATES RECORD WAS SET OR TIED.
MM INDICATES DATA IS MISSING.
T  INDICATES TRACE AMOUNT.




$$
