000
CDUS44 KAMA 212129
CLIBGD


CLIMATE REPORT
NATIONAL WEATHER SERVICE AMARILLO TX
428 PM CDT MON AUG 21 2017


...................................

...THE BORGER CLIMATE SUMMARY FOR AUGUST 21 2017...
VALID TODAY AS OF 0400 PM LOCAL TIME.

CLIMATE NORMAL PERIOD 1981 TO 2010
CLIMATE RECORD PERIOD 1949 TO 2017


WEATHER ITEM   OBSERVED TIME   RECORD YEAR NORMAL DEPARTURE LAST
                VALUE   (LST)  VALUE       VALUE  FROM      YEAR
                                                  NORMAL
..................................................................
TEMPERATURE (F)
 TODAY
  MAXIMUM         83    259 PM 101    2014  92     -9       83
                                      2003
  MINIMUM         68    753 AM  50    1956  67      1       59
  AVERAGE         76                        79     -3       71

PRECIPITATION (IN)
  TODAY            0.39          0.99 1983   0.12   0.27     0.00
  MONTH TO DATE    6.00                      2.08   3.92     1.18
  SINCE JUN 1      9.85                      7.87   1.98     3.86
  SINCE JAN 1     21.00                     14.92   6.08    12.73

SNOWFALL (IN)
  TODAY            0.0           0.0  2013                   0.0
                                      2012
                                      2011
  MONTH TO DATE    0.0                                       0.0
  SINCE JUN 1      0.0                                       0.0
  SINCE JUL 1      0.0                                       0.0
  SNOW DEPTH       0

DEGREE DAYS
 HEATING
  TODAY            0                         0      0        0
  MONTH TO DATE    0                         0      0        0
  SINCE JUN 1      0                         3     -3        0
  SINCE JUL 1      0                         0      0        0

 COOLING
  TODAY           11                        14     -3        6
  MONTH TO DATE  254                       337    -83      337
  SINCE JUN 1   1322                      1221    101     1424
  SINCE JAN 1   1562                      1418    144     1611
..................................................................


WIND (MPH)
  RESULTANT WIND SPEED   8   RESULTANT WIND DIRECTION  SW (210)
  HIGHEST WIND SPEED    18   HIGHEST WIND DIRECTION    SW (210)
  HIGHEST GUST SPEED    26   HIGHEST GUST DIRECTION    SW (230)
  AVERAGE WIND SPEED     8.4


SKY COVER
  AVERAGE SKY COVER 0.6


WEATHER CONDITIONS
 THE FOLLOWING WEATHER WAS RECORDED TODAY.
  THUNDERSTORM
  HEAVY RAIN
  RAIN
  LIGHT RAIN
  FOG


RELATIVE HUMIDITY (PERCENT)
 HIGHEST    93           100 AM
 LOWEST     58           300 PM
 AVERAGE    76

..........................................................


THE BORGER CLIMATE NORMALS FOR TOMORROW
                         NORMAL    RECORD    YEAR
 MAXIMUM TEMPERATURE (F)   91       102      2011
 MINIMUM TEMPERATURE (F)   67        56      1964


SUNRISE AND SUNSET
AUGUST 21 2017........SUNRISE   709 AM CDT   SUNSET   827 PM CDT
AUGUST 22 2017........SUNRISE   710 AM CDT   SUNSET   826 PM CDT


-  INDICATES NEGATIVE NUMBERS.
R  INDICATES RECORD WAS SET OR TIED.
MM INDICATES DATA IS MISSING.
T  INDICATES TRACE AMOUNT.




$$
