000
CDUS44 KAMA 220628
CLIBGD


CLIMATE REPORT
NATIONAL WEATHER SERVICE AMARILLO TX
126 AM CDT FRI AUG 22 2014


...................................

...THE BORGER CLIMATE SUMMARY FOR AUGUST 21 2014...

CLIMATE NORMAL PERIOD 1981 TO 2013
CLIMATE RECORD PERIOD 1949 TO 2014


WEATHER ITEM   OBSERVED TIME   RECORD YEAR NORMAL DEPARTURE LAST
                VALUE   (LST)  VALUE       VALUE  FROM      YEAR
                                                  NORMAL
..................................................................
TEMPERATURE (F)
 YESTERDAY
  MAXIMUM        101R   306 PM 101    2003  92      9       94
  MINIMUM         75    649 AM  50    1956  67      8       71
  AVERAGE         88                        79      9       83

PRECIPITATION (IN)
  YESTERDAY        0.00          0.99 1983   0.12  -0.12     0.00
  MONTH TO DATE    0.56                      2.08  -1.52     2.73
  SINCE JUN 1      5.47                      7.87  -2.40     7.09
  SINCE JAN 1      7.59                     14.92  -7.33    11.56

SNOWFALL (IN)
  YESTERDAY        0.0           0.0  2013                   0.0
                                      2012
                                      2011
  MONTH TO DATE    0.0                                       0.0
  SINCE JUN 1      0.0                                       0.0
  SINCE JUL 1      0.0                                       0.0
  SNOW DEPTH       0

DEGREE DAYS
 HEATING
  YESTERDAY        0                         0      0        0
  MONTH TO DATE    0                         0      0        0
  SINCE JUN 1      4                         3      1        0
  SINCE JUL 1      1                         0      1        0

 COOLING
  YESTERDAY       23                        14      9       18
  MONTH TO DATE  356                       337     19      329
  SINCE JUN 1   1233                      1221     12     1326
  SINCE JAN 1   1547                      1418    129     1614
..................................................................


WIND (MPH)
  RESULTANT WIND SPEED  11   RESULTANT WIND DIRECTION   S (190)
  HIGHEST WIND SPEED    22   HIGHEST WIND DIRECTION    SW (220)
  HIGHEST GUST SPEED    31   HIGHEST GUST DIRECTION    SW (210)
  AVERAGE WIND SPEED    12.2


SKY COVER
  AVERAGE SKY COVER 0.1


WEATHER CONDITIONS
 THE FOLLOWING WEATHER WAS RECORDED YESTERDAY.
  THUNDERSTORM


RELATIVE HUMIDITY (PERCENT)
 HIGHEST    64           600 AM
 LOWEST     23           400 PM
 AVERAGE    44

..........................................................


THE BORGER CLIMATE NORMALS FOR TODAY
                         NORMAL    RECORD    YEAR
 MAXIMUM TEMPERATURE (F)   91       102      2011
 MINIMUM TEMPERATURE (F)   67        56      1964


SUNRISE AND SUNSET
AUGUST 22 2014........SUNRISE   710 AM CDT   SUNSET   826 PM CDT
AUGUST 23 2014........SUNRISE   711 AM CDT   SUNSET   825 PM CDT


-  INDICATES NEGATIVE NUMBERS.
R  INDICATES RECORD WAS SET OR TIED.
MM INDICATES DATA IS MISSING.
T  INDICATES TRACE AMOUNT.




$$
