000
CDUS44 KAMA 272141
CLIBGD


CLIMATE REPORT
NATIONAL WEATHER SERVICE AMARILLO TX
441 PM CDT THU APR 27 2017


...................................

...THE BORGER CLIMATE SUMMARY FOR APRIL 27 2017...
VALID TODAY AS OF 0400 PM LOCAL TIME.

CLIMATE NORMAL PERIOD 1981 TO 2010
CLIMATE RECORD PERIOD 1949 TO 2017


WEATHER ITEM   OBSERVED TIME   RECORD YEAR NORMAL DEPARTURE LAST
                VALUE   (LST)  VALUE       VALUE  FROM      YEAR
                                                  NORMAL
..................................................................
TEMPERATURE (F)
 TODAY
  MAXIMUM         79    336 PM  91    1974  76      3       70
  MINIMUM         49    512 AM  30    1995  49      0       48
  AVERAGE         64                        62      2       59

PRECIPITATION (IN)
  TODAY            T             2.45 2015   0.04  -0.04     0.00
  MONTH TO DATE    0.99                      1.43  -0.44     1.60
  SINCE MAR 1      3.69                      2.84   0.85     2.31
  SINCE JAN 1      7.17                      4.05   3.12     3.23

SNOWFALL (IN)
  TODAY            0.0           T    1994                   0.0
  MONTH TO DATE    0.0                                       0.0
  SINCE MAR 1      0.0                                       2.7
  SINCE JUL 1      0.1                                       8.9
  SNOW DEPTH       0

DEGREE DAYS
 HEATING
  TODAY            1                         5     -4        6
  MONTH TO DATE  152                       213    -61      139
  SINCE MAR 1    450                       697   -247      449
  SINCE JUL 1   2785                      3690   -905     2944

 COOLING
  TODAY            0                         2     -2        0
  MONTH TO DATE   68                        31     37       34
  SINCE MAR 1    101                        38     63       45
  SINCE JAN 1    115                        38     77       51
..................................................................


WIND (MPH)
  RESULTANT WIND SPEED  13   RESULTANT WIND DIRECTION   S (190)
  HIGHEST WIND SPEED    31   HIGHEST WIND DIRECTION     S (180)
  HIGHEST GUST SPEED    41   HIGHEST GUST DIRECTION     S (180)
  AVERAGE WIND SPEED    15.7


SKY COVER
  AVERAGE SKY COVER 0.2


WEATHER CONDITIONS
 THE FOLLOWING WEATHER WAS RECORDED TODAY.
  LIGHT RAIN


RELATIVE HUMIDITY (PERCENT)
 HIGHEST    61           500 AM
 LOWEST     19           300 PM
 AVERAGE    40

..........................................................


THE BORGER CLIMATE NORMALS FOR TOMORROW
                         NORMAL    RECORD    YEAR
 MAXIMUM TEMPERATURE (F)   76        89      2013
                                             2010
 MINIMUM TEMPERATURE (F)   49        30      1994


SUNRISE AND SUNSET
APRIL 27 2017.........SUNRISE   658 AM CDT   SUNSET   829 PM CDT
APRIL 28 2017.........SUNRISE   657 AM CDT   SUNSET   830 PM CDT


-  INDICATES NEGATIVE NUMBERS.
R  INDICATES RECORD WAS SET OR TIED.
MM INDICATES DATA IS MISSING.
T  INDICATES TRACE AMOUNT.




$$
