640
CDUS44 KAMA 102238
CLIBGD


CLIMATE REPORT
NATIONAL WEATHER SERVICE AMARILLO TX
437 PM CST WED FEB 10 2016


...................................

...THE BORGER CLIMATE SUMMARY FOR FEBRUARY 10 2016...
VALID TODAY AS OF 0400 PM LOCAL TIME.

CLIMATE NORMAL PERIOD 1981 TO 2010
CLIMATE RECORD PERIOD 1949 TO 2016


WEATHER ITEM   OBSERVED TIME   RECORD YEAR NORMAL DEPARTURE LAST
                VALUE   (LST)  VALUE       VALUE  FROM      YEAR
                                                  NORMAL
..................................................................
TEMPERATURE (F)
 TODAY
  MAXIMUM         80    413 PM  84    1962  54     26       70
  MINIMUM         33    500 AM  -2    2011  29      4       44
  AVERAGE         57                        41     16       57

PRECIPITATION (IN)
  TODAY            0.00          0.45 2010   0.02  -0.02     0.00
  MONTH TO DATE    0.23                      0.25  -0.02      T
  SINCE DEC 1      1.35                      1.61  -0.26     1.37
  SINCE JAN 1      0.51                      0.84  -0.33     1.23

SNOWFALL (IN)
  TODAY            0.0           1.0  2014                   0.0
                                      1986
  MONTH TO DATE    0.0                                        T
  SINCE DEC 1      6.7                                       9.1
  SINCE JUL 1      7.5                                      11.0
  SNOW DEPTH       0

DEGREE DAYS
 HEATING
  TODAY            8                        24    -16        8
  MONTH TO DATE  243                       243      0      157
  SINCE DEC 1   1684                      1878   -194     1693
  SINCE JUL 1   2256                      2595   -339     2378

 COOLING
  TODAY            0                         0      0        0
  MONTH TO DATE    0                         0      0        0
  SINCE DEC 1      0                         0      0        0
  SINCE JAN 1      0                         0      0        0
..................................................................


WIND (MPH)
  RESULTANT WIND SPEED  11   RESULTANT WIND DIRECTION   W (250)
  HIGHEST WIND SPEED    23   HIGHEST WIND DIRECTION     W (250)
  HIGHEST GUST SPEED    27   HIGHEST GUST DIRECTION     W (250)
  AVERAGE WIND SPEED    11.4


SKY COVER
  AVERAGE SKY COVER 0.0


WEATHER CONDITIONS
 THE FOLLOWING WEATHER WAS RECORDED TODAY.
  NO SIGNIFICANT WEATHER WAS OBSERVED.


RELATIVE HUMIDITY (PERCENT)
 HIGHEST    69           400 AM
 LOWEST      6           400 PM
 AVERAGE    38

..........................................................


THE BORGER CLIMATE NORMALS FOR TOMORROW
                         NORMAL    RECORD    YEAR
 MAXIMUM TEMPERATURE (F)   54        88      1962
 MINIMUM TEMPERATURE (F)   29        -5      1981


SUNRISE AND SUNSET
FEBRUARY 10 2016......SUNRISE   738 AM CST   SUNSET   622 PM CST
FEBRUARY 11 2016......SUNRISE   737 AM CST   SUNSET   623 PM CST


-  INDICATES NEGATIVE NUMBERS.
R  INDICATES RECORD WAS SET OR TIED.
MM INDICATES DATA IS MISSING.
T  INDICATES TRACE AMOUNT.




$$
