000
CDUS44 KAMA 241514
CLIBGD


CLIMATE REPORT
NATIONAL WEATHER SERVICE AMARILLO TX
913 AM CST MON NOV 24 2014


...................................

...THE BORGER CLIMATE SUMMARY FOR NOVEMBER 24 2014...
VALID AS OF 0900 AM LOCAL TIME.

CLIMATE NORMAL PERIOD 1981 TO 2013
CLIMATE RECORD PERIOD 1949 TO 2014


WEATHER ITEM   OBSERVED TIME   RECORD YEAR NORMAL DEPARTURE LAST
                VALUE   (LST)  VALUE       VALUE  FROM      YEAR
                                                  NORMAL
..................................................................
TEMPERATURE (F)
 TODAY
  MINIMUM         31    805 AM  11    1950  33     -2       25

PRECIPITATION (IN)
  TODAY            0.00          0.61 1992   0.03  -0.03     0.38
  MONTH TO DATE    0.23                      0.74  -0.51     0.85
  SINCE SEP 1      2.90                      4.84  -1.94     3.37
  SINCE JAN 1     10.64                     20.85 -10.21    14.93

SNOWFALL (IN)
  TODAY            0.0           7.0  1992                   3.4
  MONTH TO DATE    1.9                                       3.8
  SINCE SEP 1      1.9                                       3.8
  SINCE JUL 1      1.9                                       3.8
  SNOW DEPTH       0

..................................................................


WIND (MPH)
  RESULTANT WIND SPEED   6   RESULTANT WIND DIRECTION   W (270)
  HIGHEST WIND SPEED    13   HIGHEST WIND DIRECTION     W (280)
  HIGHEST GUST SPEED    17   HIGHEST GUST DIRECTION     W (280)
  AVERAGE WIND SPEED     6.6


SKY COVER
  AVERAGE SKY COVER 0.4


WEATHER CONDITIONS
 THE FOLLOWING WEATHER WAS RECORDED TODAY.
  NO SIGNIFICANT WEATHER WAS OBSERVED.


RELATIVE HUMIDITY (PERCENT)
 HIGHEST    78           800 AM
 LOWEST     51          1200 AM
 AVERAGE    65

..........................................................


THE BORGER CLIMATE NORMALS FOR TOMORROW
                         NORMAL    RECORD    YEAR
 MAXIMUM TEMPERATURE (F)   57        80      1995
 MINIMUM TEMPERATURE (F)   32         8      1993


SUNRISE AND SUNSET
NOVEMBER 24 2014......SUNRISE   730 AM CST   SUNSET   534 PM CST
NOVEMBER 25 2014......SUNRISE   731 AM CST   SUNSET   534 PM CST


-  INDICATES NEGATIVE NUMBERS.
R  INDICATES RECORD WAS SET OR TIED.
MM INDICATES DATA IS MISSING.
T  INDICATES TRACE AMOUNT.




$$
